2026-04-20 15:04:28.246 138315 DEBUG oslo_service.service [req-9ef0d39f-4715-4be7-a764-f7263d9acdca - - - - -] oslo_messaging_rabbit.rabbit_transient_queues_ttl = 1800 log_opt_values /usr/lib/python3/dist-packages/oslo_config/cfg.py:2609
2026-04-20 15:04:28.246 138315 DEBUG oslo_service.service [req-9ef0d39f-4715-4be7-a764-f7263d9acdca - - - - -] oslo_messaging_rabbit.rpc_conn_pool_size = 30 log_opt_values /usr/lib/python3/dist-packages/oslo_config/cfg.py:2609
2026-04-20 15:04:28.247 138315 DEBUG oslo_service.service [req-9ef0d39f-4715-4be7-a764-f7263d9acdca - - - - -] oslo_messaging_rabbit.ssl = False log_opt_values /usr/lib/python3/dist-packages/oslo_config/cfg.py:2609
2026-04-20 15:04:28.247 138315 DEBUG oslo_service.service [req-9ef0d39f-4715-4be7-a764-f7263d9acdca - - - - -] oslo_messaging_rabbit.ssl_ca_file = log_opt_values /usr/lib/python3/dist-packages/oslo_config/cfg.py:2609
2026-04-20 15:04:28.247 138315 DEBUG oslo_service.service [req-9ef0d39f-4715-4be7-a764-f7263d9acdca - - - - -] oslo_messaging_rabbit.ssl_cert_file = log_opt_values /usr/lib/python3/dist-packages/oslo_config/cfg.py:2609
2026-04-20 15:04:28.247 138315 DEBUG oslo_service.service [req-9ef0d39f-4715-4be7-a764-f7263d9acdca - - - - -] oslo_messaging_rabbit.ssl_key_file = log_opt_values /usr/lib/python3/dist-packages/oslo_config/cfg.py:2609
2026-04-20 15:04:28.247 138315 DEBUG oslo_service.service [req-9ef0d39f-4715-4be7-a764-f7263d9acdca - - - - -] oslo_messaging_rabbit.ssl_version = log_opt_values /usr/lib/python3/dist-packages/oslo_config/cfg.py:2609
2026-04-20 15:04:28.248 138315 DEBUG oslo_service.service [req-9ef0d39f-4715-4be7-a764-f7263d9acdca - - - - -] oslo_messaging_notifications.driver = ['messagingv2'] log_opt_values /usr/lib/python3/dist-packages/oslo_config/cfg.py:2609
2026-04-20 15:04:28.248 138315 DEBUG oslo_service.service [req-9ef0d39f-4715-4be7-a764-f7263d9acdca - - - - -] oslo_messaging_notifications.retry = -1 log_opt_values /usr/lib/python3/dist-packages/oslo_config/cfg.py:2609
2026-04-20 15:04:28.248 138315 DEBUG oslo_service.service [req-9ef0d39f-4715-4be7-a764-f7263d9acdca - - - - -] oslo_messaging_notifications.topics = ['notifications'] log_opt_values /usr/lib/python3/dist-packages/oslo_config/cfg.py:2609
2026-04-20 15:04:28.248 138315 DEBUG oslo_service.service [req-9ef0d39f-4715-4be7-a764-f7263d9acdca - - - - -] oslo_messaging_notifications.transport_url = **** log_opt_values /usr/lib/python3/dist-packages/oslo_config/cfg.py:2609
2026-04-20 15:04:28.248 138315 DEBUG oslo_service.service [req-9ef0d39f-4715-4be7-a764-f7263d9acdca - - - - -] oslo_limit.auth_section = None log_opt_values /usr/lib/python3/dist-packages/oslo_config/cfg.py:2609
2026-04-20 15:04:28.249 138315 DEBUG oslo_service.service [req-9ef0d39f-4715-4be7-a764-f7263d9acdca - - - - -] oslo_limit.auth_type = None log_opt_values /usr/lib/python3/dist-packages/oslo_config/cfg.py:2609
2026-04-20 15:04:28.249 138315 DEBUG oslo_service.service [req-9ef0d39f-4715-4be7-a764-f7263d9acdca - - - - -] oslo_limit.cafile = None log_opt_values /usr/lib/python3/dist-packages/oslo_config/cfg.py:2609
2026-04-20 15:04:28.249 138315 DEBUG oslo_service.service [req-9ef0d39f-4715-4be7-a764-f7263d9acdca - - - - -] oslo_limit.certfile = None log_opt_values /usr/lib/python3/dist-packages/oslo_config/cfg.py:2609
2026-04-20 15:04:28.249 138315 DEBUG oslo_service.service [req-9ef0d39f-4715-4be7-a764-f7263d9acdca - - - - -] oslo_limit.collect_timing = False log_opt_values /usr/lib/python3/dist-packages/oslo_config/cfg.py:2609
2026-04-20 15:04:28.249 138315 DEBUG oslo_service.service [req-9ef0d39f-4715-4be7-a764-f7263d9acdca - - - - -] oslo_limit.connect_retries = None log_opt_values /usr/lib/python3/dist-packages/oslo_config/cfg.py:2609
2026-04-20 15:04:28.249 138315 DEBUG oslo_service.service [req-9ef0d39f-4715-4be7-a764-f7263d9acdca - - - - -] oslo_limit.connect_retry_delay = None log_opt_values /usr/lib/python3/dist-packages/oslo_config/cfg.py:2609
2026-04-20 15:04:28.250 138315 DEBUG oslo_service.service [req-9ef0d39f-4715-4be7-a764-f7263d9acdca - - - - -] oslo_limit.endpoint_id = None log_opt_values /usr/lib/python3/dist-packages/oslo_config/cfg.py:2609
2026-04-20 15:04:28.250 138315 DEBUG oslo_service.service [req-9ef0d39f-4715-4be7-a764-f7263d9acdca - - - - -] oslo_limit.endpoint_override = None log_opt_values /usr/lib/python3/dist-packages/oslo_config/cfg.py:2609
2026-04-20 15:04:28.250 138315 DEBUG oslo_service.service [req-9ef0d39f-4715-4be7-a764-f7263d9acdca - - - - -] oslo_limit.insecure = False log_opt_values /usr/lib/python3/dist-packages/oslo_config/cfg.py:2609
2026-04-20 15:04:28.250 138315 DEBUG oslo_service.service [req-9ef0d39f-4715-4be7-a764-f7263d9acdca - - - - -] oslo_limit.keyfile = None log_opt_values /usr/lib/python3/dist-packages/oslo_config/cfg.py:2609
2026-04-20 15:04:28.250 138315 DEBUG oslo_service.service [req-9ef0d39f-4715-4be7-a764-f7263d9acdca - - - - -] oslo_limit.max_version = None log_opt_values /usr/lib/python3/dist-packages/oslo_config/cfg.py:2609
2026-04-20 15:04:28.251 138315 DEBUG oslo_service.service [req-9ef0d39f-4715-4be7-a764-f7263d9acdca - - - - -] oslo_limit.min_version = None log_opt_values /usr/lib/python3/dist-packages/oslo_config/cfg.py:2609
2026-04-20 15:04:28.251 138315 DEBUG oslo_service.service [req-9ef0d39f-4715-4be7-a764-f7263d9acdca - - - - -] oslo_limit.region_name = None log_opt_values /usr/lib/python3/dist-packages/oslo_config/cfg.py:2609
2026-04-20 15:04:28.251 138315 DEBUG oslo_service.service [req-9ef0d39f-4715-4be7-a764-f7263d9acdca - - - - -] oslo_limit.service_name = None log_opt_values /usr/lib/python3/dist-packages/oslo_config/cfg.py:2609
2026-04-20 15:04:28.251 138315 DEBUG oslo_service.service [req-9ef0d39f-4715-4be7-a764-f7263d9acdca - - - - -] oslo_limit.service_type = None log_opt_values /usr/lib/python3/dist-packages/oslo_config/cfg.py:2609
2026-04-20 15:04:28.251 138315 DEBUG oslo_service.service [req-9ef0d39f-4715-4be7-a764-f7263d9acdca - - - - -] oslo_limit.split_loggers = False log_opt_values /usr/lib/python3/dist-packages/oslo_config/cfg.py:2609
2026-04-20 15:04:28.251 138315 DEBUG oslo_service.service [req-9ef0d39f-4715-4be7-a764-f7263d9acdca - - - - -] oslo_limit.status_code_retries = None log_opt_values /usr/lib/python3/dist-packages/oslo_config/cfg.py:2609
2026-04-20 15:04:28.252 138315 DEBUG oslo_service.service [req-9ef0d39f-4715-4be7-a764-f7263d9acdca - - - - -] oslo_limit.status_code_retry_delay = None log_opt_values /usr/lib/python3/dist-packages/oslo_config/cfg.py:2609
2026-04-20 15:04:28.252 138315 DEBUG oslo_service.service [req-9ef0d39f-4715-4be7-a764-f7263d9acdca - - - - -] oslo_limit.timeout = None log_opt_values /usr/lib/python3/dist-packages/oslo_config/cfg.py:2609
2026-04-20 15:04:28.252 138315 DEBUG oslo_service.service [req-9ef0d39f-4715-4be7-a764-f7263d9acdca - - - - -] oslo_limit.valid_interfaces = None log_opt_values /usr/lib/python3/dist-packages/oslo_config/cfg.py:2609
2026-04-20 15:04:28.252 138315 DEBUG oslo_service.service [req-9ef0d39f-4715-4be7-a764-f7263d9acdca - - - - -] oslo_limit.version = None log_opt_values /usr/lib/python3/dist-packages/oslo_config/cfg.py:2609
2026-04-20 15:04:28.252 138315 DEBUG oslo_service.service [req-9ef0d39f-4715-4be7-a764-f7263d9acdca - - - - -] oslo_reports.file_event_handler = None log_opt_values /usr/lib/python3/dist-packages/oslo_config/cfg.py:2609
2026-04-20 15:04:28.252 138315 DEBUG oslo_service.service [req-9ef0d39f-4715-4be7-a764-f7263d9acdca - - - - -] oslo_reports.file_event_handler_interval = 1 log_opt_values /usr/lib/python3/dist-packages/oslo_config/cfg.py:2609
2026-04-20 15:04:28.253 138315 DEBUG oslo_service.service [req-9ef0d39f-4715-4be7-a764-f7263d9acdca - - - - -] oslo_reports.log_dir = None log_opt_values /usr/lib/python3/dist-packages/oslo_config/cfg.py:2609
2026-04-20 15:04:28.253 138315 DEBUG oslo_service.service [req-9ef0d39f-4715-4be7-a764-f7263d9acdca - - - - -] ******************************************************************************** log_opt_values /usr/lib/python3/dist-packages/oslo_config/cfg.py:2613
2026-04-20 15:04:29.062 139042 DEBUG oslo_messaging._drivers.amqpdriver [-] AMQPListener connection timeout poll /usr/lib/python3/dist-packages/oslo_messaging/_drivers/amqpdriver.py:360
2026-04-20 15:04:29.062 139042 DEBUG oslo_messaging._drivers.amqpdriver [-] Listener is running poll /usr/lib/python3/dist-packages/oslo_messaging/_drivers/amqpdriver.py:343
2026-04-20 15:04:29.062 139042 DEBUG oslo_messaging._drivers.amqpdriver [-] AMQPListener connection consume poll /usr/lib/python3/dist-packages/oslo_messaging/_drivers/amqpdriver.py:357
2026-04-20 15:04:29.067 139043 DEBUG oslo_messaging._drivers.amqpdriver [-] AMQPListener connection timeout poll /usr/lib/python3/dist-packages/oslo_messaging/_drivers/amqpdriver.py:360
2026-04-20 15:04:29.068 139043 DEBUG oslo_messaging._drivers.amqpdriver [-] Listener is running poll /usr/lib/python3/dist-packages/oslo_messaging/_drivers/amqpdriver.py:343
2026-04-20 15:04:29.068 139043 DEBUG oslo_messaging._drivers.amqpdriver [-] AMQPListener connection consume poll /usr/lib/python3/dist-packages/oslo_messaging/_drivers/amqpdriver.py:357
2026-04-20 15:04:29.072 139044 DEBUG oslo_messaging._drivers.amqpdriver [-] AMQPListener connection timeout poll /usr/lib/python3/dist-packages/oslo_messaging/_drivers/amqpdriver.py:360
2026-04-20 15:04:29.073 139044 DEBUG oslo_messaging._drivers.amqpdriver [-] Listener is running poll /usr/lib/python3/dist-packages/oslo_messaging/_drivers/amqpdriver.py:343
2026-04-20 15:04:29.073 139044 DEBUG oslo_messaging._drivers.amqpdriver [-] AMQPListener connection consume poll /usr/lib/python3/dist-packages/oslo_messaging/_drivers/amqpdriver.py:357
2026-04-20 15:04:29.169 139045 DEBUG oslo_messaging._drivers.amqpdriver [-] AMQPListener connection timeout poll /usr/lib/python3/dist-packages/oslo_messaging/_drivers/amqpdriver.py:360
2026-04-20 15:04:29.170 139045 DEBUG oslo_messaging._drivers.amqpdriver [-] Listener is running poll /usr/lib/python3/dist-packages/oslo_messaging/_drivers/amqpdriver.py:343
2026-04-20 15:04:29.170 139045 DEBUG oslo_messaging._drivers.amqpdriver [-] AMQPListener connection consume poll /usr/lib/python3/dist-packages/oslo_messaging/_drivers/amqpdriver.py:357
2026-04-20 15:04:31.059 139042 DEBUG oslo_service.periodic_task [req-8d511a8c-7aa4-4ecf-aa31-071064f2a69e - - - - -] Running periodic task SchedulerManager._discover_hosts_in_cells run_periodic_tasks /usr/lib/python3/dist-packages/oslo_service/periodic_task.py:210
2026-04-20 15:04:31.061 139042 DEBUG oslo_db.sqlalchemy.engines [req-8d511a8c-7aa4-4ecf-aa31-071064f2a69e - - - - -] Parent process 138315 forked (139042) with an open database connection, which is being discarded and recreated. checkout /usr/lib/python3/dist-packages/oslo_db/sqlalchemy/engines.py:413
2026-04-20 15:04:31.063 139042 DEBUG oslo_messaging._drivers.amqpdriver [-] AMQPListener connection timeout poll /usr/lib/python3/dist-packages/oslo_messaging/_drivers/amqpdriver.py:360
2026-04-20 15:04:31.063 139042 DEBUG oslo_messaging._drivers.amqpdriver [-] Listener is running poll /usr/lib/python3/dist-packages/oslo_messaging/_drivers/amqpdriver.py:343
2026-04-20 15:04:31.064 139042 DEBUG oslo_messaging._drivers.amqpdriver [-] AMQPListener connection consume poll /usr/lib/python3/dist-packages/oslo_messaging/_drivers/amqpdriver.py:357
2026-04-20 15:04:31.070 139043 DEBUG oslo_messaging._drivers.amqpdriver [-] AMQPListener connection timeout poll /usr/lib/python3/dist-packages/oslo_messaging/_drivers/amqpdriver.py:360
2026-04-20 15:04:31.071 139043 DEBUG oslo_messaging._drivers.amqpdriver [-] Listener is running poll /usr/lib/python3/dist-packages/oslo_messaging/_drivers/amqpdriver.py:343
2026-04-20 15:04:31.071 139043 DEBUG oslo_messaging._drivers.amqpdriver [-] AMQPListener connection consume poll /usr/lib/python3/dist-packages/oslo_messaging/_drivers/amqpdriver.py:357
2026-04-20 15:04:31.072 139042 DEBUG oslo_concurrency.lockutils [req-8d511a8c-7aa4-4ecf-aa31-071064f2a69e - - - - -] Lock "9eb916fe-c4c6-4773-ac04-3f34e2af220c" acquired by "nova.context.set_target_cell..get_or_set_cached_cell_and_set_connections" :: waited 0.000s inner /usr/lib/python3/dist-packages/oslo_concurrency/lockutils.py:386
2026-04-20 15:04:31.074 139044 DEBUG oslo_messaging._drivers.amqpdriver [-] AMQPListener connection timeout poll /usr/lib/python3/dist-packages/oslo_messaging/_drivers/amqpdriver.py:360
2026-04-20 15:04:31.074 139044 DEBUG oslo_messaging._drivers.amqpdriver [-] Listener is running poll /usr/lib/python3/dist-packages/oslo_messaging/_drivers/amqpdriver.py:343
2026-04-20 15:04:31.075 139044 DEBUG oslo_messaging._drivers.amqpdriver [-] AMQPListener connection consume poll /usr/lib/python3/dist-packages/oslo_messaging/_drivers/amqpdriver.py:357
2026-04-20 15:04:31.074 139042 DEBUG oslo_concurrency.lockutils [req-8d511a8c-7aa4-4ecf-aa31-071064f2a69e - - - - -] Lock "9eb916fe-c4c6-4773-ac04-3f34e2af220c" "released" by "nova.context.set_target_cell..get_or_set_cached_cell_and_set_connections" :: held 0.002s inner /usr/lib/python3/dist-packages/oslo_concurrency/lockutils.py:400
2026-04-20 15:04:31.096 139042 DEBUG oslo_db.sqlalchemy.engines [req-8d511a8c-7aa4-4ecf-aa31-071064f2a69e - - - - -] MySQL server mode set to STRICT_TRANS_TABLES,STRICT_ALL_TABLES,NO_ZERO_IN_DATE,NO_ZERO_DATE,ERROR_FOR_DIVISION_BY_ZERO,TRADITIONAL,NO_ENGINE_SUBSTITUTION _check_effective_sql_mode /usr/lib/python3/dist-packages/oslo_db/sqlalchemy/engines.py:314
2026-04-20 15:04:31.170 139045 DEBUG oslo_service.periodic_task [req-806fb874-7178-41a8-8244-1f3c8c988f02 - - - - -] Running periodic task SchedulerManager._discover_hosts_in_cells run_periodic_tasks /usr/lib/python3/dist-packages/oslo_service/periodic_task.py:210
2026-04-20 15:04:31.172 139045 DEBUG oslo_db.sqlalchemy.engines [req-806fb874-7178-41a8-8244-1f3c8c988f02 - - - - -] Parent process 138315 forked (139045) with an open database connection, which is being discarded and recreated. checkout /usr/lib/python3/dist-packages/oslo_db/sqlalchemy/engines.py:413
2026-04-20 15:04:31.173 139045 DEBUG oslo_messaging._drivers.amqpdriver [-] AMQPListener connection timeout poll /usr/lib/python3/dist-packages/oslo_messaging/_drivers/amqpdriver.py:360
2026-04-20 15:04:31.173 139045 DEBUG oslo_messaging._drivers.amqpdriver [-] Listener is running poll /usr/lib/python3/dist-packages/oslo_messaging/_drivers/amqpdriver.py:343
2026-04-20 15:04:31.174 139045 DEBUG oslo_messaging._drivers.amqpdriver [-] AMQPListener connection consume poll /usr/lib/python3/dist-packages/oslo_messaging/_drivers/amqpdriver.py:357
2026-04-20 15:04:31.180 139045 DEBUG oslo_concurrency.lockutils [req-806fb874-7178-41a8-8244-1f3c8c988f02 - - - - -] Lock "9eb916fe-c4c6-4773-ac04-3f34e2af220c" acquired by "nova.context.set_target_cell..get_or_set_cached_cell_and_set_connections" :: waited 0.000s inner /usr/lib/python3/dist-packages/oslo_concurrency/lockutils.py:386
2026-04-20 15:04:31.183 139045 DEBUG oslo_concurrency.lockutils [req-806fb874-7178-41a8-8244-1f3c8c988f02 - - - - -] Lock "9eb916fe-c4c6-4773-ac04-3f34e2af220c" "released" by "nova.context.set_target_cell..get_or_set_cached_cell_and_set_connections" :: held 0.002s inner /usr/lib/python3/dist-packages/oslo_concurrency/lockutils.py:400
2026-04-20 15:04:31.191 139045 DEBUG oslo_db.sqlalchemy.engines [req-806fb874-7178-41a8-8244-1f3c8c988f02 - - - - -] MySQL server mode set to STRICT_TRANS_TABLES,STRICT_ALL_TABLES,NO_ZERO_IN_DATE,NO_ZERO_DATE,ERROR_FOR_DIVISION_BY_ZERO,TRADITIONAL,NO_ENGINE_SUBSTITUTION _check_effective_sql_mode /usr/lib/python3/dist-packages/oslo_db/sqlalchemy/engines.py:314
2026-04-20 15:04:35.067 139042 DEBUG oslo_messaging._drivers.amqpdriver [-] AMQPListener connection timeout poll /usr/lib/python3/dist-packages/oslo_messaging/_drivers/amqpdriver.py:360
2026-04-20 15:04:35.067 139042 DEBUG oslo_messaging._drivers.amqpdriver [-] Listener is running poll /usr/lib/python3/dist-packages/oslo_messaging/_drivers/amqpdriver.py:343
2026-04-20 15:04:35.067 139042 DEBUG oslo_messaging._drivers.amqpdriver [-] AMQPListener connection consume poll /usr/lib/python3/dist-packages/oslo_messaging/_drivers/amqpdriver.py:357
2026-04-20 15:04:35.074 139043 DEBUG oslo_messaging._drivers.amqpdriver [-] AMQPListener connection timeout poll /usr/lib/python3/dist-packages/oslo_messaging/_drivers/amqpdriver.py:360
2026-04-20 15:04:35.075 139043 DEBUG oslo_messaging._drivers.amqpdriver [-] Listener is running poll /usr/lib/python3/dist-packages/oslo_messaging/_drivers/amqpdriver.py:343
2026-04-20 15:04:35.075 139043 DEBUG oslo_messaging._drivers.amqpdriver [-] AMQPListener connection consume poll /usr/lib/python3/dist-packages/oslo_messaging/_drivers/amqpdriver.py:357
2026-04-20 15:04:35.078 139044 DEBUG oslo_messaging._drivers.amqpdriver [-] AMQPListener connection timeout poll /usr/lib/python3/dist-packages/oslo_messaging/_drivers/amqpdriver.py:360
2026-04-20 15:04:35.078 139044 DEBUG oslo_messaging._drivers.amqpdriver [-] Listener is running poll /usr/lib/python3/dist-packages/oslo_messaging/_drivers/amqpdriver.py:343
2026-04-20 15:04:35.079 139044 DEBUG oslo_messaging._drivers.amqpdriver [-] AMQPListener connection consume poll /usr/lib/python3/dist-packages/oslo_messaging/_drivers/amqpdriver.py:357
2026-04-20 15:04:35.177 139045 DEBUG oslo_messaging._drivers.amqpdriver [-] AMQPListener connection timeout poll /usr/lib/python3/dist-packages/oslo_messaging/_drivers/amqpdriver.py:360
2026-04-20 15:04:35.177 139045 DEBUG oslo_messaging._drivers.amqpdriver [-] Listener is running poll /usr/lib/python3/dist-packages/oslo_messaging/_drivers/amqpdriver.py:343
2026-04-20 15:04:35.177 139045 DEBUG oslo_messaging._drivers.amqpdriver [-] AMQPListener connection consume poll /usr/lib/python3/dist-packages/oslo_messaging/_drivers/amqpdriver.py:357
2026-04-20 15:04:40.072 139044 DEBUG oslo_service.periodic_task [req-d8102e4c-5c21-41ca-b320-dc2ffd69ca55 - - - - -] Running periodic task SchedulerManager._discover_hosts_in_cells run_periodic_tasks /usr/lib/python3/dist-packages/oslo_service/periodic_task.py:210
2026-04-20 15:04:40.073 139044 DEBUG oslo_db.sqlalchemy.engines [req-d8102e4c-5c21-41ca-b320-dc2ffd69ca55 - - - - -] Parent process 138315 forked (139044) with an open database connection, which is being discarded and recreated. checkout /usr/lib/python3/dist-packages/oslo_db/sqlalchemy/engines.py:413
2026-04-20 15:04:40.081 139044 DEBUG oslo_concurrency.lockutils [req-d8102e4c-5c21-41ca-b320-dc2ffd69ca55 - - - - -] Lock "9eb916fe-c4c6-4773-ac04-3f34e2af220c" acquired by "nova.context.set_target_cell..get_or_set_cached_cell_and_set_connections" :: waited 0.000s inner /usr/lib/python3/dist-packages/oslo_concurrency/lockutils.py:386
2026-04-20 15:04:40.083 139044 DEBUG oslo_concurrency.lockutils [req-d8102e4c-5c21-41ca-b320-dc2ffd69ca55 - - - - -] Lock "9eb916fe-c4c6-4773-ac04-3f34e2af220c" "released" by "nova.context.set_target_cell..get_or_set_cached_cell_and_set_connections" :: held 0.002s inner /usr/lib/python3/dist-packages/oslo_concurrency/lockutils.py:400
2026-04-20 15:04:40.090 139044 DEBUG oslo_db.sqlalchemy.engines [req-d8102e4c-5c21-41ca-b320-dc2ffd69ca55 - - - - -] MySQL server mode set to STRICT_TRANS_TABLES,STRICT_ALL_TABLES,NO_ZERO_IN_DATE,NO_ZERO_DATE,ERROR_FOR_DIVISION_BY_ZERO,TRADITIONAL,NO_ENGINE_SUBSTITUTION _check_effective_sql_mode /usr/lib/python3/dist-packages/oslo_db/sqlalchemy/engines.py:314
2026-04-20 15:04:43.069 139042 DEBUG oslo_messaging._drivers.amqpdriver [-] AMQPListener connection timeout poll /usr/lib/python3/dist-packages/oslo_messaging/_drivers/amqpdriver.py:360
2026-04-20 15:04:43.069 139042 DEBUG oslo_messaging._drivers.amqpdriver [-] Listener is running poll /usr/lib/python3/dist-packages/oslo_messaging/_drivers/amqpdriver.py:343
2026-04-20 15:04:43.069 139042 DEBUG oslo_messaging._drivers.amqpdriver [-] AMQPListener connection consume poll /usr/lib/python3/dist-packages/oslo_messaging/_drivers/amqpdriver.py:357
2026-04-20 15:04:43.077 139043 DEBUG oslo_messaging._drivers.amqpdriver [-] AMQPListener connection timeout poll /usr/lib/python3/dist-packages/oslo_messaging/_drivers/amqpdriver.py:360
2026-04-20 15:04:43.077 139043 DEBUG oslo_messaging._drivers.amqpdriver [-] Listener is running poll /usr/lib/python3/dist-packages/oslo_messaging/_drivers/amqpdriver.py:343
2026-04-20 15:04:43.077 139043 DEBUG oslo_messaging._drivers.amqpdriver [-] AMQPListener connection consume poll /usr/lib/python3/dist-packages/oslo_messaging/_drivers/amqpdriver.py:357
2026-04-20 15:04:43.080 139044 DEBUG oslo_messaging._drivers.amqpdriver [-] AMQPListener connection timeout poll /usr/lib/python3/dist-packages/oslo_messaging/_drivers/amqpdriver.py:360
2026-04-20 15:04:43.081 139044 DEBUG oslo_messaging._drivers.amqpdriver [-] Listener is running poll /usr/lib/python3/dist-packages/oslo_messaging/_drivers/amqpdriver.py:343
2026-04-20 15:04:43.081 139044 DEBUG oslo_messaging._drivers.amqpdriver [-] AMQPListener connection consume poll /usr/lib/python3/dist-packages/oslo_messaging/_drivers/amqpdriver.py:357
2026-04-20 15:04:43.180 139045 DEBUG oslo_messaging._drivers.amqpdriver [-] AMQPListener connection timeout poll /usr/lib/python3/dist-packages/oslo_messaging/_drivers/amqpdriver.py:360
2026-04-20 15:04:43.181 139045 DEBUG oslo_messaging._drivers.amqpdriver [-] Listener is running poll /usr/lib/python3/dist-packages/oslo_messaging/_drivers/amqpdriver.py:343
2026-04-20 15:04:43.181 139045 DEBUG oslo_messaging._drivers.amqpdriver [-] AMQPListener connection consume poll /usr/lib/python3/dist-packages/oslo_messaging/_drivers/amqpdriver.py:357
2026-04-20 15:05:01.115 139042 DEBUG oslo_service.periodic_task [req-8d511a8c-7aa4-4ecf-aa31-071064f2a69e - - - - -] Running periodic task SchedulerManager._discover_hosts_in_cells run_periodic_tasks /usr/lib/python3/dist-packages/oslo_service/periodic_task.py:210
2026-04-20 15:05:01.120 139042 DEBUG oslo_concurrency.lockutils [req-e627e24e-a3c7-464e-b392-988d1377bf26 - - - - -] Lock "9eb916fe-c4c6-4773-ac04-3f34e2af220c" acquired by "nova.context.set_target_cell..get_or_set_cached_cell_and_set_connections" :: waited 0.000s inner /usr/lib/python3/dist-packages/oslo_concurrency/lockutils.py:386
2026-04-20 15:05:01.121 139042 DEBUG oslo_concurrency.lockutils [req-e627e24e-a3c7-464e-b392-988d1377bf26 - - - - -] Lock "9eb916fe-c4c6-4773-ac04-3f34e2af220c" "released" by "nova.context.set_target_cell..get_or_set_cached_cell_and_set_connections" :: held 0.000s inner /usr/lib/python3/dist-packages/oslo_concurrency/lockutils.py:400
2026-04-20 15:05:01.187 139042 INFO nova.scheduler.manager [req-e627e24e-a3c7-464e-b392-988d1377bf26 - - - - -] Discovered 1 new hosts: cell1:cn-jenkins-deploy-platform-juju-os-696-1
2026-04-20 15:05:01.208 139045 DEBUG oslo_service.periodic_task [req-806fb874-7178-41a8-8244-1f3c8c988f02 - - - - -] Running periodic task SchedulerManager._discover_hosts_in_cells run_periodic_tasks /usr/lib/python3/dist-packages/oslo_service/periodic_task.py:210
2026-04-20 15:05:01.214 139045 DEBUG oslo_concurrency.lockutils [req-f8455245-1252-4a38-ba64-ee20a73353ab - - - - -] Lock "9eb916fe-c4c6-4773-ac04-3f34e2af220c" acquired by "nova.context.set_target_cell..get_or_set_cached_cell_and_set_connections" :: waited 0.000s inner /usr/lib/python3/dist-packages/oslo_concurrency/lockutils.py:386
2026-04-20 15:05:01.215 139045 DEBUG oslo_concurrency.lockutils [req-f8455245-1252-4a38-ba64-ee20a73353ab - - - - -] Lock "9eb916fe-c4c6-4773-ac04-3f34e2af220c" "released" by "nova.context.set_target_cell..get_or_set_cached_cell_and_set_connections" :: held 0.000s inner /usr/lib/python3/dist-packages/oslo_concurrency/lockutils.py:400
2026-04-20 15:05:10.110 139044 DEBUG oslo_service.periodic_task [req-d8102e4c-5c21-41ca-b320-dc2ffd69ca55 - - - - -] Running periodic task SchedulerManager._discover_hosts_in_cells run_periodic_tasks /usr/lib/python3/dist-packages/oslo_service/periodic_task.py:210
2026-04-20 15:05:10.115 139044 DEBUG oslo_concurrency.lockutils [req-c8849f59-2996-4155-831e-6bdd23ec7631 - - - - -] Lock "9eb916fe-c4c6-4773-ac04-3f34e2af220c" acquired by "nova.context.set_target_cell..get_or_set_cached_cell_and_set_connections" :: waited 0.000s inner /usr/lib/python3/dist-packages/oslo_concurrency/lockutils.py:386
2026-04-20 15:05:10.115 139044 DEBUG oslo_concurrency.lockutils [req-c8849f59-2996-4155-831e-6bdd23ec7631 - - - - -] Lock "9eb916fe-c4c6-4773-ac04-3f34e2af220c" "released" by "nova.context.set_target_cell..get_or_set_cached_cell_and_set_connections" :: held 0.000s inner /usr/lib/python3/dist-packages/oslo_concurrency/lockutils.py:400
2026-04-20 15:05:13.055 139042 DEBUG oslo_messaging._drivers.amqpdriver [-] AMQPListener connection timeout poll /usr/lib/python3/dist-packages/oslo_messaging/_drivers/amqpdriver.py:360
2026-04-20 15:05:13.055 139042 DEBUG oslo_messaging._drivers.amqpdriver [-] Listener is running poll /usr/lib/python3/dist-packages/oslo_messaging/_drivers/amqpdriver.py:343
2026-04-20 15:05:13.055 139042 DEBUG oslo_messaging._drivers.amqpdriver [-] AMQPListener connection consume poll /usr/lib/python3/dist-packages/oslo_messaging/_drivers/amqpdriver.py:357
2026-04-20 15:05:13.057 139043 DEBUG oslo_messaging._drivers.amqpdriver [-] AMQPListener connection timeout poll /usr/lib/python3/dist-packages/oslo_messaging/_drivers/amqpdriver.py:360
2026-04-20 15:05:13.057 139043 DEBUG oslo_messaging._drivers.amqpdriver [-] Listener is running poll /usr/lib/python3/dist-packages/oslo_messaging/_drivers/amqpdriver.py:343
2026-04-20 15:05:13.057 139043 DEBUG oslo_messaging._drivers.amqpdriver [-] AMQPListener connection consume poll /usr/lib/python3/dist-packages/oslo_messaging/_drivers/amqpdriver.py:357
2026-04-20 15:05:13.059 139044 DEBUG oslo_messaging._drivers.amqpdriver [-] AMQPListener connection timeout poll /usr/lib/python3/dist-packages/oslo_messaging/_drivers/amqpdriver.py:360
2026-04-20 15:05:13.060 139044 DEBUG oslo_messaging._drivers.amqpdriver [-] Listener is running poll /usr/lib/python3/dist-packages/oslo_messaging/_drivers/amqpdriver.py:343
2026-04-20 15:05:13.060 139044 DEBUG oslo_messaging._drivers.amqpdriver [-] AMQPListener connection consume poll /usr/lib/python3/dist-packages/oslo_messaging/_drivers/amqpdriver.py:357
2026-04-20 15:05:13.125 139045 DEBUG oslo_messaging._drivers.amqpdriver [-] AMQPListener connection timeout poll /usr/lib/python3/dist-packages/oslo_messaging/_drivers/amqpdriver.py:360
2026-04-20 15:05:13.126 139045 DEBUG oslo_messaging._drivers.amqpdriver [-] Listener is running poll /usr/lib/python3/dist-packages/oslo_messaging/_drivers/amqpdriver.py:343
2026-04-20 15:05:13.126 139045 DEBUG oslo_messaging._drivers.amqpdriver [-] AMQPListener connection consume poll /usr/lib/python3/dist-packages/oslo_messaging/_drivers/amqpdriver.py:357
2026-04-20 15:05:14.064 139043 DEBUG oslo_service.periodic_task [req-05f3e0cf-8c6c-4737-b4bf-28c72d36d3be - - - - -] Running periodic task SchedulerManager._discover_hosts_in_cells run_periodic_tasks /usr/lib/python3/dist-packages/oslo_service/periodic_task.py:210
2026-04-20 15:05:14.066 139043 DEBUG oslo_db.sqlalchemy.engines [req-05f3e0cf-8c6c-4737-b4bf-28c72d36d3be - - - - -] Parent process 138315 forked (139043) with an open database connection, which is being discarded and recreated. checkout /usr/lib/python3/dist-packages/oslo_db/sqlalchemy/engines.py:413
2026-04-20 15:05:14.073 139043 DEBUG oslo_concurrency.lockutils [req-05f3e0cf-8c6c-4737-b4bf-28c72d36d3be - - - - -] Lock "9eb916fe-c4c6-4773-ac04-3f34e2af220c" acquired by "nova.context.set_target_cell..get_or_set_cached_cell_and_set_connections" :: waited 0.000s inner /usr/lib/python3/dist-packages/oslo_concurrency/lockutils.py:386
2026-04-20 15:05:14.075 139043 DEBUG oslo_concurrency.lockutils [req-05f3e0cf-8c6c-4737-b4bf-28c72d36d3be - - - - -] Lock "9eb916fe-c4c6-4773-ac04-3f34e2af220c" "released" by "nova.context.set_target_cell..get_or_set_cached_cell_and_set_connections" :: held 0.002s inner /usr/lib/python3/dist-packages/oslo_concurrency/lockutils.py:400
2026-04-20 15:05:14.082 139043 DEBUG oslo_db.sqlalchemy.engines [req-05f3e0cf-8c6c-4737-b4bf-28c72d36d3be - - - - -] MySQL server mode set to STRICT_TRANS_TABLES,STRICT_ALL_TABLES,NO_ZERO_IN_DATE,NO_ZERO_DATE,ERROR_FOR_DIVISION_BY_ZERO,TRADITIONAL,NO_ENGINE_SUBSTITUTION _check_effective_sql_mode /usr/lib/python3/dist-packages/oslo_db/sqlalchemy/engines.py:314
2026-04-20 15:05:31.191 139042 DEBUG oslo_service.periodic_task [req-e627e24e-a3c7-464e-b392-988d1377bf26 - - - - -] Running periodic task SchedulerManager._discover_hosts_in_cells run_periodic_tasks /usr/lib/python3/dist-packages/oslo_service/periodic_task.py:210
2026-04-20 15:05:31.196 139042 DEBUG oslo_concurrency.lockutils [req-ced0fec8-1490-4074-a7cb-26bd9a9847d4 - - - - -] Lock "9eb916fe-c4c6-4773-ac04-3f34e2af220c" acquired by "nova.context.set_target_cell..get_or_set_cached_cell_and_set_connections" :: waited 0.000s inner /usr/lib/python3/dist-packages/oslo_concurrency/lockutils.py:386
2026-04-20 15:05:31.196 139042 DEBUG oslo_concurrency.lockutils [req-ced0fec8-1490-4074-a7cb-26bd9a9847d4 - - - - -] Lock "9eb916fe-c4c6-4773-ac04-3f34e2af220c" "released" by "nova.context.set_target_cell..get_or_set_cached_cell_and_set_connections" :: held 0.000s inner /usr/lib/python3/dist-packages/oslo_concurrency/lockutils.py:400
2026-04-20 15:05:31.223 139045 DEBUG oslo_service.periodic_task [req-f8455245-1252-4a38-ba64-ee20a73353ab - - - - -] Running periodic task SchedulerManager._discover_hosts_in_cells run_periodic_tasks /usr/lib/python3/dist-packages/oslo_service/periodic_task.py:210
2026-04-20 15:05:31.228 139045 DEBUG oslo_concurrency.lockutils [req-b21f2b36-70f6-44b0-bb22-50b2e31c8d1a - - - - -] Lock "9eb916fe-c4c6-4773-ac04-3f34e2af220c" acquired by "nova.context.set_target_cell..get_or_set_cached_cell_and_set_connections" :: waited 0.000s inner /usr/lib/python3/dist-packages/oslo_concurrency/lockutils.py:386
2026-04-20 15:05:31.229 139045 DEBUG oslo_concurrency.lockutils [req-b21f2b36-70f6-44b0-bb22-50b2e31c8d1a - - - - -] Lock "9eb916fe-c4c6-4773-ac04-3f34e2af220c" "released" by "nova.context.set_target_cell..get_or_set_cached_cell_and_set_connections" :: held 0.000s inner /usr/lib/python3/dist-packages/oslo_concurrency/lockutils.py:400
2026-04-20 15:05:41.074 139044 DEBUG oslo_service.periodic_task [req-c8849f59-2996-4155-831e-6bdd23ec7631 - - - - -] Running periodic task SchedulerManager._discover_hosts_in_cells run_periodic_tasks /usr/lib/python3/dist-packages/oslo_service/periodic_task.py:210
2026-04-20 15:05:41.079 139044 DEBUG oslo_concurrency.lockutils [req-7ce658e2-615f-440e-85b9-9cdca38c30aa - - - - -] Lock "9eb916fe-c4c6-4773-ac04-3f34e2af220c" acquired by "nova.context.set_target_cell..get_or_set_cached_cell_and_set_connections" :: waited 0.000s inner /usr/lib/python3/dist-packages/oslo_concurrency/lockutils.py:386
2026-04-20 15:05:41.080 139044 DEBUG oslo_concurrency.lockutils [req-7ce658e2-615f-440e-85b9-9cdca38c30aa - - - - -] Lock "9eb916fe-c4c6-4773-ac04-3f34e2af220c" "released" by "nova.context.set_target_cell..get_or_set_cached_cell_and_set_connections" :: held 0.000s inner /usr/lib/python3/dist-packages/oslo_concurrency/lockutils.py:400
2026-04-20 15:05:44.096 139043 DEBUG oslo_service.periodic_task [req-05f3e0cf-8c6c-4737-b4bf-28c72d36d3be - - - - -] Running periodic task SchedulerManager._discover_hosts_in_cells run_periodic_tasks /usr/lib/python3/dist-packages/oslo_service/periodic_task.py:210
2026-04-20 15:05:44.102 139043 DEBUG oslo_concurrency.lockutils [req-05b52642-02e2-40aa-a02c-5f00f25de97b - - - - -] Lock "9eb916fe-c4c6-4773-ac04-3f34e2af220c" acquired by "nova.context.set_target_cell..get_or_set_cached_cell_and_set_connections" :: waited 0.000s inner /usr/lib/python3/dist-packages/oslo_concurrency/lockutils.py:386
2026-04-20 15:05:44.103 139043 DEBUG oslo_concurrency.lockutils [req-05b52642-02e2-40aa-a02c-5f00f25de97b - - - - -] Lock "9eb916fe-c4c6-4773-ac04-3f34e2af220c" "released" by "nova.context.set_target_cell..get_or_set_cached_cell_and_set_connections" :: held 0.000s inner /usr/lib/python3/dist-packages/oslo_concurrency/lockutils.py:400
2026-04-20 15:05:45.058 139042 DEBUG oslo_messaging._drivers.amqpdriver [-] AMQPListener connection timeout poll /usr/lib/python3/dist-packages/oslo_messaging/_drivers/amqpdriver.py:360
2026-04-20 15:05:45.059 139042 DEBUG oslo_messaging._drivers.amqpdriver [-] Listener is running poll /usr/lib/python3/dist-packages/oslo_messaging/_drivers/amqpdriver.py:343
2026-04-20 15:05:45.059 139042 DEBUG oslo_messaging._drivers.amqpdriver [-] AMQPListener connection consume poll /usr/lib/python3/dist-packages/oslo_messaging/_drivers/amqpdriver.py:357
2026-04-20 15:05:45.060 139043 DEBUG oslo_messaging._drivers.amqpdriver [-] AMQPListener connection timeout poll /usr/lib/python3/dist-packages/oslo_messaging/_drivers/amqpdriver.py:360
2026-04-20 15:05:45.060 139043 DEBUG oslo_messaging._drivers.amqpdriver [-] Listener is running poll /usr/lib/python3/dist-packages/oslo_messaging/_drivers/amqpdriver.py:343
2026-04-20 15:05:45.061 139043 DEBUG oslo_messaging._drivers.amqpdriver [-] AMQPListener connection consume poll /usr/lib/python3/dist-packages/oslo_messaging/_drivers/amqpdriver.py:357
2026-04-20 15:05:45.062 139044 DEBUG oslo_messaging._drivers.amqpdriver [-] AMQPListener connection timeout poll /usr/lib/python3/dist-packages/oslo_messaging/_drivers/amqpdriver.py:360
2026-04-20 15:05:45.062 139044 DEBUG oslo_messaging._drivers.amqpdriver [-] Listener is running poll /usr/lib/python3/dist-packages/oslo_messaging/_drivers/amqpdriver.py:343
2026-04-20 15:05:45.063 139044 DEBUG oslo_messaging._drivers.amqpdriver [-] AMQPListener connection consume poll /usr/lib/python3/dist-packages/oslo_messaging/_drivers/amqpdriver.py:357
2026-04-20 15:05:45.129 139045 DEBUG oslo_messaging._drivers.amqpdriver [-] AMQPListener connection timeout poll /usr/lib/python3/dist-packages/oslo_messaging/_drivers/amqpdriver.py:360
2026-04-20 15:05:45.129 139045 DEBUG oslo_messaging._drivers.amqpdriver [-] Listener is running poll /usr/lib/python3/dist-packages/oslo_messaging/_drivers/amqpdriver.py:343
2026-04-20 15:05:45.130 139045 DEBUG oslo_messaging._drivers.amqpdriver [-] AMQPListener connection consume poll /usr/lib/python3/dist-packages/oslo_messaging/_drivers/amqpdriver.py:357
2026-04-20 15:05:58.557 138315 INFO oslo_service.service [req-9ef0d39f-4715-4be7-a764-f7263d9acdca - - - - -] Caught SIGTERM, stopping children
2026-04-20 15:05:58.557 138315 DEBUG oslo_concurrency.lockutils [req-9ef0d39f-4715-4be7-a764-f7263d9acdca - - - - -] Acquired lock "singleton_lock" lock /usr/lib/python3/dist-packages/oslo_concurrency/lockutils.py:294
2026-04-20 15:05:58.558 138315 DEBUG oslo_concurrency.lockutils [req-9ef0d39f-4715-4be7-a764-f7263d9acdca - - - - -] Releasing lock "singleton_lock" lock /usr/lib/python3/dist-packages/oslo_concurrency/lockutils.py:312
2026-04-20 15:05:58.558 138315 DEBUG oslo_service.service [req-9ef0d39f-4715-4be7-a764-f7263d9acdca - - - - -] Stop services. stop /usr/lib/python3/dist-packages/oslo_service/service.py:695
2026-04-20 15:05:58.558 138315 DEBUG oslo_service.service [req-9ef0d39f-4715-4be7-a764-f7263d9acdca - - - - -] Killing children. stop /usr/lib/python3/dist-packages/oslo_service/service.py:700
2026-04-20 15:05:58.559 138315 INFO oslo_service.service [req-9ef0d39f-4715-4be7-a764-f7263d9acdca - - - - -] Waiting on 4 children to exit
2026-04-20 15:05:58.566 138315 INFO oslo_service.service [req-9ef0d39f-4715-4be7-a764-f7263d9acdca - - - - -] Child 139045 killed by signal 15
2026-04-20 15:05:58.567 138315 INFO oslo_service.service [req-9ef0d39f-4715-4be7-a764-f7263d9acdca - - - - -] Child 139042 killed by signal 15
2026-04-20 15:05:58.567 138315 INFO oslo_service.service [req-9ef0d39f-4715-4be7-a764-f7263d9acdca - - - - -] Child 139043 killed by signal 15
2026-04-20 15:05:58.567 138315 INFO oslo_service.service [req-9ef0d39f-4715-4be7-a764-f7263d9acdca - - - - -] Child 139044 killed by signal 15
2026-04-20 15:06:00.503 149941 DEBUG oslo_db.sqlalchemy.engines [req-e6294b69-fa22-4c47-9996-6061ad593e29 - - - - -] MySQL server mode set to STRICT_TRANS_TABLES,STRICT_ALL_TABLES,NO_ZERO_IN_DATE,NO_ZERO_DATE,ERROR_FOR_DIVISION_BY_ZERO,TRADITIONAL,NO_ENGINE_SUBSTITUTION _check_effective_sql_mode /usr/lib/python3/dist-packages/oslo_db/sqlalchemy/engines.py:314
2026-04-20 15:06:00.543 149941 DEBUG nova.scheduler.host_manager [req-e6294b69-fa22-4c47-9996-6061ad593e29 - - - - -] Found 1 cells: 9eb916fe-c4c6-4773-ac04-3f34e2af220c refresh_cells_caches /usr/lib/python3/dist-packages/nova/scheduler/host_manager.py:730
2026-04-20 15:06:00.544 149941 DEBUG nova.scheduler.host_manager [req-e6294b69-fa22-4c47-9996-6061ad593e29 - - - - -] Found 0 disabled cells: refresh_cells_caches /usr/lib/python3/dist-packages/nova/scheduler/host_manager.py:742
2026-04-20 15:06:00.550 149941 WARNING nova.scheduler.filters.availability_zone_filter [req-e6294b69-fa22-4c47-9996-6061ad593e29 - - - - -] The 'AvailabilityZoneFilter' is deprecated since the 24.0.0 (Xena) release. Since the 18.0.0 (Rocky) release, nova has supported mapping AZs to placement aggregates. The feature is enabled by the 'query_placement_for_availability_zone' config option and is now enabled by default. As such, the 'AvailabilityZoneFilter' is no longer required. Nova is currently configured to use both placement and the AvailabilityZoneFilter for AZ enforcement.
2026-04-20 15:06:00.652 149941 DEBUG nova.scheduler.host_manager [req-e6294b69-fa22-4c47-9996-6061ad593e29 - - - - -] START:_async_init_instance_info _async_init_instance_info /usr/lib/python3/dist-packages/nova/scheduler/host_manager.py:411
2026-04-20 15:06:00.655 149941 DEBUG oslo_concurrency.lockutils [req-5202ec92-148d-4607-a61f-fa2731244da2 - - - - -] Lock "9eb916fe-c4c6-4773-ac04-3f34e2af220c" acquired by "nova.context.set_target_cell..get_or_set_cached_cell_and_set_connections" :: waited 0.000s inner /usr/lib/python3/dist-packages/oslo_concurrency/lockutils.py:386
2026-04-20 15:06:00.657 149941 DEBUG oslo_concurrency.lockutils [req-5202ec92-148d-4607-a61f-fa2731244da2 - - - - -] Lock "9eb916fe-c4c6-4773-ac04-3f34e2af220c" "released" by "nova.context.set_target_cell..get_or_set_cached_cell_and_set_connections" :: held 0.002s inner /usr/lib/python3/dist-packages/oslo_concurrency/lockutils.py:400
2026-04-20 15:06:00.683 149941 DEBUG oslo_db.sqlalchemy.engines [req-5202ec92-148d-4607-a61f-fa2731244da2 - - - - -] MySQL server mode set to STRICT_TRANS_TABLES,STRICT_ALL_TABLES,NO_ZERO_IN_DATE,NO_ZERO_DATE,ERROR_FOR_DIVISION_BY_ZERO,TRADITIONAL,NO_ENGINE_SUBSTITUTION _check_effective_sql_mode /usr/lib/python3/dist-packages/oslo_db/sqlalchemy/engines.py:314
2026-04-20 15:06:00.697 149941 DEBUG nova.scheduler.host_manager [req-5202ec92-148d-4607-a61f-fa2731244da2 - - - - -] Total number of compute nodes: 1 _async_init_instance_info /usr/lib/python3/dist-packages/nova/scheduler/host_manager.py:424
2026-04-20 15:06:00.699 149941 DEBUG oslo_concurrency.lockutils [req-5202ec92-148d-4607-a61f-fa2731244da2 - - - - -] Lock "9eb916fe-c4c6-4773-ac04-3f34e2af220c" acquired by "nova.context.set_target_cell..get_or_set_cached_cell_and_set_connections" :: waited 0.000s inner /usr/lib/python3/dist-packages/oslo_concurrency/lockutils.py:386
2026-04-20 15:06:00.699 149941 DEBUG oslo_concurrency.lockutils [req-5202ec92-148d-4607-a61f-fa2731244da2 - - - - -] Lock "9eb916fe-c4c6-4773-ac04-3f34e2af220c" "released" by "nova.context.set_target_cell..get_or_set_cached_cell_and_set_connections" :: held 0.000s inner /usr/lib/python3/dist-packages/oslo_concurrency/lockutils.py:400
2026-04-20 15:06:00.803 149941 DEBUG nova.scheduler.host_manager [req-5202ec92-148d-4607-a61f-fa2731244da2 - - - - -] Adding 0 instances for hosts 10-20 _async_init_instance_info /usr/lib/python3/dist-packages/nova/scheduler/host_manager.py:443
2026-04-20 15:06:00.804 149941 DEBUG nova.scheduler.host_manager [req-5202ec92-148d-4607-a61f-fa2731244da2 - - - - -] END:_async_init_instance_info _async_init_instance_info /usr/lib/python3/dist-packages/nova/scheduler/host_manager.py:454
2026-04-20 15:06:01.389 149941 DEBUG nova.context [req-e6294b69-fa22-4c47-9996-6061ad593e29 - - - - -] Found 2 cells: 00000000-0000-0000-0000-000000000000(cell0),9eb916fe-c4c6-4773-ac04-3f34e2af220c(cell1) load_cells /usr/lib/python3/dist-packages/nova/context.py:464
2026-04-20 15:06:01.391 149941 DEBUG oslo_concurrency.lockutils [req-9a347f9e-9062-49dc-a5b2-67a5a03a7d63 - - - - -] Lock "00000000-0000-0000-0000-000000000000" acquired by "nova.context.set_target_cell..get_or_set_cached_cell_and_set_connections" :: waited 0.000s inner /usr/lib/python3/dist-packages/oslo_concurrency/lockutils.py:386
2026-04-20 15:06:01.392 149941 DEBUG oslo_concurrency.lockutils [req-9a347f9e-9062-49dc-a5b2-67a5a03a7d63 - - - - -] Lock "00000000-0000-0000-0000-000000000000" "released" by "nova.context.set_target_cell..get_or_set_cached_cell_and_set_connections" :: held 0.001s inner /usr/lib/python3/dist-packages/oslo_concurrency/lockutils.py:400
2026-04-20 15:06:01.394 149941 DEBUG oslo_concurrency.lockutils [req-9a347f9e-9062-49dc-a5b2-67a5a03a7d63 - - - - -] Lock "9eb916fe-c4c6-4773-ac04-3f34e2af220c" acquired by "nova.context.set_target_cell..get_or_set_cached_cell_and_set_connections" :: waited 0.000s inner /usr/lib/python3/dist-packages/oslo_concurrency/lockutils.py:386
2026-04-20 15:06:01.394 149941 DEBUG oslo_concurrency.lockutils [req-9a347f9e-9062-49dc-a5b2-67a5a03a7d63 - - - - -] Lock "9eb916fe-c4c6-4773-ac04-3f34e2af220c" "released" by "nova.context.set_target_cell..get_or_set_cached_cell_and_set_connections" :: held 0.001s inner /usr/lib/python3/dist-packages/oslo_concurrency/lockutils.py:400
2026-04-20 15:06:01.413 149941 DEBUG oslo_db.sqlalchemy.engines [req-9a347f9e-9062-49dc-a5b2-67a5a03a7d63 - - - - -] MySQL server mode set to STRICT_TRANS_TABLES,STRICT_ALL_TABLES,NO_ZERO_IN_DATE,NO_ZERO_DATE,ERROR_FOR_DIVISION_BY_ZERO,TRADITIONAL,NO_ENGINE_SUBSTITUTION _check_effective_sql_mode /usr/lib/python3/dist-packages/oslo_db/sqlalchemy/engines.py:314
2026-04-20 15:06:01.430 149941 DEBUG oslo_concurrency.lockutils [req-9a347f9e-9062-49dc-a5b2-67a5a03a7d63 - - - - -] Acquired lock "singleton_lock" lock /usr/lib/python3/dist-packages/oslo_concurrency/lockutils.py:294
2026-04-20 15:06:01.431 149941 DEBUG oslo_concurrency.lockutils [req-9a347f9e-9062-49dc-a5b2-67a5a03a7d63 - - - - -] Releasing lock "singleton_lock" lock /usr/lib/python3/dist-packages/oslo_concurrency/lockutils.py:312
2026-04-20 15:06:01.432 149941 INFO oslo_service.service [req-9a347f9e-9062-49dc-a5b2-67a5a03a7d63 - - - - -] Starting 4 workers
2026-04-20 15:06:01.437 149941 DEBUG oslo_service.service [req-9a347f9e-9062-49dc-a5b2-67a5a03a7d63 - - - - -] Started child 150342 _start_child /usr/lib/python3/dist-packages/oslo_service/service.py:575
2026-04-20 15:06:01.443 150342 INFO nova.service [-] Starting scheduler node (version 25.2.1)
2026-04-20 15:06:01.445 149941 DEBUG oslo_service.service [req-9a347f9e-9062-49dc-a5b2-67a5a03a7d63 - - - - -] Started child 150343 _start_child /usr/lib/python3/dist-packages/oslo_service/service.py:575
2026-04-20 15:06:01.452 150343 INFO nova.service [-] Starting scheduler node (version 25.2.1)
2026-04-20 15:06:01.453 149941 DEBUG oslo_service.service [req-9a347f9e-9062-49dc-a5b2-67a5a03a7d63 - - - - -] Started child 150344 _start_child /usr/lib/python3/dist-packages/oslo_service/service.py:575
2026-04-20 15:06:01.461 150344 INFO nova.service [-] Starting scheduler node (version 25.2.1)
2026-04-20 15:06:01.465 150342 DEBUG oslo_db.sqlalchemy.engines [req-9696114d-65b5-4b2b-8bf7-b8a9a03fcb1c - - - - -] MySQL server mode set to STRICT_TRANS_TABLES,STRICT_ALL_TABLES,NO_ZERO_IN_DATE,NO_ZERO_DATE,ERROR_FOR_DIVISION_BY_ZERO,TRADITIONAL,NO_ENGINE_SUBSTITUTION _check_effective_sql_mode /usr/lib/python3/dist-packages/oslo_db/sqlalchemy/engines.py:314
2026-04-20 15:06:01.467 150343 DEBUG oslo_db.sqlalchemy.engines [req-8a468d46-f740-4c5f-bb75-5e71d7c47287 - - - - -] MySQL server mode set to STRICT_TRANS_TABLES,STRICT_ALL_TABLES,NO_ZERO_IN_DATE,NO_ZERO_DATE,ERROR_FOR_DIVISION_BY_ZERO,TRADITIONAL,NO_ENGINE_SUBSTITUTION _check_effective_sql_mode /usr/lib/python3/dist-packages/oslo_db/sqlalchemy/engines.py:314
2026-04-20 15:06:01.464 149941 DEBUG oslo_service.service [req-9a347f9e-9062-49dc-a5b2-67a5a03a7d63 - - - - -] Started child 150345 _start_child /usr/lib/python3/dist-packages/oslo_service/service.py:575
2026-04-20 15:06:01.471 150345 INFO nova.service [-] Starting scheduler node (version 25.2.1)
2026-04-20 15:06:01.469 149941 DEBUG oslo_service.service [req-9a347f9e-9062-49dc-a5b2-67a5a03a7d63 - - - - -] Full set of CONF: wait /usr/lib/python3/dist-packages/oslo_service/service.py:649
2026-04-20 15:06:01.474 149941 DEBUG oslo_service.service [req-9a347f9e-9062-49dc-a5b2-67a5a03a7d63 - - - - -] ******************************************************************************** log_opt_values /usr/lib/python3/dist-packages/oslo_config/cfg.py:2589
2026-04-20 15:06:01.475 149941 DEBUG oslo_service.service [req-9a347f9e-9062-49dc-a5b2-67a5a03a7d63 - - - - -] Configuration options gathered from: log_opt_values /usr/lib/python3/dist-packages/oslo_config/cfg.py:2590
2026-04-20 15:06:01.476 149941 DEBUG oslo_service.service [req-9a347f9e-9062-49dc-a5b2-67a5a03a7d63 - - - - -] command line args: ['--config-file=/etc/nova/nova.conf', '--log-file=/var/log/nova/nova-scheduler.log'] log_opt_values /usr/lib/python3/dist-packages/oslo_config/cfg.py:2591
2026-04-20 15:06:01.477 149941 DEBUG oslo_service.service [req-9a347f9e-9062-49dc-a5b2-67a5a03a7d63 - - - - -] config files: ['/etc/nova/nova.conf'] log_opt_values /usr/lib/python3/dist-packages/oslo_config/cfg.py:2592
2026-04-20 15:06:01.479 149941 DEBUG oslo_service.service [req-9a347f9e-9062-49dc-a5b2-67a5a03a7d63 - - - - -] ================================================================================ log_opt_values /usr/lib/python3/dist-packages/oslo_config/cfg.py:2594
2026-04-20 15:06:01.480 149941 DEBUG oslo_service.service [req-9a347f9e-9062-49dc-a5b2-67a5a03a7d63 - - - - -] allow_resize_to_same_host = False log_opt_values /usr/lib/python3/dist-packages/oslo_config/cfg.py:2602
2026-04-20 15:06:01.480 149941 DEBUG oslo_service.service [req-9a347f9e-9062-49dc-a5b2-67a5a03a7d63 - - - - -] arq_binding_timeout = 300 log_opt_values /usr/lib/python3/dist-packages/oslo_config/cfg.py:2602
2026-04-20 15:06:01.482 149941 DEBUG oslo_service.service [req-9a347f9e-9062-49dc-a5b2-67a5a03a7d63 - - - - -] block_device_allocate_retries = 60 log_opt_values /usr/lib/python3/dist-packages/oslo_config/cfg.py:2602
2026-04-20 15:06:01.483 149941 DEBUG oslo_service.service [req-9a347f9e-9062-49dc-a5b2-67a5a03a7d63 - - - - -] block_device_allocate_retries_interval = 3 log_opt_values /usr/lib/python3/dist-packages/oslo_config/cfg.py:2602
2026-04-20 15:06:01.485 149941 DEBUG oslo_service.service [req-9a347f9e-9062-49dc-a5b2-67a5a03a7d63 - - - - -] cert = self.pem log_opt_values /usr/lib/python3/dist-packages/oslo_config/cfg.py:2602
2026-04-20 15:06:01.486 149941 DEBUG oslo_service.service [req-9a347f9e-9062-49dc-a5b2-67a5a03a7d63 - - - - -] compute_driver = libvirt.LibvirtDriver log_opt_values /usr/lib/python3/dist-packages/oslo_config/cfg.py:2602
2026-04-20 15:06:01.486 149941 DEBUG oslo_service.service [req-9a347f9e-9062-49dc-a5b2-67a5a03a7d63 - - - - -] compute_monitors = [] log_opt_values /usr/lib/python3/dist-packages/oslo_config/cfg.py:2602
2026-04-20 15:06:01.488 149941 DEBUG oslo_service.service [req-9a347f9e-9062-49dc-a5b2-67a5a03a7d63 - - - - -] config_dir = [] log_opt_values /usr/lib/python3/dist-packages/oslo_config/cfg.py:2602
2026-04-20 15:06:01.488 150344 DEBUG oslo_db.sqlalchemy.engines [req-8ea9163a-02f2-464e-9cbd-e169b2fde4ae - - - - -] MySQL server mode set to STRICT_TRANS_TABLES,STRICT_ALL_TABLES,NO_ZERO_IN_DATE,NO_ZERO_DATE,ERROR_FOR_DIVISION_BY_ZERO,TRADITIONAL,NO_ENGINE_SUBSTITUTION _check_effective_sql_mode /usr/lib/python3/dist-packages/oslo_db/sqlalchemy/engines.py:314
2026-04-20 15:06:01.488 149941 DEBUG oslo_service.service [req-9a347f9e-9062-49dc-a5b2-67a5a03a7d63 - - - - -] config_drive_format = iso9660 log_opt_values /usr/lib/python3/dist-packages/oslo_config/cfg.py:2602
2026-04-20 15:06:01.489 150343 DEBUG nova.service [req-8a468d46-f740-4c5f-bb75-5e71d7c47287 - - - - -] Creating RPC server for service scheduler start /usr/lib/python3/dist-packages/nova/service.py:182
2026-04-20 15:06:01.489 149941 DEBUG oslo_service.service [req-9a347f9e-9062-49dc-a5b2-67a5a03a7d63 - - - - -] config_file = ['/etc/nova/nova.conf'] log_opt_values /usr/lib/python3/dist-packages/oslo_config/cfg.py:2602
2026-04-20 15:06:01.489 149941 DEBUG oslo_service.service [req-9a347f9e-9062-49dc-a5b2-67a5a03a7d63 - - - - -] config_source = [] log_opt_values /usr/lib/python3/dist-packages/oslo_config/cfg.py:2602
2026-04-20 15:06:01.492 149941 DEBUG oslo_service.service [req-9a347f9e-9062-49dc-a5b2-67a5a03a7d63 - - - - -] console_host = juju-e9eddd-0-lxd-7 log_opt_values /usr/lib/python3/dist-packages/oslo_config/cfg.py:2602
2026-04-20 15:06:01.493 149941 DEBUG oslo_service.service [req-9a347f9e-9062-49dc-a5b2-67a5a03a7d63 - - - - -] control_exchange = nova log_opt_values /usr/lib/python3/dist-packages/oslo_config/cfg.py:2602
2026-04-20 15:06:01.494 149941 DEBUG oslo_service.service [req-9a347f9e-9062-49dc-a5b2-67a5a03a7d63 - - - - -] cpu_allocation_ratio = 2.0 log_opt_values /usr/lib/python3/dist-packages/oslo_config/cfg.py:2602
2026-04-20 15:06:01.494 149941 DEBUG oslo_service.service [req-9a347f9e-9062-49dc-a5b2-67a5a03a7d63 - - - - -] daemon = False log_opt_values /usr/lib/python3/dist-packages/oslo_config/cfg.py:2602
2026-04-20 15:06:01.494 149941 DEBUG oslo_service.service [req-9a347f9e-9062-49dc-a5b2-67a5a03a7d63 - - - - -] debug = True log_opt_values /usr/lib/python3/dist-packages/oslo_config/cfg.py:2602
