2026-04-20 16:03:15.626 63187 DEBUG oslo_service.service [-] cache.expiration_time = 600 log_opt_values /usr/lib/python3/dist-packages/oslo_config/cfg.py:2609
2026-04-20 16:03:15.626 63187 DEBUG oslo_service.service [-] cache.memcache_dead_retry = 300 log_opt_values /usr/lib/python3/dist-packages/oslo_config/cfg.py:2609
2026-04-20 16:03:15.626 63187 DEBUG oslo_service.service [-] cache.memcache_pool_connection_get_timeout = 10 log_opt_values /usr/lib/python3/dist-packages/oslo_config/cfg.py:2609
2026-04-20 16:03:15.626 63187 DEBUG oslo_service.service [-] cache.memcache_pool_flush_on_reconnect = False log_opt_values /usr/lib/python3/dist-packages/oslo_config/cfg.py:2609
2026-04-20 16:03:15.626 63187 DEBUG oslo_service.service [-] cache.memcache_pool_maxsize = 10 log_opt_values /usr/lib/python3/dist-packages/oslo_config/cfg.py:2609
2026-04-20 16:03:15.626 63187 DEBUG oslo_service.service [-] cache.memcache_pool_unused_timeout = 60 log_opt_values /usr/lib/python3/dist-packages/oslo_config/cfg.py:2609
2026-04-20 16:03:15.627 63187 DEBUG oslo_service.service [-] cache.memcache_servers = ['localhost:11211'] log_opt_values /usr/lib/python3/dist-packages/oslo_config/cfg.py:2609
2026-04-20 16:03:15.627 63187 DEBUG oslo_service.service [-] cache.memcache_socket_timeout = 1.0 log_opt_values /usr/lib/python3/dist-packages/oslo_config/cfg.py:2609
2026-04-20 16:03:15.627 63187 DEBUG oslo_service.service [-] cache.proxies = [] log_opt_values /usr/lib/python3/dist-packages/oslo_config/cfg.py:2609
2026-04-20 16:03:15.627 63187 DEBUG oslo_service.service [-] cache.tls_allowed_ciphers = None log_opt_values /usr/lib/python3/dist-packages/oslo_config/cfg.py:2609
2026-04-20 16:03:15.627 63187 DEBUG oslo_service.service [-] cache.tls_cafile = None log_opt_values /usr/lib/python3/dist-packages/oslo_config/cfg.py:2609
2026-04-20 16:03:15.627 63187 DEBUG oslo_service.service [-] cache.tls_certfile = None log_opt_values /usr/lib/python3/dist-packages/oslo_config/cfg.py:2609
2026-04-20 16:03:15.628 63187 DEBUG oslo_service.service [-] cache.tls_enabled = False log_opt_values /usr/lib/python3/dist-packages/oslo_config/cfg.py:2609
2026-04-20 16:03:15.628 63187 DEBUG oslo_service.service [-] cache.tls_keyfile = None log_opt_values /usr/lib/python3/dist-packages/oslo_config/cfg.py:2609
2026-04-20 16:03:15.628 63187 DEBUG oslo_service.service [-] constraint_validation_cache.caching = True log_opt_values /usr/lib/python3/dist-packages/oslo_config/cfg.py:2609
2026-04-20 16:03:15.628 63187 DEBUG oslo_service.service [-] constraint_validation_cache.expiration_time = 60 log_opt_values /usr/lib/python3/dist-packages/oslo_config/cfg.py:2609
2026-04-20 16:03:15.628 63187 DEBUG oslo_service.service [-] service_extension_cache.caching = True log_opt_values /usr/lib/python3/dist-packages/oslo_config/cfg.py:2609
2026-04-20 16:03:15.628 63187 DEBUG oslo_service.service [-] service_extension_cache.expiration_time = 3600 log_opt_values /usr/lib/python3/dist-packages/oslo_config/cfg.py:2609
2026-04-20 16:03:15.631 63187 DEBUG oslo_service.service [-] resource_finder_cache.caching = True log_opt_values /usr/lib/python3/dist-packages/oslo_config/cfg.py:2609
2026-04-20 16:03:15.631 63187 DEBUG oslo_service.service [-] resource_finder_cache.expiration_time = 3600 log_opt_values /usr/lib/python3/dist-packages/oslo_config/cfg.py:2609
2026-04-20 16:03:15.631 63187 DEBUG oslo_service.service [-] yaql.limit_iterators = 200 log_opt_values /usr/lib/python3/dist-packages/oslo_config/cfg.py:2609
2026-04-20 16:03:15.631 63187 DEBUG oslo_service.service [-] yaql.memory_quota = 10000 log_opt_values /usr/lib/python3/dist-packages/oslo_config/cfg.py:2609
2026-04-20 16:03:15.632 63187 DEBUG oslo_service.service [-] ******************************************************************************** log_opt_values /usr/lib/python3/dist-packages/oslo_config/cfg.py:2613
2026-04-20 16:03:15.641 63766 DEBUG oslo_db.sqlalchemy.engines [req-25595ac1-bb93-4d93-b8df-b1b46b4035d0 - - - - -] MySQL server mode set to STRICT_TRANS_TABLES,STRICT_ALL_TABLES,NO_ZERO_IN_DATE,NO_ZERO_DATE,ERROR_FOR_DIVISION_BY_ZERO,TRADITIONAL,NO_ENGINE_SUBSTITUTION _check_effective_sql_mode /usr/lib/python3/dist-packages/oslo_db/sqlalchemy/engines.py:314
2026-04-20 16:03:15.688 63765 DEBUG heat.engine.service [req-c5737615-bef0-439d-a39f-971903d785bb - - - - -] Service 0c1ab052-8de5-4311-a8bc-ccbae13a178a was aborted service_manage_cleanup /usr/lib/python3/dist-packages/heat/engine/service.py:2391
2026-04-20 16:03:15.709 63766 DEBUG heat.engine.service [req-25595ac1-bb93-4d93-b8df-b1b46b4035d0 - - - - -] Service 0c1ab052-8de5-4311-a8bc-ccbae13a178a was aborted service_manage_cleanup /usr/lib/python3/dist-packages/heat/engine/service.py:2391
2026-04-20 16:03:15.718 63765 DEBUG heat.engine.service [req-c5737615-bef0-439d-a39f-971903d785bb - - - - -] Service 33fd0deb-560d-4913-b65a-c577b759fc12 was aborted service_manage_cleanup /usr/lib/python3/dist-packages/heat/engine/service.py:2391
2026-04-20 16:03:15.723 63767 DEBUG oslo_db.sqlalchemy.engines [req-ac1b1f32-a058-4174-9490-9d107e18c16f - - - - -] MySQL server mode set to STRICT_TRANS_TABLES,STRICT_ALL_TABLES,NO_ZERO_IN_DATE,NO_ZERO_DATE,ERROR_FOR_DIVISION_BY_ZERO,TRADITIONAL,NO_ENGINE_SUBSTITUTION _check_effective_sql_mode /usr/lib/python3/dist-packages/oslo_db/sqlalchemy/engines.py:314
2026-04-20 16:03:15.727 63766 DEBUG heat.engine.service [req-25595ac1-bb93-4d93-b8df-b1b46b4035d0 - - - - -] Service 33fd0deb-560d-4913-b65a-c577b759fc12 was aborted service_manage_cleanup /usr/lib/python3/dist-packages/heat/engine/service.py:2391
2026-04-20 16:03:15.751 63765 DEBUG heat.engine.service [req-c5737615-bef0-439d-a39f-971903d785bb - - - - -] Service 4750d0d0-a412-4eb7-b172-11e3d5e49a0a was aborted service_manage_cleanup /usr/lib/python3/dist-packages/heat/engine/service.py:2391
2026-04-20 16:03:15.751 63766 DEBUG heat.engine.service [req-25595ac1-bb93-4d93-b8df-b1b46b4035d0 - - - - -] Service 4750d0d0-a412-4eb7-b172-11e3d5e49a0a was aborted service_manage_cleanup /usr/lib/python3/dist-packages/heat/engine/service.py:2391
2026-04-20 16:03:15.755 63764 DEBUG heat.engine.service [req-2dacde2b-6355-41e7-bfcc-73f440895f2e - - - - -] Service 4750d0d0-a412-4eb7-b172-11e3d5e49a0a was aborted service_manage_cleanup /usr/lib/python3/dist-packages/heat/engine/service.py:2391
2026-04-20 16:03:15.770 63765 DEBUG heat.engine.service [req-c5737615-bef0-439d-a39f-971903d785bb - - - - -] Service 4da1107e-0a87-4608-b77a-2193517b17ab was aborted service_manage_cleanup /usr/lib/python3/dist-packages/heat/engine/service.py:2391
2026-04-20 16:03:15.772 63766 DEBUG heat.engine.service [req-25595ac1-bb93-4d93-b8df-b1b46b4035d0 - - - - -] Service 4da1107e-0a87-4608-b77a-2193517b17ab was aborted service_manage_cleanup /usr/lib/python3/dist-packages/heat/engine/service.py:2391
2026-04-20 16:03:15.792 63766 DEBUG heat.engine.service [req-25595ac1-bb93-4d93-b8df-b1b46b4035d0 - - - - -] Service 657889fc-eb2f-48f9-81ed-3c997f2ff72f was aborted service_manage_cleanup /usr/lib/python3/dist-packages/heat/engine/service.py:2391
2026-04-20 16:03:15.792 63764 DEBUG heat.engine.service [req-2dacde2b-6355-41e7-bfcc-73f440895f2e - - - - -] Service 4da1107e-0a87-4608-b77a-2193517b17ab was aborted service_manage_cleanup /usr/lib/python3/dist-packages/heat/engine/service.py:2391
2026-04-20 16:03:15.796 63765 DEBUG heat.engine.service [req-c5737615-bef0-439d-a39f-971903d785bb - - - - -] Service 657889fc-eb2f-48f9-81ed-3c997f2ff72f was aborted service_manage_cleanup /usr/lib/python3/dist-packages/heat/engine/service.py:2391
2026-04-20 16:03:15.810 63766 DEBUG heat.engine.service [req-25595ac1-bb93-4d93-b8df-b1b46b4035d0 - - - - -] Service 65df30b5-46e6-4f97-a42f-7f5d46d2fdd0 was aborted service_manage_cleanup /usr/lib/python3/dist-packages/heat/engine/service.py:2391
2026-04-20 16:03:15.812 63765 DEBUG heat.engine.service [req-c5737615-bef0-439d-a39f-971903d785bb - - - - -] Service 65df30b5-46e6-4f97-a42f-7f5d46d2fdd0 was aborted service_manage_cleanup /usr/lib/python3/dist-packages/heat/engine/service.py:2391
2026-04-20 16:03:15.821 63764 DEBUG heat.engine.service [req-2dacde2b-6355-41e7-bfcc-73f440895f2e - - - - -] Service 657889fc-eb2f-48f9-81ed-3c997f2ff72f was aborted service_manage_cleanup /usr/lib/python3/dist-packages/heat/engine/service.py:2391
2026-04-20 16:03:15.825 63766 DEBUG heat.engine.service [req-25595ac1-bb93-4d93-b8df-b1b46b4035d0 - - - - -] Service 6d01ae4e-68ba-4cdc-b55b-2f1d14083ef3 was aborted service_manage_cleanup /usr/lib/python3/dist-packages/heat/engine/service.py:2391
2026-04-20 16:03:15.832 63765 DEBUG heat.engine.service [req-c5737615-bef0-439d-a39f-971903d785bb - - - - -] Service 6d01ae4e-68ba-4cdc-b55b-2f1d14083ef3 was aborted service_manage_cleanup /usr/lib/python3/dist-packages/heat/engine/service.py:2391
2026-04-20 16:03:15.838 63766 DEBUG heat.engine.service [req-25595ac1-bb93-4d93-b8df-b1b46b4035d0 - - - - -] Service 8a64c003-63c8-4c47-89ff-f6b553fa1783 was aborted service_manage_cleanup /usr/lib/python3/dist-packages/heat/engine/service.py:2391
2026-04-20 16:03:15.842 63764 DEBUG heat.engine.service [req-2dacde2b-6355-41e7-bfcc-73f440895f2e - - - - -] Service 65df30b5-46e6-4f97-a42f-7f5d46d2fdd0 was aborted service_manage_cleanup /usr/lib/python3/dist-packages/heat/engine/service.py:2391
2026-04-20 16:03:15.842 63765 DEBUG heat.engine.service [req-c5737615-bef0-439d-a39f-971903d785bb - - - - -] Service 8a64c003-63c8-4c47-89ff-f6b553fa1783 was aborted service_manage_cleanup /usr/lib/python3/dist-packages/heat/engine/service.py:2391
2026-04-20 16:03:15.853 63766 DEBUG heat.engine.service [req-25595ac1-bb93-4d93-b8df-b1b46b4035d0 - - - - -] Service c8184eb0-09c1-4e3b-b504-3057ed63c4ad was aborted service_manage_cleanup /usr/lib/python3/dist-packages/heat/engine/service.py:2391
2026-04-20 16:03:15.854 63764 DEBUG heat.engine.service [req-2dacde2b-6355-41e7-bfcc-73f440895f2e - - - - -] Service 6d01ae4e-68ba-4cdc-b55b-2f1d14083ef3 was aborted service_manage_cleanup /usr/lib/python3/dist-packages/heat/engine/service.py:2391
2026-04-20 16:03:15.857 63767 DEBUG heat.engine.service [req-ac1b1f32-a058-4174-9490-9d107e18c16f - - - - -] Service 8a64c003-63c8-4c47-89ff-f6b553fa1783 was aborted service_manage_cleanup /usr/lib/python3/dist-packages/heat/engine/service.py:2391
2026-04-20 16:03:15.857 63765 DEBUG heat.engine.service [req-c5737615-bef0-439d-a39f-971903d785bb - - - - -] Service c8184eb0-09c1-4e3b-b504-3057ed63c4ad was aborted service_manage_cleanup /usr/lib/python3/dist-packages/heat/engine/service.py:2391
2026-04-20 16:03:15.862 63764 DEBUG heat.engine.service [req-2dacde2b-6355-41e7-bfcc-73f440895f2e - - - - -] Service 8a64c003-63c8-4c47-89ff-f6b553fa1783 was aborted service_manage_cleanup /usr/lib/python3/dist-packages/heat/engine/service.py:2391
2026-04-20 16:03:15.869 63767 DEBUG heat.engine.service [req-ac1b1f32-a058-4174-9490-9d107e18c16f - - - - -] Service c8184eb0-09c1-4e3b-b504-3057ed63c4ad was aborted service_manage_cleanup /usr/lib/python3/dist-packages/heat/engine/service.py:2391
2026-04-20 16:03:15.869 63764 DEBUG heat.engine.service [req-2dacde2b-6355-41e7-bfcc-73f440895f2e - - - - -] Service c8184eb0-09c1-4e3b-b504-3057ed63c4ad was aborted service_manage_cleanup /usr/lib/python3/dist-packages/heat/engine/service.py:2391
2026-04-20 16:03:15.878 63766 DEBUG heat.engine.service [req-25595ac1-bb93-4d93-b8df-b1b46b4035d0 - - - - -] Service c8fd14f9-2f9d-418d-9563-c6a419465ae8 was aborted service_manage_cleanup /usr/lib/python3/dist-packages/heat/engine/service.py:2391
2026-04-20 16:03:15.879 63765 DEBUG heat.engine.service [req-c5737615-bef0-439d-a39f-971903d785bb - - - - -] Service c8fd14f9-2f9d-418d-9563-c6a419465ae8 was aborted service_manage_cleanup /usr/lib/python3/dist-packages/heat/engine/service.py:2391
2026-04-20 16:03:15.881 63767 DEBUG heat.engine.service [req-ac1b1f32-a058-4174-9490-9d107e18c16f - - - - -] Service c8fd14f9-2f9d-418d-9563-c6a419465ae8 was aborted service_manage_cleanup /usr/lib/python3/dist-packages/heat/engine/service.py:2391
2026-04-20 16:03:15.881 63764 DEBUG heat.engine.service [req-2dacde2b-6355-41e7-bfcc-73f440895f2e - - - - -] Service c8fd14f9-2f9d-418d-9563-c6a419465ae8 was aborted service_manage_cleanup /usr/lib/python3/dist-packages/heat/engine/service.py:2391
2026-04-20 16:03:15.894 63766 DEBUG heat.engine.service [req-25595ac1-bb93-4d93-b8df-b1b46b4035d0 - - - - -] Service eb874641-b5c5-47bf-bb40-61428432f4f9 was aborted service_manage_cleanup /usr/lib/python3/dist-packages/heat/engine/service.py:2391
2026-04-20 16:03:15.894 63767 DEBUG heat.engine.service [req-ac1b1f32-a058-4174-9490-9d107e18c16f - - - - -] Service eb874641-b5c5-47bf-bb40-61428432f4f9 was aborted service_manage_cleanup /usr/lib/python3/dist-packages/heat/engine/service.py:2391
2026-04-20 16:03:15.900 63765 DEBUG heat.engine.service [req-c5737615-bef0-439d-a39f-971903d785bb - - - - -] Service eb874641-b5c5-47bf-bb40-61428432f4f9 was aborted service_manage_cleanup /usr/lib/python3/dist-packages/heat/engine/service.py:2391
2026-04-20 16:03:15.903 63764 DEBUG heat.engine.service [req-2dacde2b-6355-41e7-bfcc-73f440895f2e - - - - -] Service eb874641-b5c5-47bf-bb40-61428432f4f9 was aborted service_manage_cleanup /usr/lib/python3/dist-packages/heat/engine/service.py:2391
2026-04-20 16:03:15.912 63767 DEBUG heat.engine.service [req-ac1b1f32-a058-4174-9490-9d107e18c16f - - - - -] Service feb9dcb0-c30f-425f-9044-fd3d5791bf7c was aborted service_manage_cleanup /usr/lib/python3/dist-packages/heat/engine/service.py:2391
2026-04-20 16:03:15.911 63766 DEBUG heat.engine.service [req-25595ac1-bb93-4d93-b8df-b1b46b4035d0 - - - - -] Service feb9dcb0-c30f-425f-9044-fd3d5791bf7c was aborted service_manage_cleanup /usr/lib/python3/dist-packages/heat/engine/service.py:2391
2026-04-20 16:03:15.917 63765 DEBUG heat.engine.service [req-c5737615-bef0-439d-a39f-971903d785bb - - - - -] Service feb9dcb0-c30f-425f-9044-fd3d5791bf7c was aborted service_manage_cleanup /usr/lib/python3/dist-packages/heat/engine/service.py:2391
2026-04-20 16:03:15.922 63764 DEBUG heat.engine.service [req-2dacde2b-6355-41e7-bfcc-73f440895f2e - - - - -] Service feb9dcb0-c30f-425f-9044-fd3d5791bf7c was aborted service_manage_cleanup /usr/lib/python3/dist-packages/heat/engine/service.py:2391
2026-04-20 16:03:15.950 63767 DEBUG heat.engine.service [req-685204ce-3c20-465c-b25e-0fc4c953b607 - - - - -] Service 73fa6d71-00ea-4e16-9961-b5edbcd099b9 is started service_manage_report /usr/lib/python3/dist-packages/heat/engine/service.py:2363
2026-04-20 16:03:15.957 63765 DEBUG heat.engine.service [req-e213ce00-60f3-4c21-9f89-5d3e8d04d199 - - - - -] Service a7dd1fba-18e8-4409-8853-931d4fcbf51b is started service_manage_report /usr/lib/python3/dist-packages/heat/engine/service.py:2363
2026-04-20 16:03:15.960 63766 DEBUG heat.engine.service [req-1d0bd538-f0fd-450a-ab0f-5abbd4217c21 - - - - -] Service ae71326f-2033-4168-8326-d441bc90594d is started service_manage_report /usr/lib/python3/dist-packages/heat/engine/service.py:2363
2026-04-20 16:03:15.968 63767 DEBUG heat.engine.service [req-685204ce-3c20-465c-b25e-0fc4c953b607 - - - - -] Service 73fa6d71-00ea-4e16-9961-b5edbcd099b9 is updated service_manage_report /usr/lib/python3/dist-packages/heat/engine/service.py:2370
2026-04-20 16:03:15.991 63766 DEBUG heat.engine.service [req-1d0bd538-f0fd-450a-ab0f-5abbd4217c21 - - - - -] Service ae71326f-2033-4168-8326-d441bc90594d is updated service_manage_report /usr/lib/python3/dist-packages/heat/engine/service.py:2370
2026-04-20 16:03:15.997 63765 DEBUG heat.engine.service [req-e213ce00-60f3-4c21-9f89-5d3e8d04d199 - - - - -] Service a7dd1fba-18e8-4409-8853-931d4fcbf51b is updated service_manage_report /usr/lib/python3/dist-packages/heat/engine/service.py:2370
2026-04-20 16:03:16.005 63764 DEBUG heat.engine.service [req-924e32d2-badb-4dbf-b50e-00bcac710d1d - - - - -] Service d81800b6-cb30-4645-af4d-abf9285c6154 is started service_manage_report /usr/lib/python3/dist-packages/heat/engine/service.py:2363
2026-04-20 16:03:16.020 63764 DEBUG heat.engine.service [req-924e32d2-badb-4dbf-b50e-00bcac710d1d - - - - -] Service d81800b6-cb30-4645-af4d-abf9285c6154 is updated service_manage_report /usr/lib/python3/dist-packages/heat/engine/service.py:2370
2026-04-20 16:04:15.948 63767 DEBUG heat.engine.service [req-50feb16b-fd70-4742-93f9-36418507bec9 - - - - -] Service 73fa6d71-00ea-4e16-9961-b5edbcd099b9 is updated service_manage_report /usr/lib/python3/dist-packages/heat/engine/service.py:2370
2026-04-20 16:04:15.951 63766 DEBUG heat.engine.service [req-974b9005-dc76-4948-aab1-970abda40695 - - - - -] Service ae71326f-2033-4168-8326-d441bc90594d is updated service_manage_report /usr/lib/python3/dist-packages/heat/engine/service.py:2370
2026-04-20 16:04:15.956 63765 DEBUG heat.engine.service [req-59e61447-80d3-46ee-a685-115d1417f4b5 - - - - -] Service a7dd1fba-18e8-4409-8853-931d4fcbf51b is updated service_manage_report /usr/lib/python3/dist-packages/heat/engine/service.py:2370
2026-04-20 16:04:15.959 63764 DEBUG heat.engine.service [req-bd301f5c-739b-4008-9297-c45c7b4e964d - - - - -] Service d81800b6-cb30-4645-af4d-abf9285c6154 is updated service_manage_report /usr/lib/python3/dist-packages/heat/engine/service.py:2370
2026-04-20 16:04:32.341 63764 DEBUG heat.engine.service [-] Attempting to stop engine service... _stop_rpc_server /usr/lib/python3/dist-packages/heat/engine/service.py:437
2026-04-20 16:04:32.341 63765 DEBUG heat.engine.service [-] Attempting to stop engine service... _stop_rpc_server /usr/lib/python3/dist-packages/heat/engine/service.py:437
2026-04-20 16:04:32.342 63767 DEBUG heat.engine.service [-] Attempting to stop engine service... _stop_rpc_server /usr/lib/python3/dist-packages/heat/engine/service.py:437
2026-04-20 16:04:32.342 63766 DEBUG heat.engine.service [-] Attempting to stop engine service... _stop_rpc_server /usr/lib/python3/dist-packages/heat/engine/service.py:437
2026-04-20 16:04:32.348 63187 INFO oslo_service.service [-] Caught SIGTERM, stopping children
2026-04-20 16:04:32.348 63187 DEBUG oslo_concurrency.lockutils [-] Acquired lock "singleton_lock" lock /usr/lib/python3/dist-packages/oslo_concurrency/lockutils.py:294
2026-04-20 16:04:32.349 63187 DEBUG oslo_concurrency.lockutils [-] Releasing lock "singleton_lock" lock /usr/lib/python3/dist-packages/oslo_concurrency/lockutils.py:312
2026-04-20 16:04:32.349 63187 DEBUG oslo_service.service [-] Stop services. stop /usr/lib/python3/dist-packages/oslo_service/service.py:695
2026-04-20 16:04:32.349 63187 INFO heat.engine.service [-] All threads were gone, terminating engine
2026-04-20 16:04:32.350 63187 DEBUG oslo_service.service [-] Killing children. stop /usr/lib/python3/dist-packages/oslo_service/service.py:700
2026-04-20 16:04:32.350 63187 INFO oslo_service.service [-] Waiting on 4 children to exit
2026-04-20 16:04:32.363 63187 INFO oslo_service.service [-] Child 63764 killed by signal 15
2026-04-20 16:04:32.365 63187 INFO oslo_service.service [-] Child 63767 killed by signal 15
2026-04-20 16:04:32.385 63187 INFO oslo_service.service [-] Child 63766 killed by signal 15
2026-04-20 16:04:32.387 63187 INFO oslo_service.service [-] Child 63765 killed by signal 15
2026-04-20 16:04:35.552 66313 DEBUG oslo_concurrency.lockutils [-] Lock "context-manager" acquired by "neutron_lib.db.api._create_context_manager" :: waited 0.000s inner /usr/lib/python3/dist-packages/oslo_concurrency/lockutils.py:386
2026-04-20 16:04:35.552 66313 DEBUG oslo_concurrency.lockutils [-] Lock "context-manager" "released" by "neutron_lib.db.api._create_context_manager" :: held 0.001s inner /usr/lib/python3/dist-packages/oslo_concurrency/lockutils.py:400
2026-04-20 16:04:38.941 66313 WARNING heat.engine.environment [-] OS::Aodh::Alarm is DEPRECATED. Theshold alarm relies on ceilometer-api and has been deprecated in aodh since Ocata. Use OS::Aodh::GnocchiAggregationByResourcesAlarm instead.
2026-04-20 16:04:38.941 66313 WARNING heat.engine.environment [-] OS::Aodh::CombinationAlarm is HIDDEN. OS::Aodh::CombinationAlarm is deprecated and has been removed from Aodh, use OS::Aodh::CompositeAlarm instead.
2026-04-20 16:04:38.942 66313 WARNING heat.engine.environment [-] OS::Designate::Domain is HIDDEN. This resource has been removed, use OS::Designate::Zone instead.
2026-04-20 16:04:38.942 66313 WARNING heat.engine.environment [-] OS::Designate::Record is HIDDEN. This resource has been removed, use OS::Designate::RecordSet instead.
2026-04-20 16:04:38.942 66313 WARNING heat.engine.environment [-] OS::Glance::Image is DEPRECATED. Creating a Glance Image based on an existing URL location requires the Glance v1 API, which is deprecated.
2026-04-20 16:04:38.942 66313 WARNING heat.engine.environment [-] OS::Heat::HARestarter is HIDDEN. The HARestarter resource type has been removed. Existing stacks containing HARestarter resources can still be used, but the HARestarter resource will be a placeholder that does nothing.
2026-04-20 16:04:38.943 66313 WARNING heat.engine.environment [-] OS::Heat::SoftwareDeployments is HIDDEN. Please use OS::Heat::SoftwareDeploymentGroup instead.
2026-04-20 16:04:38.943 66313 WARNING heat.engine.environment [-] OS::Heat::StructuredDeployments is HIDDEN. Please use OS::Heat::StructuredDeploymentGroup instead.
2026-04-20 16:04:38.943 66313 WARNING heat.engine.environment [-] OS::Magnum::Bay is HIDDEN. Please use OS::Magnum::Cluster instead.
2026-04-20 16:04:38.943 66313 WARNING heat.engine.environment [-] OS::Magnum::BayModel is HIDDEN. Please use OS::Magnum::ClusterTemplate instead.
2026-04-20 16:04:38.943 66313 WARNING heat.engine.environment [-] OS::Neutron::ExtraRoute is UNSUPPORTED. Use this resource at your own risk.
2026-04-20 16:04:38.944 66313 WARNING heat.engine.environment [-] OS::Neutron::HealthMonitor is HIDDEN. Use LBaaS V2 instead.
2026-04-20 16:04:38.944 66313 WARNING heat.engine.environment [-] OS::Neutron::Pool is HIDDEN. Use LBaaS V2 instead.
2026-04-20 16:04:38.944 66313 WARNING heat.engine.environment [-] OS::Neutron::PoolMember is HIDDEN. Use LBaaS V2 instead.
2026-04-20 16:04:38.944 66313 WARNING heat.engine.environment [-] OS::Neutron::LoadBalancer is HIDDEN. Use LBaaS V2 instead.
2026-04-20 16:04:38.944 66313 WARNING heat.engine.environment [-] OS::Neutron::RouterGateway is HIDDEN. Use the `external_gateway_info` property in the router resource to set up the gateway.
2026-04-20 16:04:38.944 66313 WARNING heat.engine.environment [-] OS::Nova::FloatingIP is HIDDEN. Please use OS::Neutron::FloatingIP instead.
2026-04-20 16:04:38.945 66313 WARNING heat.engine.environment [-] OS::Nova::FloatingIPAssociation is HIDDEN. Please use OS::Neutron::FloatingIPAssociation instead.
2026-04-20 16:04:38.947 66313 INFO heat.engine.environment [-] Loading /etc/heat/environment.d/default.yaml
2026-04-20 16:04:38.949 66313 INFO heat.engine.environment [-] Registered: [Plugin](User:False) AWS::AutoScaling::AutoScalingGroup ->
2026-04-20 16:04:38.949 66313 INFO heat.engine.environment [-] Registered: [Plugin](User:False) AWS::AutoScaling::LaunchConfiguration ->
2026-04-20 16:04:38.949 66313 INFO heat.engine.environment [-] Registered: [Plugin](User:False) AWS::AutoScaling::ScalingPolicy ->
2026-04-20 16:04:38.949 66313 INFO heat.engine.environment [-] Registered: [Plugin](User:False) AWS::CloudFormation::Stack ->
2026-04-20 16:04:38.950 66313 INFO heat.engine.environment [-] Registered: [Plugin](User:False) AWS::CloudFormation::WaitCondition ->
2026-04-20 16:04:38.950 66313 INFO heat.engine.environment [-] Registered: [Plugin](User:False) AWS::CloudFormation::WaitConditionHandle ->
2026-04-20 16:04:38.950 66313 INFO heat.engine.environment [-] Registered: [Plugin](User:False) AWS::EC2::EIP ->
2026-04-20 16:04:38.950 66313 INFO heat.engine.environment [-] Registered: [Plugin](User:False) AWS::EC2::EIPAssociation ->
2026-04-20 16:04:38.950 66313 INFO heat.engine.environment [-] Registered: [Plugin](User:False) AWS::EC2::Instance ->
2026-04-20 16:04:38.950 66313 INFO heat.engine.environment [-] Registered: [Plugin](User:False) AWS::EC2::InternetGateway ->
2026-04-20 16:04:38.950 66313 INFO heat.engine.environment [-] Registered: [Plugin](User:False) AWS::EC2::VPCGatewayAttachment ->
2026-04-20 16:04:38.950 66313 INFO heat.engine.environment [-] Registered: [Plugin](User:False) AWS::EC2::NetworkInterface ->
2026-04-20 16:04:38.950 66313 INFO heat.engine.environment [-] Registered: [Plugin](User:False) AWS::EC2::RouteTable ->
2026-04-20 16:04:38.950 66313 INFO heat.engine.environment [-] Registered: [Plugin](User:False) AWS::EC2::SubnetRouteTableAssociation ->
2026-04-20 16:04:38.951 66313 INFO heat.engine.environment [-] Registered: [Plugin](User:False) AWS::EC2::SecurityGroup ->
2026-04-20 16:04:38.951 66313 INFO heat.engine.environment [-] Registered: [Plugin](User:False) AWS::EC2::Subnet ->
2026-04-20 16:04:38.951 66313 INFO heat.engine.environment [-] Registered: [Plugin](User:False) AWS::EC2::Volume ->
2026-04-20 16:04:38.951 66313 INFO heat.engine.environment [-] Registered: [Plugin](User:False) AWS::EC2::VolumeAttachment ->
2026-04-20 16:04:38.951 66313 INFO heat.engine.environment [-] Registered: [Plugin](User:False) AWS::EC2::VPC ->
2026-04-20 16:04:38.951 66313 INFO heat.engine.environment [-] Registered: [Plugin](User:False) AWS::IAM::User ->
2026-04-20 16:04:38.951 66313 INFO heat.engine.environment [-] Registered: [Plugin](User:False) AWS::IAM::AccessKey ->
2026-04-20 16:04:38.951 66313 INFO heat.engine.environment [-] Registered: [Plugin](User:False) AWS::ElasticLoadBalancing::LoadBalancer ->
2026-04-20 16:04:38.951 66313 INFO heat.engine.environment [-] Registered: [Plugin](User:False) AWS::S3::Bucket ->
2026-04-20 16:04:38.951 66313 INFO heat.engine.environment [-] Registered: [Plugin](User:False) OS::Aodh::Alarm ->
2026-04-20 16:04:38.951 66313 INFO heat.engine.environment [-] Registered: [Plugin](User:False) OS::Aodh::CombinationAlarm ->
2026-04-20 16:04:38.952 66313 INFO heat.engine.environment [-] Registered: [Plugin](User:False) OS::Aodh::EventAlarm ->
2026-04-20 16:04:38.952 66313 INFO heat.engine.environment [-] Registered: [Plugin](User:False) OS::Aodh::LBMemberHealthAlarm ->
2026-04-20 16:04:38.952 66313 INFO heat.engine.environment [-] Registered: [Plugin](User:False) OS::Aodh::CompositeAlarm ->
2026-04-20 16:04:38.952 66313 INFO heat.engine.environment [-] Registered: [Plugin](User:False) OS::Aodh::GnocchiResourcesAlarm ->
2026-04-20 16:04:38.952 66313 INFO heat.engine.environment [-] Registered: [Plugin](User:False) OS::Aodh::GnocchiAggregationByMetricsAlarm ->
2026-04-20 16:04:38.952 66313 INFO heat.engine.environment [-] Registered: [Plugin](User:False) OS::Aodh::GnocchiAggregationByResourcesAlarm ->
2026-04-20 16:04:38.952 66313 INFO heat.engine.environment [-] Registered: [Plugin](User:False) OS::Barbican::GenericContainer ->
2026-04-20 16:04:38.952 66313 INFO heat.engine.environment [-] Registered: [Plugin](User:False) OS::Barbican::CertificateContainer ->
2026-04-20 16:04:38.952 66313 INFO heat.engine.environment [-] Registered: [Plugin](User:False) OS::Barbican::RSAContainer ->
2026-04-20 16:04:38.953 66313 INFO heat.engine.environment [-] Registered: [Plugin](User:False) OS::Barbican::Order ->
2026-04-20 16:04:38.953 66313 INFO heat.engine.environment [-] Registered: [Plugin](User:False) OS::Barbican::Secret ->
2026-04-20 16:04:38.953 66313 INFO heat.engine.environment [-] Registered: [Plugin](User:False) OS::Blazar::Host ->
2026-04-20 16:04:38.953 66313 INFO heat.engine.environment [-] Registered: [Plugin](User:False) OS::Blazar::Lease ->
2026-04-20 16:04:38.953 66313 INFO heat.engine.environment [-] Registered: [Plugin](User:False) OS::Cinder::EncryptedVolumeType ->
2026-04-20 16:04:38.953 66313 INFO heat.engine.environment [-] Registered: [Plugin](User:False) OS::Cinder::QoSSpecs ->
2026-04-20 16:04:38.953 66313 INFO heat.engine.environment [-] Registered: [Plugin](User:False) OS::Cinder::QoSAssociation ->
2026-04-20 16:04:38.953 66313 INFO heat.engine.environment [-] Registered: [Plugin](User:False) OS::Cinder::Quota ->
2026-04-20 16:04:38.953 66313 INFO heat.engine.environment [-] Registered: [Plugin](User:False) OS::Cinder::Volume ->
2026-04-20 16:04:38.953 66313 INFO heat.engine.environment [-] Registered: [Plugin](User:False) OS::Cinder::VolumeAttachment ->
2026-04-20 16:04:38.954 66313 INFO heat.engine.environment [-] Registered: [Plugin](User:False) OS::Cinder::VolumeType ->
2026-04-20 16:04:38.954 66313 INFO heat.engine.environment [-] Registered: [Plugin](User:False) OS::Designate::Domain ->
2026-04-20 16:04:38.954 66313 INFO heat.engine.environment [-] Registered: [Plugin](User:False) OS::Designate::Record ->
2026-04-20 16:04:38.954 66313 INFO heat.engine.environment [-] Registered: [Plugin](User:False) OS::Designate::RecordSet ->
2026-04-20 16:04:38.954 66313 INFO heat.engine.environment [-] Registered: [Plugin](User:False) OS::Designate::Zone ->
2026-04-20 16:04:38.954 66313 INFO heat.engine.environment [-] Registered: [Plugin](User:False) OS::Glance::Image ->
2026-04-20 16:04:38.954 66313 INFO heat.engine.environment [-] Registered: [Plugin](User:False) OS::Glance::WebImage ->
2026-04-20 16:04:38.954 66313 INFO heat.engine.environment [-] Registered: [Plugin](User:False) OS::Heat::AccessPolicy ->
2026-04-20 16:04:38.954 66313 INFO heat.engine.environment [-] Registered: [Plugin](User:False) OS::Heat::AutoScalingGroup ->
2026-04-20 16:04:38.954 66313 INFO heat.engine.environment [-] Registered: [Plugin](User:False) OS::Heat::CloudConfig ->
2026-04-20 16:04:38.955 66313 INFO heat.engine.environment [-] Registered: [Plugin](User:False) OS::Heat::Delay ->
2026-04-20 16:04:38.955 66313 INFO heat.engine.environment [-] Registered: [Plugin](User:False) OS::Heat::DeployedServer ->
2026-04-20 16:04:38.955 66313 INFO heat.engine.environment [-] Registered: [Plugin](User:False) OS::Heat::HARestarter ->
2026-04-20 16:04:38.955 66313 INFO heat.engine.environment [-] Registered: [Plugin](User:False) OS::Heat::InstanceGroup ->
2026-04-20 16:04:38.955 66313 INFO heat.engine.environment [-] Registered: [Plugin](User:False) OS::Heat::MultipartMime ->
2026-04-20 16:04:38.955 66313 INFO heat.engine.environment [-] Registered: [Plugin](User:False) OS::Heat::None ->
2026-04-20 16:04:38.955 66313 INFO heat.engine.environment [-] Registered: [Plugin](User:False) OS::Heat::RandomString ->
2026-04-20 16:04:38.955 66313 INFO heat.engine.environment [-] Registered: [Plugin](User:False) OS::Heat::Stack ->
2026-04-20 16:04:38.955 66313 INFO heat.engine.environment [-] Registered: [Plugin](User:False) OS::Heat::ResourceChain ->
2026-04-20 16:04:38.955 66313 INFO heat.engine.environment [-] Registered: [Plugin](User:False) OS::Heat::ResourceGroup ->
2026-04-20 16:04:38.956 66313 INFO heat.engine.environment [-] Registered: [Plugin](User:False) OS::Heat::ScalingPolicy ->
2026-04-20 16:04:38.956 66313 INFO heat.engine.environment [-] Registered: [Plugin](User:False) OS::Heat::SoftwareComponent ->
2026-04-20 16:04:38.956 66313 INFO heat.engine.environment [-] Registered: [Plugin](User:False) OS::Heat::SoftwareConfig ->
2026-04-20 16:04:38.956 66313 INFO heat.engine.environment [-] Registered: [Plugin](User:False) OS::Heat::SoftwareDeployment ->
2026-04-20 16:04:38.956 66313 INFO heat.engine.environment [-] Registered: [Plugin](User:False) OS::Heat::SoftwareDeploymentGroup ->
2026-04-20 16:04:38.956 66313 INFO heat.engine.environment [-] Registered: [Plugin](User:False) OS::Heat::SoftwareDeployments ->
2026-04-20 16:04:38.956 66313 INFO heat.engine.environment [-] Registered: [Plugin](User:False) OS::Heat::StructuredConfig ->
2026-04-20 16:04:38.957 66313 INFO heat.engine.environment [-] Registered: [Plugin](User:False) OS::Heat::StructuredDeployment ->
2026-04-20 16:04:38.957 66313 INFO heat.engine.environment [-] Registered: [Plugin](User:False) OS::Heat::StructuredDeploymentGroup ->
2026-04-20 16:04:38.957 66313 INFO heat.engine.environment [-] Registered: [Plugin](User:False) OS::Heat::StructuredDeployments ->
2026-04-20 16:04:38.957 66313 INFO heat.engine.environment [-] Registered: [Plugin](User:False) OS::Heat::SwiftSignal ->
2026-04-20 16:04:38.957 66313 INFO heat.engine.environment [-] Registered: [Plugin](User:False) OS::Heat::SwiftSignalHandle ->
2026-04-20 16:04:38.957 66313 INFO heat.engine.environment [-] Registered: [Plugin](User:False) OS::Heat::TestResource ->
2026-04-20 16:04:38.957 66313 INFO heat.engine.environment [-] Registered: [Plugin](User:False) OS::Heat::Value ->
2026-04-20 16:04:38.957 66313 INFO heat.engine.environment [-] Registered: [Plugin](User:False) OS::Heat::WaitCondition ->
2026-04-20 16:04:38.957 66313 INFO heat.engine.environment [-] Registered: [Plugin](User:False) OS::Heat::WaitConditionHandle ->
2026-04-20 16:04:38.957 66313 INFO heat.engine.environment [-] Registered: [Plugin](User:False) OS::Heat::UpdateWaitConditionHandle ->
2026-04-20 16:04:38.957 66313 INFO heat.engine.environment [-] Registered: [Plugin](User:False) OS::Ironic::Port ->
2026-04-20 16:04:38.958 66313 INFO heat.engine.environment [-] Registered: [Plugin](User:False) OS::Keystone::Domain ->
2026-04-20 16:04:38.958 66313 INFO heat.engine.environment [-] Registered: [Plugin](User:False) OS::Keystone::Endpoint ->
2026-04-20 16:04:38.958 66313 INFO heat.engine.environment [-] Registered: [Plugin](User:False) OS::Keystone::Group ->
2026-04-20 16:04:38.958 66313 INFO heat.engine.environment [-] Registered: [Plugin](User:False) OS::Keystone::Project ->
2026-04-20 16:04:38.958 66313 INFO heat.engine.environment [-] Registered: [Plugin](User:False) OS::Keystone::Region ->
2026-04-20 16:04:38.958 66313 INFO heat.engine.environment [-] Registered: [Plugin](User:False) OS::Keystone::Role ->
2026-04-20 16:04:38.958 66313 INFO heat.engine.environment [-] Registered: [Plugin](User:False) OS::Keystone::UserRoleAssignment ->
2026-04-20 16:04:38.958 66313 INFO heat.engine.environment [-] Registered: [Plugin](User:False) OS::Keystone::GroupRoleAssignment ->
2026-04-20 16:04:38.958 66313 INFO heat.engine.environment [-] Registered: [Plugin](User:False) OS::Keystone::Service ->
2026-04-20 16:04:38.958 66313 INFO heat.engine.environment [-] Registered: [Plugin](User:False) OS::Keystone::User ->
2026-04-20 16:04:38.959 66313 INFO heat.engine.environment [-] Registered: [Plugin](User:False) OS::Magnum::Bay ->
2026-04-20 16:04:38.959 66313 INFO heat.engine.environment [-] Registered: [Plugin](User:False) OS::Magnum::BayModel ->
2026-04-20 16:04:38.959 66313 INFO heat.engine.environment [-] Registered: [Plugin](User:False) OS::Magnum::Cluster ->
2026-04-20 16:04:38.959 66313 INFO heat.engine.environment [-] Registered: [Plugin](User:False) OS::Magnum::ClusterTemplate ->
2026-04-20 16:04:38.959 66313 INFO heat.engine.environment [-] Registered: [Plugin](User:False) OS::Manila::SecurityService ->
2026-04-20 16:04:38.959 66313 INFO heat.engine.environment [-] Registered: [Plugin](User:False) OS::Manila::Share ->
2026-04-20 16:04:38.959 66313 INFO heat.engine.environment [-] Registered: [Plugin](User:False) OS::Manila::ShareNetwork ->
2026-04-20 16:04:38.959 66313 INFO heat.engine.environment [-] Registered: [Plugin](User:False) OS::Manila::ShareType ->
2026-04-20 16:04:38.959 66313 INFO heat.engine.environment [-] Registered: [Plugin](User:False) OS::Mistral::CronTrigger ->
2026-04-20 16:04:38.959 66313 INFO heat.engine.environment [-] Registered: [Plugin](User:False) OS::Mistral::ExternalResource ->
2026-04-20 16:04:38.960 66313 INFO heat.engine.environment [-] Registered: [Plugin](User:False) OS::Mistral::Workflow ->
2026-04-20 16:04:38.960 66313 INFO heat.engine.environment [-] Registered: [Plugin](User:False) OS::Monasca::AlarmDefinition ->
2026-04-20 16:04:38.960 66313 INFO heat.engine.environment [-] Registered: [Plugin](User:False) OS::Monasca::Notification ->
2026-04-20 16:04:38.960 66313 INFO heat.engine.environment [-] Registered: [Plugin](User:False) OS::Neutron::AddressScope ->
2026-04-20 16:04:38.960 66313 INFO heat.engine.environment [-] Registered: [Plugin](User:False) OS::Neutron::ExtraRoute ->
2026-04-20 16:04:38.960 66313 INFO heat.engine.environment [-] Registered: [Plugin](User:False) OS::Neutron::ExtraRouteSet ->
2026-04-20 16:04:38.960 66313 INFO heat.engine.environment [-] Registered: [Plugin](User:False) OS::Neutron::Firewall ->
2026-04-20 16:04:38.960 66313 INFO heat.engine.environment [-] Registered: [Plugin](User:False) OS::Neutron::FirewallPolicy ->
2026-04-20 16:04:38.960 66313 INFO heat.engine.environment [-] Registered: [Plugin](User:False) OS::Neutron::FirewallRule ->
2026-04-20 16:04:38.960 66313 INFO heat.engine.environment [-] Registered: [Plugin](User:False) OS::Neutron::FloatingIP ->
2026-04-20 16:04:38.961 66313 INFO heat.engine.environment [-] Registered: [Plugin](User:False) OS::Neutron::FloatingIPAssociation ->
2026-04-20 16:04:38.961 66313 INFO heat.engine.environment [-] Registered: [Plugin](User:False) OS::Neutron::L2Gateway ->
2026-04-20 16:04:38.961 66313 INFO heat.engine.environment [-] Registered: [Plugin](User:False) OS::Neutron::L2GatewayConnection ->
2026-04-20 16:04:38.961 66313 INFO heat.engine.environment [-] Registered: [Plugin](User:False) OS::Neutron::LBaaS::HealthMonitor ->
2026-04-20 16:04:38.961 66313 INFO heat.engine.environment [-] Registered: [Plugin](User:False) OS::Neutron::LBaaS::L7Policy ->
2026-04-20 16:04:38.961 66313 INFO heat.engine.environment [-] Registered: [Plugin](User:False) OS::Neutron::LBaaS::L7Rule ->
2026-04-20 16:04:38.961 66313 INFO heat.engine.environment [-] Registered: [Plugin](User:False) OS::Neutron::LBaaS::Listener ->
2026-04-20 16:04:38.961 66313 INFO heat.engine.environment [-] Registered: [Plugin](User:False) OS::Neutron::LBaaS::LoadBalancer ->
2026-04-20 16:04:38.961 66313 INFO heat.engine.environment [-] Registered: [Plugin](User:False) OS::Neutron::LBaaS::Pool ->
2026-04-20 16:04:38.961 66313 INFO heat.engine.environment [-] Registered: [Plugin](User:False) OS::Neutron::LBaaS::PoolMember ->
2026-04-20 16:04:38.961 66313 INFO heat.engine.environment [-] Registered: [Plugin](User:False) OS::Neutron::HealthMonitor ->
2026-04-20 16:04:38.962 66313 INFO heat.engine.environment [-] Registered: [Plugin](User:False) OS::Neutron::Pool ->
2026-04-20 16:04:38.962 66313 INFO heat.engine.environment [-] Registered: [Plugin](User:False) OS::Neutron::PoolMember ->
2026-04-20 16:04:38.962 66313 INFO heat.engine.environment [-] Registered: [Plugin](User:False) OS::Neutron::LoadBalancer ->
2026-04-20 16:04:38.962 66313 INFO heat.engine.environment [-] Registered: [Plugin](User:False) OS::Neutron::MeteringLabel ->
2026-04-20 16:04:38.962 66313 INFO heat.engine.environment [-] Registered: [Plugin](User:False) OS::Neutron::MeteringRule ->
2026-04-20 16:04:38.962 66313 INFO heat.engine.environment [-] Registered: [Plugin](User:False) OS::Neutron::Net ->
2026-04-20 16:04:38.962 66313 INFO heat.engine.environment [-] Registered: [Plugin](User:False) OS::Neutron::NetworkGateway ->
2026-04-20 16:04:38.962 66313 INFO heat.engine.environment [-] Registered: [Plugin](User:False) OS::Neutron::Port ->
2026-04-20 16:04:38.962 66313 INFO heat.engine.environment [-] Registered: [Plugin](User:False) OS::Neutron::ProviderNet ->
2026-04-20 16:04:38.962 66313 INFO heat.engine.environment [-] Registered: [Plugin](User:False) OS::Neutron::QoSPolicy ->
2026-04-20 16:04:38.963 66313 INFO heat.engine.environment [-] Registered: [Plugin](User:False) OS::Neutron::QoSBandwidthLimitRule ->
2026-04-20 16:04:38.963 66313 INFO heat.engine.environment [-] Registered: [Plugin](User:False) OS::Neutron::QoSDscpMarkingRule ->
2026-04-20 16:04:38.963 66313 INFO heat.engine.environment [-] Registered: [Plugin](User:False) OS::Neutron::QoSMinimumBandwidthRule ->
2026-04-20 16:04:38.963 66313 INFO heat.engine.environment [-] Registered: [Plugin](User:False) OS::Neutron::Quota ->
2026-04-20 16:04:38.963 66313 INFO heat.engine.environment [-] Registered: [Plugin](User:False) OS::Neutron::RBACPolicy ->
2026-04-20 16:04:38.963 66313 INFO heat.engine.environment [-] Registered: [Plugin](User:False) OS::Neutron::Router ->
2026-04-20 16:04:38.963 66313 INFO heat.engine.environment [-] Registered: [Plugin](User:False) OS::Neutron::RouterInterface ->
2026-04-20 16:04:38.963 66313 INFO heat.engine.environment [-] Registered: [Plugin](User:False) OS::Neutron::RouterGateway ->
2026-04-20 16:04:38.963 66313 INFO heat.engine.environment [-] Registered: [Plugin](User:False) OS::Neutron::SecurityGroup ->
2026-04-20 16:04:38.963 66313 INFO heat.engine.environment [-] Registered: [Plugin](User:False) OS::Neutron::SecurityGroupRule ->
2026-04-20 16:04:38.963 66313 INFO heat.engine.environment [-] Registered: [Plugin](User:False) OS::Neutron::Segment ->
2026-04-20 16:04:38.964 66313 INFO heat.engine.environment [-] Registered: [Plugin](User:False) OS::Neutron::FlowClassifier ->
2026-04-20 16:04:38.964 66313 INFO heat.engine.environment [-] Registered: [Plugin](User:False) OS::Neutron::PortChain ->
2026-04-20 16:04:38.964 66313 INFO heat.engine.environment [-] Registered: [Plugin](User:False) OS::Neutron::PortPair ->
2026-04-20 16:04:38.964 66313 INFO heat.engine.environment [-] Registered: [Plugin](User:False) OS::Neutron::PortPairGroup ->
2026-04-20 16:04:38.964 66313 INFO heat.engine.environment [-] Registered: [Plugin](User:False) OS::Neutron::Subnet ->
2026-04-20 16:04:38.964 66313 INFO heat.engine.environment [-] Registered: [Plugin](User:False) OS::Neutron::SubnetPool ->
2026-04-20 16:04:38.964 66313 INFO heat.engine.environment [-] Registered: [Plugin](User:False) OS::Neutron::TaaS::TapFlow ->
2026-04-20 16:04:38.964 66313 INFO heat.engine.environment [-] Registered: [Plugin](User:False) OS::Neutron::TaaS::TapService ->
2026-04-20 16:04:38.964 66313 INFO heat.engine.environment [-] Registered: [Plugin](User:False) OS::Neutron::Trunk ->
2026-04-20 16:04:38.965 66313 INFO heat.engine.environment [-] Registered: [Plugin](User:False) OS::Neutron::VPNService ->
2026-04-20 16:04:38.965 66313 INFO heat.engine.environment [-] Registered: [Plugin](User:False) OS::Neutron::IPsecSiteConnection ->
2026-04-20 16:04:38.965 66313 INFO heat.engine.environment [-] Registered: [Plugin](User:False) OS::Neutron::IKEPolicy ->
2026-04-20 16:04:38.965 66313 INFO heat.engine.environment [-] Registered: [Plugin](User:False) OS::Neutron::IPsecPolicy ->
2026-04-20 16:04:38.965 66313 INFO heat.engine.environment [-] Registered: [Plugin](User:False) OS::Nova::Flavor ->
2026-04-20 16:04:38.965 66313 INFO heat.engine.environment [-] Registered: [Plugin](User:False) OS::Nova::FloatingIP ->
2026-04-20 16:04:38.965 66313 INFO heat.engine.environment [-] Registered: [Plugin](User:False) OS::Nova::FloatingIPAssociation ->
2026-04-20 16:04:38.965 66313 INFO heat.engine.environment [-] Registered: [Plugin](User:False) OS::Nova::HostAggregate ->
2026-04-20 16:04:38.965 66313 INFO heat.engine.environment [-] Registered: [Plugin](User:False) OS::Nova::KeyPair ->
2026-04-20 16:04:38.965 66313 INFO heat.engine.environment [-] Registered: [Plugin](User:False) OS::Nova::Quota ->
2026-04-20 16:04:38.966 66313 INFO heat.engine.environment [-] Registered: [Plugin](User:False) OS::Nova::Server ->
2026-04-20 16:04:38.966 66313 INFO heat.engine.environment [-] Registered: [Plugin](User:False) OS::Nova::ServerGroup ->
2026-04-20 16:04:38.966 66313 INFO heat.engine.environment [-] Registered: [Plugin](User:False) OS::Octavia::Flavor ->
2026-04-20 16:04:38.966 66313 INFO heat.engine.environment [-] Registered: [Plugin](User:False) OS::Octavia::FlavorProfile ->
2026-04-20 16:04:38.966 66313 INFO heat.engine.environment [-] Registered: [Plugin](User:False) OS::Octavia::HealthMonitor ->
2026-04-20 16:04:38.966 66313 INFO heat.engine.environment [-] Registered: [Plugin](User:False) OS::Octavia::L7Policy ->
2026-04-20 16:04:38.966 66313 INFO heat.engine.environment [-] Registered: [Plugin](User:False) OS::Octavia::L7Rule ->
2026-04-20 16:04:38.966 66313 INFO heat.engine.environment [-] Registered: [Plugin](User:False) OS::Octavia::Listener ->
2026-04-20 16:04:38.967 66313 INFO heat.engine.environment [-] Registered: [Plugin](User:False) OS::Octavia::LoadBalancer ->
2026-04-20 16:04:38.967 66313 INFO heat.engine.environment [-] Registered: [Plugin](User:False) OS::Octavia::Pool ->
2026-04-20 16:04:38.967 66313 INFO heat.engine.environment [-] Registered: [Plugin](User:False) OS::Octavia::PoolMember ->
2026-04-20 16:04:38.967 66313 INFO heat.engine.environment [-] Registered: [Plugin](User:False) OS::Octavia::Quota ->
2026-04-20 16:04:38.967 66313 INFO heat.engine.environment [-] Registered: [Plugin](User:False) OS::Sahara::Cluster ->
2026-04-20 16:04:38.967 66313 INFO heat.engine.environment [-] Registered: [Plugin](User:False) OS::Sahara::DataSource ->
2026-04-20 16:04:38.967 66313 INFO heat.engine.environment [-] Registered: [Plugin](User:False) OS::Sahara::ImageRegistry ->
2026-04-20 16:04:38.967 66313 INFO heat.engine.environment [-] Registered: [Plugin](User:False) OS::Sahara::Job ->
2026-04-20 16:04:38.967 66313 INFO heat.engine.environment [-] Registered: [Plugin](User:False) OS::Sahara::JobBinary ->
2026-04-20 16:04:38.967 66313 INFO heat.engine.environment [-] Registered: [Plugin](User:False) OS::Sahara::NodeGroupTemplate ->
2026-04-20 16:04:38.968 66313 INFO heat.engine.environment [-] Registered: [Plugin](User:False) OS::Sahara::ClusterTemplate ->
2026-04-20 16:04:38.968 66313 INFO heat.engine.environment [-] Registered: [Plugin](User:False) OS::Senlin::Cluster ->
2026-04-20 16:04:38.968 66313 INFO heat.engine.environment [-] Registered: [Plugin](User:False) OS::Senlin::Node ->
2026-04-20 16:04:38.968 66313 INFO heat.engine.environment [-] Registered: [Plugin](User:False) OS::Senlin::Policy ->
2026-04-20 16:04:38.968 66313 INFO heat.engine.environment [-] Registered: [Plugin](User:False) OS::Senlin::Profile ->
2026-04-20 16:04:38.968 66313 INFO heat.engine.environment [-] Registered: [Plugin](User:False) OS::Senlin::Receiver ->
2026-04-20 16:04:38.968 66313 INFO heat.engine.environment [-] Registered: [Plugin](User:False) OS::Swift::Container ->
2026-04-20 16:04:38.968 66313 INFO heat.engine.environment [-] Registered: [Plugin](User:False) OS::Trove::Cluster ->
2026-04-20 16:04:38.968 66313 INFO heat.engine.environment [-] Registered: [Plugin](User:False) OS::Trove::Instance ->
2026-04-20 16:04:38.968 66313 INFO heat.engine.environment [-] Registered: [Plugin](User:False) OS::Vitrage::Template ->
2026-04-20 16:04:38.968 66313 INFO heat.engine.environment [-] Registered: [Plugin](User:False) OS::Zaqar::Queue ->
2026-04-20 16:04:38.969 66313 INFO heat.engine.environment [-] Registered: [Plugin](User:False) OS::Zaqar::SignedQueueURL ->
2026-04-20 16:04:38.969 66313 INFO heat.engine.environment [-] Registered: [Plugin](User:False) OS::Zaqar::Subscription ->
2026-04-20 16:04:38.969 66313 INFO heat.engine.environment [-] Registered: [Plugin](User:False) OS::Zaqar::MistralTrigger ->
2026-04-20 16:04:38.969 66313 INFO heat.engine.environment [-] Registered: [Plugin](User:False) OS::ContrailV2::AccessControlList ->
2026-04-20 16:04:38.969 66313 INFO heat.engine.environment [-] Registered: [Plugin](User:False) OS::ContrailV2::AddressGroup ->
2026-04-20 16:04:38.969 66313 INFO heat.engine.environment [-] Registered: [Plugin](User:False) OS::ContrailV2::Alarm ->
2026-04-20 16:04:38.969 66313 INFO heat.engine.environment [-] Registered: [Plugin](User:False) OS::ContrailV2::AliasIp ->
2026-04-20 16:04:38.969 66313 INFO heat.engine.environment [-] Registered: [Plugin](User:False) OS::ContrailV2::AliasIpPool ->
2026-04-20 16:04:38.969 66313 INFO heat.engine.environment [-] Registered: [Plugin](User:False) OS::ContrailV2::AnalyticsAlarmNode ->
2026-04-20 16:04:38.969 66313 INFO heat.engine.environment [-] Registered: [Plugin](User:False) OS::ContrailV2::AnalyticsNode ->
2026-04-20 16:04:38.970 66313 INFO heat.engine.environment [-] Registered: [Plugin](User:False) OS::ContrailV2::AnalyticsSnmpNode ->
2026-04-20 16:04:38.970 66313 INFO heat.engine.environment [-] Registered: [Plugin](User:False) OS::ContrailV2::ApiAccessList ->
2026-04-20 16:04:38.970 66313 INFO heat.engine.environment [-] Registered: [Plugin](User:False) OS::ContrailV2::ApplicationPolicySet ->
2026-04-20 16:04:38.970 66313 INFO heat.engine.environment [-] Registered: [Plugin](User:False) OS::ContrailV2::BgpAsAService ->
2026-04-20 16:04:38.970 66313 INFO heat.engine.environment [-] Registered: [Plugin](User:False) OS::ContrailV2::BgpRouter ->
2026-04-20 16:04:38.970 66313 INFO heat.engine.environment [-] Registered: [Plugin](User:False) OS::ContrailV2::Bgpvpn ->
2026-04-20 16:04:38.970 66313 INFO heat.engine.environment [-] Registered: [Plugin](User:False) OS::ContrailV2::BridgeDomain ->
2026-04-20 16:04:38.970 66313 INFO heat.engine.environment [-] Registered: [Plugin](User:False) OS::ContrailV2::Card ->
2026-04-20 16:04:38.970 66313 INFO heat.engine.environment [-] Registered: [Plugin](User:False) OS::ContrailV2::CliConfig ->
2026-04-20 16:04:38.970 66313 INFO heat.engine.environment [-] Registered: [Plugin](User:False) OS::ContrailV2::ConfigDatabaseNode ->
2026-04-20 16:04:38.971 66313 INFO heat.engine.environment [-] Registered: [Plugin](User:False) OS::ContrailV2::ConfigNode ->
2026-04-20 16:04:38.971 66313 INFO heat.engine.environment [-] Registered: [Plugin](User:False) OS::ContrailV2::ConfigProperties ->
2026-04-20 16:04:38.971 66313 INFO heat.engine.environment [-] Registered: [Plugin](User:False) OS::ContrailV2::ConfigRoot ->
2026-04-20 16:04:38.971 66313 INFO heat.engine.environment [-] Registered: [Plugin](User:False) OS::ContrailV2::ControlNodeZone ->
2026-04-20 16:04:38.971 66313 INFO heat.engine.environment [-] Registered: [Plugin](User:False) OS::ContrailV2::CustomerAttachment ->
2026-04-20 16:04:38.971 66313 INFO heat.engine.environment [-] Registered: [Plugin](User:False) OS::ContrailV2::DataCenterInterconnect ->
2026-04-20 16:04:38.971 66313 INFO heat.engine.environment [-] Registered: [Plugin](User:False) OS::ContrailV2::DatabaseNode ->
