2026-04-20 15:45:47.756 38014 DEBUG heat.engine.service [req-116eb66e-d571-498d-aad8-64dea912f07b - - - - -] Service c8184eb0-09c1-4e3b-b504-3057ed63c4ad is updated service_manage_report /usr/lib/python3/dist-packages/heat/engine/service.py:2370
2026-04-20 15:45:47.759 38011 DEBUG heat.engine.service [req-5458414a-6d87-4d2c-a26d-3a76296ba96b - - - - -] Service feb9dcb0-c30f-425f-9044-fd3d5791bf7c is updated service_manage_report /usr/lib/python3/dist-packages/heat/engine/service.py:2370
2026-04-20 15:46:47.707 38012 DEBUG heat.engine.service [req-427b5002-a46d-4ca5-87e2-a082739fa962 - - - - -] Service 4da1107e-0a87-4608-b77a-2193517b17ab is updated service_manage_report /usr/lib/python3/dist-packages/heat/engine/service.py:2370
2026-04-20 15:46:47.746 38013 DEBUG heat.engine.service [req-1177b694-7ef8-4919-8d05-0e7d7ae6660b - - - - -] Service 657889fc-eb2f-48f9-81ed-3c997f2ff72f is updated service_manage_report /usr/lib/python3/dist-packages/heat/engine/service.py:2370
2026-04-20 15:46:47.759 38014 DEBUG heat.engine.service [req-dfa4460a-0a6f-4a47-be78-580d015fe70d - - - - -] Service c8184eb0-09c1-4e3b-b504-3057ed63c4ad is updated service_manage_report /usr/lib/python3/dist-packages/heat/engine/service.py:2370
2026-04-20 15:46:47.763 38011 DEBUG heat.engine.service [req-feaa64ff-9f8c-42ad-96cc-26eaa7e0b2ee - - - - -] Service feb9dcb0-c30f-425f-9044-fd3d5791bf7c is updated service_manage_report /usr/lib/python3/dist-packages/heat/engine/service.py:2370
2026-04-20 15:47:47.702 38012 DEBUG heat.engine.service [req-113eb4be-e3f6-4b6b-9564-0fe369acaba6 - - - - -] Service 4da1107e-0a87-4608-b77a-2193517b17ab is updated service_manage_report /usr/lib/python3/dist-packages/heat/engine/service.py:2370
2026-04-20 15:47:47.749 38013 DEBUG heat.engine.service [req-e7a885bf-e878-426c-a60c-d1817be5add4 - - - - -] Service 657889fc-eb2f-48f9-81ed-3c997f2ff72f is updated service_manage_report /usr/lib/python3/dist-packages/heat/engine/service.py:2370
2026-04-20 15:47:47.763 38014 DEBUG heat.engine.service [req-618119d4-86e6-441b-b2f6-c760133c24f1 - - - - -] Service c8184eb0-09c1-4e3b-b504-3057ed63c4ad is updated service_manage_report /usr/lib/python3/dist-packages/heat/engine/service.py:2370
2026-04-20 15:47:47.769 38011 DEBUG heat.engine.service [req-0aac2037-76c7-4517-bda9-386f88234933 - - - - -] Service feb9dcb0-c30f-425f-9044-fd3d5791bf7c is updated service_manage_report /usr/lib/python3/dist-packages/heat/engine/service.py:2370
2026-04-20 15:48:47.708 38012 DEBUG heat.engine.service [req-1388584e-ebdc-48a6-a396-d95412d83beb - - - - -] Service 4da1107e-0a87-4608-b77a-2193517b17ab is updated service_manage_report /usr/lib/python3/dist-packages/heat/engine/service.py:2370
2026-04-20 15:48:47.754 38013 DEBUG heat.engine.service [req-894a7741-2088-4f72-87d3-2167ea284054 - - - - -] Service 657889fc-eb2f-48f9-81ed-3c997f2ff72f is updated service_manage_report /usr/lib/python3/dist-packages/heat/engine/service.py:2370
2026-04-20 15:48:47.762 38011 DEBUG heat.engine.service [req-50472ed5-74e0-48c7-ab88-9a77163807c5 - - - - -] Service feb9dcb0-c30f-425f-9044-fd3d5791bf7c is updated service_manage_report /usr/lib/python3/dist-packages/heat/engine/service.py:2370
2026-04-20 15:48:47.767 38014 DEBUG heat.engine.service [req-653e5a97-4cad-46d7-91af-d4c8179e2da0 - - - - -] Service c8184eb0-09c1-4e3b-b504-3057ed63c4ad is updated service_manage_report /usr/lib/python3/dist-packages/heat/engine/service.py:2370
2026-04-20 15:49:47.702 38012 DEBUG heat.engine.service [req-d33e8573-bf54-485a-83e0-0ee949e11e35 - - - - -] Service 4da1107e-0a87-4608-b77a-2193517b17ab is updated service_manage_report /usr/lib/python3/dist-packages/heat/engine/service.py:2370
2026-04-20 15:49:47.759 38013 DEBUG heat.engine.service [req-72883f83-212e-43da-a428-ae9f5d7aeff0 - - - - -] Service 657889fc-eb2f-48f9-81ed-3c997f2ff72f is updated service_manage_report /usr/lib/python3/dist-packages/heat/engine/service.py:2370
2026-04-20 15:49:47.767 38011 DEBUG heat.engine.service [req-9dc5c242-ff0f-4c92-94a4-267398cf2d83 - - - - -] Service feb9dcb0-c30f-425f-9044-fd3d5791bf7c is updated service_manage_report /usr/lib/python3/dist-packages/heat/engine/service.py:2370
2026-04-20 15:49:47.771 38014 DEBUG heat.engine.service [req-3ed7c4b9-cb53-4f9f-a6a5-772905322981 - - - - -] Service c8184eb0-09c1-4e3b-b504-3057ed63c4ad is updated service_manage_report /usr/lib/python3/dist-packages/heat/engine/service.py:2370
2026-04-20 15:50:47.706 38012 DEBUG heat.engine.service [req-00994472-b209-4f34-8634-6819bab3d9ef - - - - -] Service 4da1107e-0a87-4608-b77a-2193517b17ab is updated service_manage_report /usr/lib/python3/dist-packages/heat/engine/service.py:2370
2026-04-20 15:50:47.763 38013 DEBUG heat.engine.service [req-69ae5ffe-278f-4fd2-abd1-ddce048955b6 - - - - -] Service 657889fc-eb2f-48f9-81ed-3c997f2ff72f is updated service_manage_report /usr/lib/python3/dist-packages/heat/engine/service.py:2370
2026-04-20 15:50:47.771 38011 DEBUG heat.engine.service [req-d63a760e-e563-48be-8657-319f17ebca7c - - - - -] Service feb9dcb0-c30f-425f-9044-fd3d5791bf7c is updated service_manage_report /usr/lib/python3/dist-packages/heat/engine/service.py:2370
2026-04-20 15:50:47.774 38014 DEBUG heat.engine.service [req-6ebcbf6f-c202-4336-a224-bc62025c6c3f - - - - -] Service c8184eb0-09c1-4e3b-b504-3057ed63c4ad is updated service_manage_report /usr/lib/python3/dist-packages/heat/engine/service.py:2370
2026-04-20 15:51:47.710 38012 DEBUG heat.engine.service [req-87d3f3c9-1d10-4ae5-8c65-e5ff63a9fa21 - - - - -] Service 4da1107e-0a87-4608-b77a-2193517b17ab is updated service_manage_report /usr/lib/python3/dist-packages/heat/engine/service.py:2370
2026-04-20 15:51:47.768 38013 DEBUG heat.engine.service [req-686da78f-ddb1-43a9-8428-bf39495b9bae - - - - -] Service 657889fc-eb2f-48f9-81ed-3c997f2ff72f is updated service_manage_report /usr/lib/python3/dist-packages/heat/engine/service.py:2370
2026-04-20 15:51:47.777 38011 DEBUG heat.engine.service [req-edc36312-e6a1-4f43-aa0e-c94d2b41fdff - - - - -] Service feb9dcb0-c30f-425f-9044-fd3d5791bf7c is updated service_manage_report /usr/lib/python3/dist-packages/heat/engine/service.py:2370
2026-04-20 15:51:47.778 38014 DEBUG heat.engine.service [req-4df978c6-1df1-4269-834f-af6f236fb64a - - - - -] Service c8184eb0-09c1-4e3b-b504-3057ed63c4ad is updated service_manage_report /usr/lib/python3/dist-packages/heat/engine/service.py:2370
2026-04-20 15:52:47.715 38012 DEBUG heat.engine.service [req-d1ac9771-ee8e-4078-9b01-b4549a1b4f2b - - - - -] Service 4da1107e-0a87-4608-b77a-2193517b17ab is updated service_manage_report /usr/lib/python3/dist-packages/heat/engine/service.py:2370
2026-04-20 15:52:47.771 38013 DEBUG heat.engine.service [req-0cfa8683-b7b3-4d4d-b94b-193df4c444f4 - - - - -] Service 657889fc-eb2f-48f9-81ed-3c997f2ff72f is updated service_manage_report /usr/lib/python3/dist-packages/heat/engine/service.py:2370
2026-04-20 15:52:47.773 38011 DEBUG heat.engine.service [req-f9f1cd07-5271-4b46-a523-fdc9f7e949b7 - - - - -] Service feb9dcb0-c30f-425f-9044-fd3d5791bf7c is updated service_manage_report /usr/lib/python3/dist-packages/heat/engine/service.py:2370
2026-04-20 15:52:47.781 38014 DEBUG heat.engine.service [req-c9b19763-6721-4335-a081-70fa353e43b9 - - - - -] Service c8184eb0-09c1-4e3b-b504-3057ed63c4ad is updated service_manage_report /usr/lib/python3/dist-packages/heat/engine/service.py:2370
2026-04-20 15:53:47.720 38012 DEBUG heat.engine.service [req-5eafa8c9-540b-4899-9f78-92379dfbd3b9 - - - - -] Service 4da1107e-0a87-4608-b77a-2193517b17ab is updated service_manage_report /usr/lib/python3/dist-packages/heat/engine/service.py:2370
2026-04-20 15:53:47.769 38011 DEBUG heat.engine.service [req-64e8c151-bd55-47ae-b744-1bf7e293d956 - - - - -] Service feb9dcb0-c30f-425f-9044-fd3d5791bf7c is updated service_manage_report /usr/lib/python3/dist-packages/heat/engine/service.py:2370
2026-04-20 15:53:47.775 38013 DEBUG heat.engine.service [req-f182ea4a-ea3c-4b9d-b9f6-269f8cfbb485 - - - - -] Service 657889fc-eb2f-48f9-81ed-3c997f2ff72f is updated service_manage_report /usr/lib/python3/dist-packages/heat/engine/service.py:2370
2026-04-20 15:53:47.786 38014 DEBUG heat.engine.service [req-30eddc5e-b0d4-4faa-a609-bea927011f7e - - - - -] Service c8184eb0-09c1-4e3b-b504-3057ed63c4ad is updated service_manage_report /usr/lib/python3/dist-packages/heat/engine/service.py:2370
2026-04-20 15:54:47.727 38012 DEBUG heat.engine.service [req-c4a61b78-3d62-4492-ab20-56423eeeb0cf - - - - -] Service 4da1107e-0a87-4608-b77a-2193517b17ab is updated service_manage_report /usr/lib/python3/dist-packages/heat/engine/service.py:2370
2026-04-20 15:54:47.764 38011 DEBUG heat.engine.service [req-491f2a0b-57d1-4484-ba64-5138a5c34bf2 - - - - -] Service feb9dcb0-c30f-425f-9044-fd3d5791bf7c is updated service_manage_report /usr/lib/python3/dist-packages/heat/engine/service.py:2370
2026-04-20 15:54:47.780 38013 DEBUG heat.engine.service [req-7a9a443a-f1d8-4d18-84fa-47c8df259856 - - - - -] Service 657889fc-eb2f-48f9-81ed-3c997f2ff72f is updated service_manage_report /usr/lib/python3/dist-packages/heat/engine/service.py:2370
2026-04-20 15:54:47.789 38014 DEBUG heat.engine.service [req-38c63351-1079-4337-817a-063ce8346ae3 - - - - -] Service c8184eb0-09c1-4e3b-b504-3057ed63c4ad is updated service_manage_report /usr/lib/python3/dist-packages/heat/engine/service.py:2370
2026-04-20 15:55:47.721 38012 DEBUG heat.engine.service [req-dd10f0de-b5f6-4082-930c-75cdb2c05931 - - - - -] Service 4da1107e-0a87-4608-b77a-2193517b17ab is updated service_manage_report /usr/lib/python3/dist-packages/heat/engine/service.py:2370
2026-04-20 15:55:47.767 38011 DEBUG heat.engine.service [req-02d4198f-f1b5-40c1-bd8b-562c003382ad - - - - -] Service feb9dcb0-c30f-425f-9044-fd3d5791bf7c is updated service_manage_report /usr/lib/python3/dist-packages/heat/engine/service.py:2370
2026-04-20 15:55:47.783 38013 DEBUG heat.engine.service [req-f5a8489a-8e41-49cc-a77a-fbf787fb52ed - - - - -] Service 657889fc-eb2f-48f9-81ed-3c997f2ff72f is updated service_manage_report /usr/lib/python3/dist-packages/heat/engine/service.py:2370
2026-04-20 15:55:47.794 38014 DEBUG heat.engine.service [req-d9b43603-5e7b-4edf-b8e3-8d9b9fba14c5 - - - - -] Service c8184eb0-09c1-4e3b-b504-3057ed63c4ad is updated service_manage_report /usr/lib/python3/dist-packages/heat/engine/service.py:2370
2026-04-20 15:56:47.725 38012 DEBUG heat.engine.service [req-367c989e-3a1a-4306-b0af-25d1f0132169 - - - - -] Service 4da1107e-0a87-4608-b77a-2193517b17ab is updated service_manage_report /usr/lib/python3/dist-packages/heat/engine/service.py:2370
2026-04-20 15:56:47.774 38011 DEBUG heat.engine.service [req-d1b2b654-07b5-4c5b-8836-0dfe5b01aa17 - - - - -] Service feb9dcb0-c30f-425f-9044-fd3d5791bf7c is updated service_manage_report /usr/lib/python3/dist-packages/heat/engine/service.py:2370
2026-04-20 15:56:47.788 38013 DEBUG heat.engine.service [req-e82a59c7-79ff-423e-a629-0d6ac610b94c - - - - -] Service 657889fc-eb2f-48f9-81ed-3c997f2ff72f is updated service_manage_report /usr/lib/python3/dist-packages/heat/engine/service.py:2370
2026-04-20 15:56:47.797 38014 DEBUG heat.engine.service [req-94e63c19-9675-4722-bd9d-f4ad6d563057 - - - - -] Service c8184eb0-09c1-4e3b-b504-3057ed63c4ad is updated service_manage_report /usr/lib/python3/dist-packages/heat/engine/service.py:2370
2026-04-20 15:57:47.730 38012 DEBUG heat.engine.service [req-c94e6dc0-55e9-4ba1-a8a9-726e285871a4 - - - - -] Service 4da1107e-0a87-4608-b77a-2193517b17ab is updated service_manage_report /usr/lib/python3/dist-packages/heat/engine/service.py:2370
2026-04-20 15:57:47.768 38011 DEBUG heat.engine.service [req-58d2b4d2-3731-4b50-be06-8fe8c890f3d4 - - - - -] Service feb9dcb0-c30f-425f-9044-fd3d5791bf7c is updated service_manage_report /usr/lib/python3/dist-packages/heat/engine/service.py:2370
2026-04-20 15:57:47.793 38013 DEBUG heat.engine.service [req-23880373-061d-4390-a849-f3325fdb8c59 - - - - -] Service 657889fc-eb2f-48f9-81ed-3c997f2ff72f is updated service_manage_report /usr/lib/python3/dist-packages/heat/engine/service.py:2370
2026-04-20 15:57:47.800 38014 DEBUG heat.engine.service [req-2e00a5aa-9462-43f2-9a59-1768d9120f12 - - - - -] Service c8184eb0-09c1-4e3b-b504-3057ed63c4ad is updated service_manage_report /usr/lib/python3/dist-packages/heat/engine/service.py:2370
2026-04-20 15:58:47.744 38012 DEBUG heat.engine.service [req-95eb1d40-1ad1-4e8e-bfbe-7ad948ac9851 - - - - -] Service 4da1107e-0a87-4608-b77a-2193517b17ab is updated service_manage_report /usr/lib/python3/dist-packages/heat/engine/service.py:2370
2026-04-20 15:58:47.774 38011 DEBUG heat.engine.service [req-b4a0bc0e-e32a-41d3-b546-9af5e47ec92f - - - - -] Service feb9dcb0-c30f-425f-9044-fd3d5791bf7c is updated service_manage_report /usr/lib/python3/dist-packages/heat/engine/service.py:2370
2026-04-20 15:58:47.799 38013 DEBUG heat.engine.service [req-ace75377-bb52-4130-b4a6-ed493ffdaa81 - - - - -] Service 657889fc-eb2f-48f9-81ed-3c997f2ff72f is updated service_manage_report /usr/lib/python3/dist-packages/heat/engine/service.py:2370
2026-04-20 15:58:47.807 38014 DEBUG heat.engine.service [req-847d5a0c-c5f1-4a7f-a258-da70358fcbfc - - - - -] Service c8184eb0-09c1-4e3b-b504-3057ed63c4ad is updated service_manage_report /usr/lib/python3/dist-packages/heat/engine/service.py:2370
2026-04-20 15:59:43.895 38011 DEBUG heat.engine.service [-] Attempting to stop engine service... _stop_rpc_server /usr/lib/python3/dist-packages/heat/engine/service.py:437
2026-04-20 15:59:43.895 38013 DEBUG heat.engine.service [-] Attempting to stop engine service... _stop_rpc_server /usr/lib/python3/dist-packages/heat/engine/service.py:437
2026-04-20 15:59:43.895 38012 DEBUG heat.engine.service [-] Attempting to stop engine service... _stop_rpc_server /usr/lib/python3/dist-packages/heat/engine/service.py:437
2026-04-20 15:59:43.896 38014 DEBUG heat.engine.service [-] Attempting to stop engine service... _stop_rpc_server /usr/lib/python3/dist-packages/heat/engine/service.py:437
2026-04-20 15:59:43.902 37789 INFO oslo_service.service [-] Caught SIGTERM, stopping children
2026-04-20 15:59:43.902 37789 DEBUG oslo_concurrency.lockutils [-] Acquired lock "singleton_lock" lock /usr/lib/python3/dist-packages/oslo_concurrency/lockutils.py:294
2026-04-20 15:59:43.902 37789 DEBUG oslo_concurrency.lockutils [-] Releasing lock "singleton_lock" lock /usr/lib/python3/dist-packages/oslo_concurrency/lockutils.py:312
2026-04-20 15:59:43.903 37789 DEBUG oslo_service.service [-] Stop services. stop /usr/lib/python3/dist-packages/oslo_service/service.py:695
2026-04-20 15:59:43.903 37789 INFO heat.engine.service [-] All threads were gone, terminating engine
2026-04-20 15:59:43.903 37789 DEBUG oslo_service.service [-] Killing children. stop /usr/lib/python3/dist-packages/oslo_service/service.py:700
2026-04-20 15:59:43.903 37789 INFO oslo_service.service [-] Waiting on 4 children to exit
2026-04-20 15:59:43.916 37789 INFO oslo_service.service [-] Child 38011 killed by signal 15
2026-04-20 15:59:43.917 37789 INFO oslo_service.service [-] Child 38012 killed by signal 15
2026-04-20 15:59:43.917 37789 INFO oslo_service.service [-] Child 38013 killed by signal 15
2026-04-20 15:59:43.917 37789 INFO oslo_service.service [-] Child 38014 killed by signal 15
2026-04-20 15:59:46.397 60167 DEBUG oslo_concurrency.lockutils [-] Lock "context-manager" acquired by "neutron_lib.db.api._create_context_manager" :: waited 0.000s inner /usr/lib/python3/dist-packages/oslo_concurrency/lockutils.py:386
2026-04-20 15:59:46.397 60167 DEBUG oslo_concurrency.lockutils [-] Lock "context-manager" "released" by "neutron_lib.db.api._create_context_manager" :: held 0.001s inner /usr/lib/python3/dist-packages/oslo_concurrency/lockutils.py:400
2026-04-20 15:59:46.720 60167 WARNING heat.engine.environment [-] OS::Aodh::Alarm is DEPRECATED. Theshold alarm relies on ceilometer-api and has been deprecated in aodh since Ocata. Use OS::Aodh::GnocchiAggregationByResourcesAlarm instead.
2026-04-20 15:59:46.721 60167 WARNING heat.engine.environment [-] OS::Aodh::CombinationAlarm is HIDDEN. OS::Aodh::CombinationAlarm is deprecated and has been removed from Aodh, use OS::Aodh::CompositeAlarm instead.
2026-04-20 15:59:46.721 60167 WARNING heat.engine.environment [-] OS::Designate::Domain is HIDDEN. This resource has been removed, use OS::Designate::Zone instead.
2026-04-20 15:59:46.721 60167 WARNING heat.engine.environment [-] OS::Designate::Record is HIDDEN. This resource has been removed, use OS::Designate::RecordSet instead.
2026-04-20 15:59:46.721 60167 WARNING heat.engine.environment [-] OS::Glance::Image is DEPRECATED. Creating a Glance Image based on an existing URL location requires the Glance v1 API, which is deprecated.
2026-04-20 15:59:46.721 60167 WARNING heat.engine.environment [-] OS::Heat::HARestarter is HIDDEN. The HARestarter resource type has been removed. Existing stacks containing HARestarter resources can still be used, but the HARestarter resource will be a placeholder that does nothing.
2026-04-20 15:59:46.722 60167 WARNING heat.engine.environment [-] OS::Heat::SoftwareDeployments is HIDDEN. Please use OS::Heat::SoftwareDeploymentGroup instead.
2026-04-20 15:59:46.722 60167 WARNING heat.engine.environment [-] OS::Heat::StructuredDeployments is HIDDEN. Please use OS::Heat::StructuredDeploymentGroup instead.
2026-04-20 15:59:46.722 60167 WARNING heat.engine.environment [-] OS::Magnum::Bay is HIDDEN. Please use OS::Magnum::Cluster instead.
2026-04-20 15:59:46.722 60167 WARNING heat.engine.environment [-] OS::Magnum::BayModel is HIDDEN. Please use OS::Magnum::ClusterTemplate instead.
2026-04-20 15:59:46.723 60167 WARNING heat.engine.environment [-] OS::Neutron::ExtraRoute is UNSUPPORTED. Use this resource at your own risk.
2026-04-20 15:59:46.723 60167 WARNING heat.engine.environment [-] OS::Neutron::HealthMonitor is HIDDEN. Use LBaaS V2 instead.
2026-04-20 15:59:46.723 60167 WARNING heat.engine.environment [-] OS::Neutron::Pool is HIDDEN. Use LBaaS V2 instead.
2026-04-20 15:59:46.724 60167 WARNING heat.engine.environment [-] OS::Neutron::PoolMember is HIDDEN. Use LBaaS V2 instead.
2026-04-20 15:59:46.724 60167 WARNING heat.engine.environment [-] OS::Neutron::LoadBalancer is HIDDEN. Use LBaaS V2 instead.
2026-04-20 15:59:46.724 60167 WARNING heat.engine.environment [-] OS::Neutron::RouterGateway is HIDDEN. Use the `external_gateway_info` property in the router resource to set up the gateway.
2026-04-20 15:59:46.724 60167 WARNING heat.engine.environment [-] OS::Nova::FloatingIP is HIDDEN. Please use OS::Neutron::FloatingIP instead.
2026-04-20 15:59:46.724 60167 WARNING heat.engine.environment [-] OS::Nova::FloatingIPAssociation is HIDDEN. Please use OS::Neutron::FloatingIPAssociation instead.
2026-04-20 15:59:46.726 60167 INFO heat.engine.environment [-] Loading /etc/heat/environment.d/default.yaml
2026-04-20 15:59:46.727 60167 INFO heat.engine.environment [-] Registered: [Plugin](User:False) AWS::AutoScaling::AutoScalingGroup ->
2026-04-20 15:59:46.727 60167 INFO heat.engine.environment [-] Registered: [Plugin](User:False) AWS::AutoScaling::LaunchConfiguration ->
2026-04-20 15:59:46.727 60167 INFO heat.engine.environment [-] Registered: [Plugin](User:False) AWS::AutoScaling::ScalingPolicy ->
2026-04-20 15:59:46.727 60167 INFO heat.engine.environment [-] Registered: [Plugin](User:False) AWS::CloudFormation::Stack ->
2026-04-20 15:59:46.727 60167 INFO heat.engine.environment [-] Registered: [Plugin](User:False) AWS::CloudFormation::WaitCondition ->
2026-04-20 15:59:46.727 60167 INFO heat.engine.environment [-] Registered: [Plugin](User:False) AWS::CloudFormation::WaitConditionHandle ->
2026-04-20 15:59:46.727 60167 INFO heat.engine.environment [-] Registered: [Plugin](User:False) AWS::EC2::EIP ->
2026-04-20 15:59:46.727 60167 INFO heat.engine.environment [-] Registered: [Plugin](User:False) AWS::EC2::EIPAssociation ->
2026-04-20 15:59:46.728 60167 INFO heat.engine.environment [-] Registered: [Plugin](User:False) AWS::EC2::Instance ->
2026-04-20 15:59:46.728 60167 INFO heat.engine.environment [-] Registered: [Plugin](User:False) AWS::EC2::InternetGateway ->
2026-04-20 15:59:46.728 60167 INFO heat.engine.environment [-] Registered: [Plugin](User:False) AWS::EC2::VPCGatewayAttachment ->
2026-04-20 15:59:46.728 60167 INFO heat.engine.environment [-] Registered: [Plugin](User:False) AWS::EC2::NetworkInterface ->
2026-04-20 15:59:46.728 60167 INFO heat.engine.environment [-] Registered: [Plugin](User:False) AWS::EC2::RouteTable ->
2026-04-20 15:59:46.728 60167 INFO heat.engine.environment [-] Registered: [Plugin](User:False) AWS::EC2::SubnetRouteTableAssociation ->
2026-04-20 15:59:46.728 60167 INFO heat.engine.environment [-] Registered: [Plugin](User:False) AWS::EC2::SecurityGroup ->
2026-04-20 15:59:46.728 60167 INFO heat.engine.environment [-] Registered: [Plugin](User:False) AWS::EC2::Subnet ->
2026-04-20 15:59:46.729 60167 INFO heat.engine.environment [-] Registered: [Plugin](User:False) AWS::EC2::Volume ->
2026-04-20 15:59:46.729 60167 INFO heat.engine.environment [-] Registered: [Plugin](User:False) AWS::EC2::VolumeAttachment ->
2026-04-20 15:59:46.729 60167 INFO heat.engine.environment [-] Registered: [Plugin](User:False) AWS::EC2::VPC ->
2026-04-20 15:59:46.729 60167 INFO heat.engine.environment [-] Registered: [Plugin](User:False) AWS::IAM::User ->
2026-04-20 15:59:46.729 60167 INFO heat.engine.environment [-] Registered: [Plugin](User:False) AWS::IAM::AccessKey ->
2026-04-20 15:59:46.729 60167 INFO heat.engine.environment [-] Registered: [Plugin](User:False) AWS::ElasticLoadBalancing::LoadBalancer ->
2026-04-20 15:59:46.729 60167 INFO heat.engine.environment [-] Registered: [Plugin](User:False) AWS::S3::Bucket ->
2026-04-20 15:59:46.729 60167 INFO heat.engine.environment [-] Registered: [Plugin](User:False) OS::Aodh::Alarm ->
2026-04-20 15:59:46.729 60167 INFO heat.engine.environment [-] Registered: [Plugin](User:False) OS::Aodh::CombinationAlarm ->
2026-04-20 15:59:46.730 60167 INFO heat.engine.environment [-] Registered: [Plugin](User:False) OS::Aodh::EventAlarm ->
2026-04-20 15:59:46.730 60167 INFO heat.engine.environment [-] Registered: [Plugin](User:False) OS::Aodh::LBMemberHealthAlarm ->
2026-04-20 15:59:46.730 60167 INFO heat.engine.environment [-] Registered: [Plugin](User:False) OS::Aodh::CompositeAlarm ->
2026-04-20 15:59:46.730 60167 INFO heat.engine.environment [-] Registered: [Plugin](User:False) OS::Aodh::GnocchiResourcesAlarm ->
2026-04-20 15:59:46.730 60167 INFO heat.engine.environment [-] Registered: [Plugin](User:False) OS::Aodh::GnocchiAggregationByMetricsAlarm ->
2026-04-20 15:59:46.730 60167 INFO heat.engine.environment [-] Registered: [Plugin](User:False) OS::Aodh::GnocchiAggregationByResourcesAlarm ->
2026-04-20 15:59:46.730 60167 INFO heat.engine.environment [-] Registered: [Plugin](User:False) OS::Barbican::GenericContainer ->
2026-04-20 15:59:46.730 60167 INFO heat.engine.environment [-] Registered: [Plugin](User:False) OS::Barbican::CertificateContainer ->
2026-04-20 15:59:46.730 60167 INFO heat.engine.environment [-] Registered: [Plugin](User:False) OS::Barbican::RSAContainer ->
2026-04-20 15:59:46.731 60167 INFO heat.engine.environment [-] Registered: [Plugin](User:False) OS::Barbican::Order ->
2026-04-20 15:59:46.731 60167 INFO heat.engine.environment [-] Registered: [Plugin](User:False) OS::Barbican::Secret ->
2026-04-20 15:59:46.731 60167 INFO heat.engine.environment [-] Registered: [Plugin](User:False) OS::Blazar::Host ->
2026-04-20 15:59:46.731 60167 INFO heat.engine.environment [-] Registered: [Plugin](User:False) OS::Blazar::Lease ->
2026-04-20 15:59:46.731 60167 INFO heat.engine.environment [-] Registered: [Plugin](User:False) OS::Cinder::EncryptedVolumeType ->
2026-04-20 15:59:46.731 60167 INFO heat.engine.environment [-] Registered: [Plugin](User:False) OS::Cinder::QoSSpecs ->
2026-04-20 15:59:46.731 60167 INFO heat.engine.environment [-] Registered: [Plugin](User:False) OS::Cinder::QoSAssociation ->
2026-04-20 15:59:46.731 60167 INFO heat.engine.environment [-] Registered: [Plugin](User:False) OS::Cinder::Quota ->
2026-04-20 15:59:46.731 60167 INFO heat.engine.environment [-] Registered: [Plugin](User:False) OS::Cinder::Volume ->
2026-04-20 15:59:46.731 60167 INFO heat.engine.environment [-] Registered: [Plugin](User:False) OS::Cinder::VolumeAttachment ->
2026-04-20 15:59:46.732 60167 INFO heat.engine.environment [-] Registered: [Plugin](User:False) OS::Cinder::VolumeType ->
2026-04-20 15:59:46.732 60167 INFO heat.engine.environment [-] Registered: [Plugin](User:False) OS::Designate::Domain ->
2026-04-20 15:59:46.732 60167 INFO heat.engine.environment [-] Registered: [Plugin](User:False) OS::Designate::Record ->
2026-04-20 15:59:46.732 60167 INFO heat.engine.environment [-] Registered: [Plugin](User:False) OS::Designate::RecordSet ->
2026-04-20 15:59:46.732 60167 INFO heat.engine.environment [-] Registered: [Plugin](User:False) OS::Designate::Zone ->
2026-04-20 15:59:46.732 60167 INFO heat.engine.environment [-] Registered: [Plugin](User:False) OS::Glance::Image ->
2026-04-20 15:59:46.732 60167 INFO heat.engine.environment [-] Registered: [Plugin](User:False) OS::Glance::WebImage ->
2026-04-20 15:59:46.732 60167 INFO heat.engine.environment [-] Registered: [Plugin](User:False) OS::Heat::AccessPolicy ->
2026-04-20 15:59:46.732 60167 INFO heat.engine.environment [-] Registered: [Plugin](User:False) OS::Heat::AutoScalingGroup ->
2026-04-20 15:59:46.733 60167 INFO heat.engine.environment [-] Registered: [Plugin](User:False) OS::Heat::CloudConfig ->
2026-04-20 15:59:46.733 60167 INFO heat.engine.environment [-] Registered: [Plugin](User:False) OS::Heat::Delay ->
2026-04-20 15:59:46.733 60167 INFO heat.engine.environment [-] Registered: [Plugin](User:False) OS::Heat::DeployedServer ->
2026-04-20 15:59:46.733 60167 INFO heat.engine.environment [-] Registered: [Plugin](User:False) OS::Heat::HARestarter ->
2026-04-20 15:59:46.733 60167 INFO heat.engine.environment [-] Registered: [Plugin](User:False) OS::Heat::InstanceGroup ->
2026-04-20 15:59:46.733 60167 INFO heat.engine.environment [-] Registered: [Plugin](User:False) OS::Heat::MultipartMime ->
2026-04-20 15:59:46.733 60167 INFO heat.engine.environment [-] Registered: [Plugin](User:False) OS::Heat::None ->
2026-04-20 15:59:46.733 60167 INFO heat.engine.environment [-] Registered: [Plugin](User:False) OS::Heat::RandomString ->
2026-04-20 15:59:46.734 60167 INFO heat.engine.environment [-] Registered: [Plugin](User:False) OS::Heat::Stack ->
2026-04-20 15:59:46.734 60167 INFO heat.engine.environment [-] Registered: [Plugin](User:False) OS::Heat::ResourceChain ->
2026-04-20 15:59:46.734 60167 INFO heat.engine.environment [-] Registered: [Plugin](User:False) OS::Heat::ResourceGroup ->
2026-04-20 15:59:46.734 60167 INFO heat.engine.environment [-] Registered: [Plugin](User:False) OS::Heat::ScalingPolicy ->
2026-04-20 15:59:46.734 60167 INFO heat.engine.environment [-] Registered: [Plugin](User:False) OS::Heat::SoftwareComponent ->
2026-04-20 15:59:46.734 60167 INFO heat.engine.environment [-] Registered: [Plugin](User:False) OS::Heat::SoftwareConfig ->
2026-04-20 15:59:46.734 60167 INFO heat.engine.environment [-] Registered: [Plugin](User:False) OS::Heat::SoftwareDeployment ->
2026-04-20 15:59:46.735 60167 INFO heat.engine.environment [-] Registered: [Plugin](User:False) OS::Heat::SoftwareDeploymentGroup ->
2026-04-20 15:59:46.735 60167 INFO heat.engine.environment [-] Registered: [Plugin](User:False) OS::Heat::SoftwareDeployments ->
2026-04-20 15:59:46.735 60167 INFO heat.engine.environment [-] Registered: [Plugin](User:False) OS::Heat::StructuredConfig ->
2026-04-20 15:59:46.735 60167 INFO heat.engine.environment [-] Registered: [Plugin](User:False) OS::Heat::StructuredDeployment ->
2026-04-20 15:59:46.735 60167 INFO heat.engine.environment [-] Registered: [Plugin](User:False) OS::Heat::StructuredDeploymentGroup ->
2026-04-20 15:59:46.735 60167 INFO heat.engine.environment [-] Registered: [Plugin](User:False) OS::Heat::StructuredDeployments ->
2026-04-20 15:59:46.735 60167 INFO heat.engine.environment [-] Registered: [Plugin](User:False) OS::Heat::SwiftSignal ->
2026-04-20 15:59:46.735 60167 INFO heat.engine.environment [-] Registered: [Plugin](User:False) OS::Heat::SwiftSignalHandle ->
2026-04-20 15:59:46.735 60167 INFO heat.engine.environment [-] Registered: [Plugin](User:False) OS::Heat::TestResource ->
2026-04-20 15:59:46.736 60167 INFO heat.engine.environment [-] Registered: [Plugin](User:False) OS::Heat::Value ->
2026-04-20 15:59:46.736 60167 INFO heat.engine.environment [-] Registered: [Plugin](User:False) OS::Heat::WaitCondition ->
2026-04-20 15:59:46.736 60167 INFO heat.engine.environment [-] Registered: [Plugin](User:False) OS::Heat::WaitConditionHandle ->
2026-04-20 15:59:46.736 60167 INFO heat.engine.environment [-] Registered: [Plugin](User:False) OS::Heat::UpdateWaitConditionHandle ->
2026-04-20 15:59:46.736 60167 INFO heat.engine.environment [-] Registered: [Plugin](User:False) OS::Ironic::Port ->
2026-04-20 15:59:46.736 60167 INFO heat.engine.environment [-] Registered: [Plugin](User:False) OS::Keystone::Domain ->
2026-04-20 15:59:46.736 60167 INFO heat.engine.environment [-] Registered: [Plugin](User:False) OS::Keystone::Endpoint ->
2026-04-20 15:59:46.736 60167 INFO heat.engine.environment [-] Registered: [Plugin](User:False) OS::Keystone::Group ->
2026-04-20 15:59:46.736 60167 INFO heat.engine.environment [-] Registered: [Plugin](User:False) OS::Keystone::Project ->
2026-04-20 15:59:46.737 60167 INFO heat.engine.environment [-] Registered: [Plugin](User:False) OS::Keystone::Region ->
2026-04-20 15:59:46.737 60167 INFO heat.engine.environment [-] Registered: [Plugin](User:False) OS::Keystone::Role ->
2026-04-20 15:59:46.737 60167 INFO heat.engine.environment [-] Registered: [Plugin](User:False) OS::Keystone::UserRoleAssignment ->
2026-04-20 15:59:46.737 60167 INFO heat.engine.environment [-] Registered: [Plugin](User:False) OS::Keystone::GroupRoleAssignment ->
2026-04-20 15:59:46.737 60167 INFO heat.engine.environment [-] Registered: [Plugin](User:False) OS::Keystone::Service ->
2026-04-20 15:59:46.737 60167 INFO heat.engine.environment [-] Registered: [Plugin](User:False) OS::Keystone::User ->
2026-04-20 15:59:46.737 60167 INFO heat.engine.environment [-] Registered: [Plugin](User:False) OS::Magnum::Bay ->
2026-04-20 15:59:46.737 60167 INFO heat.engine.environment [-] Registered: [Plugin](User:False) OS::Magnum::BayModel ->
2026-04-20 15:59:46.737 60167 INFO heat.engine.environment [-] Registered: [Plugin](User:False) OS::Magnum::Cluster ->
2026-04-20 15:59:46.738 60167 INFO heat.engine.environment [-] Registered: [Plugin](User:False) OS::Magnum::ClusterTemplate ->
2026-04-20 15:59:46.738 60167 INFO heat.engine.environment [-] Registered: [Plugin](User:False) OS::Manila::SecurityService ->
2026-04-20 15:59:46.738 60167 INFO heat.engine.environment [-] Registered: [Plugin](User:False) OS::Manila::Share ->
2026-04-20 15:59:46.738 60167 INFO heat.engine.environment [-] Registered: [Plugin](User:False) OS::Manila::ShareNetwork ->
2026-04-20 15:59:46.738 60167 INFO heat.engine.environment [-] Registered: [Plugin](User:False) OS::Manila::ShareType ->
2026-04-20 15:59:46.738 60167 INFO heat.engine.environment [-] Registered: [Plugin](User:False) OS::Mistral::CronTrigger ->
2026-04-20 15:59:46.738 60167 INFO heat.engine.environment [-] Registered: [Plugin](User:False) OS::Mistral::ExternalResource ->
2026-04-20 15:59:46.738 60167 INFO heat.engine.environment [-] Registered: [Plugin](User:False) OS::Mistral::Workflow ->
2026-04-20 15:59:46.739 60167 INFO heat.engine.environment [-] Registered: [Plugin](User:False) OS::Monasca::AlarmDefinition ->
2026-04-20 15:59:46.739 60167 INFO heat.engine.environment [-] Registered: [Plugin](User:False) OS::Monasca::Notification ->
2026-04-20 15:59:46.739 60167 INFO heat.engine.environment [-] Registered: [Plugin](User:False) OS::Neutron::AddressScope ->
2026-04-20 15:59:46.739 60167 INFO heat.engine.environment [-] Registered: [Plugin](User:False) OS::Neutron::ExtraRoute ->
2026-04-20 15:59:46.739 60167 INFO heat.engine.environment [-] Registered: [Plugin](User:False) OS::Neutron::ExtraRouteSet ->
2026-04-20 15:59:46.739 60167 INFO heat.engine.environment [-] Registered: [Plugin](User:False) OS::Neutron::Firewall ->
2026-04-20 15:59:46.739 60167 INFO heat.engine.environment [-] Registered: [Plugin](User:False) OS::Neutron::FirewallPolicy ->
2026-04-20 15:59:46.739 60167 INFO heat.engine.environment [-] Registered: [Plugin](User:False) OS::Neutron::FirewallRule ->
2026-04-20 15:59:46.739 60167 INFO heat.engine.environment [-] Registered: [Plugin](User:False) OS::Neutron::FloatingIP ->
2026-04-20 15:59:46.740 60167 INFO heat.engine.environment [-] Registered: [Plugin](User:False) OS::Neutron::FloatingIPAssociation ->
2026-04-20 15:59:46.740 60167 INFO heat.engine.environment [-] Registered: [Plugin](User:False) OS::Neutron::L2Gateway ->
2026-04-20 15:59:46.740 60167 INFO heat.engine.environment [-] Registered: [Plugin](User:False) OS::Neutron::L2GatewayConnection ->
2026-04-20 15:59:46.740 60167 INFO heat.engine.environment [-] Registered: [Plugin](User:False) OS::Neutron::LBaaS::HealthMonitor ->
2026-04-20 15:59:46.740 60167 INFO heat.engine.environment [-] Registered: [Plugin](User:False) OS::Neutron::LBaaS::L7Policy ->
2026-04-20 15:59:46.740 60167 INFO heat.engine.environment [-] Registered: [Plugin](User:False) OS::Neutron::LBaaS::L7Rule ->
2026-04-20 15:59:46.740 60167 INFO heat.engine.environment [-] Registered: [Plugin](User:False) OS::Neutron::LBaaS::Listener ->
2026-04-20 15:59:46.740 60167 INFO heat.engine.environment [-] Registered: [Plugin](User:False) OS::Neutron::LBaaS::LoadBalancer ->
2026-04-20 15:59:46.740 60167 INFO heat.engine.environment [-] Registered: [Plugin](User:False) OS::Neutron::LBaaS::Pool ->
2026-04-20 15:59:46.740 60167 INFO heat.engine.environment [-] Registered: [Plugin](User:False) OS::Neutron::LBaaS::PoolMember ->
2026-04-20 15:59:46.741 60167 INFO heat.engine.environment [-] Registered: [Plugin](User:False) OS::Neutron::HealthMonitor ->
2026-04-20 15:59:46.741 60167 INFO heat.engine.environment [-] Registered: [Plugin](User:False) OS::Neutron::Pool ->
2026-04-20 15:59:46.741 60167 INFO heat.engine.environment [-] Registered: [Plugin](User:False) OS::Neutron::PoolMember ->
2026-04-20 15:59:46.741 60167 INFO heat.engine.environment [-] Registered: [Plugin](User:False) OS::Neutron::LoadBalancer ->
2026-04-20 15:59:46.741 60167 INFO heat.engine.environment [-] Registered: [Plugin](User:False) OS::Neutron::MeteringLabel ->
2026-04-20 15:59:46.741 60167 INFO heat.engine.environment [-] Registered: [Plugin](User:False) OS::Neutron::MeteringRule ->
2026-04-20 15:59:46.741 60167 INFO heat.engine.environment [-] Registered: [Plugin](User:False) OS::Neutron::Net ->
2026-04-20 15:59:46.741 60167 INFO heat.engine.environment [-] Registered: [Plugin](User:False) OS::Neutron::NetworkGateway ->
2026-04-20 15:59:46.741 60167 INFO heat.engine.environment [-] Registered: [Plugin](User:False) OS::Neutron::Port ->
2026-04-20 15:59:46.741 60167 INFO heat.engine.environment [-] Registered: [Plugin](User:False) OS::Neutron::ProviderNet ->
2026-04-20 15:59:46.742 60167 INFO heat.engine.environment [-] Registered: [Plugin](User:False) OS::Neutron::QoSPolicy ->
2026-04-20 15:59:46.742 60167 INFO heat.engine.environment [-] Registered: [Plugin](User:False) OS::Neutron::QoSBandwidthLimitRule ->
2026-04-20 15:59:46.742 60167 INFO heat.engine.environment [-] Registered: [Plugin](User:False) OS::Neutron::QoSDscpMarkingRule ->
2026-04-20 15:59:46.742 60167 INFO heat.engine.environment [-] Registered: [Plugin](User:False) OS::Neutron::QoSMinimumBandwidthRule ->
2026-04-20 15:59:46.742 60167 INFO heat.engine.environment [-] Registered: [Plugin](User:False) OS::Neutron::Quota ->
2026-04-20 15:59:46.742 60167 INFO heat.engine.environment [-] Registered: [Plugin](User:False) OS::Neutron::RBACPolicy ->
2026-04-20 15:59:46.742 60167 INFO heat.engine.environment [-] Registered: [Plugin](User:False) OS::Neutron::Router ->
2026-04-20 15:59:46.742 60167 INFO heat.engine.environment [-] Registered: [Plugin](User:False) OS::Neutron::RouterInterface ->
2026-04-20 15:59:46.742 60167 INFO heat.engine.environment [-] Registered: [Plugin](User:False) OS::Neutron::RouterGateway ->
2026-04-20 15:59:46.742 60167 INFO heat.engine.environment [-] Registered: [Plugin](User:False) OS::Neutron::SecurityGroup ->
2026-04-20 15:59:46.742 60167 INFO heat.engine.environment [-] Registered: [Plugin](User:False) OS::Neutron::SecurityGroupRule ->
2026-04-20 15:59:46.743 60167 INFO heat.engine.environment [-] Registered: [Plugin](User:False) OS::Neutron::Segment ->
2026-04-20 15:59:46.743 60167 INFO heat.engine.environment [-] Registered: [Plugin](User:False) OS::Neutron::FlowClassifier ->
2026-04-20 15:59:46.743 60167 INFO heat.engine.environment [-] Registered: [Plugin](User:False) OS::Neutron::PortChain ->
2026-04-20 15:59:46.743 60167 INFO heat.engine.environment [-] Registered: [Plugin](User:False) OS::Neutron::PortPair ->
2026-04-20 15:59:46.743 60167 INFO heat.engine.environment [-] Registered: [Plugin](User:False) OS::Neutron::PortPairGroup ->
2026-04-20 15:59:46.743 60167 INFO heat.engine.environment [-] Registered: [Plugin](User:False) OS::Neutron::Subnet ->
2026-04-20 15:59:46.743 60167 INFO heat.engine.environment [-] Registered: [Plugin](User:False) OS::Neutron::SubnetPool ->
2026-04-20 15:59:46.743 60167 INFO heat.engine.environment [-] Registered: [Plugin](User:False) OS::Neutron::TaaS::TapFlow ->
2026-04-20 15:59:46.744 60167 INFO heat.engine.environment [-] Registered: [Plugin](User:False) OS::Neutron::TaaS::TapService ->
2026-04-20 15:59:46.744 60167 INFO heat.engine.environment [-] Registered: [Plugin](User:False) OS::Neutron::Trunk ->
2026-04-20 15:59:46.744 60167 INFO heat.engine.environment [-] Registered: [Plugin](User:False) OS::Neutron::VPNService ->
2026-04-20 15:59:46.744 60167 INFO heat.engine.environment [-] Registered: [Plugin](User:False) OS::Neutron::IPsecSiteConnection ->
2026-04-20 15:59:46.744 60167 INFO heat.engine.environment [-] Registered: [Plugin](User:False) OS::Neutron::IKEPolicy ->
2026-04-20 15:59:46.744 60167 INFO heat.engine.environment [-] Registered: [Plugin](User:False) OS::Neutron::IPsecPolicy ->
2026-04-20 15:59:46.744 60167 INFO heat.engine.environment [-] Registered: [Plugin](User:False) OS::Nova::Flavor ->
2026-04-20 15:59:46.744 60167 INFO heat.engine.environment [-] Registered: [Plugin](User:False) OS::Nova::FloatingIP ->
2026-04-20 15:59:46.745 60167 INFO heat.engine.environment [-] Registered: [Plugin](User:False) OS::Nova::FloatingIPAssociation ->
2026-04-20 15:59:46.745 60167 INFO heat.engine.environment [-] Registered: [Plugin](User:False) OS::Nova::HostAggregate ->
2026-04-20 15:59:46.745 60167 INFO heat.engine.environment [-] Registered: [Plugin](User:False) OS::Nova::KeyPair ->
2026-04-20 15:59:46.745 60167 INFO heat.engine.environment [-] Registered: [Plugin](User:False) OS::Nova::Quota ->
2026-04-20 15:59:46.745 60167 INFO heat.engine.environment [-] Registered: [Plugin](User:False) OS::Nova::Server ->
2026-04-20 15:59:46.745 60167 INFO heat.engine.environment [-] Registered: [Plugin](User:False) OS::Nova::ServerGroup ->
2026-04-20 15:59:46.745 60167 INFO heat.engine.environment [-] Registered: [Plugin](User:False) OS::Octavia::Flavor ->
2026-04-20 15:59:46.746 60167 INFO heat.engine.environment [-] Registered: [Plugin](User:False) OS::Octavia::FlavorProfile ->
2026-04-20 15:59:46.746 60167 INFO heat.engine.environment [-] Registered: [Plugin](User:False) OS::Octavia::HealthMonitor ->
2026-04-20 15:59:46.746 60167 INFO heat.engine.environment [-] Registered: [Plugin](User:False) OS::Octavia::L7Policy ->
2026-04-20 15:59:46.746 60167 INFO heat.engine.environment [-] Registered: [Plugin](User:False) OS::Octavia::L7Rule ->
2026-04-20 15:59:46.746 60167 INFO heat.engine.environment [-] Registered: [Plugin](User:False) OS::Octavia::Listener ->
2026-04-20 15:59:46.746 60167 INFO heat.engine.environment [-] Registered: [Plugin](User:False) OS::Octavia::LoadBalancer ->
2026-04-20 15:59:46.746 60167 INFO heat.engine.environment [-] Registered: [Plugin](User:False) OS::Octavia::Pool ->
2026-04-20 15:59:46.747 60167 INFO heat.engine.environment [-] Registered: [Plugin](User:False) OS::Octavia::PoolMember ->
2026-04-20 15:59:46.747 60167 INFO heat.engine.environment [-] Registered: [Plugin](User:False) OS::Octavia::Quota ->
2026-04-20 15:59:46.747 60167 INFO heat.engine.environment [-] Registered: [Plugin](User:False) OS::Sahara::Cluster ->
2026-04-20 15:59:46.747 60167 INFO heat.engine.environment [-] Registered: [Plugin](User:False) OS::Sahara::DataSource ->
2026-04-20 15:59:46.747 60167 INFO heat.engine.environment [-] Registered: [Plugin](User:False) OS::Sahara::ImageRegistry ->
2026-04-20 15:59:46.747 60167 INFO heat.engine.environment [-] Registered: [Plugin](User:False) OS::Sahara::Job ->
2026-04-20 15:59:46.747 60167 INFO heat.engine.environment [-] Registered: [Plugin](User:False) OS::Sahara::JobBinary ->
2026-04-20 15:59:46.747 60167 INFO heat.engine.environment [-] Registered: [Plugin](User:False) OS::Sahara::NodeGroupTemplate ->
2026-04-20 15:59:46.748 60167 INFO heat.engine.environment [-] Registered: [Plugin](User:False) OS::Sahara::ClusterTemplate ->
2026-04-20 15:59:46.748 60167 INFO heat.engine.environment [-] Registered: [Plugin](User:False) OS::Senlin::Cluster ->
2026-04-20 15:59:46.748 60167 INFO heat.engine.environment [-] Registered: [Plugin](User:False) OS::Senlin::Node ->
2026-04-20 15:59:46.748 60167 INFO heat.engine.environment [-] Registered: [Plugin](User:False) OS::Senlin::Policy ->
2026-04-20 15:59:46.748 60167 INFO heat.engine.environment [-] Registered: [Plugin](User:False) OS::Senlin::Profile ->
2026-04-20 15:59:46.748 60167 INFO heat.engine.environment [-] Registered: [Plugin](User:False) OS::Senlin::Receiver ->
2026-04-20 15:59:46.748 60167 INFO heat.engine.environment [-] Registered: [Plugin](User:False) OS::Swift::Container ->
2026-04-20 15:59:46.748 60167 INFO heat.engine.environment [-] Registered: [Plugin](User:False) OS::Trove::Cluster ->
2026-04-20 15:59:46.748 60167 INFO heat.engine.environment [-] Registered: [Plugin](User:False) OS::Trove::Instance ->
2026-04-20 15:59:46.749 60167 INFO heat.engine.environment [-] Registered: [Plugin](User:False) OS::Vitrage::Template ->
2026-04-20 15:59:46.749 60167 INFO heat.engine.environment [-] Registered: [Plugin](User:False) OS::Zaqar::Queue ->
2026-04-20 15:59:46.749 60167 INFO heat.engine.environment [-] Registered: [Plugin](User:False) OS::Zaqar::SignedQueueURL ->
2026-04-20 15:59:46.749 60167 INFO heat.engine.environment [-] Registered: [Plugin](User:False) OS::Zaqar::Subscription ->
2026-04-20 15:59:46.749 60167 INFO heat.engine.environment [-] Registered: [Plugin](User:False) OS::Zaqar::MistralTrigger ->
2026-04-20 15:59:46.749 60167 INFO heat.engine.environment [-] Registered: [Wildcard Mapping](User:False) OS::Quantum* -> OS::Neutron*
2026-04-20 15:59:46.749 60167 INFO heat.engine.environment [-] Registered: [Template](User:False) AWS::CloudWatch::Alarm -> file:///etc/heat/templates/AWS_CloudWatch_Alarm.yaml
2026-04-20 15:59:46.749 60167 INFO heat.engine.environment [-] Registered: [Mapping](User:False) OS::Metering::Alarm -> OS::Aodh::Alarm
2026-04-20 15:59:46.749 60167 INFO heat.engine.environment [-] Registered: [Template](User:False) AWS::RDS::DBInstance -> file:///etc/heat/templates/AWS_RDS_DBInstance.yaml
2026-04-20 15:59:46.749 60167 INFO heat.engine.environment [-] Registered: [Mapping](User:False) OS::Ceilometer::Alarm -> OS::Aodh::Alarm
2026-04-20 15:59:46.749 60167 INFO heat.engine.environment [-] Registered: [Mapping](User:False) OS::Ceilometer::GnocchiResourcesAlarm -> OS::Aodh::GnocchiResourcesAlarm
2026-04-20 15:59:46.750 60167 INFO heat.engine.environment [-] Registered: [Mapping](User:False) OS::Ceilometer::GnocchiAggregationByMetricsAlarm -> OS::Aodh::GnocchiAggregationByMetricsAlarm
2026-04-20 15:59:46.750 60167 INFO heat.engine.environment [-] Registered: [Mapping](User:False) OS::Ceilometer::GnocchiAggregationByResourcesAlarm -> OS::Aodh::GnocchiAggregationByResourcesAlarm
2026-04-20 15:59:46.750 60167 INFO heat.engine.environment [-] Registered: [Mapping](User:False) OS::Ceilometer::CombinationAlarm -> OS::Aodh::CombinationAlarm
2026-04-20 15:59:46.761 60167 DEBUG oslo_concurrency.lockutils [-] Acquired lock "singleton_lock" lock /usr/lib/python3/dist-packages/oslo_concurrency/lockutils.py:294
2026-04-20 15:59:46.762 60167 DEBUG oslo_concurrency.lockutils [-] Releasing lock "singleton_lock" lock /usr/lib/python3/dist-packages/oslo_concurrency/lockutils.py:312
2026-04-20 15:59:46.762 60167 INFO oslo_service.service [-] Starting 4 workers
2026-04-20 15:59:46.767 60167 DEBUG oslo_service.service [-] Started child 60378 _start_child /usr/lib/python3/dist-packages/oslo_service/service.py:575
2026-04-20 15:59:46.773 60378 DEBUG heat.engine.service [-] Starting listener for engine b526dcba-b77f-47d0-92c8-c909b9a9f0b7 start /usr/lib/python3/dist-packages/heat/engine/service.py:392
2026-04-20 15:59:46.773 60167 DEBUG oslo_service.service [-] Started child 60379 _start_child /usr/lib/python3/dist-packages/oslo_service/service.py:575
2026-04-20 15:59:46.778 60379 DEBUG heat.engine.service [-] Starting listener for engine 484e1dca-7e62-44b4-af9e-9fe819d59334 start /usr/lib/python3/dist-packages/heat/engine/service.py:392
2026-04-20 15:59:46.778 60167 DEBUG oslo_service.service [-] Started child 60380 _start_child /usr/lib/python3/dist-packages/oslo_service/service.py:575
2026-04-20 15:59:46.784 60380 DEBUG heat.engine.service [-] Starting listener for engine 22725f9f-b9da-4204-840e-f029cfe74c5e start /usr/lib/python3/dist-packages/heat/engine/service.py:392
2026-04-20 15:59:46.784 60167 DEBUG oslo_service.service [-] Started child 60381 _start_child /usr/lib/python3/dist-packages/oslo_service/service.py:575
2026-04-20 15:59:46.786 60167 DEBUG oslo_service.service [-] Full set of CONF: wait /usr/lib/python3/dist-packages/oslo_service/service.py:649
2026-04-20 15:59:46.786 60167 DEBUG oslo_service.service [-] ******************************************************************************** log_opt_values /usr/lib/python3/dist-packages/oslo_config/cfg.py:2589
2026-04-20 15:59:46.786 60167 DEBUG oslo_service.service [-] Configuration options gathered from: log_opt_values /usr/lib/python3/dist-packages/oslo_config/cfg.py:2590
2026-04-20 15:59:46.786 60167 DEBUG oslo_service.service [-] command line args: ['--config-file=/etc/heat/heat.conf', '--log-file=/var/log/heat/heat-engine.log'] log_opt_values /usr/lib/python3/dist-packages/oslo_config/cfg.py:2591
2026-04-20 15:59:46.788 60167 DEBUG oslo_service.service [-] config files: ['/etc/heat/heat.conf'] log_opt_values /usr/lib/python3/dist-packages/oslo_config/cfg.py:2592
2026-04-20 15:59:46.788 60167 DEBUG oslo_service.service [-] ================================================================================ log_opt_values /usr/lib/python3/dist-packages/oslo_config/cfg.py:2594
2026-04-20 15:59:46.789 60167 DEBUG oslo_service.service [-] action_retry_limit = 5 log_opt_values /usr/lib/python3/dist-packages/oslo_config/cfg.py:2602
2026-04-20 15:59:46.789 60167 DEBUG oslo_service.service [-] allow_trusts_redelegation = False log_opt_values /usr/lib/python3/dist-packages/oslo_config/cfg.py:2602
2026-04-20 15:59:46.789 60167 DEBUG oslo_service.service [-] auth_encryption_key = **** log_opt_values /usr/lib/python3/dist-packages/oslo_config/cfg.py:2602
2026-04-20 15:59:46.789 60167 DEBUG oslo_service.service [-] client_retry_limit = 2 log_opt_values /usr/lib/python3/dist-packages/oslo_config/cfg.py:2602
2026-04-20 15:59:46.789 60167 DEBUG oslo_service.service [-] cloud_backend = heat.engine.clients.OpenStackClients log_opt_values /usr/lib/python3/dist-packages/oslo_config/cfg.py:2602
2026-04-20 15:59:46.790 60167 DEBUG oslo_service.service [-] config_dir = [] log_opt_values /usr/lib/python3/dist-packages/oslo_config/cfg.py:2602
2026-04-20 15:59:46.790 60167 DEBUG oslo_service.service [-] config_file = ['/etc/heat/heat.conf'] log_opt_values /usr/lib/python3/dist-packages/oslo_config/cfg.py:2602
2026-04-20 15:59:46.790 60167 DEBUG oslo_service.service [-] config_source = [] log_opt_values /usr/lib/python3/dist-packages/oslo_config/cfg.py:2602
2026-04-20 15:59:46.790 60167 DEBUG oslo_service.service [-] control_exchange = heat log_opt_values /usr/lib/python3/dist-packages/oslo_config/cfg.py:2602
2026-04-20 15:59:46.790 60167 DEBUG oslo_service.service [-] convergence_engine = True log_opt_values /usr/lib/python3/dist-packages/oslo_config/cfg.py:2602
2026-04-20 15:59:46.790 60167 DEBUG oslo_service.service [-] debug = True log_opt_values /usr/lib/python3/dist-packages/oslo_config/cfg.py:2602
2026-04-20 15:59:46.790 60167 DEBUG oslo_service.service [-] default_deployment_signal_transport = CFN_SIGNAL log_opt_values /usr/lib/python3/dist-packages/oslo_config/cfg.py:2602
2026-04-20 15:59:46.791 60167 DEBUG oslo_service.service [-] default_log_levels = ['amqp=WARN', 'amqplib=WARN', 'boto=WARN', 'qpid=WARN', 'sqlalchemy=WARN', 'suds=INFO', 'oslo.messaging=INFO', 'oslo_messaging=INFO', 'iso8601=WARN', 'requests.packages.urllib3.connectionpool=WARN', 'urllib3.connectionpool=WARN', 'websocket=WARN', 'requests.packages.urllib3.util.retry=WARN', 'urllib3.util.retry=WARN', 'keystonemiddleware=WARN', 'routes.middleware=WARN', 'stevedore=WARN', 'taskflow=WARN', 'keystoneauth=WARN', 'oslo.cache=INFO', 'oslo_policy=INFO', 'dogpile.core.dogpile=INFO'] log_opt_values /usr/lib/python3/dist-packages/oslo_config/cfg.py:2602
2026-04-20 15:59:46.791 60167 DEBUG oslo_service.service [-] default_notification_level = INFO log_opt_values /usr/lib/python3/dist-packages/oslo_config/cfg.py:2602
