2026-04-16 00:39:10.658 137288 DEBUG oslo_service.service [req-68ad570d-f062-4ea8-9d1e-e7f1e71e146e - - - - -] my_block_storage_ip = 252.242.50.197 log_opt_values /usr/lib/python3/dist-packages/oslo_config/cfg.py:2602
2026-04-16 00:39:10.658 137288 DEBUG oslo_service.service [req-68ad570d-f062-4ea8-9d1e-e7f1e71e146e - - - - -] my_ip = 252.242.50.197 log_opt_values /usr/lib/python3/dist-packages/oslo_config/cfg.py:2602
2026-04-16 00:39:10.658 137288 DEBUG oslo_service.service [req-68ad570d-f062-4ea8-9d1e-e7f1e71e146e - - - - -] network_allocate_retries = 0 log_opt_values /usr/lib/python3/dist-packages/oslo_config/cfg.py:2602
2026-04-16 00:39:10.658 137288 DEBUG oslo_service.service [req-68ad570d-f062-4ea8-9d1e-e7f1e71e146e - - - - -] non_inheritable_image_properties = ['cache_in_nova', 'bittorrent'] log_opt_values /usr/lib/python3/dist-packages/oslo_config/cfg.py:2602
2026-04-16 00:39:10.658 137288 DEBUG oslo_service.service [req-68ad570d-f062-4ea8-9d1e-e7f1e71e146e - - - - -] osapi_compute_listen = 0.0.0.0 log_opt_values /usr/lib/python3/dist-packages/oslo_config/cfg.py:2602
2026-04-16 00:39:10.658 137288 DEBUG oslo_service.service [req-68ad570d-f062-4ea8-9d1e-e7f1e71e146e - - - - -] osapi_compute_listen_port = 8764 log_opt_values /usr/lib/python3/dist-packages/oslo_config/cfg.py:2602
2026-04-16 00:39:10.659 137288 DEBUG oslo_service.service [req-68ad570d-f062-4ea8-9d1e-e7f1e71e146e - - - - -] osapi_compute_unique_server_name_scope = log_opt_values /usr/lib/python3/dist-packages/oslo_config/cfg.py:2602
2026-04-16 00:39:10.659 137288 DEBUG oslo_service.service [req-68ad570d-f062-4ea8-9d1e-e7f1e71e146e - - - - -] osapi_compute_workers = 4 log_opt_values /usr/lib/python3/dist-packages/oslo_config/cfg.py:2602
2026-04-16 00:39:10.659 137288 DEBUG oslo_service.service [req-68ad570d-f062-4ea8-9d1e-e7f1e71e146e - - - - -] password_length = 12 log_opt_values /usr/lib/python3/dist-packages/oslo_config/cfg.py:2602
2026-04-16 00:39:10.659 137288 DEBUG oslo_service.service [req-68ad570d-f062-4ea8-9d1e-e7f1e71e146e - - - - -] periodic_enable = True log_opt_values /usr/lib/python3/dist-packages/oslo_config/cfg.py:2602
2026-04-16 00:39:10.659 137288 DEBUG oslo_service.service [req-68ad570d-f062-4ea8-9d1e-e7f1e71e146e - - - - -] periodic_fuzzy_delay = 60 log_opt_values /usr/lib/python3/dist-packages/oslo_config/cfg.py:2602
2026-04-16 00:39:10.659 137288 DEBUG oslo_service.service [req-68ad570d-f062-4ea8-9d1e-e7f1e71e146e - - - - -] pointer_model = usbtablet log_opt_values /usr/lib/python3/dist-packages/oslo_config/cfg.py:2602
2026-04-16 00:39:10.660 137288 DEBUG oslo_service.service [req-68ad570d-f062-4ea8-9d1e-e7f1e71e146e - - - - -] preallocate_images = none log_opt_values /usr/lib/python3/dist-packages/oslo_config/cfg.py:2602
2026-04-16 00:39:10.660 137288 DEBUG oslo_service.service [req-68ad570d-f062-4ea8-9d1e-e7f1e71e146e - - - - -] publish_errors = False log_opt_values /usr/lib/python3/dist-packages/oslo_config/cfg.py:2602
2026-04-16 00:39:10.660 137288 DEBUG oslo_service.service [req-68ad570d-f062-4ea8-9d1e-e7f1e71e146e - - - - -] pybasedir = /usr/lib/python3/dist-packages log_opt_values /usr/lib/python3/dist-packages/oslo_config/cfg.py:2602
2026-04-16 00:39:10.660 137288 DEBUG oslo_service.service [req-68ad570d-f062-4ea8-9d1e-e7f1e71e146e - - - - -] ram_allocation_ratio = 0.98 log_opt_values /usr/lib/python3/dist-packages/oslo_config/cfg.py:2602
2026-04-16 00:39:10.660 137288 DEBUG oslo_service.service [req-68ad570d-f062-4ea8-9d1e-e7f1e71e146e - - - - -] rate_limit_burst = 0 log_opt_values /usr/lib/python3/dist-packages/oslo_config/cfg.py:2602
2026-04-16 00:39:10.660 137288 DEBUG oslo_service.service [req-68ad570d-f062-4ea8-9d1e-e7f1e71e146e - - - - -] rate_limit_except_level = CRITICAL log_opt_values /usr/lib/python3/dist-packages/oslo_config/cfg.py:2602
2026-04-16 00:39:10.661 137288 DEBUG oslo_service.service [req-68ad570d-f062-4ea8-9d1e-e7f1e71e146e - - - - -] rate_limit_interval = 0 log_opt_values /usr/lib/python3/dist-packages/oslo_config/cfg.py:2602
2026-04-16 00:39:10.661 137597 DEBUG oslo_messaging._drivers.amqpdriver [-] AMQPListener connection timeout poll /usr/lib/python3/dist-packages/oslo_messaging/_drivers/amqpdriver.py:360
2026-04-16 00:39:10.663 137288 DEBUG oslo_service.service [req-68ad570d-f062-4ea8-9d1e-e7f1e71e146e - - - - -] reboot_timeout = 0 log_opt_values /usr/lib/python3/dist-packages/oslo_config/cfg.py:2602
2026-04-16 00:39:10.663 137597 DEBUG oslo_messaging._drivers.amqpdriver [-] Listener is running poll /usr/lib/python3/dist-packages/oslo_messaging/_drivers/amqpdriver.py:343
2026-04-16 00:39:10.663 137288 DEBUG oslo_service.service [req-68ad570d-f062-4ea8-9d1e-e7f1e71e146e - - - - -] reclaim_instance_interval = 0 log_opt_values /usr/lib/python3/dist-packages/oslo_config/cfg.py:2602
2026-04-16 00:39:10.664 137288 DEBUG oslo_service.service [req-68ad570d-f062-4ea8-9d1e-e7f1e71e146e - - - - -] record = None log_opt_values /usr/lib/python3/dist-packages/oslo_config/cfg.py:2602
2026-04-16 00:39:10.664 137288 DEBUG oslo_service.service [req-68ad570d-f062-4ea8-9d1e-e7f1e71e146e - - - - -] report_interval = 10 log_opt_values /usr/lib/python3/dist-packages/oslo_config/cfg.py:2602
2026-04-16 00:39:10.664 137288 DEBUG oslo_service.service [req-68ad570d-f062-4ea8-9d1e-e7f1e71e146e - - - - -] rescue_timeout = 0 log_opt_values /usr/lib/python3/dist-packages/oslo_config/cfg.py:2602
2026-04-16 00:39:10.664 137288 DEBUG oslo_service.service [req-68ad570d-f062-4ea8-9d1e-e7f1e71e146e - - - - -] reserved_host_cpus = 0 log_opt_values /usr/lib/python3/dist-packages/oslo_config/cfg.py:2602
2026-04-16 00:39:10.664 137288 DEBUG oslo_service.service [req-68ad570d-f062-4ea8-9d1e-e7f1e71e146e - - - - -] reserved_host_disk_mb = 0 log_opt_values /usr/lib/python3/dist-packages/oslo_config/cfg.py:2602
2026-04-16 00:39:10.664 137288 DEBUG oslo_service.service [req-68ad570d-f062-4ea8-9d1e-e7f1e71e146e - - - - -] reserved_host_memory_mb = 512 log_opt_values /usr/lib/python3/dist-packages/oslo_config/cfg.py:2602
2026-04-16 00:39:10.664 137288 DEBUG oslo_service.service [req-68ad570d-f062-4ea8-9d1e-e7f1e71e146e - - - - -] reserved_huge_pages = None log_opt_values /usr/lib/python3/dist-packages/oslo_config/cfg.py:2602
2026-04-16 00:39:10.665 137288 DEBUG oslo_service.service [req-68ad570d-f062-4ea8-9d1e-e7f1e71e146e - - - - -] resize_confirm_window = 0 log_opt_values /usr/lib/python3/dist-packages/oslo_config/cfg.py:2602
2026-04-16 00:39:10.665 137288 DEBUG oslo_service.service [req-68ad570d-f062-4ea8-9d1e-e7f1e71e146e - - - - -] resize_fs_using_block_device = False log_opt_values /usr/lib/python3/dist-packages/oslo_config/cfg.py:2602
2026-04-16 00:39:10.665 137288 DEBUG oslo_service.service [req-68ad570d-f062-4ea8-9d1e-e7f1e71e146e - - - - -] resume_guests_state_on_host_boot = False log_opt_values /usr/lib/python3/dist-packages/oslo_config/cfg.py:2602
2026-04-16 00:39:10.665 137288 DEBUG oslo_service.service [req-68ad570d-f062-4ea8-9d1e-e7f1e71e146e - - - - -] rootwrap_config = /etc/nova/rootwrap.conf log_opt_values /usr/lib/python3/dist-packages/oslo_config/cfg.py:2602
2026-04-16 00:39:10.665 137288 DEBUG oslo_service.service [req-68ad570d-f062-4ea8-9d1e-e7f1e71e146e - - - - -] run_external_periodic_tasks = True log_opt_values /usr/lib/python3/dist-packages/oslo_config/cfg.py:2602
2026-04-16 00:39:10.665 137288 DEBUG oslo_service.service [req-68ad570d-f062-4ea8-9d1e-e7f1e71e146e - - - - -] running_deleted_instance_action = reap log_opt_values /usr/lib/python3/dist-packages/oslo_config/cfg.py:2602
2026-04-16 00:39:10.664 137597 DEBUG oslo_messaging._drivers.amqpdriver [-] AMQPListener connection consume poll /usr/lib/python3/dist-packages/oslo_messaging/_drivers/amqpdriver.py:357
2026-04-16 00:39:10.668 137288 DEBUG oslo_service.service [req-68ad570d-f062-4ea8-9d1e-e7f1e71e146e - - - - -] running_deleted_instance_poll_interval = 1800 log_opt_values /usr/lib/python3/dist-packages/oslo_config/cfg.py:2602
2026-04-16 00:39:10.668 137288 DEBUG oslo_service.service [req-68ad570d-f062-4ea8-9d1e-e7f1e71e146e - - - - -] running_deleted_instance_timeout = 0 log_opt_values /usr/lib/python3/dist-packages/oslo_config/cfg.py:2602
2026-04-16 00:39:10.668 137288 DEBUG oslo_service.service [req-68ad570d-f062-4ea8-9d1e-e7f1e71e146e - - - - -] scheduler_instance_sync_interval = 120 log_opt_values /usr/lib/python3/dist-packages/oslo_config/cfg.py:2602
2026-04-16 00:39:10.668 137288 DEBUG oslo_service.service [req-68ad570d-f062-4ea8-9d1e-e7f1e71e146e - - - - -] service_down_time = 60 log_opt_values /usr/lib/python3/dist-packages/oslo_config/cfg.py:2602
2026-04-16 00:39:10.668 137288 DEBUG oslo_service.service [req-68ad570d-f062-4ea8-9d1e-e7f1e71e146e - - - - -] servicegroup_driver = db log_opt_values /usr/lib/python3/dist-packages/oslo_config/cfg.py:2602
2026-04-16 00:39:10.669 137288 DEBUG oslo_service.service [req-68ad570d-f062-4ea8-9d1e-e7f1e71e146e - - - - -] shelved_offload_time = 0 log_opt_values /usr/lib/python3/dist-packages/oslo_config/cfg.py:2602
2026-04-16 00:39:10.669 137288 DEBUG oslo_service.service [req-68ad570d-f062-4ea8-9d1e-e7f1e71e146e - - - - -] shelved_poll_interval = 3600 log_opt_values /usr/lib/python3/dist-packages/oslo_config/cfg.py:2602
2026-04-16 00:39:10.669 137288 DEBUG oslo_service.service [req-68ad570d-f062-4ea8-9d1e-e7f1e71e146e - - - - -] shutdown_timeout = 60 log_opt_values /usr/lib/python3/dist-packages/oslo_config/cfg.py:2602
2026-04-16 00:39:10.669 137288 DEBUG oslo_service.service [req-68ad570d-f062-4ea8-9d1e-e7f1e71e146e - - - - -] source_is_ipv6 = False log_opt_values /usr/lib/python3/dist-packages/oslo_config/cfg.py:2602
2026-04-16 00:39:10.669 137288 DEBUG oslo_service.service [req-68ad570d-f062-4ea8-9d1e-e7f1e71e146e - - - - -] ssl_only = False log_opt_values /usr/lib/python3/dist-packages/oslo_config/cfg.py:2602
2026-04-16 00:39:10.669 137288 DEBUG oslo_service.service [req-68ad570d-f062-4ea8-9d1e-e7f1e71e146e - - - - -] state_path = /var/lib/nova log_opt_values /usr/lib/python3/dist-packages/oslo_config/cfg.py:2602
2026-04-16 00:39:10.670 137288 DEBUG oslo_service.service [req-68ad570d-f062-4ea8-9d1e-e7f1e71e146e - - - - -] sync_power_state_interval = 600 log_opt_values /usr/lib/python3/dist-packages/oslo_config/cfg.py:2602
2026-04-16 00:39:10.670 137288 DEBUG oslo_service.service [req-68ad570d-f062-4ea8-9d1e-e7f1e71e146e - - - - -] sync_power_state_pool_size = 1000 log_opt_values /usr/lib/python3/dist-packages/oslo_config/cfg.py:2602
2026-04-16 00:39:10.670 137288 DEBUG oslo_service.service [req-68ad570d-f062-4ea8-9d1e-e7f1e71e146e - - - - -] syslog_log_facility = LOG_USER log_opt_values /usr/lib/python3/dist-packages/oslo_config/cfg.py:2602
2026-04-16 00:39:10.670 137288 DEBUG oslo_service.service [req-68ad570d-f062-4ea8-9d1e-e7f1e71e146e - - - - -] tempdir = None log_opt_values /usr/lib/python3/dist-packages/oslo_config/cfg.py:2602
2026-04-16 00:39:10.670 137599 DEBUG oslo_messaging._drivers.amqpdriver [-] Listener is running poll /usr/lib/python3/dist-packages/oslo_messaging/_drivers/amqpdriver.py:343
2026-04-16 00:39:10.670 137288 DEBUG oslo_service.service [req-68ad570d-f062-4ea8-9d1e-e7f1e71e146e - - - - -] timeout_nbd = 10 log_opt_values /usr/lib/python3/dist-packages/oslo_config/cfg.py:2602
2026-04-16 00:39:10.670 137288 DEBUG oslo_service.service [req-68ad570d-f062-4ea8-9d1e-e7f1e71e146e - - - - -] transport_url = **** log_opt_values /usr/lib/python3/dist-packages/oslo_config/cfg.py:2602
2026-04-16 00:39:10.670 137599 DEBUG oslo_messaging._drivers.amqpdriver [-] AMQPListener connection consume poll /usr/lib/python3/dist-packages/oslo_messaging/_drivers/amqpdriver.py:357
2026-04-16 00:39:10.671 137288 DEBUG oslo_service.service [req-68ad570d-f062-4ea8-9d1e-e7f1e71e146e - - - - -] update_resources_interval = 0 log_opt_values /usr/lib/python3/dist-packages/oslo_config/cfg.py:2602
2026-04-16 00:39:10.671 137288 DEBUG oslo_service.service [req-68ad570d-f062-4ea8-9d1e-e7f1e71e146e - - - - -] use_cow_images = True log_opt_values /usr/lib/python3/dist-packages/oslo_config/cfg.py:2602
2026-04-16 00:39:10.671 137288 DEBUG oslo_service.service [req-68ad570d-f062-4ea8-9d1e-e7f1e71e146e - - - - -] use_eventlog = False log_opt_values /usr/lib/python3/dist-packages/oslo_config/cfg.py:2602
2026-04-16 00:39:10.671 137599 DEBUG nova.service [req-2af83089-99c6-4c0f-b5db-57bf5fed3c07 - - - - -] Join ServiceGroup membership for this service scheduler start /usr/lib/python3/dist-packages/nova/service.py:199
2026-04-16 00:39:10.674 137288 DEBUG oslo_service.service [req-68ad570d-f062-4ea8-9d1e-e7f1e71e146e - - - - -] use_journal = False log_opt_values /usr/lib/python3/dist-packages/oslo_config/cfg.py:2602
2026-04-16 00:39:10.674 137599 DEBUG nova.servicegroup.drivers.db [req-2af83089-99c6-4c0f-b5db-57bf5fed3c07 - - - - -] DB_Driver: join new ServiceGroup member juju-d47972-0-lxd-7 to the scheduler group, service = join /usr/lib/python3/dist-packages/nova/servicegroup/drivers/db.py:44
2026-04-16 00:39:10.674 137288 DEBUG oslo_service.service [req-68ad570d-f062-4ea8-9d1e-e7f1e71e146e - - - - -] use_json = False log_opt_values /usr/lib/python3/dist-packages/oslo_config/cfg.py:2602
2026-04-16 00:39:10.674 137288 DEBUG oslo_service.service [req-68ad570d-f062-4ea8-9d1e-e7f1e71e146e - - - - -] use_rootwrap_daemon = False log_opt_values /usr/lib/python3/dist-packages/oslo_config/cfg.py:2602
2026-04-16 00:39:10.674 137288 DEBUG oslo_service.service [req-68ad570d-f062-4ea8-9d1e-e7f1e71e146e - - - - -] use_stderr = False log_opt_values /usr/lib/python3/dist-packages/oslo_config/cfg.py:2602
2026-04-16 00:39:10.675 137288 DEBUG oslo_service.service [req-68ad570d-f062-4ea8-9d1e-e7f1e71e146e - - - - -] use_syslog = False log_opt_values /usr/lib/python3/dist-packages/oslo_config/cfg.py:2602
2026-04-16 00:39:10.675 137288 DEBUG oslo_service.service [req-68ad570d-f062-4ea8-9d1e-e7f1e71e146e - - - - -] vcpu_pin_set = None log_opt_values /usr/lib/python3/dist-packages/oslo_config/cfg.py:2602
2026-04-16 00:39:10.675 137600 DEBUG oslo_messaging._drivers.amqpdriver [-] Listener is running poll /usr/lib/python3/dist-packages/oslo_messaging/_drivers/amqpdriver.py:343
2026-04-16 00:39:10.675 137288 DEBUG oslo_service.service [req-68ad570d-f062-4ea8-9d1e-e7f1e71e146e - - - - -] vif_plugging_is_fatal = True log_opt_values /usr/lib/python3/dist-packages/oslo_config/cfg.py:2602
2026-04-16 00:39:10.675 137600 DEBUG oslo_messaging._drivers.amqpdriver [-] AMQPListener connection consume poll /usr/lib/python3/dist-packages/oslo_messaging/_drivers/amqpdriver.py:357
2026-04-16 00:39:10.675 137598 DEBUG oslo_messaging._drivers.amqpdriver [-] Listener is running poll /usr/lib/python3/dist-packages/oslo_messaging/_drivers/amqpdriver.py:343
2026-04-16 00:39:10.675 137288 DEBUG oslo_service.service [req-68ad570d-f062-4ea8-9d1e-e7f1e71e146e - - - - -] vif_plugging_timeout = 300 log_opt_values /usr/lib/python3/dist-packages/oslo_config/cfg.py:2602
2026-04-16 00:39:10.675 137288 DEBUG oslo_service.service [req-68ad570d-f062-4ea8-9d1e-e7f1e71e146e - - - - -] virt_mkfs = [] log_opt_values /usr/lib/python3/dist-packages/oslo_config/cfg.py:2602
2026-04-16 00:39:10.675 137598 DEBUG oslo_messaging._drivers.amqpdriver [-] AMQPListener connection consume poll /usr/lib/python3/dist-packages/oslo_messaging/_drivers/amqpdriver.py:357
2026-04-16 00:39:10.675 137288 DEBUG oslo_service.service [req-68ad570d-f062-4ea8-9d1e-e7f1e71e146e - - - - -] volume_usage_poll_interval = 0 log_opt_values /usr/lib/python3/dist-packages/oslo_config/cfg.py:2602
2026-04-16 00:39:10.676 137288 DEBUG oslo_service.service [req-68ad570d-f062-4ea8-9d1e-e7f1e71e146e - - - - -] watch_log_file = False log_opt_values /usr/lib/python3/dist-packages/oslo_config/cfg.py:2602
2026-04-16 00:39:10.675 137600 DEBUG nova.service [req-35612114-bcfd-4dc8-a81f-8c0f730dbcd2 - - - - -] Join ServiceGroup membership for this service scheduler start /usr/lib/python3/dist-packages/nova/service.py:199
2026-04-16 00:39:10.676 137288 DEBUG oslo_service.service [req-68ad570d-f062-4ea8-9d1e-e7f1e71e146e - - - - -] web = /usr/share/spice-html5 log_opt_values /usr/lib/python3/dist-packages/oslo_config/cfg.py:2602
2026-04-16 00:39:10.676 137598 DEBUG nova.service [req-51ce00a9-6748-4b25-9b32-dc5b0035bc41 - - - - -] Join ServiceGroup membership for this service scheduler start /usr/lib/python3/dist-packages/nova/service.py:199
2026-04-16 00:39:10.676 137600 DEBUG nova.servicegroup.drivers.db [req-35612114-bcfd-4dc8-a81f-8c0f730dbcd2 - - - - -] DB_Driver: join new ServiceGroup member juju-d47972-0-lxd-7 to the scheduler group, service = join /usr/lib/python3/dist-packages/nova/servicegroup/drivers/db.py:44
2026-04-16 00:39:10.676 137288 DEBUG oslo_service.service [req-68ad570d-f062-4ea8-9d1e-e7f1e71e146e - - - - -] oslo_concurrency.disable_process_locking = False log_opt_values /usr/lib/python3/dist-packages/oslo_config/cfg.py:2609
2026-04-16 00:39:10.676 137598 DEBUG nova.servicegroup.drivers.db [req-51ce00a9-6748-4b25-9b32-dc5b0035bc41 - - - - -] DB_Driver: join new ServiceGroup member juju-d47972-0-lxd-7 to the scheduler group, service = join /usr/lib/python3/dist-packages/nova/servicegroup/drivers/db.py:44
2026-04-16 00:39:10.676 137288 DEBUG oslo_service.service [req-68ad570d-f062-4ea8-9d1e-e7f1e71e146e - - - - -] oslo_concurrency.lock_path = /var/lock/nova log_opt_values /usr/lib/python3/dist-packages/oslo_config/cfg.py:2609
2026-04-16 00:39:10.677 137288 WARNING oslo_config.cfg [req-68ad570d-f062-4ea8-9d1e-e7f1e71e146e - - - - -] Deprecated: Option "auth_strategy" from group "api" is deprecated for removal ( The only non-default choice, ``noauth2``, is for internal development and testing purposes only and should not be used in deployments. This option and its middleware, NoAuthMiddleware[V2_18], will be removed in a future release. ). Its value may be silently ignored in the future.
2026-04-16 00:39:10.677 137599 DEBUG oslo_messaging._drivers.amqpdriver [-] AMQPListener connection timeout poll /usr/lib/python3/dist-packages/oslo_messaging/_drivers/amqpdriver.py:360
2026-04-16 00:39:10.678 137599 DEBUG oslo_messaging._drivers.amqpdriver [-] Listener is running poll /usr/lib/python3/dist-packages/oslo_messaging/_drivers/amqpdriver.py:343
2026-04-16 00:39:10.678 137288 DEBUG oslo_service.service [req-68ad570d-f062-4ea8-9d1e-e7f1e71e146e - - - - -] api.auth_strategy = keystone log_opt_values /usr/lib/python3/dist-packages/oslo_config/cfg.py:2609
2026-04-16 00:39:10.678 137599 DEBUG oslo_messaging._drivers.amqpdriver [-] AMQPListener connection consume poll /usr/lib/python3/dist-packages/oslo_messaging/_drivers/amqpdriver.py:357
2026-04-16 00:39:10.678 137288 DEBUG oslo_service.service [req-68ad570d-f062-4ea8-9d1e-e7f1e71e146e - - - - -] api.compute_link_prefix = None log_opt_values /usr/lib/python3/dist-packages/oslo_config/cfg.py:2609
2026-04-16 00:39:10.678 137598 DEBUG oslo_messaging._drivers.amqpdriver [-] AMQPListener connection timeout poll /usr/lib/python3/dist-packages/oslo_messaging/_drivers/amqpdriver.py:360
2026-04-16 00:39:10.678 137598 DEBUG oslo_messaging._drivers.amqpdriver [-] Listener is running poll /usr/lib/python3/dist-packages/oslo_messaging/_drivers/amqpdriver.py:343
2026-04-16 00:39:10.679 137598 DEBUG oslo_messaging._drivers.amqpdriver [-] AMQPListener connection consume poll /usr/lib/python3/dist-packages/oslo_messaging/_drivers/amqpdriver.py:357
2026-04-16 00:39:10.678 137288 DEBUG oslo_service.service [req-68ad570d-f062-4ea8-9d1e-e7f1e71e146e - - - - -] api.config_drive_skip_versions = 1.0 2007-01-19 2007-03-01 2007-08-29 2007-10-10 2007-12-15 2008-02-01 2008-09-01 log_opt_values /usr/lib/python3/dist-packages/oslo_config/cfg.py:2609
2026-04-16 00:39:10.679 137288 DEBUG oslo_service.service [req-68ad570d-f062-4ea8-9d1e-e7f1e71e146e - - - - -] api.dhcp_domain = novalocal log_opt_values /usr/lib/python3/dist-packages/oslo_config/cfg.py:2609
2026-04-16 00:39:10.679 137600 DEBUG oslo_messaging._drivers.amqpdriver [-] AMQPListener connection timeout poll /usr/lib/python3/dist-packages/oslo_messaging/_drivers/amqpdriver.py:360
2026-04-16 00:39:10.679 137288 DEBUG oslo_service.service [req-68ad570d-f062-4ea8-9d1e-e7f1e71e146e - - - - -] api.enable_instance_password = True log_opt_values /usr/lib/python3/dist-packages/oslo_config/cfg.py:2609
2026-04-16 00:39:10.679 137600 DEBUG oslo_messaging._drivers.amqpdriver [-] Listener is running poll /usr/lib/python3/dist-packages/oslo_messaging/_drivers/amqpdriver.py:343
2026-04-16 00:39:10.679 137288 DEBUG oslo_service.service [req-68ad570d-f062-4ea8-9d1e-e7f1e71e146e - - - - -] api.glance_link_prefix = None log_opt_values /usr/lib/python3/dist-packages/oslo_config/cfg.py:2609
2026-04-16 00:39:10.679 137600 DEBUG oslo_messaging._drivers.amqpdriver [-] AMQPListener connection consume poll /usr/lib/python3/dist-packages/oslo_messaging/_drivers/amqpdriver.py:357
2026-04-16 00:39:10.679 137288 DEBUG oslo_service.service [req-68ad570d-f062-4ea8-9d1e-e7f1e71e146e - - - - -] api.instance_list_cells_batch_fixed_size = 100 log_opt_values /usr/lib/python3/dist-packages/oslo_config/cfg.py:2609
2026-04-16 00:39:10.679 137288 DEBUG oslo_service.service [req-68ad570d-f062-4ea8-9d1e-e7f1e71e146e - - - - -] api.instance_list_cells_batch_strategy = distributed log_opt_values /usr/lib/python3/dist-packages/oslo_config/cfg.py:2609
2026-04-16 00:39:10.680 137288 DEBUG oslo_service.service [req-68ad570d-f062-4ea8-9d1e-e7f1e71e146e - - - - -] api.instance_list_per_project_cells = False log_opt_values /usr/lib/python3/dist-packages/oslo_config/cfg.py:2609
2026-04-16 00:39:10.680 137288 DEBUG oslo_service.service [req-68ad570d-f062-4ea8-9d1e-e7f1e71e146e - - - - -] api.list_records_by_skipping_down_cells = True log_opt_values /usr/lib/python3/dist-packages/oslo_config/cfg.py:2609
2026-04-16 00:39:10.680 137288 DEBUG oslo_service.service [req-68ad570d-f062-4ea8-9d1e-e7f1e71e146e - - - - -] api.local_metadata_per_cell = False log_opt_values /usr/lib/python3/dist-packages/oslo_config/cfg.py:2609
2026-04-16 00:39:10.680 137288 DEBUG oslo_service.service [req-68ad570d-f062-4ea8-9d1e-e7f1e71e146e - - - - -] api.max_limit = 1000 log_opt_values /usr/lib/python3/dist-packages/oslo_config/cfg.py:2609
2026-04-16 00:39:10.680 137288 DEBUG oslo_service.service [req-68ad570d-f062-4ea8-9d1e-e7f1e71e146e - - - - -] api.metadata_cache_expiration = 15 log_opt_values /usr/lib/python3/dist-packages/oslo_config/cfg.py:2609
2026-04-16 00:39:10.680 137288 DEBUG oslo_service.service [req-68ad570d-f062-4ea8-9d1e-e7f1e71e146e - - - - -] api.neutron_default_tenant_id = default log_opt_values /usr/lib/python3/dist-packages/oslo_config/cfg.py:2609
2026-04-16 00:39:10.681 137288 DEBUG oslo_service.service [req-68ad570d-f062-4ea8-9d1e-e7f1e71e146e - - - - -] api.use_forwarded_for = False log_opt_values /usr/lib/python3/dist-packages/oslo_config/cfg.py:2609
2026-04-16 00:39:10.681 137288 DEBUG oslo_service.service [req-68ad570d-f062-4ea8-9d1e-e7f1e71e146e - - - - -] api.use_neutron_default_nets = False log_opt_values /usr/lib/python3/dist-packages/oslo_config/cfg.py:2609
2026-04-16 00:39:10.681 137288 DEBUG oslo_service.service [req-68ad570d-f062-4ea8-9d1e-e7f1e71e146e - - - - -] api.vendordata_dynamic_connect_timeout = 5 log_opt_values /usr/lib/python3/dist-packages/oslo_config/cfg.py:2609
2026-04-16 00:39:10.681 137288 DEBUG oslo_service.service [req-68ad570d-f062-4ea8-9d1e-e7f1e71e146e - - - - -] api.vendordata_dynamic_failure_fatal = False log_opt_values /usr/lib/python3/dist-packages/oslo_config/cfg.py:2609
2026-04-16 00:39:10.681 137288 DEBUG oslo_service.service [req-68ad570d-f062-4ea8-9d1e-e7f1e71e146e - - - - -] api.vendordata_dynamic_read_timeout = 5 log_opt_values /usr/lib/python3/dist-packages/oslo_config/cfg.py:2609
2026-04-16 00:39:10.682 137288 DEBUG oslo_service.service [req-68ad570d-f062-4ea8-9d1e-e7f1e71e146e - - - - -] api.vendordata_dynamic_ssl_certfile = log_opt_values /usr/lib/python3/dist-packages/oslo_config/cfg.py:2609
2026-04-16 00:39:10.682 137288 DEBUG oslo_service.service [req-68ad570d-f062-4ea8-9d1e-e7f1e71e146e - - - - -] api.vendordata_dynamic_targets = [] log_opt_values /usr/lib/python3/dist-packages/oslo_config/cfg.py:2609
2026-04-16 00:39:10.683 137288 DEBUG oslo_service.service [req-68ad570d-f062-4ea8-9d1e-e7f1e71e146e - - - - -] api.vendordata_jsonfile_path = None log_opt_values /usr/lib/python3/dist-packages/oslo_config/cfg.py:2609
2026-04-16 00:39:10.683 137288 DEBUG oslo_service.service [req-68ad570d-f062-4ea8-9d1e-e7f1e71e146e - - - - -] api.vendordata_providers = ['StaticJSON'] log_opt_values /usr/lib/python3/dist-packages/oslo_config/cfg.py:2609
2026-04-16 00:39:10.683 137288 DEBUG oslo_service.service [req-68ad570d-f062-4ea8-9d1e-e7f1e71e146e - - - - -] cache.backend = dogpile.cache.null log_opt_values /usr/lib/python3/dist-packages/oslo_config/cfg.py:2609
2026-04-16 00:39:10.683 137288 DEBUG oslo_service.service [req-68ad570d-f062-4ea8-9d1e-e7f1e71e146e - - - - -] cache.backend_argument = **** log_opt_values /usr/lib/python3/dist-packages/oslo_config/cfg.py:2609
2026-04-16 00:39:10.683 137288 DEBUG oslo_service.service [req-68ad570d-f062-4ea8-9d1e-e7f1e71e146e - - - - -] cache.config_prefix = cache.oslo log_opt_values /usr/lib/python3/dist-packages/oslo_config/cfg.py:2609
2026-04-16 00:39:10.684 137288 DEBUG oslo_service.service [req-68ad570d-f062-4ea8-9d1e-e7f1e71e146e - - - - -] cache.debug_cache_backend = False log_opt_values /usr/lib/python3/dist-packages/oslo_config/cfg.py:2609
2026-04-16 00:39:10.684 137288 DEBUG oslo_service.service [req-68ad570d-f062-4ea8-9d1e-e7f1e71e146e - - - - -] cache.enabled = False log_opt_values /usr/lib/python3/dist-packages/oslo_config/cfg.py:2609
2026-04-16 00:39:10.684 137288 DEBUG oslo_service.service [req-68ad570d-f062-4ea8-9d1e-e7f1e71e146e - - - - -] cache.expiration_time = 600 log_opt_values /usr/lib/python3/dist-packages/oslo_config/cfg.py:2609
2026-04-16 00:39:10.684 137288 DEBUG oslo_service.service [req-68ad570d-f062-4ea8-9d1e-e7f1e71e146e - - - - -] cache.memcache_dead_retry = 300 log_opt_values /usr/lib/python3/dist-packages/oslo_config/cfg.py:2609
2026-04-16 00:39:10.684 137288 DEBUG oslo_service.service [req-68ad570d-f062-4ea8-9d1e-e7f1e71e146e - - - - -] cache.memcache_pool_connection_get_timeout = 10 log_opt_values /usr/lib/python3/dist-packages/oslo_config/cfg.py:2609
2026-04-16 00:39:10.684 137288 DEBUG oslo_service.service [req-68ad570d-f062-4ea8-9d1e-e7f1e71e146e - - - - -] cache.memcache_pool_flush_on_reconnect = False log_opt_values /usr/lib/python3/dist-packages/oslo_config/cfg.py:2609
2026-04-16 00:39:10.685 137288 DEBUG oslo_service.service [req-68ad570d-f062-4ea8-9d1e-e7f1e71e146e - - - - -] cache.memcache_pool_maxsize = 10 log_opt_values /usr/lib/python3/dist-packages/oslo_config/cfg.py:2609
2026-04-16 00:39:10.685 137288 DEBUG oslo_service.service [req-68ad570d-f062-4ea8-9d1e-e7f1e71e146e - - - - -] cache.memcache_pool_unused_timeout = 60 log_opt_values /usr/lib/python3/dist-packages/oslo_config/cfg.py:2609
2026-04-16 00:39:10.685 137288 DEBUG oslo_service.service [req-68ad570d-f062-4ea8-9d1e-e7f1e71e146e - - - - -] cache.memcache_servers = ['localhost:11211'] log_opt_values /usr/lib/python3/dist-packages/oslo_config/cfg.py:2609
2026-04-16 00:39:10.685 137288 DEBUG oslo_service.service [req-68ad570d-f062-4ea8-9d1e-e7f1e71e146e - - - - -] cache.memcache_socket_timeout = 1.0 log_opt_values /usr/lib/python3/dist-packages/oslo_config/cfg.py:2609
2026-04-16 00:39:10.685 137288 DEBUG oslo_service.service [req-68ad570d-f062-4ea8-9d1e-e7f1e71e146e - - - - -] cache.proxies = [] log_opt_values /usr/lib/python3/dist-packages/oslo_config/cfg.py:2609
2026-04-16 00:39:10.685 137288 DEBUG oslo_service.service [req-68ad570d-f062-4ea8-9d1e-e7f1e71e146e - - - - -] cache.tls_allowed_ciphers = None log_opt_values /usr/lib/python3/dist-packages/oslo_config/cfg.py:2609
2026-04-16 00:39:10.686 137288 DEBUG oslo_service.service [req-68ad570d-f062-4ea8-9d1e-e7f1e71e146e - - - - -] cache.tls_cafile = None log_opt_values /usr/lib/python3/dist-packages/oslo_config/cfg.py:2609
2026-04-16 00:39:10.686 137288 DEBUG oslo_service.service [req-68ad570d-f062-4ea8-9d1e-e7f1e71e146e - - - - -] cache.tls_certfile = None log_opt_values /usr/lib/python3/dist-packages/oslo_config/cfg.py:2609
2026-04-16 00:39:10.686 137288 DEBUG oslo_service.service [req-68ad570d-f062-4ea8-9d1e-e7f1e71e146e - - - - -] cache.tls_enabled = False log_opt_values /usr/lib/python3/dist-packages/oslo_config/cfg.py:2609
2026-04-16 00:39:10.686 137288 DEBUG oslo_service.service [req-68ad570d-f062-4ea8-9d1e-e7f1e71e146e - - - - -] cache.tls_keyfile = None log_opt_values /usr/lib/python3/dist-packages/oslo_config/cfg.py:2609
2026-04-16 00:39:10.686 137288 DEBUG oslo_service.service [req-68ad570d-f062-4ea8-9d1e-e7f1e71e146e - - - - -] cinder.auth_section = None log_opt_values /usr/lib/python3/dist-packages/oslo_config/cfg.py:2609
2026-04-16 00:39:10.689 137288 DEBUG oslo_service.service [req-68ad570d-f062-4ea8-9d1e-e7f1e71e146e - - - - -] cinder.auth_type = None log_opt_values /usr/lib/python3/dist-packages/oslo_config/cfg.py:2609
2026-04-16 00:39:10.689 137288 DEBUG oslo_service.service [req-68ad570d-f062-4ea8-9d1e-e7f1e71e146e - - - - -] cinder.cafile = None log_opt_values /usr/lib/python3/dist-packages/oslo_config/cfg.py:2609
2026-04-16 00:39:10.689 137288 DEBUG oslo_service.service [req-68ad570d-f062-4ea8-9d1e-e7f1e71e146e - - - - -] cinder.catalog_info = volumev3::publicURL log_opt_values /usr/lib/python3/dist-packages/oslo_config/cfg.py:2609
2026-04-16 00:39:10.689 137288 DEBUG oslo_service.service [req-68ad570d-f062-4ea8-9d1e-e7f1e71e146e - - - - -] cinder.certfile = None log_opt_values /usr/lib/python3/dist-packages/oslo_config/cfg.py:2609
2026-04-16 00:39:10.690 137288 DEBUG oslo_service.service [req-68ad570d-f062-4ea8-9d1e-e7f1e71e146e - - - - -] cinder.collect_timing = False log_opt_values /usr/lib/python3/dist-packages/oslo_config/cfg.py:2609
2026-04-16 00:39:10.690 137288 DEBUG oslo_service.service [req-68ad570d-f062-4ea8-9d1e-e7f1e71e146e - - - - -] cinder.cross_az_attach = True log_opt_values /usr/lib/python3/dist-packages/oslo_config/cfg.py:2609
2026-04-16 00:39:10.690 137288 DEBUG oslo_service.service [req-68ad570d-f062-4ea8-9d1e-e7f1e71e146e - - - - -] cinder.debug = False log_opt_values /usr/lib/python3/dist-packages/oslo_config/cfg.py:2609
2026-04-16 00:39:10.690 137288 DEBUG oslo_service.service [req-68ad570d-f062-4ea8-9d1e-e7f1e71e146e - - - - -] cinder.endpoint_template = None log_opt_values /usr/lib/python3/dist-packages/oslo_config/cfg.py:2609
2026-04-16 00:39:10.690 137288 DEBUG oslo_service.service [req-68ad570d-f062-4ea8-9d1e-e7f1e71e146e - - - - -] cinder.http_retries = 3 log_opt_values /usr/lib/python3/dist-packages/oslo_config/cfg.py:2609
2026-04-16 00:39:10.690 137288 DEBUG oslo_service.service [req-68ad570d-f062-4ea8-9d1e-e7f1e71e146e - - - - -] cinder.insecure = False log_opt_values /usr/lib/python3/dist-packages/oslo_config/cfg.py:2609
2026-04-16 00:39:10.690 137288 DEBUG oslo_service.service [req-68ad570d-f062-4ea8-9d1e-e7f1e71e146e - - - - -] cinder.keyfile = None log_opt_values /usr/lib/python3/dist-packages/oslo_config/cfg.py:2609
2026-04-16 00:39:10.691 137288 DEBUG oslo_service.service [req-68ad570d-f062-4ea8-9d1e-e7f1e71e146e - - - - -] cinder.os_region_name = None log_opt_values /usr/lib/python3/dist-packages/oslo_config/cfg.py:2609
2026-04-16 00:39:10.691 137288 DEBUG oslo_service.service [req-68ad570d-f062-4ea8-9d1e-e7f1e71e146e - - - - -] cinder.split_loggers = False log_opt_values /usr/lib/python3/dist-packages/oslo_config/cfg.py:2609
2026-04-16 00:39:10.691 137288 DEBUG oslo_service.service [req-68ad570d-f062-4ea8-9d1e-e7f1e71e146e - - - - -] cinder.timeout = None log_opt_values /usr/lib/python3/dist-packages/oslo_config/cfg.py:2609
2026-04-16 00:39:10.691 137288 DEBUG oslo_service.service [req-68ad570d-f062-4ea8-9d1e-e7f1e71e146e - - - - -] compute.consecutive_build_service_disable_threshold = 10 log_opt_values /usr/lib/python3/dist-packages/oslo_config/cfg.py:2609
2026-04-16 00:39:10.691 137288 DEBUG oslo_service.service [req-68ad570d-f062-4ea8-9d1e-e7f1e71e146e - - - - -] compute.cpu_dedicated_set = None log_opt_values /usr/lib/python3/dist-packages/oslo_config/cfg.py:2609
2026-04-16 00:39:10.692 137288 DEBUG oslo_service.service [req-68ad570d-f062-4ea8-9d1e-e7f1e71e146e - - - - -] compute.cpu_shared_set = None log_opt_values /usr/lib/python3/dist-packages/oslo_config/cfg.py:2609
2026-04-16 00:39:10.692 137288 DEBUG oslo_service.service [req-68ad570d-f062-4ea8-9d1e-e7f1e71e146e - - - - -] compute.image_type_exclude_list = [] log_opt_values /usr/lib/python3/dist-packages/oslo_config/cfg.py:2609
2026-04-16 00:39:10.692 137288 DEBUG oslo_service.service [req-68ad570d-f062-4ea8-9d1e-e7f1e71e146e - - - - -] compute.live_migration_wait_for_vif_plug = True log_opt_values /usr/lib/python3/dist-packages/oslo_config/cfg.py:2609
2026-04-16 00:39:10.692 137288 DEBUG oslo_service.service [req-68ad570d-f062-4ea8-9d1e-e7f1e71e146e - - - - -] compute.max_concurrent_disk_ops = 0 log_opt_values /usr/lib/python3/dist-packages/oslo_config/cfg.py:2609
2026-04-16 00:39:10.692 137288 DEBUG oslo_service.service [req-68ad570d-f062-4ea8-9d1e-e7f1e71e146e - - - - -] compute.max_disk_devices_to_attach = -1 log_opt_values /usr/lib/python3/dist-packages/oslo_config/cfg.py:2609
2026-04-16 00:39:10.692 137288 DEBUG oslo_service.service [req-68ad570d-f062-4ea8-9d1e-e7f1e71e146e - - - - -] compute.packing_host_numa_cells_allocation_strategy = True log_opt_values /usr/lib/python3/dist-packages/oslo_config/cfg.py:2609
2026-04-16 00:39:10.693 137288 DEBUG oslo_service.service [req-68ad570d-f062-4ea8-9d1e-e7f1e71e146e - - - - -] compute.provider_config_location = /etc/nova/provider_config/ log_opt_values /usr/lib/python3/dist-packages/oslo_config/cfg.py:2609
2026-04-16 00:39:10.693 137288 DEBUG oslo_service.service [req-68ad570d-f062-4ea8-9d1e-e7f1e71e146e - - - - -] compute.resource_provider_association_refresh = 300 log_opt_values /usr/lib/python3/dist-packages/oslo_config/cfg.py:2609
2026-04-16 00:39:10.693 137288 DEBUG oslo_service.service [req-68ad570d-f062-4ea8-9d1e-e7f1e71e146e - - - - -] compute.shutdown_retry_interval = 10 log_opt_values /usr/lib/python3/dist-packages/oslo_config/cfg.py:2609
2026-04-16 00:39:10.693 137288 DEBUG oslo_service.service [req-68ad570d-f062-4ea8-9d1e-e7f1e71e146e - - - - -] compute.vmdk_allowed_types = ['streamOptimized', 'monolithicSparse'] log_opt_values /usr/lib/python3/dist-packages/oslo_config/cfg.py:2609
2026-04-16 00:39:10.693 137288 DEBUG oslo_service.service [req-68ad570d-f062-4ea8-9d1e-e7f1e71e146e - - - - -] conductor.workers = 4 log_opt_values /usr/lib/python3/dist-packages/oslo_config/cfg.py:2609
2026-04-16 00:39:10.694 137288 DEBUG oslo_service.service [req-68ad570d-f062-4ea8-9d1e-e7f1e71e146e - - - - -] console.allowed_origins = [] log_opt_values /usr/lib/python3/dist-packages/oslo_config/cfg.py:2609
2026-04-16 00:39:10.694 137288 DEBUG oslo_service.service [req-68ad570d-f062-4ea8-9d1e-e7f1e71e146e - - - - -] console.ssl_ciphers = None log_opt_values /usr/lib/python3/dist-packages/oslo_config/cfg.py:2609
2026-04-16 00:39:10.694 137288 DEBUG oslo_service.service [req-68ad570d-f062-4ea8-9d1e-e7f1e71e146e - - - - -] console.ssl_minimum_version = default log_opt_values /usr/lib/python3/dist-packages/oslo_config/cfg.py:2609
2026-04-16 00:39:10.697 137288 DEBUG oslo_service.service [req-68ad570d-f062-4ea8-9d1e-e7f1e71e146e - - - - -] consoleauth.token_ttl = 600 log_opt_values /usr/lib/python3/dist-packages/oslo_config/cfg.py:2609
2026-04-16 00:39:10.697 137288 DEBUG oslo_service.service [req-68ad570d-f062-4ea8-9d1e-e7f1e71e146e - - - - -] cyborg.cafile = None log_opt_values /usr/lib/python3/dist-packages/oslo_config/cfg.py:2609
2026-04-16 00:39:10.698 137288 DEBUG oslo_service.service [req-68ad570d-f062-4ea8-9d1e-e7f1e71e146e - - - - -] cyborg.certfile = None log_opt_values /usr/lib/python3/dist-packages/oslo_config/cfg.py:2609
2026-04-16 00:39:10.698 137288 DEBUG oslo_service.service [req-68ad570d-f062-4ea8-9d1e-e7f1e71e146e - - - - -] cyborg.collect_timing = False log_opt_values /usr/lib/python3/dist-packages/oslo_config/cfg.py:2609
2026-04-16 00:39:10.698 137288 DEBUG oslo_service.service [req-68ad570d-f062-4ea8-9d1e-e7f1e71e146e - - - - -] cyborg.connect_retries = None log_opt_values /usr/lib/python3/dist-packages/oslo_config/cfg.py:2609
2026-04-16 00:39:10.698 137288 DEBUG oslo_service.service [req-68ad570d-f062-4ea8-9d1e-e7f1e71e146e - - - - -] cyborg.connect_retry_delay = None log_opt_values /usr/lib/python3/dist-packages/oslo_config/cfg.py:2609
2026-04-16 00:39:10.699 137288 DEBUG oslo_service.service [req-68ad570d-f062-4ea8-9d1e-e7f1e71e146e - - - - -] cyborg.endpoint_override = None log_opt_values /usr/lib/python3/dist-packages/oslo_config/cfg.py:2609
2026-04-16 00:39:10.699 137288 DEBUG oslo_service.service [req-68ad570d-f062-4ea8-9d1e-e7f1e71e146e - - - - -] cyborg.insecure = False log_opt_values /usr/lib/python3/dist-packages/oslo_config/cfg.py:2609
2026-04-16 00:39:10.699 137288 DEBUG oslo_service.service [req-68ad570d-f062-4ea8-9d1e-e7f1e71e146e - - - - -] cyborg.keyfile = None log_opt_values /usr/lib/python3/dist-packages/oslo_config/cfg.py:2609
2026-04-16 00:39:10.699 137288 DEBUG oslo_service.service [req-68ad570d-f062-4ea8-9d1e-e7f1e71e146e - - - - -] cyborg.max_version = None log_opt_values /usr/lib/python3/dist-packages/oslo_config/cfg.py:2609
2026-04-16 00:39:10.699 137288 DEBUG oslo_service.service [req-68ad570d-f062-4ea8-9d1e-e7f1e71e146e - - - - -] cyborg.min_version = None log_opt_values /usr/lib/python3/dist-packages/oslo_config/cfg.py:2609
2026-04-16 00:39:10.700 137288 DEBUG oslo_service.service [req-68ad570d-f062-4ea8-9d1e-e7f1e71e146e - - - - -] cyborg.region_name = None log_opt_values /usr/lib/python3/dist-packages/oslo_config/cfg.py:2609
2026-04-16 00:39:10.700 137288 DEBUG oslo_service.service [req-68ad570d-f062-4ea8-9d1e-e7f1e71e146e - - - - -] cyborg.service_name = None log_opt_values /usr/lib/python3/dist-packages/oslo_config/cfg.py:2609
2026-04-16 00:39:10.700 137288 DEBUG oslo_service.service [req-68ad570d-f062-4ea8-9d1e-e7f1e71e146e - - - - -] cyborg.service_type = accelerator log_opt_values /usr/lib/python3/dist-packages/oslo_config/cfg.py:2609
2026-04-16 00:39:10.700 137288 DEBUG oslo_service.service [req-68ad570d-f062-4ea8-9d1e-e7f1e71e146e - - - - -] cyborg.split_loggers = False log_opt_values /usr/lib/python3/dist-packages/oslo_config/cfg.py:2609
2026-04-16 00:39:10.700 137288 DEBUG oslo_service.service [req-68ad570d-f062-4ea8-9d1e-e7f1e71e146e - - - - -] cyborg.status_code_retries = None log_opt_values /usr/lib/python3/dist-packages/oslo_config/cfg.py:2609
2026-04-16 00:39:10.703 137288 DEBUG oslo_service.service [req-68ad570d-f062-4ea8-9d1e-e7f1e71e146e - - - - -] cyborg.status_code_retry_delay = None log_opt_values /usr/lib/python3/dist-packages/oslo_config/cfg.py:2609
2026-04-16 00:39:10.703 137288 DEBUG oslo_service.service [req-68ad570d-f062-4ea8-9d1e-e7f1e71e146e - - - - -] cyborg.timeout = None log_opt_values /usr/lib/python3/dist-packages/oslo_config/cfg.py:2609
2026-04-16 00:39:10.703 137288 DEBUG oslo_service.service [req-68ad570d-f062-4ea8-9d1e-e7f1e71e146e - - - - -] cyborg.valid_interfaces = ['internal', 'public'] log_opt_values /usr/lib/python3/dist-packages/oslo_config/cfg.py:2609
2026-04-16 00:39:10.704 137288 DEBUG oslo_service.service [req-68ad570d-f062-4ea8-9d1e-e7f1e71e146e - - - - -] cyborg.version = None log_opt_values /usr/lib/python3/dist-packages/oslo_config/cfg.py:2609
2026-04-16 00:39:10.704 137288 DEBUG oslo_service.service [req-68ad570d-f062-4ea8-9d1e-e7f1e71e146e - - - - -] database.backend = sqlalchemy log_opt_values /usr/lib/python3/dist-packages/oslo_config/cfg.py:2609
2026-04-16 00:39:10.704 137288 DEBUG oslo_service.service [req-68ad570d-f062-4ea8-9d1e-e7f1e71e146e - - - - -] database.connection = **** log_opt_values /usr/lib/python3/dist-packages/oslo_config/cfg.py:2609
2026-04-16 00:39:10.704 137288 DEBUG oslo_service.service [req-68ad570d-f062-4ea8-9d1e-e7f1e71e146e - - - - -] database.connection_debug = 0 log_opt_values /usr/lib/python3/dist-packages/oslo_config/cfg.py:2609
2026-04-16 00:39:10.705 137288 DEBUG oslo_service.service [req-68ad570d-f062-4ea8-9d1e-e7f1e71e146e - - - - -] database.connection_parameters = log_opt_values /usr/lib/python3/dist-packages/oslo_config/cfg.py:2609
2026-04-16 00:39:10.705 137288 DEBUG oslo_service.service [req-68ad570d-f062-4ea8-9d1e-e7f1e71e146e - - - - -] database.connection_recycle_time = 3600 log_opt_values /usr/lib/python3/dist-packages/oslo_config/cfg.py:2609
2026-04-16 00:39:10.705 137288 DEBUG oslo_service.service [req-68ad570d-f062-4ea8-9d1e-e7f1e71e146e - - - - -] database.connection_trace = False log_opt_values /usr/lib/python3/dist-packages/oslo_config/cfg.py:2609
2026-04-16 00:39:10.705 137288 DEBUG oslo_service.service [req-68ad570d-f062-4ea8-9d1e-e7f1e71e146e - - - - -] database.db_inc_retry_interval = True log_opt_values /usr/lib/python3/dist-packages/oslo_config/cfg.py:2609
2026-04-16 00:39:10.706 137288 DEBUG oslo_service.service [req-68ad570d-f062-4ea8-9d1e-e7f1e71e146e - - - - -] database.db_max_retries = 20 log_opt_values /usr/lib/python3/dist-packages/oslo_config/cfg.py:2609
2026-04-16 00:39:10.706 137288 DEBUG oslo_service.service [req-68ad570d-f062-4ea8-9d1e-e7f1e71e146e - - - - -] database.db_max_retry_interval = 10 log_opt_values /usr/lib/python3/dist-packages/oslo_config/cfg.py:2609
2026-04-16 00:39:10.706 137288 DEBUG oslo_service.service [req-68ad570d-f062-4ea8-9d1e-e7f1e71e146e - - - - -] database.db_retry_interval = 1 log_opt_values /usr/lib/python3/dist-packages/oslo_config/cfg.py:2609
2026-04-16 00:39:10.706 137288 DEBUG oslo_service.service [req-68ad570d-f062-4ea8-9d1e-e7f1e71e146e - - - - -] database.max_overflow = 50 log_opt_values /usr/lib/python3/dist-packages/oslo_config/cfg.py:2609
2026-04-16 00:39:10.707 137288 DEBUG oslo_service.service [req-68ad570d-f062-4ea8-9d1e-e7f1e71e146e - - - - -] database.max_pool_size = 4 log_opt_values /usr/lib/python3/dist-packages/oslo_config/cfg.py:2609
2026-04-16 00:39:10.707 137288 DEBUG oslo_service.service [req-68ad570d-f062-4ea8-9d1e-e7f1e71e146e - - - - -] database.max_retries = 10 log_opt_values /usr/lib/python3/dist-packages/oslo_config/cfg.py:2609
2026-04-16 00:39:10.708 137288 DEBUG oslo_service.service [req-68ad570d-f062-4ea8-9d1e-e7f1e71e146e - - - - -] database.mysql_enable_ndb = False log_opt_values /usr/lib/python3/dist-packages/oslo_config/cfg.py:2609
2026-04-16 00:39:10.708 137288 DEBUG oslo_service.service [req-68ad570d-f062-4ea8-9d1e-e7f1e71e146e - - - - -] database.mysql_sql_mode = TRADITIONAL log_opt_values /usr/lib/python3/dist-packages/oslo_config/cfg.py:2609
2026-04-16 00:39:10.708 137288 DEBUG oslo_service.service [req-68ad570d-f062-4ea8-9d1e-e7f1e71e146e - - - - -] database.pool_timeout = None log_opt_values /usr/lib/python3/dist-packages/oslo_config/cfg.py:2609
2026-04-16 00:39:10.708 137288 DEBUG oslo_service.service [req-68ad570d-f062-4ea8-9d1e-e7f1e71e146e - - - - -] database.retry_interval = 10 log_opt_values /usr/lib/python3/dist-packages/oslo_config/cfg.py:2609
2026-04-16 00:39:10.708 137288 DEBUG oslo_service.service [req-68ad570d-f062-4ea8-9d1e-e7f1e71e146e - - - - -] database.slave_connection = **** log_opt_values /usr/lib/python3/dist-packages/oslo_config/cfg.py:2609
2026-04-16 00:39:10.709 137288 DEBUG oslo_service.service [req-68ad570d-f062-4ea8-9d1e-e7f1e71e146e - - - - -] database.sqlite_synchronous = True log_opt_values /usr/lib/python3/dist-packages/oslo_config/cfg.py:2609
2026-04-16 00:39:10.709 137288 DEBUG oslo_service.service [req-68ad570d-f062-4ea8-9d1e-e7f1e71e146e - - - - -] database.use_db_reconnect = False log_opt_values /usr/lib/python3/dist-packages/oslo_config/cfg.py:2609
2026-04-16 00:39:10.709 137288 DEBUG oslo_service.service [req-68ad570d-f062-4ea8-9d1e-e7f1e71e146e - - - - -] api_database.backend = sqlalchemy log_opt_values /usr/lib/python3/dist-packages/oslo_config/cfg.py:2609
2026-04-16 00:39:10.709 137288 DEBUG oslo_service.service [req-68ad570d-f062-4ea8-9d1e-e7f1e71e146e - - - - -] api_database.connection = **** log_opt_values /usr/lib/python3/dist-packages/oslo_config/cfg.py:2609
2026-04-16 00:39:10.710 137288 DEBUG oslo_service.service [req-68ad570d-f062-4ea8-9d1e-e7f1e71e146e - - - - -] api_database.connection_debug = 0 log_opt_values /usr/lib/python3/dist-packages/oslo_config/cfg.py:2609
2026-04-16 00:39:10.710 137288 DEBUG oslo_service.service [req-68ad570d-f062-4ea8-9d1e-e7f1e71e146e - - - - -] api_database.connection_parameters = log_opt_values /usr/lib/python3/dist-packages/oslo_config/cfg.py:2609
2026-04-16 00:39:10.710 137288 DEBUG oslo_service.service [req-68ad570d-f062-4ea8-9d1e-e7f1e71e146e - - - - -] api_database.connection_recycle_time = 3600 log_opt_values /usr/lib/python3/dist-packages/oslo_config/cfg.py:2609
2026-04-16 00:39:10.710 137288 DEBUG oslo_service.service [req-68ad570d-f062-4ea8-9d1e-e7f1e71e146e - - - - -] api_database.connection_trace = False log_opt_values /usr/lib/python3/dist-packages/oslo_config/cfg.py:2609
2026-04-16 00:39:10.710 137288 DEBUG oslo_service.service [req-68ad570d-f062-4ea8-9d1e-e7f1e71e146e - - - - -] api_database.db_inc_retry_interval = True log_opt_values /usr/lib/python3/dist-packages/oslo_config/cfg.py:2609
2026-04-16 00:39:10.711 137288 DEBUG oslo_service.service [req-68ad570d-f062-4ea8-9d1e-e7f1e71e146e - - - - -] api_database.db_max_retries = 20 log_opt_values /usr/lib/python3/dist-packages/oslo_config/cfg.py:2609
2026-04-16 00:39:10.711 137288 DEBUG oslo_service.service [req-68ad570d-f062-4ea8-9d1e-e7f1e71e146e - - - - -] api_database.db_max_retry_interval = 10 log_opt_values /usr/lib/python3/dist-packages/oslo_config/cfg.py:2609
2026-04-16 00:39:10.711 137288 DEBUG oslo_service.service [req-68ad570d-f062-4ea8-9d1e-e7f1e71e146e - - - - -] api_database.db_retry_interval = 1 log_opt_values /usr/lib/python3/dist-packages/oslo_config/cfg.py:2609
2026-04-16 00:39:10.711 137288 DEBUG oslo_service.service [req-68ad570d-f062-4ea8-9d1e-e7f1e71e146e - - - - -] api_database.max_overflow = 50 log_opt_values /usr/lib/python3/dist-packages/oslo_config/cfg.py:2609
2026-04-16 00:39:10.711 137288 DEBUG oslo_service.service [req-68ad570d-f062-4ea8-9d1e-e7f1e71e146e - - - - -] api_database.max_pool_size = 4 log_opt_values /usr/lib/python3/dist-packages/oslo_config/cfg.py:2609
2026-04-16 00:39:10.711 137288 DEBUG oslo_service.service [req-68ad570d-f062-4ea8-9d1e-e7f1e71e146e - - - - -] api_database.max_retries = 10 log_opt_values /usr/lib/python3/dist-packages/oslo_config/cfg.py:2609
2026-04-16 00:39:10.712 137288 DEBUG oslo_service.service [req-68ad570d-f062-4ea8-9d1e-e7f1e71e146e - - - - -] api_database.mysql_enable_ndb = False log_opt_values /usr/lib/python3/dist-packages/oslo_config/cfg.py:2609
2026-04-16 00:39:10.713 137288 DEBUG oslo_service.service [req-68ad570d-f062-4ea8-9d1e-e7f1e71e146e - - - - -] api_database.mysql_sql_mode = TRADITIONAL log_opt_values /usr/lib/python3/dist-packages/oslo_config/cfg.py:2609
2026-04-16 00:39:10.713 137288 DEBUG oslo_service.service [req-68ad570d-f062-4ea8-9d1e-e7f1e71e146e - - - - -] api_database.pool_timeout = None log_opt_values /usr/lib/python3/dist-packages/oslo_config/cfg.py:2609
2026-04-16 00:39:10.713 137288 DEBUG oslo_service.service [req-68ad570d-f062-4ea8-9d1e-e7f1e71e146e - - - - -] api_database.retry_interval = 10 log_opt_values /usr/lib/python3/dist-packages/oslo_config/cfg.py:2609
2026-04-16 00:39:10.714 137288 DEBUG oslo_service.service [req-68ad570d-f062-4ea8-9d1e-e7f1e71e146e - - - - -] api_database.slave_connection = **** log_opt_values /usr/lib/python3/dist-packages/oslo_config/cfg.py:2609
2026-04-16 00:39:10.714 137288 DEBUG oslo_service.service [req-68ad570d-f062-4ea8-9d1e-e7f1e71e146e - - - - -] api_database.sqlite_synchronous = True log_opt_values /usr/lib/python3/dist-packages/oslo_config/cfg.py:2609
2026-04-16 00:39:10.714 137288 DEBUG oslo_service.service [req-68ad570d-f062-4ea8-9d1e-e7f1e71e146e - - - - -] devices.enabled_mdev_types = [] log_opt_values /usr/lib/python3/dist-packages/oslo_config/cfg.py:2609
2026-04-16 00:39:10.714 137288 DEBUG oslo_service.service [req-68ad570d-f062-4ea8-9d1e-e7f1e71e146e - - - - -] ephemeral_storage_encryption.cipher = aes-xts-plain64 log_opt_values /usr/lib/python3/dist-packages/oslo_config/cfg.py:2609
2026-04-16 00:39:10.714 137288 DEBUG oslo_service.service [req-68ad570d-f062-4ea8-9d1e-e7f1e71e146e - - - - -] ephemeral_storage_encryption.enabled = False log_opt_values /usr/lib/python3/dist-packages/oslo_config/cfg.py:2609
2026-04-16 00:39:10.715 137288 DEBUG oslo_service.service [req-68ad570d-f062-4ea8-9d1e-e7f1e71e146e - - - - -] ephemeral_storage_encryption.key_size = 512 log_opt_values /usr/lib/python3/dist-packages/oslo_config/cfg.py:2609
2026-04-16 00:39:10.715 137288 WARNING oslo_config.cfg [req-68ad570d-f062-4ea8-9d1e-e7f1e71e146e - - - - -] Deprecated: Option "api_servers" from group "glance" is deprecated for removal ( Support for image service configuration via standard keystoneauth1 Adapter options was added in the 17.0.0 Queens release. The api_servers option was retained temporarily to allow consumers time to cut over to a real load balancing solution. ). Its value may be silently ignored in the future.
2026-04-16 00:39:10.715 137288 DEBUG oslo_service.service [req-68ad570d-f062-4ea8-9d1e-e7f1e71e146e - - - - -] glance.api_servers = ['http://252.242.233.128:9292'] log_opt_values /usr/lib/python3/dist-packages/oslo_config/cfg.py:2609
2026-04-16 00:39:10.715 137288 DEBUG oslo_service.service [req-68ad570d-f062-4ea8-9d1e-e7f1e71e146e - - - - -] glance.cafile = None log_opt_values /usr/lib/python3/dist-packages/oslo_config/cfg.py:2609
2026-04-16 00:39:10.715 137288 DEBUG oslo_service.service [req-68ad570d-f062-4ea8-9d1e-e7f1e71e146e - - - - -] glance.certfile = None log_opt_values /usr/lib/python3/dist-packages/oslo_config/cfg.py:2609
