2026-04-16 00:39:10.843 137288 DEBUG oslo_service.service [req-68ad570d-f062-4ea8-9d1e-e7f1e71e146e - - - - -] zvm.cloud_connector_url = None log_opt_values /usr/lib/python3/dist-packages/oslo_config/cfg.py:2609
2026-04-16 00:39:10.843 137288 DEBUG oslo_service.service [req-68ad570d-f062-4ea8-9d1e-e7f1e71e146e - - - - -] zvm.image_tmp_path = /var/lib/nova/images log_opt_values /usr/lib/python3/dist-packages/oslo_config/cfg.py:2609
2026-04-16 00:39:10.843 137288 DEBUG oslo_service.service [req-68ad570d-f062-4ea8-9d1e-e7f1e71e146e - - - - -] zvm.reachable_timeout = 300 log_opt_values /usr/lib/python3/dist-packages/oslo_config/cfg.py:2609
2026-04-16 00:39:10.843 137288 DEBUG oslo_service.service [req-68ad570d-f062-4ea8-9d1e-e7f1e71e146e - - - - -] oslo_messaging_metrics.metrics_buffer_size = 1000 log_opt_values /usr/lib/python3/dist-packages/oslo_config/cfg.py:2609
2026-04-16 00:39:10.843 137288 DEBUG oslo_service.service [req-68ad570d-f062-4ea8-9d1e-e7f1e71e146e - - - - -] oslo_messaging_metrics.metrics_enabled = False log_opt_values /usr/lib/python3/dist-packages/oslo_config/cfg.py:2609
2026-04-16 00:39:10.843 137288 DEBUG oslo_service.service [req-68ad570d-f062-4ea8-9d1e-e7f1e71e146e - - - - -] oslo_messaging_metrics.metrics_process_name = log_opt_values /usr/lib/python3/dist-packages/oslo_config/cfg.py:2609
2026-04-16 00:39:10.844 137288 DEBUG oslo_service.service [req-68ad570d-f062-4ea8-9d1e-e7f1e71e146e - - - - -] oslo_messaging_metrics.metrics_socket_file = /var/tmp/metrics_collector.sock log_opt_values /usr/lib/python3/dist-packages/oslo_config/cfg.py:2609
2026-04-16 00:39:10.844 137288 DEBUG oslo_service.service [req-68ad570d-f062-4ea8-9d1e-e7f1e71e146e - - - - -] oslo_messaging_metrics.metrics_thread_stop_timeout = 10 log_opt_values /usr/lib/python3/dist-packages/oslo_config/cfg.py:2609
2026-04-16 00:39:10.844 137288 DEBUG oslo_service.service [req-68ad570d-f062-4ea8-9d1e-e7f1e71e146e - - - - -] oslo_policy.enforce_new_defaults = False log_opt_values /usr/lib/python3/dist-packages/oslo_config/cfg.py:2609
2026-04-16 00:39:10.844 137288 DEBUG oslo_service.service [req-68ad570d-f062-4ea8-9d1e-e7f1e71e146e - - - - -] oslo_policy.enforce_scope = False log_opt_values /usr/lib/python3/dist-packages/oslo_config/cfg.py:2609
2026-04-16 00:39:10.844 137288 DEBUG oslo_service.service [req-68ad570d-f062-4ea8-9d1e-e7f1e71e146e - - - - -] oslo_policy.policy_default_rule = default log_opt_values /usr/lib/python3/dist-packages/oslo_config/cfg.py:2609
2026-04-16 00:39:10.845 137288 DEBUG oslo_service.service [req-68ad570d-f062-4ea8-9d1e-e7f1e71e146e - - - - -] oslo_policy.policy_dirs = ['policy.d'] log_opt_values /usr/lib/python3/dist-packages/oslo_config/cfg.py:2609
2026-04-16 00:39:10.845 137288 DEBUG oslo_service.service [req-68ad570d-f062-4ea8-9d1e-e7f1e71e146e - - - - -] oslo_policy.policy_file = policy.yaml log_opt_values /usr/lib/python3/dist-packages/oslo_config/cfg.py:2609
2026-04-16 00:39:10.845 137288 DEBUG oslo_service.service [req-68ad570d-f062-4ea8-9d1e-e7f1e71e146e - - - - -] oslo_policy.remote_content_type = application/x-www-form-urlencoded log_opt_values /usr/lib/python3/dist-packages/oslo_config/cfg.py:2609
2026-04-16 00:39:10.847 137288 DEBUG oslo_service.service [req-68ad570d-f062-4ea8-9d1e-e7f1e71e146e - - - - -] oslo_policy.remote_ssl_ca_crt_file = None log_opt_values /usr/lib/python3/dist-packages/oslo_config/cfg.py:2609
2026-04-16 00:39:10.847 137288 DEBUG oslo_service.service [req-68ad570d-f062-4ea8-9d1e-e7f1e71e146e - - - - -] oslo_policy.remote_ssl_client_crt_file = None log_opt_values /usr/lib/python3/dist-packages/oslo_config/cfg.py:2609
2026-04-16 00:39:10.847 137288 DEBUG oslo_service.service [req-68ad570d-f062-4ea8-9d1e-e7f1e71e146e - - - - -] oslo_policy.remote_ssl_client_key_file = None log_opt_values /usr/lib/python3/dist-packages/oslo_config/cfg.py:2609
2026-04-16 00:39:10.848 137288 DEBUG oslo_service.service [req-68ad570d-f062-4ea8-9d1e-e7f1e71e146e - - - - -] oslo_policy.remote_ssl_verify_server_crt = False log_opt_values /usr/lib/python3/dist-packages/oslo_config/cfg.py:2609
2026-04-16 00:39:10.848 137288 DEBUG oslo_service.service [req-68ad570d-f062-4ea8-9d1e-e7f1e71e146e - - - - -] oslo_versionedobjects.fatal_exception_format_errors = False log_opt_values /usr/lib/python3/dist-packages/oslo_config/cfg.py:2609
2026-04-16 00:39:10.848 137288 DEBUG oslo_service.service [req-68ad570d-f062-4ea8-9d1e-e7f1e71e146e - - - - -] oslo_middleware.http_basic_auth_user_file = /etc/htpasswd log_opt_values /usr/lib/python3/dist-packages/oslo_config/cfg.py:2609
2026-04-16 00:39:10.848 137288 DEBUG oslo_service.service [req-68ad570d-f062-4ea8-9d1e-e7f1e71e146e - - - - -] profiler.connection_string = messaging:// log_opt_values /usr/lib/python3/dist-packages/oslo_config/cfg.py:2609
2026-04-16 00:39:10.848 137288 DEBUG oslo_service.service [req-68ad570d-f062-4ea8-9d1e-e7f1e71e146e - - - - -] profiler.enabled = False log_opt_values /usr/lib/python3/dist-packages/oslo_config/cfg.py:2609
2026-04-16 00:39:10.848 137288 DEBUG oslo_service.service [req-68ad570d-f062-4ea8-9d1e-e7f1e71e146e - - - - -] profiler.es_doc_type = notification log_opt_values /usr/lib/python3/dist-packages/oslo_config/cfg.py:2609
2026-04-16 00:39:10.849 137288 DEBUG oslo_service.service [req-68ad570d-f062-4ea8-9d1e-e7f1e71e146e - - - - -] profiler.es_scroll_size = 10000 log_opt_values /usr/lib/python3/dist-packages/oslo_config/cfg.py:2609
2026-04-16 00:39:10.849 137288 DEBUG oslo_service.service [req-68ad570d-f062-4ea8-9d1e-e7f1e71e146e - - - - -] profiler.es_scroll_time = 2m log_opt_values /usr/lib/python3/dist-packages/oslo_config/cfg.py:2609
2026-04-16 00:39:10.849 137288 DEBUG oslo_service.service [req-68ad570d-f062-4ea8-9d1e-e7f1e71e146e - - - - -] profiler.filter_error_trace = False log_opt_values /usr/lib/python3/dist-packages/oslo_config/cfg.py:2609
2026-04-16 00:39:10.849 137288 DEBUG oslo_service.service [req-68ad570d-f062-4ea8-9d1e-e7f1e71e146e - - - - -] profiler.hmac_keys = SECRET_KEY log_opt_values /usr/lib/python3/dist-packages/oslo_config/cfg.py:2609
2026-04-16 00:39:10.849 137288 DEBUG oslo_service.service [req-68ad570d-f062-4ea8-9d1e-e7f1e71e146e - - - - -] profiler.sentinel_service_name = mymaster log_opt_values /usr/lib/python3/dist-packages/oslo_config/cfg.py:2609
2026-04-16 00:39:10.849 137288 DEBUG oslo_service.service [req-68ad570d-f062-4ea8-9d1e-e7f1e71e146e - - - - -] profiler.socket_timeout = 0.1 log_opt_values /usr/lib/python3/dist-packages/oslo_config/cfg.py:2609
2026-04-16 00:39:10.850 137288 DEBUG oslo_service.service [req-68ad570d-f062-4ea8-9d1e-e7f1e71e146e - - - - -] profiler.trace_sqlalchemy = False log_opt_values /usr/lib/python3/dist-packages/oslo_config/cfg.py:2609
2026-04-16 00:39:10.850 137288 DEBUG oslo_service.service [req-68ad570d-f062-4ea8-9d1e-e7f1e71e146e - - - - -] remote_debug.host = None log_opt_values /usr/lib/python3/dist-packages/oslo_config/cfg.py:2609
2026-04-16 00:39:10.850 137288 DEBUG oslo_service.service [req-68ad570d-f062-4ea8-9d1e-e7f1e71e146e - - - - -] remote_debug.port = None log_opt_values /usr/lib/python3/dist-packages/oslo_config/cfg.py:2609
2026-04-16 00:39:10.850 137288 DEBUG oslo_service.service [req-68ad570d-f062-4ea8-9d1e-e7f1e71e146e - - - - -] oslo_messaging_rabbit.amqp_auto_delete = False log_opt_values /usr/lib/python3/dist-packages/oslo_config/cfg.py:2609
2026-04-16 00:39:10.850 137288 DEBUG oslo_service.service [req-68ad570d-f062-4ea8-9d1e-e7f1e71e146e - - - - -] oslo_messaging_rabbit.amqp_durable_queues = False log_opt_values /usr/lib/python3/dist-packages/oslo_config/cfg.py:2609
2026-04-16 00:39:10.850 137288 DEBUG oslo_service.service [req-68ad570d-f062-4ea8-9d1e-e7f1e71e146e - - - - -] oslo_messaging_rabbit.conn_pool_min_size = 2 log_opt_values /usr/lib/python3/dist-packages/oslo_config/cfg.py:2609
2026-04-16 00:39:10.851 137288 DEBUG oslo_service.service [req-68ad570d-f062-4ea8-9d1e-e7f1e71e146e - - - - -] oslo_messaging_rabbit.conn_pool_ttl = 1200 log_opt_values /usr/lib/python3/dist-packages/oslo_config/cfg.py:2609
2026-04-16 00:39:10.851 137288 DEBUG oslo_service.service [req-68ad570d-f062-4ea8-9d1e-e7f1e71e146e - - - - -] oslo_messaging_rabbit.direct_mandatory_flag = True log_opt_values /usr/lib/python3/dist-packages/oslo_config/cfg.py:2609
2026-04-16 00:39:10.852 137288 DEBUG oslo_service.service [req-68ad570d-f062-4ea8-9d1e-e7f1e71e146e - - - - -] oslo_messaging_rabbit.enable_cancel_on_failover = False log_opt_values /usr/lib/python3/dist-packages/oslo_config/cfg.py:2609
2026-04-16 00:39:10.852 137288 DEBUG oslo_service.service [req-68ad570d-f062-4ea8-9d1e-e7f1e71e146e - - - - -] oslo_messaging_rabbit.heartbeat_in_pthread = False log_opt_values /usr/lib/python3/dist-packages/oslo_config/cfg.py:2609
2026-04-16 00:39:10.852 137288 DEBUG oslo_service.service [req-68ad570d-f062-4ea8-9d1e-e7f1e71e146e - - - - -] oslo_messaging_rabbit.heartbeat_rate = 2 log_opt_values /usr/lib/python3/dist-packages/oslo_config/cfg.py:2609
2026-04-16 00:39:10.852 137288 DEBUG oslo_service.service [req-68ad570d-f062-4ea8-9d1e-e7f1e71e146e - - - - -] oslo_messaging_rabbit.heartbeat_timeout_threshold = 60 log_opt_values /usr/lib/python3/dist-packages/oslo_config/cfg.py:2609
2026-04-16 00:39:10.852 137288 DEBUG oslo_service.service [req-68ad570d-f062-4ea8-9d1e-e7f1e71e146e - - - - -] oslo_messaging_rabbit.kombu_compression = None log_opt_values /usr/lib/python3/dist-packages/oslo_config/cfg.py:2609
2026-04-16 00:39:10.853 137288 DEBUG oslo_service.service [req-68ad570d-f062-4ea8-9d1e-e7f1e71e146e - - - - -] oslo_messaging_rabbit.kombu_failover_strategy = round-robin log_opt_values /usr/lib/python3/dist-packages/oslo_config/cfg.py:2609
2026-04-16 00:39:10.853 137288 DEBUG oslo_service.service [req-68ad570d-f062-4ea8-9d1e-e7f1e71e146e - - - - -] oslo_messaging_rabbit.kombu_missing_consumer_retry_timeout = 60 log_opt_values /usr/lib/python3/dist-packages/oslo_config/cfg.py:2609
2026-04-16 00:39:10.853 137288 DEBUG oslo_service.service [req-68ad570d-f062-4ea8-9d1e-e7f1e71e146e - - - - -] oslo_messaging_rabbit.kombu_reconnect_delay = 1.0 log_opt_values /usr/lib/python3/dist-packages/oslo_config/cfg.py:2609
2026-04-16 00:39:10.853 137288 DEBUG oslo_service.service [req-68ad570d-f062-4ea8-9d1e-e7f1e71e146e - - - - -] oslo_messaging_rabbit.rabbit_ha_queues = False log_opt_values /usr/lib/python3/dist-packages/oslo_config/cfg.py:2609
2026-04-16 00:39:10.853 137288 DEBUG oslo_service.service [req-68ad570d-f062-4ea8-9d1e-e7f1e71e146e - - - - -] oslo_messaging_rabbit.rabbit_interval_max = 30 log_opt_values /usr/lib/python3/dist-packages/oslo_config/cfg.py:2609
2026-04-16 00:39:10.853 137288 DEBUG oslo_service.service [req-68ad570d-f062-4ea8-9d1e-e7f1e71e146e - - - - -] oslo_messaging_rabbit.rabbit_login_method = AMQPLAIN log_opt_values /usr/lib/python3/dist-packages/oslo_config/cfg.py:2609
2026-04-16 00:39:10.854 137288 DEBUG oslo_service.service [req-68ad570d-f062-4ea8-9d1e-e7f1e71e146e - - - - -] oslo_messaging_rabbit.rabbit_qos_prefetch_count = 0 log_opt_values /usr/lib/python3/dist-packages/oslo_config/cfg.py:2609
2026-04-16 00:39:10.854 137288 DEBUG oslo_service.service [req-68ad570d-f062-4ea8-9d1e-e7f1e71e146e - - - - -] oslo_messaging_rabbit.rabbit_quorum_queue = False log_opt_values /usr/lib/python3/dist-packages/oslo_config/cfg.py:2609
2026-04-16 00:39:10.854 137288 DEBUG oslo_service.service [req-68ad570d-f062-4ea8-9d1e-e7f1e71e146e - - - - -] oslo_messaging_rabbit.rabbit_retry_backoff = 2 log_opt_values /usr/lib/python3/dist-packages/oslo_config/cfg.py:2609
2026-04-16 00:39:10.854 137288 DEBUG oslo_service.service [req-68ad570d-f062-4ea8-9d1e-e7f1e71e146e - - - - -] oslo_messaging_rabbit.rabbit_retry_interval = 1 log_opt_values /usr/lib/python3/dist-packages/oslo_config/cfg.py:2609
2026-04-16 00:39:10.854 137288 DEBUG oslo_service.service [req-68ad570d-f062-4ea8-9d1e-e7f1e71e146e - - - - -] oslo_messaging_rabbit.rabbit_transient_queues_ttl = 1800 log_opt_values /usr/lib/python3/dist-packages/oslo_config/cfg.py:2609
2026-04-16 00:39:10.854 137288 DEBUG oslo_service.service [req-68ad570d-f062-4ea8-9d1e-e7f1e71e146e - - - - -] oslo_messaging_rabbit.rpc_conn_pool_size = 30 log_opt_values /usr/lib/python3/dist-packages/oslo_config/cfg.py:2609
2026-04-16 00:39:10.855 137288 DEBUG oslo_service.service [req-68ad570d-f062-4ea8-9d1e-e7f1e71e146e - - - - -] oslo_messaging_rabbit.ssl = False log_opt_values /usr/lib/python3/dist-packages/oslo_config/cfg.py:2609
2026-04-16 00:39:10.855 137288 DEBUG oslo_service.service [req-68ad570d-f062-4ea8-9d1e-e7f1e71e146e - - - - -] oslo_messaging_rabbit.ssl_ca_file = log_opt_values /usr/lib/python3/dist-packages/oslo_config/cfg.py:2609
2026-04-16 00:39:10.855 137288 DEBUG oslo_service.service [req-68ad570d-f062-4ea8-9d1e-e7f1e71e146e - - - - -] oslo_messaging_rabbit.ssl_cert_file = log_opt_values /usr/lib/python3/dist-packages/oslo_config/cfg.py:2609
2026-04-16 00:39:10.856 137288 DEBUG oslo_service.service [req-68ad570d-f062-4ea8-9d1e-e7f1e71e146e - - - - -] oslo_messaging_rabbit.ssl_key_file = log_opt_values /usr/lib/python3/dist-packages/oslo_config/cfg.py:2609
2026-04-16 00:39:10.856 137288 DEBUG oslo_service.service [req-68ad570d-f062-4ea8-9d1e-e7f1e71e146e - - - - -] oslo_messaging_rabbit.ssl_version = log_opt_values /usr/lib/python3/dist-packages/oslo_config/cfg.py:2609
2026-04-16 00:39:10.856 137288 DEBUG oslo_service.service [req-68ad570d-f062-4ea8-9d1e-e7f1e71e146e - - - - -] oslo_messaging_notifications.driver = ['messagingv2'] log_opt_values /usr/lib/python3/dist-packages/oslo_config/cfg.py:2609
2026-04-16 00:39:10.856 137288 DEBUG oslo_service.service [req-68ad570d-f062-4ea8-9d1e-e7f1e71e146e - - - - -] oslo_messaging_notifications.retry = -1 log_opt_values /usr/lib/python3/dist-packages/oslo_config/cfg.py:2609
2026-04-16 00:39:10.857 137288 DEBUG oslo_service.service [req-68ad570d-f062-4ea8-9d1e-e7f1e71e146e - - - - -] oslo_messaging_notifications.topics = ['notifications'] log_opt_values /usr/lib/python3/dist-packages/oslo_config/cfg.py:2609
2026-04-16 00:39:10.857 137288 DEBUG oslo_service.service [req-68ad570d-f062-4ea8-9d1e-e7f1e71e146e - - - - -] oslo_messaging_notifications.transport_url = **** log_opt_values /usr/lib/python3/dist-packages/oslo_config/cfg.py:2609
2026-04-16 00:39:10.857 137288 DEBUG oslo_service.service [req-68ad570d-f062-4ea8-9d1e-e7f1e71e146e - - - - -] oslo_limit.auth_section = None log_opt_values /usr/lib/python3/dist-packages/oslo_config/cfg.py:2609
2026-04-16 00:39:10.857 137288 DEBUG oslo_service.service [req-68ad570d-f062-4ea8-9d1e-e7f1e71e146e - - - - -] oslo_limit.auth_type = None log_opt_values /usr/lib/python3/dist-packages/oslo_config/cfg.py:2609
2026-04-16 00:39:10.857 137288 DEBUG oslo_service.service [req-68ad570d-f062-4ea8-9d1e-e7f1e71e146e - - - - -] oslo_limit.cafile = None log_opt_values /usr/lib/python3/dist-packages/oslo_config/cfg.py:2609
2026-04-16 00:39:10.857 137288 DEBUG oslo_service.service [req-68ad570d-f062-4ea8-9d1e-e7f1e71e146e - - - - -] oslo_limit.certfile = None log_opt_values /usr/lib/python3/dist-packages/oslo_config/cfg.py:2609
2026-04-16 00:39:10.858 137288 DEBUG oslo_service.service [req-68ad570d-f062-4ea8-9d1e-e7f1e71e146e - - - - -] oslo_limit.collect_timing = False log_opt_values /usr/lib/python3/dist-packages/oslo_config/cfg.py:2609
2026-04-16 00:39:10.858 137288 DEBUG oslo_service.service [req-68ad570d-f062-4ea8-9d1e-e7f1e71e146e - - - - -] oslo_limit.connect_retries = None log_opt_values /usr/lib/python3/dist-packages/oslo_config/cfg.py:2609
2026-04-16 00:39:10.858 137288 DEBUG oslo_service.service [req-68ad570d-f062-4ea8-9d1e-e7f1e71e146e - - - - -] oslo_limit.connect_retry_delay = None log_opt_values /usr/lib/python3/dist-packages/oslo_config/cfg.py:2609
2026-04-16 00:39:10.858 137288 DEBUG oslo_service.service [req-68ad570d-f062-4ea8-9d1e-e7f1e71e146e - - - - -] oslo_limit.endpoint_id = None log_opt_values /usr/lib/python3/dist-packages/oslo_config/cfg.py:2609
2026-04-16 00:39:10.858 137288 DEBUG oslo_service.service [req-68ad570d-f062-4ea8-9d1e-e7f1e71e146e - - - - -] oslo_limit.endpoint_override = None log_opt_values /usr/lib/python3/dist-packages/oslo_config/cfg.py:2609
2026-04-16 00:39:10.858 137288 DEBUG oslo_service.service [req-68ad570d-f062-4ea8-9d1e-e7f1e71e146e - - - - -] oslo_limit.insecure = False log_opt_values /usr/lib/python3/dist-packages/oslo_config/cfg.py:2609
2026-04-16 00:39:10.859 137288 DEBUG oslo_service.service [req-68ad570d-f062-4ea8-9d1e-e7f1e71e146e - - - - -] oslo_limit.keyfile = None log_opt_values /usr/lib/python3/dist-packages/oslo_config/cfg.py:2609
2026-04-16 00:39:10.859 137288 DEBUG oslo_service.service [req-68ad570d-f062-4ea8-9d1e-e7f1e71e146e - - - - -] oslo_limit.max_version = None log_opt_values /usr/lib/python3/dist-packages/oslo_config/cfg.py:2609
2026-04-16 00:39:10.859 137288 DEBUG oslo_service.service [req-68ad570d-f062-4ea8-9d1e-e7f1e71e146e - - - - -] oslo_limit.min_version = None log_opt_values /usr/lib/python3/dist-packages/oslo_config/cfg.py:2609
2026-04-16 00:39:10.859 137288 DEBUG oslo_service.service [req-68ad570d-f062-4ea8-9d1e-e7f1e71e146e - - - - -] oslo_limit.region_name = None log_opt_values /usr/lib/python3/dist-packages/oslo_config/cfg.py:2609
2026-04-16 00:39:10.859 137288 DEBUG oslo_service.service [req-68ad570d-f062-4ea8-9d1e-e7f1e71e146e - - - - -] oslo_limit.service_name = None log_opt_values /usr/lib/python3/dist-packages/oslo_config/cfg.py:2609
2026-04-16 00:39:10.859 137288 DEBUG oslo_service.service [req-68ad570d-f062-4ea8-9d1e-e7f1e71e146e - - - - -] oslo_limit.service_type = None log_opt_values /usr/lib/python3/dist-packages/oslo_config/cfg.py:2609
2026-04-16 00:39:10.860 137288 DEBUG oslo_service.service [req-68ad570d-f062-4ea8-9d1e-e7f1e71e146e - - - - -] oslo_limit.split_loggers = False log_opt_values /usr/lib/python3/dist-packages/oslo_config/cfg.py:2609
2026-04-16 00:39:10.860 137288 DEBUG oslo_service.service [req-68ad570d-f062-4ea8-9d1e-e7f1e71e146e - - - - -] oslo_limit.status_code_retries = None log_opt_values /usr/lib/python3/dist-packages/oslo_config/cfg.py:2609
2026-04-16 00:39:10.860 137288 DEBUG oslo_service.service [req-68ad570d-f062-4ea8-9d1e-e7f1e71e146e - - - - -] oslo_limit.status_code_retry_delay = None log_opt_values /usr/lib/python3/dist-packages/oslo_config/cfg.py:2609
2026-04-16 00:39:10.860 137288 DEBUG oslo_service.service [req-68ad570d-f062-4ea8-9d1e-e7f1e71e146e - - - - -] oslo_limit.timeout = None log_opt_values /usr/lib/python3/dist-packages/oslo_config/cfg.py:2609
2026-04-16 00:39:10.860 137288 DEBUG oslo_service.service [req-68ad570d-f062-4ea8-9d1e-e7f1e71e146e - - - - -] oslo_limit.valid_interfaces = None log_opt_values /usr/lib/python3/dist-packages/oslo_config/cfg.py:2609
2026-04-16 00:39:10.860 137288 DEBUG oslo_service.service [req-68ad570d-f062-4ea8-9d1e-e7f1e71e146e - - - - -] oslo_limit.version = None log_opt_values /usr/lib/python3/dist-packages/oslo_config/cfg.py:2609
2026-04-16 00:39:10.861 137288 DEBUG oslo_service.service [req-68ad570d-f062-4ea8-9d1e-e7f1e71e146e - - - - -] oslo_reports.file_event_handler = None log_opt_values /usr/lib/python3/dist-packages/oslo_config/cfg.py:2609
2026-04-16 00:39:10.861 137288 DEBUG oslo_service.service [req-68ad570d-f062-4ea8-9d1e-e7f1e71e146e - - - - -] oslo_reports.file_event_handler_interval = 1 log_opt_values /usr/lib/python3/dist-packages/oslo_config/cfg.py:2609
2026-04-16 00:39:10.861 137288 DEBUG oslo_service.service [req-68ad570d-f062-4ea8-9d1e-e7f1e71e146e - - - - -] oslo_reports.log_dir = None log_opt_values /usr/lib/python3/dist-packages/oslo_config/cfg.py:2609
2026-04-16 00:39:10.861 137288 DEBUG oslo_service.service [req-68ad570d-f062-4ea8-9d1e-e7f1e71e146e - - - - -] ******************************************************************************** log_opt_values /usr/lib/python3/dist-packages/oslo_config/cfg.py:2613
2026-04-16 00:39:11.671 137597 DEBUG oslo_messaging._drivers.amqpdriver [-] AMQPListener connection timeout poll /usr/lib/python3/dist-packages/oslo_messaging/_drivers/amqpdriver.py:360
2026-04-16 00:39:11.672 137597 DEBUG oslo_messaging._drivers.amqpdriver [-] Listener is running poll /usr/lib/python3/dist-packages/oslo_messaging/_drivers/amqpdriver.py:343
2026-04-16 00:39:11.672 137597 DEBUG oslo_messaging._drivers.amqpdriver [-] AMQPListener connection consume poll /usr/lib/python3/dist-packages/oslo_messaging/_drivers/amqpdriver.py:357
2026-04-16 00:39:11.679 137598 DEBUG oslo_messaging._drivers.amqpdriver [-] AMQPListener connection timeout poll /usr/lib/python3/dist-packages/oslo_messaging/_drivers/amqpdriver.py:360
2026-04-16 00:39:11.680 137598 DEBUG oslo_messaging._drivers.amqpdriver [-] Listener is running poll /usr/lib/python3/dist-packages/oslo_messaging/_drivers/amqpdriver.py:343
2026-04-16 00:39:11.680 137598 DEBUG oslo_messaging._drivers.amqpdriver [-] AMQPListener connection consume poll /usr/lib/python3/dist-packages/oslo_messaging/_drivers/amqpdriver.py:357
2026-04-16 00:39:11.680 137599 DEBUG oslo_messaging._drivers.amqpdriver [-] AMQPListener connection timeout poll /usr/lib/python3/dist-packages/oslo_messaging/_drivers/amqpdriver.py:360
2026-04-16 00:39:11.680 137599 DEBUG oslo_messaging._drivers.amqpdriver [-] Listener is running poll /usr/lib/python3/dist-packages/oslo_messaging/_drivers/amqpdriver.py:343
2026-04-16 00:39:11.680 137599 DEBUG oslo_messaging._drivers.amqpdriver [-] AMQPListener connection consume poll /usr/lib/python3/dist-packages/oslo_messaging/_drivers/amqpdriver.py:357
2026-04-16 00:39:11.681 137600 DEBUG oslo_messaging._drivers.amqpdriver [-] AMQPListener connection timeout poll /usr/lib/python3/dist-packages/oslo_messaging/_drivers/amqpdriver.py:360
2026-04-16 00:39:11.681 137600 DEBUG oslo_messaging._drivers.amqpdriver [-] Listener is running poll /usr/lib/python3/dist-packages/oslo_messaging/_drivers/amqpdriver.py:343
2026-04-16 00:39:11.681 137600 DEBUG oslo_messaging._drivers.amqpdriver [-] AMQPListener connection consume poll /usr/lib/python3/dist-packages/oslo_messaging/_drivers/amqpdriver.py:357
2026-04-16 00:39:13.674 137597 DEBUG oslo_messaging._drivers.amqpdriver [-] AMQPListener connection timeout poll /usr/lib/python3/dist-packages/oslo_messaging/_drivers/amqpdriver.py:360
2026-04-16 00:39:13.675 137597 DEBUG oslo_messaging._drivers.amqpdriver [-] Listener is running poll /usr/lib/python3/dist-packages/oslo_messaging/_drivers/amqpdriver.py:343
2026-04-16 00:39:13.675 137597 DEBUG oslo_messaging._drivers.amqpdriver [-] AMQPListener connection consume poll /usr/lib/python3/dist-packages/oslo_messaging/_drivers/amqpdriver.py:357
2026-04-16 00:39:13.681 137598 DEBUG oslo_messaging._drivers.amqpdriver [-] AMQPListener connection timeout poll /usr/lib/python3/dist-packages/oslo_messaging/_drivers/amqpdriver.py:360
2026-04-16 00:39:13.681 137599 DEBUG oslo_messaging._drivers.amqpdriver [-] AMQPListener connection timeout poll /usr/lib/python3/dist-packages/oslo_messaging/_drivers/amqpdriver.py:360
2026-04-16 00:39:13.682 137598 DEBUG oslo_messaging._drivers.amqpdriver [-] Listener is running poll /usr/lib/python3/dist-packages/oslo_messaging/_drivers/amqpdriver.py:343
2026-04-16 00:39:13.682 137599 DEBUG oslo_messaging._drivers.amqpdriver [-] Listener is running poll /usr/lib/python3/dist-packages/oslo_messaging/_drivers/amqpdriver.py:343
2026-04-16 00:39:13.682 137598 DEBUG oslo_messaging._drivers.amqpdriver [-] AMQPListener connection consume poll /usr/lib/python3/dist-packages/oslo_messaging/_drivers/amqpdriver.py:357
2026-04-16 00:39:13.682 137599 DEBUG oslo_messaging._drivers.amqpdriver [-] AMQPListener connection consume poll /usr/lib/python3/dist-packages/oslo_messaging/_drivers/amqpdriver.py:357
2026-04-16 00:39:13.683 137600 DEBUG oslo_messaging._drivers.amqpdriver [-] AMQPListener connection timeout poll /usr/lib/python3/dist-packages/oslo_messaging/_drivers/amqpdriver.py:360
2026-04-16 00:39:13.684 137600 DEBUG oslo_messaging._drivers.amqpdriver [-] Listener is running poll /usr/lib/python3/dist-packages/oslo_messaging/_drivers/amqpdriver.py:343
2026-04-16 00:39:13.684 137600 DEBUG oslo_messaging._drivers.amqpdriver [-] AMQPListener connection consume poll /usr/lib/python3/dist-packages/oslo_messaging/_drivers/amqpdriver.py:357
2026-04-16 00:39:17.678 137597 DEBUG oslo_messaging._drivers.amqpdriver [-] AMQPListener connection timeout poll /usr/lib/python3/dist-packages/oslo_messaging/_drivers/amqpdriver.py:360
2026-04-16 00:39:17.678 137597 DEBUG oslo_messaging._drivers.amqpdriver [-] Listener is running poll /usr/lib/python3/dist-packages/oslo_messaging/_drivers/amqpdriver.py:343
2026-04-16 00:39:17.679 137597 DEBUG oslo_messaging._drivers.amqpdriver [-] AMQPListener connection consume poll /usr/lib/python3/dist-packages/oslo_messaging/_drivers/amqpdriver.py:357
2026-04-16 00:39:17.683 137598 DEBUG oslo_messaging._drivers.amqpdriver [-] AMQPListener connection timeout poll /usr/lib/python3/dist-packages/oslo_messaging/_drivers/amqpdriver.py:360
2026-04-16 00:39:17.683 137598 DEBUG oslo_messaging._drivers.amqpdriver [-] Listener is running poll /usr/lib/python3/dist-packages/oslo_messaging/_drivers/amqpdriver.py:343
2026-04-16 00:39:17.683 137598 DEBUG oslo_messaging._drivers.amqpdriver [-] AMQPListener connection consume poll /usr/lib/python3/dist-packages/oslo_messaging/_drivers/amqpdriver.py:357
2026-04-16 00:39:17.685 137599 DEBUG oslo_messaging._drivers.amqpdriver [-] AMQPListener connection timeout poll /usr/lib/python3/dist-packages/oslo_messaging/_drivers/amqpdriver.py:360
2026-04-16 00:39:17.685 137599 DEBUG oslo_messaging._drivers.amqpdriver [-] Listener is running poll /usr/lib/python3/dist-packages/oslo_messaging/_drivers/amqpdriver.py:343
2026-04-16 00:39:17.685 137599 DEBUG oslo_messaging._drivers.amqpdriver [-] AMQPListener connection consume poll /usr/lib/python3/dist-packages/oslo_messaging/_drivers/amqpdriver.py:357
2026-04-16 00:39:17.687 137600 DEBUG oslo_messaging._drivers.amqpdriver [-] AMQPListener connection timeout poll /usr/lib/python3/dist-packages/oslo_messaging/_drivers/amqpdriver.py:360
2026-04-16 00:39:17.687 137600 DEBUG oslo_messaging._drivers.amqpdriver [-] Listener is running poll /usr/lib/python3/dist-packages/oslo_messaging/_drivers/amqpdriver.py:343
2026-04-16 00:39:17.687 137600 DEBUG oslo_messaging._drivers.amqpdriver [-] AMQPListener connection consume poll /usr/lib/python3/dist-packages/oslo_messaging/_drivers/amqpdriver.py:357
2026-04-16 00:39:25.679 137597 DEBUG oslo_messaging._drivers.amqpdriver [-] AMQPListener connection timeout poll /usr/lib/python3/dist-packages/oslo_messaging/_drivers/amqpdriver.py:360
2026-04-16 00:39:25.680 137597 DEBUG oslo_messaging._drivers.amqpdriver [-] Listener is running poll /usr/lib/python3/dist-packages/oslo_messaging/_drivers/amqpdriver.py:343
2026-04-16 00:39:25.680 137597 DEBUG oslo_messaging._drivers.amqpdriver [-] AMQPListener connection consume poll /usr/lib/python3/dist-packages/oslo_messaging/_drivers/amqpdriver.py:357
2026-04-16 00:39:25.685 137598 DEBUG oslo_messaging._drivers.amqpdriver [-] AMQPListener connection timeout poll /usr/lib/python3/dist-packages/oslo_messaging/_drivers/amqpdriver.py:360
2026-04-16 00:39:25.685 137598 DEBUG oslo_messaging._drivers.amqpdriver [-] Listener is running poll /usr/lib/python3/dist-packages/oslo_messaging/_drivers/amqpdriver.py:343
2026-04-16 00:39:25.685 137598 DEBUG oslo_messaging._drivers.amqpdriver [-] AMQPListener connection consume poll /usr/lib/python3/dist-packages/oslo_messaging/_drivers/amqpdriver.py:357
2026-04-16 00:39:25.686 137599 DEBUG oslo_messaging._drivers.amqpdriver [-] AMQPListener connection timeout poll /usr/lib/python3/dist-packages/oslo_messaging/_drivers/amqpdriver.py:360
2026-04-16 00:39:25.686 137599 DEBUG oslo_messaging._drivers.amqpdriver [-] Listener is running poll /usr/lib/python3/dist-packages/oslo_messaging/_drivers/amqpdriver.py:343
2026-04-16 00:39:25.686 137599 DEBUG oslo_messaging._drivers.amqpdriver [-] AMQPListener connection consume poll /usr/lib/python3/dist-packages/oslo_messaging/_drivers/amqpdriver.py:357
2026-04-16 00:39:25.688 137600 DEBUG oslo_messaging._drivers.amqpdriver [-] AMQPListener connection timeout poll /usr/lib/python3/dist-packages/oslo_messaging/_drivers/amqpdriver.py:360
2026-04-16 00:39:25.688 137600 DEBUG oslo_messaging._drivers.amqpdriver [-] Listener is running poll /usr/lib/python3/dist-packages/oslo_messaging/_drivers/amqpdriver.py:343
2026-04-16 00:39:25.688 137600 DEBUG oslo_messaging._drivers.amqpdriver [-] AMQPListener connection consume poll /usr/lib/python3/dist-packages/oslo_messaging/_drivers/amqpdriver.py:357
2026-04-16 00:39:36.675 137599 DEBUG oslo_service.periodic_task [req-c8fccf9b-2453-4b33-ace1-2998de872355 - - - - -] Running periodic task SchedulerManager._discover_hosts_in_cells run_periodic_tasks /usr/lib/python3/dist-packages/oslo_service/periodic_task.py:210
2026-04-16 00:39:36.676 137599 DEBUG oslo_db.sqlalchemy.engines [req-c8fccf9b-2453-4b33-ace1-2998de872355 - - - - -] Parent process 137288 forked (137599) with an open database connection, which is being discarded and recreated. checkout /usr/lib/python3/dist-packages/oslo_db/sqlalchemy/engines.py:413
2026-04-16 00:39:36.682 137599 DEBUG oslo_concurrency.lockutils [req-c8fccf9b-2453-4b33-ace1-2998de872355 - - - - -] Lock "f1187a6e-76e2-4273-a00a-727d2228c050" acquired by "nova.context.set_target_cell..get_or_set_cached_cell_and_set_connections" :: waited 0.000s inner /usr/lib/python3/dist-packages/oslo_concurrency/lockutils.py:386
2026-04-16 00:39:36.684 137599 DEBUG oslo_concurrency.lockutils [req-c8fccf9b-2453-4b33-ace1-2998de872355 - - - - -] Lock "f1187a6e-76e2-4273-a00a-727d2228c050" "released" by "nova.context.set_target_cell..get_or_set_cached_cell_and_set_connections" :: held 0.002s inner /usr/lib/python3/dist-packages/oslo_concurrency/lockutils.py:400
2026-04-16 00:39:36.688 137599 DEBUG oslo_db.sqlalchemy.engines [req-c8fccf9b-2453-4b33-ace1-2998de872355 - - - - -] MySQL server mode set to STRICT_TRANS_TABLES,STRICT_ALL_TABLES,NO_ZERO_IN_DATE,NO_ZERO_DATE,ERROR_FOR_DIVISION_BY_ZERO,TRADITIONAL,NO_ENGINE_SUBSTITUTION _check_effective_sql_mode /usr/lib/python3/dist-packages/oslo_db/sqlalchemy/engines.py:314
2026-04-16 00:39:36.736 137599 INFO nova.scheduler.manager [req-c8fccf9b-2453-4b33-ace1-2998de872355 - - - - -] Discovered 1 new hosts: cell1:cn-jenkins-deploy-platform-juju-os-694-1
2026-04-16 00:39:48.661 137597 DEBUG oslo_service.periodic_task [req-64bf5b07-824c-470e-af02-d8b4d68fbc1d - - - - -] Running periodic task SchedulerManager._discover_hosts_in_cells run_periodic_tasks /usr/lib/python3/dist-packages/oslo_service/periodic_task.py:210
2026-04-16 00:39:48.662 137597 DEBUG oslo_db.sqlalchemy.engines [req-64bf5b07-824c-470e-af02-d8b4d68fbc1d - - - - -] Parent process 137288 forked (137597) with an open database connection, which is being discarded and recreated. checkout /usr/lib/python3/dist-packages/oslo_db/sqlalchemy/engines.py:413
2026-04-16 00:39:48.668 137597 DEBUG oslo_concurrency.lockutils [req-64bf5b07-824c-470e-af02-d8b4d68fbc1d - - - - -] Lock "f1187a6e-76e2-4273-a00a-727d2228c050" acquired by "nova.context.set_target_cell..get_or_set_cached_cell_and_set_connections" :: waited 0.000s inner /usr/lib/python3/dist-packages/oslo_concurrency/lockutils.py:386
2026-04-16 00:39:48.669 137597 DEBUG oslo_concurrency.lockutils [req-64bf5b07-824c-470e-af02-d8b4d68fbc1d - - - - -] Lock "f1187a6e-76e2-4273-a00a-727d2228c050" "released" by "nova.context.set_target_cell..get_or_set_cached_cell_and_set_connections" :: held 0.001s inner /usr/lib/python3/dist-packages/oslo_concurrency/lockutils.py:400
2026-04-16 00:39:48.676 137597 DEBUG oslo_db.sqlalchemy.engines [req-64bf5b07-824c-470e-af02-d8b4d68fbc1d - - - - -] MySQL server mode set to STRICT_TRANS_TABLES,STRICT_ALL_TABLES,NO_ZERO_IN_DATE,NO_ZERO_DATE,ERROR_FOR_DIVISION_BY_ZERO,TRADITIONAL,NO_ENGINE_SUBSTITUTION _check_effective_sql_mode /usr/lib/python3/dist-packages/oslo_db/sqlalchemy/engines.py:314
2026-04-16 00:39:55.653 137597 DEBUG oslo_messaging._drivers.amqpdriver [-] AMQPListener connection timeout poll /usr/lib/python3/dist-packages/oslo_messaging/_drivers/amqpdriver.py:360
2026-04-16 00:39:55.653 137597 DEBUG oslo_messaging._drivers.amqpdriver [-] Listener is running poll /usr/lib/python3/dist-packages/oslo_messaging/_drivers/amqpdriver.py:343
2026-04-16 00:39:55.653 137597 DEBUG oslo_messaging._drivers.amqpdriver [-] AMQPListener connection consume poll /usr/lib/python3/dist-packages/oslo_messaging/_drivers/amqpdriver.py:357
2026-04-16 00:39:55.669 137599 DEBUG oslo_messaging._drivers.amqpdriver [-] AMQPListener connection timeout poll /usr/lib/python3/dist-packages/oslo_messaging/_drivers/amqpdriver.py:360
2026-04-16 00:39:55.670 137599 DEBUG oslo_messaging._drivers.amqpdriver [-] Listener is running poll /usr/lib/python3/dist-packages/oslo_messaging/_drivers/amqpdriver.py:343
2026-04-16 00:39:55.670 137599 DEBUG oslo_messaging._drivers.amqpdriver [-] AMQPListener connection consume poll /usr/lib/python3/dist-packages/oslo_messaging/_drivers/amqpdriver.py:357
2026-04-16 00:39:55.675 137600 DEBUG oslo_messaging._drivers.amqpdriver [-] AMQPListener connection timeout poll /usr/lib/python3/dist-packages/oslo_messaging/_drivers/amqpdriver.py:360
2026-04-16 00:39:55.676 137600 DEBUG oslo_messaging._drivers.amqpdriver [-] Listener is running poll /usr/lib/python3/dist-packages/oslo_messaging/_drivers/amqpdriver.py:343
2026-04-16 00:39:55.676 137600 DEBUG oslo_messaging._drivers.amqpdriver [-] AMQPListener connection consume poll /usr/lib/python3/dist-packages/oslo_messaging/_drivers/amqpdriver.py:357
2026-04-16 00:39:55.676 137598 DEBUG oslo_messaging._drivers.amqpdriver [-] AMQPListener connection timeout poll /usr/lib/python3/dist-packages/oslo_messaging/_drivers/amqpdriver.py:360
2026-04-16 00:39:55.677 137598 DEBUG oslo_messaging._drivers.amqpdriver [-] Listener is running poll /usr/lib/python3/dist-packages/oslo_messaging/_drivers/amqpdriver.py:343
2026-04-16 00:39:55.677 137598 DEBUG oslo_messaging._drivers.amqpdriver [-] AMQPListener connection consume poll /usr/lib/python3/dist-packages/oslo_messaging/_drivers/amqpdriver.py:357
2026-04-16 00:39:59.680 137600 DEBUG oslo_service.periodic_task [req-36245cc8-1722-42c9-b719-d83f4628f68f - - - - -] Running periodic task SchedulerManager._discover_hosts_in_cells run_periodic_tasks /usr/lib/python3/dist-packages/oslo_service/periodic_task.py:210
2026-04-16 00:39:59.681 137600 DEBUG oslo_db.sqlalchemy.engines [req-36245cc8-1722-42c9-b719-d83f4628f68f - - - - -] Parent process 137288 forked (137600) with an open database connection, which is being discarded and recreated. checkout /usr/lib/python3/dist-packages/oslo_db/sqlalchemy/engines.py:413
2026-04-16 00:39:59.686 137600 DEBUG oslo_concurrency.lockutils [req-36245cc8-1722-42c9-b719-d83f4628f68f - - - - -] Lock "f1187a6e-76e2-4273-a00a-727d2228c050" acquired by "nova.context.set_target_cell..get_or_set_cached_cell_and_set_connections" :: waited 0.000s inner /usr/lib/python3/dist-packages/oslo_concurrency/lockutils.py:386
2026-04-16 00:39:59.688 137600 DEBUG oslo_concurrency.lockutils [req-36245cc8-1722-42c9-b719-d83f4628f68f - - - - -] Lock "f1187a6e-76e2-4273-a00a-727d2228c050" "released" by "nova.context.set_target_cell..get_or_set_cached_cell_and_set_connections" :: held 0.001s inner /usr/lib/python3/dist-packages/oslo_concurrency/lockutils.py:400
2026-04-16 00:39:59.692 137600 DEBUG oslo_db.sqlalchemy.engines [req-36245cc8-1722-42c9-b719-d83f4628f68f - - - - -] MySQL server mode set to STRICT_TRANS_TABLES,STRICT_ALL_TABLES,NO_ZERO_IN_DATE,NO_ZERO_DATE,ERROR_FOR_DIVISION_BY_ZERO,TRADITIONAL,NO_ENGINE_SUBSTITUTION _check_effective_sql_mode /usr/lib/python3/dist-packages/oslo_db/sqlalchemy/engines.py:314
2026-04-16 00:40:06.738 137599 DEBUG oslo_service.periodic_task [req-c8fccf9b-2453-4b33-ace1-2998de872355 - - - - -] Running periodic task SchedulerManager._discover_hosts_in_cells run_periodic_tasks /usr/lib/python3/dist-packages/oslo_service/periodic_task.py:210
2026-04-16 00:40:06.742 137599 DEBUG oslo_concurrency.lockutils [req-12eb7863-0c67-42e9-9548-bce51a8c6617 - - - - -] Lock "f1187a6e-76e2-4273-a00a-727d2228c050" acquired by "nova.context.set_target_cell..get_or_set_cached_cell_and_set_connections" :: waited 0.000s inner /usr/lib/python3/dist-packages/oslo_concurrency/lockutils.py:386
2026-04-16 00:40:06.742 137599 DEBUG oslo_concurrency.lockutils [req-12eb7863-0c67-42e9-9548-bce51a8c6617 - - - - -] Lock "f1187a6e-76e2-4273-a00a-727d2228c050" "released" by "nova.context.set_target_cell..get_or_set_cached_cell_and_set_connections" :: held 0.000s inner /usr/lib/python3/dist-packages/oslo_concurrency/lockutils.py:400
2026-04-16 00:40:08.680 137598 DEBUG oslo_service.periodic_task [req-3cc12248-f71a-44d0-a575-e1ac1ff5c1a0 - - - - -] Running periodic task SchedulerManager._discover_hosts_in_cells run_periodic_tasks /usr/lib/python3/dist-packages/oslo_service/periodic_task.py:210
2026-04-16 00:40:08.681 137598 DEBUG oslo_db.sqlalchemy.engines [req-3cc12248-f71a-44d0-a575-e1ac1ff5c1a0 - - - - -] Parent process 137288 forked (137598) with an open database connection, which is being discarded and recreated. checkout /usr/lib/python3/dist-packages/oslo_db/sqlalchemy/engines.py:413
2026-04-16 00:40:08.688 137598 DEBUG oslo_concurrency.lockutils [req-3cc12248-f71a-44d0-a575-e1ac1ff5c1a0 - - - - -] Lock "f1187a6e-76e2-4273-a00a-727d2228c050" acquired by "nova.context.set_target_cell..get_or_set_cached_cell_and_set_connections" :: waited 0.000s inner /usr/lib/python3/dist-packages/oslo_concurrency/lockutils.py:386
2026-04-16 00:40:08.690 137598 DEBUG oslo_concurrency.lockutils [req-3cc12248-f71a-44d0-a575-e1ac1ff5c1a0 - - - - -] Lock "f1187a6e-76e2-4273-a00a-727d2228c050" "released" by "nova.context.set_target_cell..get_or_set_cached_cell_and_set_connections" :: held 0.002s inner /usr/lib/python3/dist-packages/oslo_concurrency/lockutils.py:400
2026-04-16 00:40:08.696 137598 DEBUG oslo_db.sqlalchemy.engines [req-3cc12248-f71a-44d0-a575-e1ac1ff5c1a0 - - - - -] MySQL server mode set to STRICT_TRANS_TABLES,STRICT_ALL_TABLES,NO_ZERO_IN_DATE,NO_ZERO_DATE,ERROR_FOR_DIVISION_BY_ZERO,TRADITIONAL,NO_ENGINE_SUBSTITUTION _check_effective_sql_mode /usr/lib/python3/dist-packages/oslo_db/sqlalchemy/engines.py:314
2026-04-16 00:40:18.702 137597 DEBUG oslo_service.periodic_task [req-64bf5b07-824c-470e-af02-d8b4d68fbc1d - - - - -] Running periodic task SchedulerManager._discover_hosts_in_cells run_periodic_tasks /usr/lib/python3/dist-packages/oslo_service/periodic_task.py:210
2026-04-16 00:40:18.706 137597 DEBUG oslo_concurrency.lockutils [req-d3057146-f91b-48c5-84bf-b08ac75fdca7 - - - - -] Lock "f1187a6e-76e2-4273-a00a-727d2228c050" acquired by "nova.context.set_target_cell..get_or_set_cached_cell_and_set_connections" :: waited 0.000s inner /usr/lib/python3/dist-packages/oslo_concurrency/lockutils.py:386
2026-04-16 00:40:18.706 137597 DEBUG oslo_concurrency.lockutils [req-d3057146-f91b-48c5-84bf-b08ac75fdca7 - - - - -] Lock "f1187a6e-76e2-4273-a00a-727d2228c050" "released" by "nova.context.set_target_cell..get_or_set_cached_cell_and_set_connections" :: held 0.000s inner /usr/lib/python3/dist-packages/oslo_concurrency/lockutils.py:400
2026-04-16 00:40:27.656 137597 DEBUG oslo_messaging._drivers.amqpdriver [-] AMQPListener connection timeout poll /usr/lib/python3/dist-packages/oslo_messaging/_drivers/amqpdriver.py:360
2026-04-16 00:40:27.657 137597 DEBUG oslo_messaging._drivers.amqpdriver [-] Listener is running poll /usr/lib/python3/dist-packages/oslo_messaging/_drivers/amqpdriver.py:343
2026-04-16 00:40:27.657 137597 DEBUG oslo_messaging._drivers.amqpdriver [-] AMQPListener connection consume poll /usr/lib/python3/dist-packages/oslo_messaging/_drivers/amqpdriver.py:357
2026-04-16 00:40:27.672 137599 DEBUG oslo_messaging._drivers.amqpdriver [-] AMQPListener connection timeout poll /usr/lib/python3/dist-packages/oslo_messaging/_drivers/amqpdriver.py:360
2026-04-16 00:40:27.673 137599 DEBUG oslo_messaging._drivers.amqpdriver [-] Listener is running poll /usr/lib/python3/dist-packages/oslo_messaging/_drivers/amqpdriver.py:343
2026-04-16 00:40:27.673 137599 DEBUG oslo_messaging._drivers.amqpdriver [-] AMQPListener connection consume poll /usr/lib/python3/dist-packages/oslo_messaging/_drivers/amqpdriver.py:357
2026-04-16 00:40:27.677 137600 DEBUG oslo_messaging._drivers.amqpdriver [-] AMQPListener connection timeout poll /usr/lib/python3/dist-packages/oslo_messaging/_drivers/amqpdriver.py:360
2026-04-16 00:40:27.677 137600 DEBUG oslo_messaging._drivers.amqpdriver [-] Listener is running poll /usr/lib/python3/dist-packages/oslo_messaging/_drivers/amqpdriver.py:343
2026-04-16 00:40:27.677 137600 DEBUG oslo_messaging._drivers.amqpdriver [-] AMQPListener connection consume poll /usr/lib/python3/dist-packages/oslo_messaging/_drivers/amqpdriver.py:357
2026-04-16 00:40:27.679 137598 DEBUG oslo_messaging._drivers.amqpdriver [-] AMQPListener connection timeout poll /usr/lib/python3/dist-packages/oslo_messaging/_drivers/amqpdriver.py:360
2026-04-16 00:40:27.680 137598 DEBUG oslo_messaging._drivers.amqpdriver [-] Listener is running poll /usr/lib/python3/dist-packages/oslo_messaging/_drivers/amqpdriver.py:343
2026-04-16 00:40:27.680 137598 DEBUG oslo_messaging._drivers.amqpdriver [-] AMQPListener connection consume poll /usr/lib/python3/dist-packages/oslo_messaging/_drivers/amqpdriver.py:357
2026-04-16 00:40:29.703 137600 DEBUG oslo_service.periodic_task [req-36245cc8-1722-42c9-b719-d83f4628f68f - - - - -] Running periodic task SchedulerManager._discover_hosts_in_cells run_periodic_tasks /usr/lib/python3/dist-packages/oslo_service/periodic_task.py:210
2026-04-16 00:40:29.707 137600 DEBUG oslo_concurrency.lockutils [req-b520daeb-4fff-4b7f-a16c-7ae158d94434 - - - - -] Lock "f1187a6e-76e2-4273-a00a-727d2228c050" acquired by "nova.context.set_target_cell..get_or_set_cached_cell_and_set_connections" :: waited 0.000s inner /usr/lib/python3/dist-packages/oslo_concurrency/lockutils.py:386
2026-04-16 00:40:29.707 137600 DEBUG oslo_concurrency.lockutils [req-b520daeb-4fff-4b7f-a16c-7ae158d94434 - - - - -] Lock "f1187a6e-76e2-4273-a00a-727d2228c050" "released" by "nova.context.set_target_cell..get_or_set_cached_cell_and_set_connections" :: held 0.000s inner /usr/lib/python3/dist-packages/oslo_concurrency/lockutils.py:400
2026-04-16 00:40:37.677 137599 DEBUG oslo_service.periodic_task [req-12eb7863-0c67-42e9-9548-bce51a8c6617 - - - - -] Running periodic task SchedulerManager._discover_hosts_in_cells run_periodic_tasks /usr/lib/python3/dist-packages/oslo_service/periodic_task.py:210
2026-04-16 00:40:37.681 137599 DEBUG oslo_concurrency.lockutils [req-e0869a3b-31e8-4d97-81fd-08bab42757b9 - - - - -] Lock "f1187a6e-76e2-4273-a00a-727d2228c050" acquired by "nova.context.set_target_cell..get_or_set_cached_cell_and_set_connections" :: waited 0.000s inner /usr/lib/python3/dist-packages/oslo_concurrency/lockutils.py:386
2026-04-16 00:40:37.682 137599 DEBUG oslo_concurrency.lockutils [req-e0869a3b-31e8-4d97-81fd-08bab42757b9 - - - - -] Lock "f1187a6e-76e2-4273-a00a-727d2228c050" "released" by "nova.context.set_target_cell..get_or_set_cached_cell_and_set_connections" :: held 0.000s inner /usr/lib/python3/dist-packages/oslo_concurrency/lockutils.py:400
2026-04-16 00:40:38.710 137598 DEBUG oslo_service.periodic_task [req-3cc12248-f71a-44d0-a575-e1ac1ff5c1a0 - - - - -] Running periodic task SchedulerManager._discover_hosts_in_cells run_periodic_tasks /usr/lib/python3/dist-packages/oslo_service/periodic_task.py:210
2026-04-16 00:40:38.714 137598 DEBUG oslo_concurrency.lockutils [req-4b9f812b-d62a-4124-a738-9a228462eaf6 - - - - -] Lock "f1187a6e-76e2-4273-a00a-727d2228c050" acquired by "nova.context.set_target_cell..get_or_set_cached_cell_and_set_connections" :: waited 0.000s inner /usr/lib/python3/dist-packages/oslo_concurrency/lockutils.py:386
2026-04-16 00:40:38.714 137598 DEBUG oslo_concurrency.lockutils [req-4b9f812b-d62a-4124-a738-9a228462eaf6 - - - - -] Lock "f1187a6e-76e2-4273-a00a-727d2228c050" "released" by "nova.context.set_target_cell..get_or_set_cached_cell_and_set_connections" :: held 0.000s inner /usr/lib/python3/dist-packages/oslo_concurrency/lockutils.py:400
2026-04-16 00:40:49.663 137597 DEBUG oslo_service.periodic_task [req-d3057146-f91b-48c5-84bf-b08ac75fdca7 - - - - -] Running periodic task SchedulerManager._discover_hosts_in_cells run_periodic_tasks /usr/lib/python3/dist-packages/oslo_service/periodic_task.py:210
2026-04-16 00:40:49.667 137597 DEBUG oslo_concurrency.lockutils [req-22bbbb2a-7e6d-48a9-b75c-f1a83fb0ad56 - - - - -] Lock "f1187a6e-76e2-4273-a00a-727d2228c050" acquired by "nova.context.set_target_cell..get_or_set_cached_cell_and_set_connections" :: waited 0.000s inner /usr/lib/python3/dist-packages/oslo_concurrency/lockutils.py:386
2026-04-16 00:40:49.667 137597 DEBUG oslo_concurrency.lockutils [req-22bbbb2a-7e6d-48a9-b75c-f1a83fb0ad56 - - - - -] Lock "f1187a6e-76e2-4273-a00a-727d2228c050" "released" by "nova.context.set_target_cell..get_or_set_cached_cell_and_set_connections" :: held 0.000s inner /usr/lib/python3/dist-packages/oslo_concurrency/lockutils.py:400
2026-04-16 00:40:59.713 137600 DEBUG oslo_service.periodic_task [req-b520daeb-4fff-4b7f-a16c-7ae158d94434 - - - - -] Running periodic task SchedulerManager._discover_hosts_in_cells run_periodic_tasks /usr/lib/python3/dist-packages/oslo_service/periodic_task.py:210
2026-04-16 00:40:59.717 137600 DEBUG oslo_concurrency.lockutils [req-930ce614-bc5c-45d2-952f-7f918c872120 - - - - -] Lock "f1187a6e-76e2-4273-a00a-727d2228c050" acquired by "nova.context.set_target_cell..get_or_set_cached_cell_and_set_connections" :: waited 0.000s inner /usr/lib/python3/dist-packages/oslo_concurrency/lockutils.py:386
2026-04-16 00:40:59.717 137600 DEBUG oslo_concurrency.lockutils [req-930ce614-bc5c-45d2-952f-7f918c872120 - - - - -] Lock "f1187a6e-76e2-4273-a00a-727d2228c050" "released" by "nova.context.set_target_cell..get_or_set_cached_cell_and_set_connections" :: held 0.000s inner /usr/lib/python3/dist-packages/oslo_concurrency/lockutils.py:400
2026-04-16 00:41:07.688 137599 DEBUG oslo_service.periodic_task [req-e0869a3b-31e8-4d97-81fd-08bab42757b9 - - - - -] Running periodic task SchedulerManager._discover_hosts_in_cells run_periodic_tasks /usr/lib/python3/dist-packages/oslo_service/periodic_task.py:210
2026-04-16 00:41:07.692 137599 DEBUG oslo_concurrency.lockutils [req-ee2e9108-0b0a-4f10-b355-1c3676b643e9 - - - - -] Lock "f1187a6e-76e2-4273-a00a-727d2228c050" acquired by "nova.context.set_target_cell..get_or_set_cached_cell_and_set_connections" :: waited 0.000s inner /usr/lib/python3/dist-packages/oslo_concurrency/lockutils.py:386
2026-04-16 00:41:07.693 137599 DEBUG oslo_concurrency.lockutils [req-ee2e9108-0b0a-4f10-b355-1c3676b643e9 - - - - -] Lock "f1187a6e-76e2-4273-a00a-727d2228c050" "released" by "nova.context.set_target_cell..get_or_set_cached_cell_and_set_connections" :: held 0.000s inner /usr/lib/python3/dist-packages/oslo_concurrency/lockutils.py:400
2026-04-16 00:41:08.720 137598 DEBUG oslo_service.periodic_task [req-4b9f812b-d62a-4124-a738-9a228462eaf6 - - - - -] Running periodic task SchedulerManager._discover_hosts_in_cells run_periodic_tasks /usr/lib/python3/dist-packages/oslo_service/periodic_task.py:210
2026-04-16 00:41:08.724 137598 DEBUG oslo_concurrency.lockutils [req-616af4cb-1352-4e18-907f-4e0300b2dec5 - - - - -] Lock "f1187a6e-76e2-4273-a00a-727d2228c050" acquired by "nova.context.set_target_cell..get_or_set_cached_cell_and_set_connections" :: waited 0.000s inner /usr/lib/python3/dist-packages/oslo_concurrency/lockutils.py:386
2026-04-16 00:41:08.724 137598 DEBUG oslo_concurrency.lockutils [req-616af4cb-1352-4e18-907f-4e0300b2dec5 - - - - -] Lock "f1187a6e-76e2-4273-a00a-727d2228c050" "released" by "nova.context.set_target_cell..get_or_set_cached_cell_and_set_connections" :: held 0.000s inner /usr/lib/python3/dist-packages/oslo_concurrency/lockutils.py:400
2026-04-16 00:41:20.663 137597 DEBUG oslo_service.periodic_task [req-22bbbb2a-7e6d-48a9-b75c-f1a83fb0ad56 - - - - -] Running periodic task SchedulerManager._discover_hosts_in_cells run_periodic_tasks /usr/lib/python3/dist-packages/oslo_service/periodic_task.py:210
2026-04-16 00:41:20.667 137597 DEBUG oslo_concurrency.lockutils [req-08694444-6c4c-4cfd-86a6-6cd00c2f0684 - - - - -] Lock "f1187a6e-76e2-4273-a00a-727d2228c050" acquired by "nova.context.set_target_cell..get_or_set_cached_cell_and_set_connections" :: waited 0.000s inner /usr/lib/python3/dist-packages/oslo_concurrency/lockutils.py:386
2026-04-16 00:41:20.668 137597 DEBUG oslo_concurrency.lockutils [req-08694444-6c4c-4cfd-86a6-6cd00c2f0684 - - - - -] Lock "f1187a6e-76e2-4273-a00a-727d2228c050" "released" by "nova.context.set_target_cell..get_or_set_cached_cell_and_set_connections" :: held 0.000s inner /usr/lib/python3/dist-packages/oslo_concurrency/lockutils.py:400
2026-04-16 00:41:29.725 137600 DEBUG oslo_service.periodic_task [req-930ce614-bc5c-45d2-952f-7f918c872120 - - - - -] Running periodic task SchedulerManager._discover_hosts_in_cells run_periodic_tasks /usr/lib/python3/dist-packages/oslo_service/periodic_task.py:210
2026-04-16 00:41:29.729 137600 DEBUG oslo_concurrency.lockutils [req-fbef1dc5-64a5-4da8-827c-314ece3889c3 - - - - -] Lock "f1187a6e-76e2-4273-a00a-727d2228c050" acquired by "nova.context.set_target_cell..get_or_set_cached_cell_and_set_connections" :: waited 0.000s inner /usr/lib/python3/dist-packages/oslo_concurrency/lockutils.py:386
2026-04-16 00:41:29.729 137600 DEBUG oslo_concurrency.lockutils [req-fbef1dc5-64a5-4da8-827c-314ece3889c3 - - - - -] Lock "f1187a6e-76e2-4273-a00a-727d2228c050" "released" by "nova.context.set_target_cell..get_or_set_cached_cell_and_set_connections" :: held 0.000s inner /usr/lib/python3/dist-packages/oslo_concurrency/lockutils.py:400
2026-04-16 00:41:31.663 137597 DEBUG oslo_messaging._drivers.amqpdriver [-] AMQPListener connection timeout poll /usr/lib/python3/dist-packages/oslo_messaging/_drivers/amqpdriver.py:360
