2026-04-16 00:39:00.167 136609 DEBUG oslo_service.service [req-7ae8b74d-6bc9-427f-a5e2-e27128a725b4 - - - - -] oslo_messaging_rabbit.ssl_version = log_opt_values /usr/lib/python3/dist-packages/oslo_config/cfg.py:2609
2026-04-16 00:39:00.167 136609 DEBUG oslo_service.service [req-7ae8b74d-6bc9-427f-a5e2-e27128a725b4 - - - - -] oslo_messaging_notifications.driver = ['messagingv2'] log_opt_values /usr/lib/python3/dist-packages/oslo_config/cfg.py:2609
2026-04-16 00:39:00.167 136609 DEBUG oslo_service.service [req-7ae8b74d-6bc9-427f-a5e2-e27128a725b4 - - - - -] oslo_messaging_notifications.retry = -1 log_opt_values /usr/lib/python3/dist-packages/oslo_config/cfg.py:2609
2026-04-16 00:39:00.168 136609 DEBUG oslo_service.service [req-7ae8b74d-6bc9-427f-a5e2-e27128a725b4 - - - - -] oslo_messaging_notifications.topics = ['notifications'] log_opt_values /usr/lib/python3/dist-packages/oslo_config/cfg.py:2609
2026-04-16 00:39:00.168 136609 DEBUG oslo_service.service [req-7ae8b74d-6bc9-427f-a5e2-e27128a725b4 - - - - -] oslo_messaging_notifications.transport_url = **** log_opt_values /usr/lib/python3/dist-packages/oslo_config/cfg.py:2609
2026-04-16 00:39:00.168 136609 DEBUG oslo_service.service [req-7ae8b74d-6bc9-427f-a5e2-e27128a725b4 - - - - -] oslo_limit.auth_section = None log_opt_values /usr/lib/python3/dist-packages/oslo_config/cfg.py:2609
2026-04-16 00:39:00.169 136609 DEBUG oslo_service.service [req-7ae8b74d-6bc9-427f-a5e2-e27128a725b4 - - - - -] oslo_limit.auth_type = None log_opt_values /usr/lib/python3/dist-packages/oslo_config/cfg.py:2609
2026-04-16 00:39:00.169 136609 DEBUG oslo_service.service [req-7ae8b74d-6bc9-427f-a5e2-e27128a725b4 - - - - -] oslo_limit.cafile = None log_opt_values /usr/lib/python3/dist-packages/oslo_config/cfg.py:2609
2026-04-16 00:39:00.170 136609 DEBUG oslo_service.service [req-7ae8b74d-6bc9-427f-a5e2-e27128a725b4 - - - - -] oslo_limit.certfile = None log_opt_values /usr/lib/python3/dist-packages/oslo_config/cfg.py:2609
2026-04-16 00:39:00.170 136609 DEBUG oslo_service.service [req-7ae8b74d-6bc9-427f-a5e2-e27128a725b4 - - - - -] oslo_limit.collect_timing = False log_opt_values /usr/lib/python3/dist-packages/oslo_config/cfg.py:2609
2026-04-16 00:39:00.170 136609 DEBUG oslo_service.service [req-7ae8b74d-6bc9-427f-a5e2-e27128a725b4 - - - - -] oslo_limit.connect_retries = None log_opt_values /usr/lib/python3/dist-packages/oslo_config/cfg.py:2609
2026-04-16 00:39:00.170 136609 DEBUG oslo_service.service [req-7ae8b74d-6bc9-427f-a5e2-e27128a725b4 - - - - -] oslo_limit.connect_retry_delay = None log_opt_values /usr/lib/python3/dist-packages/oslo_config/cfg.py:2609
2026-04-16 00:39:00.170 136609 DEBUG oslo_service.service [req-7ae8b74d-6bc9-427f-a5e2-e27128a725b4 - - - - -] oslo_limit.endpoint_id = None log_opt_values /usr/lib/python3/dist-packages/oslo_config/cfg.py:2609
2026-04-16 00:39:00.170 136609 DEBUG oslo_service.service [req-7ae8b74d-6bc9-427f-a5e2-e27128a725b4 - - - - -] oslo_limit.endpoint_override = None log_opt_values /usr/lib/python3/dist-packages/oslo_config/cfg.py:2609
2026-04-16 00:39:00.171 136609 DEBUG oslo_service.service [req-7ae8b74d-6bc9-427f-a5e2-e27128a725b4 - - - - -] oslo_limit.insecure = False log_opt_values /usr/lib/python3/dist-packages/oslo_config/cfg.py:2609
2026-04-16 00:39:00.171 136609 DEBUG oslo_service.service [req-7ae8b74d-6bc9-427f-a5e2-e27128a725b4 - - - - -] oslo_limit.keyfile = None log_opt_values /usr/lib/python3/dist-packages/oslo_config/cfg.py:2609
2026-04-16 00:39:00.171 136609 DEBUG oslo_service.service [req-7ae8b74d-6bc9-427f-a5e2-e27128a725b4 - - - - -] oslo_limit.max_version = None log_opt_values /usr/lib/python3/dist-packages/oslo_config/cfg.py:2609
2026-04-16 00:39:00.171 136609 DEBUG oslo_service.service [req-7ae8b74d-6bc9-427f-a5e2-e27128a725b4 - - - - -] oslo_limit.min_version = None log_opt_values /usr/lib/python3/dist-packages/oslo_config/cfg.py:2609
2026-04-16 00:39:00.171 136609 DEBUG oslo_service.service [req-7ae8b74d-6bc9-427f-a5e2-e27128a725b4 - - - - -] oslo_limit.region_name = None log_opt_values /usr/lib/python3/dist-packages/oslo_config/cfg.py:2609
2026-04-16 00:39:00.172 136609 DEBUG oslo_service.service [req-7ae8b74d-6bc9-427f-a5e2-e27128a725b4 - - - - -] oslo_limit.service_name = None log_opt_values /usr/lib/python3/dist-packages/oslo_config/cfg.py:2609
2026-04-16 00:39:00.173 136609 DEBUG oslo_service.service [req-7ae8b74d-6bc9-427f-a5e2-e27128a725b4 - - - - -] oslo_limit.service_type = None log_opt_values /usr/lib/python3/dist-packages/oslo_config/cfg.py:2609
2026-04-16 00:39:00.173 136609 DEBUG oslo_service.service [req-7ae8b74d-6bc9-427f-a5e2-e27128a725b4 - - - - -] oslo_limit.split_loggers = False log_opt_values /usr/lib/python3/dist-packages/oslo_config/cfg.py:2609
2026-04-16 00:39:00.173 136609 DEBUG oslo_service.service [req-7ae8b74d-6bc9-427f-a5e2-e27128a725b4 - - - - -] oslo_limit.status_code_retries = None log_opt_values /usr/lib/python3/dist-packages/oslo_config/cfg.py:2609
2026-04-16 00:39:00.173 136609 DEBUG oslo_service.service [req-7ae8b74d-6bc9-427f-a5e2-e27128a725b4 - - - - -] oslo_limit.status_code_retry_delay = None log_opt_values /usr/lib/python3/dist-packages/oslo_config/cfg.py:2609
2026-04-16 00:39:00.173 136609 DEBUG oslo_service.service [req-7ae8b74d-6bc9-427f-a5e2-e27128a725b4 - - - - -] oslo_limit.timeout = None log_opt_values /usr/lib/python3/dist-packages/oslo_config/cfg.py:2609
2026-04-16 00:39:00.173 136609 DEBUG oslo_service.service [req-7ae8b74d-6bc9-427f-a5e2-e27128a725b4 - - - - -] oslo_limit.valid_interfaces = None log_opt_values /usr/lib/python3/dist-packages/oslo_config/cfg.py:2609
2026-04-16 00:39:00.174 136609 DEBUG oslo_service.service [req-7ae8b74d-6bc9-427f-a5e2-e27128a725b4 - - - - -] oslo_limit.version = None log_opt_values /usr/lib/python3/dist-packages/oslo_config/cfg.py:2609
2026-04-16 00:39:00.174 136609 DEBUG oslo_service.service [req-7ae8b74d-6bc9-427f-a5e2-e27128a725b4 - - - - -] oslo_reports.file_event_handler = None log_opt_values /usr/lib/python3/dist-packages/oslo_config/cfg.py:2609
2026-04-16 00:39:00.174 136609 DEBUG oslo_service.service [req-7ae8b74d-6bc9-427f-a5e2-e27128a725b4 - - - - -] oslo_reports.file_event_handler_interval = 1 log_opt_values /usr/lib/python3/dist-packages/oslo_config/cfg.py:2609
2026-04-16 00:39:00.174 136609 DEBUG oslo_service.service [req-7ae8b74d-6bc9-427f-a5e2-e27128a725b4 - - - - -] oslo_reports.log_dir = None log_opt_values /usr/lib/python3/dist-packages/oslo_config/cfg.py:2609
2026-04-16 00:39:00.175 136609 DEBUG oslo_service.service [req-7ae8b74d-6bc9-427f-a5e2-e27128a725b4 - - - - -] ******************************************************************************** log_opt_values /usr/lib/python3/dist-packages/oslo_config/cfg.py:2613
2026-04-16 00:39:00.179 137253 DEBUG nova.service [req-0e0e09d3-15ae-490c-9f19-cc1600506f44 - - - - -] Creating RPC server for service scheduler start /usr/lib/python3/dist-packages/nova/service.py:182
2026-04-16 00:39:00.182 137255 DEBUG nova.service [req-db2c210a-545c-43f7-a435-b4d591c33a66 - - - - -] Creating RPC server for service scheduler start /usr/lib/python3/dist-packages/nova/service.py:182
2026-04-16 00:39:00.201 137254 DEBUG oslo_messaging._drivers.amqpdriver [-] Listener is running poll /usr/lib/python3/dist-packages/oslo_messaging/_drivers/amqpdriver.py:343
2026-04-16 00:39:00.201 137254 DEBUG oslo_messaging._drivers.amqpdriver [-] AMQPListener connection consume poll /usr/lib/python3/dist-packages/oslo_messaging/_drivers/amqpdriver.py:357
2026-04-16 00:39:00.202 137254 DEBUG nova.service [req-49def100-4f3f-40f1-8afa-2c2be521d315 - - - - -] Join ServiceGroup membership for this service scheduler start /usr/lib/python3/dist-packages/nova/service.py:199
2026-04-16 00:39:00.202 137254 DEBUG nova.servicegroup.drivers.db [req-49def100-4f3f-40f1-8afa-2c2be521d315 - - - - -] DB_Driver: join new ServiceGroup member juju-d47972-0-lxd-7 to the scheduler group, service = join /usr/lib/python3/dist-packages/nova/servicegroup/drivers/db.py:44
2026-04-16 00:39:00.203 137255 DEBUG oslo_messaging._drivers.amqpdriver [-] Listener is running poll /usr/lib/python3/dist-packages/oslo_messaging/_drivers/amqpdriver.py:343
2026-04-16 00:39:00.204 137255 DEBUG oslo_messaging._drivers.amqpdriver [-] AMQPListener connection consume poll /usr/lib/python3/dist-packages/oslo_messaging/_drivers/amqpdriver.py:357
2026-04-16 00:39:00.204 137254 DEBUG oslo_messaging._drivers.amqpdriver [-] AMQPListener connection timeout poll /usr/lib/python3/dist-packages/oslo_messaging/_drivers/amqpdriver.py:360
2026-04-16 00:39:00.204 137255 DEBUG nova.service [req-db2c210a-545c-43f7-a435-b4d591c33a66 - - - - -] Join ServiceGroup membership for this service scheduler start /usr/lib/python3/dist-packages/nova/service.py:199
2026-04-16 00:39:00.204 137254 DEBUG oslo_messaging._drivers.amqpdriver [-] Listener is running poll /usr/lib/python3/dist-packages/oslo_messaging/_drivers/amqpdriver.py:343
2026-04-16 00:39:00.205 137254 DEBUG oslo_messaging._drivers.amqpdriver [-] AMQPListener connection consume poll /usr/lib/python3/dist-packages/oslo_messaging/_drivers/amqpdriver.py:357
2026-04-16 00:39:00.205 137255 DEBUG nova.servicegroup.drivers.db [req-db2c210a-545c-43f7-a435-b4d591c33a66 - - - - -] DB_Driver: join new ServiceGroup member juju-d47972-0-lxd-7 to the scheduler group, service = join /usr/lib/python3/dist-packages/nova/servicegroup/drivers/db.py:44
2026-04-16 00:39:00.207 137255 DEBUG oslo_messaging._drivers.amqpdriver [-] AMQPListener connection timeout poll /usr/lib/python3/dist-packages/oslo_messaging/_drivers/amqpdriver.py:360
2026-04-16 00:39:00.207 137255 DEBUG oslo_messaging._drivers.amqpdriver [-] Listener is running poll /usr/lib/python3/dist-packages/oslo_messaging/_drivers/amqpdriver.py:343
2026-04-16 00:39:00.207 137255 DEBUG oslo_messaging._drivers.amqpdriver [-] AMQPListener connection consume poll /usr/lib/python3/dist-packages/oslo_messaging/_drivers/amqpdriver.py:357
2026-04-16 00:39:00.220 137253 DEBUG oslo_messaging._drivers.amqpdriver [-] Listener is running poll /usr/lib/python3/dist-packages/oslo_messaging/_drivers/amqpdriver.py:343
2026-04-16 00:39:00.221 137253 DEBUG oslo_messaging._drivers.amqpdriver [-] AMQPListener connection consume poll /usr/lib/python3/dist-packages/oslo_messaging/_drivers/amqpdriver.py:357
2026-04-16 00:39:00.221 137253 DEBUG nova.service [req-0e0e09d3-15ae-490c-9f19-cc1600506f44 - - - - -] Join ServiceGroup membership for this service scheduler start /usr/lib/python3/dist-packages/nova/service.py:199
2026-04-16 00:39:00.222 137253 DEBUG nova.servicegroup.drivers.db [req-0e0e09d3-15ae-490c-9f19-cc1600506f44 - - - - -] DB_Driver: join new ServiceGroup member juju-d47972-0-lxd-7 to the scheduler group, service = join /usr/lib/python3/dist-packages/nova/servicegroup/drivers/db.py:44
2026-04-16 00:39:00.224 137253 DEBUG oslo_messaging._drivers.amqpdriver [-] AMQPListener connection timeout poll /usr/lib/python3/dist-packages/oslo_messaging/_drivers/amqpdriver.py:360
2026-04-16 00:39:00.224 137253 DEBUG oslo_messaging._drivers.amqpdriver [-] Listener is running poll /usr/lib/python3/dist-packages/oslo_messaging/_drivers/amqpdriver.py:343
2026-04-16 00:39:00.224 137253 DEBUG oslo_messaging._drivers.amqpdriver [-] AMQPListener connection consume poll /usr/lib/python3/dist-packages/oslo_messaging/_drivers/amqpdriver.py:357
2026-04-16 00:39:00.225 137252 DEBUG nova.service [req-38ba50f1-9a6f-435b-8109-db5ad7838c86 - - - - -] Creating RPC server for service scheduler start /usr/lib/python3/dist-packages/nova/service.py:182
2026-04-16 00:39:00.246 137252 DEBUG oslo_messaging._drivers.amqpdriver [-] Listener is running poll /usr/lib/python3/dist-packages/oslo_messaging/_drivers/amqpdriver.py:343
2026-04-16 00:39:00.246 137252 DEBUG oslo_messaging._drivers.amqpdriver [-] AMQPListener connection consume poll /usr/lib/python3/dist-packages/oslo_messaging/_drivers/amqpdriver.py:357
2026-04-16 00:39:00.247 137252 DEBUG nova.service [req-38ba50f1-9a6f-435b-8109-db5ad7838c86 - - - - -] Join ServiceGroup membership for this service scheduler start /usr/lib/python3/dist-packages/nova/service.py:199
2026-04-16 00:39:00.247 137252 DEBUG nova.servicegroup.drivers.db [req-38ba50f1-9a6f-435b-8109-db5ad7838c86 - - - - -] DB_Driver: join new ServiceGroup member juju-d47972-0-lxd-7 to the scheduler group, service = join /usr/lib/python3/dist-packages/nova/servicegroup/drivers/db.py:44
2026-04-16 00:39:00.249 137252 DEBUG oslo_messaging._drivers.amqpdriver [-] AMQPListener connection timeout poll /usr/lib/python3/dist-packages/oslo_messaging/_drivers/amqpdriver.py:360
2026-04-16 00:39:00.249 137252 DEBUG oslo_messaging._drivers.amqpdriver [-] Listener is running poll /usr/lib/python3/dist-packages/oslo_messaging/_drivers/amqpdriver.py:343
2026-04-16 00:39:00.249 137252 DEBUG oslo_messaging._drivers.amqpdriver [-] AMQPListener connection consume poll /usr/lib/python3/dist-packages/oslo_messaging/_drivers/amqpdriver.py:357
2026-04-16 00:39:01.205 137254 DEBUG oslo_messaging._drivers.amqpdriver [-] AMQPListener connection timeout poll /usr/lib/python3/dist-packages/oslo_messaging/_drivers/amqpdriver.py:360
2026-04-16 00:39:01.206 137254 DEBUG oslo_messaging._drivers.amqpdriver [-] Listener is running poll /usr/lib/python3/dist-packages/oslo_messaging/_drivers/amqpdriver.py:343
2026-04-16 00:39:01.206 137254 DEBUG oslo_messaging._drivers.amqpdriver [-] AMQPListener connection consume poll /usr/lib/python3/dist-packages/oslo_messaging/_drivers/amqpdriver.py:357
2026-04-16 00:39:01.209 137255 DEBUG oslo_messaging._drivers.amqpdriver [-] AMQPListener connection timeout poll /usr/lib/python3/dist-packages/oslo_messaging/_drivers/amqpdriver.py:360
2026-04-16 00:39:01.209 137255 DEBUG oslo_messaging._drivers.amqpdriver [-] Listener is running poll /usr/lib/python3/dist-packages/oslo_messaging/_drivers/amqpdriver.py:343
2026-04-16 00:39:01.209 137255 DEBUG oslo_messaging._drivers.amqpdriver [-] AMQPListener connection consume poll /usr/lib/python3/dist-packages/oslo_messaging/_drivers/amqpdriver.py:357
2026-04-16 00:39:01.225 137253 DEBUG oslo_messaging._drivers.amqpdriver [-] AMQPListener connection timeout poll /usr/lib/python3/dist-packages/oslo_messaging/_drivers/amqpdriver.py:360
2026-04-16 00:39:01.226 137253 DEBUG oslo_messaging._drivers.amqpdriver [-] Listener is running poll /usr/lib/python3/dist-packages/oslo_messaging/_drivers/amqpdriver.py:343
2026-04-16 00:39:01.226 137253 DEBUG oslo_messaging._drivers.amqpdriver [-] AMQPListener connection consume poll /usr/lib/python3/dist-packages/oslo_messaging/_drivers/amqpdriver.py:357
2026-04-16 00:39:01.250 137252 DEBUG oslo_messaging._drivers.amqpdriver [-] AMQPListener connection timeout poll /usr/lib/python3/dist-packages/oslo_messaging/_drivers/amqpdriver.py:360
2026-04-16 00:39:01.251 137252 DEBUG oslo_messaging._drivers.amqpdriver [-] Listener is running poll /usr/lib/python3/dist-packages/oslo_messaging/_drivers/amqpdriver.py:343
2026-04-16 00:39:01.251 137252 DEBUG oslo_messaging._drivers.amqpdriver [-] AMQPListener connection consume poll /usr/lib/python3/dist-packages/oslo_messaging/_drivers/amqpdriver.py:357
2026-04-16 00:39:03.208 137254 DEBUG oslo_messaging._drivers.amqpdriver [-] AMQPListener connection timeout poll /usr/lib/python3/dist-packages/oslo_messaging/_drivers/amqpdriver.py:360
2026-04-16 00:39:03.208 137254 DEBUG oslo_messaging._drivers.amqpdriver [-] Listener is running poll /usr/lib/python3/dist-packages/oslo_messaging/_drivers/amqpdriver.py:343
2026-04-16 00:39:03.209 137254 DEBUG oslo_messaging._drivers.amqpdriver [-] AMQPListener connection consume poll /usr/lib/python3/dist-packages/oslo_messaging/_drivers/amqpdriver.py:357
2026-04-16 00:39:03.210 137255 DEBUG oslo_messaging._drivers.amqpdriver [-] AMQPListener connection timeout poll /usr/lib/python3/dist-packages/oslo_messaging/_drivers/amqpdriver.py:360
2026-04-16 00:39:03.210 137255 DEBUG oslo_messaging._drivers.amqpdriver [-] Listener is running poll /usr/lib/python3/dist-packages/oslo_messaging/_drivers/amqpdriver.py:343
2026-04-16 00:39:03.210 137255 DEBUG oslo_messaging._drivers.amqpdriver [-] AMQPListener connection consume poll /usr/lib/python3/dist-packages/oslo_messaging/_drivers/amqpdriver.py:357
2026-04-16 00:39:03.228 137253 DEBUG oslo_messaging._drivers.amqpdriver [-] AMQPListener connection timeout poll /usr/lib/python3/dist-packages/oslo_messaging/_drivers/amqpdriver.py:360
2026-04-16 00:39:03.229 137253 DEBUG oslo_messaging._drivers.amqpdriver [-] Listener is running poll /usr/lib/python3/dist-packages/oslo_messaging/_drivers/amqpdriver.py:343
2026-04-16 00:39:03.229 137253 DEBUG oslo_messaging._drivers.amqpdriver [-] AMQPListener connection consume poll /usr/lib/python3/dist-packages/oslo_messaging/_drivers/amqpdriver.py:357
2026-04-16 00:39:03.253 137252 DEBUG oslo_messaging._drivers.amqpdriver [-] AMQPListener connection timeout poll /usr/lib/python3/dist-packages/oslo_messaging/_drivers/amqpdriver.py:360
2026-04-16 00:39:03.253 137252 DEBUG oslo_messaging._drivers.amqpdriver [-] Listener is running poll /usr/lib/python3/dist-packages/oslo_messaging/_drivers/amqpdriver.py:343
2026-04-16 00:39:03.254 137252 DEBUG oslo_messaging._drivers.amqpdriver [-] AMQPListener connection consume poll /usr/lib/python3/dist-packages/oslo_messaging/_drivers/amqpdriver.py:357
2026-04-16 00:39:07.210 137254 DEBUG oslo_messaging._drivers.amqpdriver [-] AMQPListener connection timeout poll /usr/lib/python3/dist-packages/oslo_messaging/_drivers/amqpdriver.py:360
2026-04-16 00:39:07.211 137254 DEBUG oslo_messaging._drivers.amqpdriver [-] Listener is running poll /usr/lib/python3/dist-packages/oslo_messaging/_drivers/amqpdriver.py:343
2026-04-16 00:39:07.211 137254 DEBUG oslo_messaging._drivers.amqpdriver [-] AMQPListener connection consume poll /usr/lib/python3/dist-packages/oslo_messaging/_drivers/amqpdriver.py:357
2026-04-16 00:39:07.213 137255 DEBUG oslo_messaging._drivers.amqpdriver [-] AMQPListener connection timeout poll /usr/lib/python3/dist-packages/oslo_messaging/_drivers/amqpdriver.py:360
2026-04-16 00:39:07.213 137255 DEBUG oslo_messaging._drivers.amqpdriver [-] Listener is running poll /usr/lib/python3/dist-packages/oslo_messaging/_drivers/amqpdriver.py:343
2026-04-16 00:39:07.213 137255 DEBUG oslo_messaging._drivers.amqpdriver [-] AMQPListener connection consume poll /usr/lib/python3/dist-packages/oslo_messaging/_drivers/amqpdriver.py:357
2026-04-16 00:39:07.231 137253 DEBUG oslo_messaging._drivers.amqpdriver [-] AMQPListener connection timeout poll /usr/lib/python3/dist-packages/oslo_messaging/_drivers/amqpdriver.py:360
2026-04-16 00:39:07.232 137253 DEBUG oslo_messaging._drivers.amqpdriver [-] Listener is running poll /usr/lib/python3/dist-packages/oslo_messaging/_drivers/amqpdriver.py:343
2026-04-16 00:39:07.232 137253 DEBUG oslo_messaging._drivers.amqpdriver [-] AMQPListener connection consume poll /usr/lib/python3/dist-packages/oslo_messaging/_drivers/amqpdriver.py:357
2026-04-16 00:39:07.257 137252 DEBUG oslo_messaging._drivers.amqpdriver [-] AMQPListener connection timeout poll /usr/lib/python3/dist-packages/oslo_messaging/_drivers/amqpdriver.py:360
2026-04-16 00:39:07.257 137252 DEBUG oslo_messaging._drivers.amqpdriver [-] Listener is running poll /usr/lib/python3/dist-packages/oslo_messaging/_drivers/amqpdriver.py:343
2026-04-16 00:39:07.257 137252 DEBUG oslo_messaging._drivers.amqpdriver [-] AMQPListener connection consume poll /usr/lib/python3/dist-packages/oslo_messaging/_drivers/amqpdriver.py:357
2026-04-16 00:39:08.231 136609 INFO oslo_service.service [req-7ae8b74d-6bc9-427f-a5e2-e27128a725b4 - - - - -] Caught SIGTERM, stopping children
2026-04-16 00:39:08.231 136609 DEBUG oslo_concurrency.lockutils [req-7ae8b74d-6bc9-427f-a5e2-e27128a725b4 - - - - -] Acquired lock "singleton_lock" lock /usr/lib/python3/dist-packages/oslo_concurrency/lockutils.py:294
2026-04-16 00:39:08.231 136609 DEBUG oslo_concurrency.lockutils [req-7ae8b74d-6bc9-427f-a5e2-e27128a725b4 - - - - -] Releasing lock "singleton_lock" lock /usr/lib/python3/dist-packages/oslo_concurrency/lockutils.py:312
2026-04-16 00:39:08.232 136609 DEBUG oslo_service.service [req-7ae8b74d-6bc9-427f-a5e2-e27128a725b4 - - - - -] Stop services. stop /usr/lib/python3/dist-packages/oslo_service/service.py:695
2026-04-16 00:39:08.232 136609 DEBUG oslo_service.service [req-7ae8b74d-6bc9-427f-a5e2-e27128a725b4 - - - - -] Killing children. stop /usr/lib/python3/dist-packages/oslo_service/service.py:700
2026-04-16 00:39:08.232 136609 INFO oslo_service.service [req-7ae8b74d-6bc9-427f-a5e2-e27128a725b4 - - - - -] Waiting on 4 children to exit
2026-04-16 00:39:08.238 136609 INFO oslo_service.service [req-7ae8b74d-6bc9-427f-a5e2-e27128a725b4 - - - - -] Child 137254 killed by signal 15
2026-04-16 00:39:08.239 136609 INFO oslo_service.service [req-7ae8b74d-6bc9-427f-a5e2-e27128a725b4 - - - - -] Child 137252 killed by signal 15
2026-04-16 00:39:08.239 136609 INFO oslo_service.service [req-7ae8b74d-6bc9-427f-a5e2-e27128a725b4 - - - - -] Child 137255 killed by signal 15
2026-04-16 00:39:08.242 136609 INFO oslo_service.service [req-7ae8b74d-6bc9-427f-a5e2-e27128a725b4 - - - - -] Child 137253 killed by signal 15
2026-04-16 00:39:09.975 137288 DEBUG oslo_db.sqlalchemy.engines [req-74210854-7c8a-40c6-b853-5d5a68484d0c - - - - -] MySQL server mode set to STRICT_TRANS_TABLES,STRICT_ALL_TABLES,NO_ZERO_IN_DATE,NO_ZERO_DATE,ERROR_FOR_DIVISION_BY_ZERO,TRADITIONAL,NO_ENGINE_SUBSTITUTION _check_effective_sql_mode /usr/lib/python3/dist-packages/oslo_db/sqlalchemy/engines.py:314
2026-04-16 00:39:10.009 137288 DEBUG nova.scheduler.host_manager [req-74210854-7c8a-40c6-b853-5d5a68484d0c - - - - -] Found 1 cells: f1187a6e-76e2-4273-a00a-727d2228c050 refresh_cells_caches /usr/lib/python3/dist-packages/nova/scheduler/host_manager.py:730
2026-04-16 00:39:10.010 137288 DEBUG nova.scheduler.host_manager [req-74210854-7c8a-40c6-b853-5d5a68484d0c - - - - -] Found 0 disabled cells: refresh_cells_caches /usr/lib/python3/dist-packages/nova/scheduler/host_manager.py:742
2026-04-16 00:39:10.014 137288 WARNING nova.scheduler.filters.availability_zone_filter [req-74210854-7c8a-40c6-b853-5d5a68484d0c - - - - -] The 'AvailabilityZoneFilter' is deprecated since the 24.0.0 (Xena) release. Since the 18.0.0 (Rocky) release, nova has supported mapping AZs to placement aggregates. The feature is enabled by the 'query_placement_for_availability_zone' config option and is now enabled by default. As such, the 'AvailabilityZoneFilter' is no longer required. Nova is currently configured to use both placement and the AvailabilityZoneFilter for AZ enforcement.
2026-04-16 00:39:10.096 137288 DEBUG nova.scheduler.host_manager [req-74210854-7c8a-40c6-b853-5d5a68484d0c - - - - -] START:_async_init_instance_info _async_init_instance_info /usr/lib/python3/dist-packages/nova/scheduler/host_manager.py:411
2026-04-16 00:39:10.098 137288 DEBUG oslo_concurrency.lockutils [req-b0953481-1275-4265-9b26-90e04479ffba - - - - -] Lock "f1187a6e-76e2-4273-a00a-727d2228c050" acquired by "nova.context.set_target_cell..get_or_set_cached_cell_and_set_connections" :: waited 0.000s inner /usr/lib/python3/dist-packages/oslo_concurrency/lockutils.py:386
2026-04-16 00:39:10.100 137288 DEBUG oslo_concurrency.lockutils [req-b0953481-1275-4265-9b26-90e04479ffba - - - - -] Lock "f1187a6e-76e2-4273-a00a-727d2228c050" "released" by "nova.context.set_target_cell..get_or_set_cached_cell_and_set_connections" :: held 0.001s inner /usr/lib/python3/dist-packages/oslo_concurrency/lockutils.py:400
2026-04-16 00:39:10.105 137288 DEBUG oslo_db.sqlalchemy.engines [req-b0953481-1275-4265-9b26-90e04479ffba - - - - -] MySQL server mode set to STRICT_TRANS_TABLES,STRICT_ALL_TABLES,NO_ZERO_IN_DATE,NO_ZERO_DATE,ERROR_FOR_DIVISION_BY_ZERO,TRADITIONAL,NO_ENGINE_SUBSTITUTION _check_effective_sql_mode /usr/lib/python3/dist-packages/oslo_db/sqlalchemy/engines.py:314
2026-04-16 00:39:10.115 137288 DEBUG nova.scheduler.host_manager [req-b0953481-1275-4265-9b26-90e04479ffba - - - - -] Total number of compute nodes: 0 _async_init_instance_info /usr/lib/python3/dist-packages/nova/scheduler/host_manager.py:424
2026-04-16 00:39:10.116 137288 DEBUG oslo_concurrency.lockutils [req-b0953481-1275-4265-9b26-90e04479ffba - - - - -] Lock "f1187a6e-76e2-4273-a00a-727d2228c050" acquired by "nova.context.set_target_cell..get_or_set_cached_cell_and_set_connections" :: waited 0.000s inner /usr/lib/python3/dist-packages/oslo_concurrency/lockutils.py:386
2026-04-16 00:39:10.116 137288 DEBUG oslo_concurrency.lockutils [req-b0953481-1275-4265-9b26-90e04479ffba - - - - -] Lock "f1187a6e-76e2-4273-a00a-727d2228c050" "released" by "nova.context.set_target_cell..get_or_set_cached_cell_and_set_connections" :: held 0.000s inner /usr/lib/python3/dist-packages/oslo_concurrency/lockutils.py:400
2026-04-16 00:39:10.170 137288 DEBUG nova.scheduler.host_manager [req-b0953481-1275-4265-9b26-90e04479ffba - - - - -] Adding 0 instances for hosts 10-20 _async_init_instance_info /usr/lib/python3/dist-packages/nova/scheduler/host_manager.py:443
2026-04-16 00:39:10.170 137288 DEBUG nova.scheduler.host_manager [req-b0953481-1275-4265-9b26-90e04479ffba - - - - -] END:_async_init_instance_info _async_init_instance_info /usr/lib/python3/dist-packages/nova/scheduler/host_manager.py:454
2026-04-16 00:39:10.578 137288 DEBUG nova.context [req-74210854-7c8a-40c6-b853-5d5a68484d0c - - - - -] Found 2 cells: 00000000-0000-0000-0000-000000000000(cell0),f1187a6e-76e2-4273-a00a-727d2228c050(cell1) load_cells /usr/lib/python3/dist-packages/nova/context.py:464
2026-04-16 00:39:10.578 137288 DEBUG oslo_concurrency.lockutils [req-68ad570d-f062-4ea8-9d1e-e7f1e71e146e - - - - -] Lock "00000000-0000-0000-0000-000000000000" acquired by "nova.context.set_target_cell..get_or_set_cached_cell_and_set_connections" :: waited 0.000s inner /usr/lib/python3/dist-packages/oslo_concurrency/lockutils.py:386
2026-04-16 00:39:10.579 137288 DEBUG oslo_concurrency.lockutils [req-68ad570d-f062-4ea8-9d1e-e7f1e71e146e - - - - -] Lock "00000000-0000-0000-0000-000000000000" "released" by "nova.context.set_target_cell..get_or_set_cached_cell_and_set_connections" :: held 0.001s inner /usr/lib/python3/dist-packages/oslo_concurrency/lockutils.py:400
2026-04-16 00:39:10.580 137288 DEBUG oslo_concurrency.lockutils [req-68ad570d-f062-4ea8-9d1e-e7f1e71e146e - - - - -] Lock "f1187a6e-76e2-4273-a00a-727d2228c050" acquired by "nova.context.set_target_cell..get_or_set_cached_cell_and_set_connections" :: waited 0.000s inner /usr/lib/python3/dist-packages/oslo_concurrency/lockutils.py:386
2026-04-16 00:39:10.580 137288 DEBUG oslo_concurrency.lockutils [req-68ad570d-f062-4ea8-9d1e-e7f1e71e146e - - - - -] Lock "f1187a6e-76e2-4273-a00a-727d2228c050" "released" by "nova.context.set_target_cell..get_or_set_cached_cell_and_set_connections" :: held 0.000s inner /usr/lib/python3/dist-packages/oslo_concurrency/lockutils.py:400
2026-04-16 00:39:10.589 137288 DEBUG oslo_db.sqlalchemy.engines [req-68ad570d-f062-4ea8-9d1e-e7f1e71e146e - - - - -] MySQL server mode set to STRICT_TRANS_TABLES,STRICT_ALL_TABLES,NO_ZERO_IN_DATE,NO_ZERO_DATE,ERROR_FOR_DIVISION_BY_ZERO,TRADITIONAL,NO_ENGINE_SUBSTITUTION _check_effective_sql_mode /usr/lib/python3/dist-packages/oslo_db/sqlalchemy/engines.py:314
2026-04-16 00:39:10.598 137288 DEBUG oslo_concurrency.lockutils [req-68ad570d-f062-4ea8-9d1e-e7f1e71e146e - - - - -] Acquired lock "singleton_lock" lock /usr/lib/python3/dist-packages/oslo_concurrency/lockutils.py:294
2026-04-16 00:39:10.598 137288 DEBUG oslo_concurrency.lockutils [req-68ad570d-f062-4ea8-9d1e-e7f1e71e146e - - - - -] Releasing lock "singleton_lock" lock /usr/lib/python3/dist-packages/oslo_concurrency/lockutils.py:312
2026-04-16 00:39:10.599 137288 INFO oslo_service.service [req-68ad570d-f062-4ea8-9d1e-e7f1e71e146e - - - - -] Starting 4 workers
2026-04-16 00:39:10.602 137288 DEBUG oslo_service.service [req-68ad570d-f062-4ea8-9d1e-e7f1e71e146e - - - - -] Started child 137597 _start_child /usr/lib/python3/dist-packages/oslo_service/service.py:575
2026-04-16 00:39:10.607 137597 INFO nova.service [-] Starting scheduler node (version 25.2.1)
2026-04-16 00:39:10.607 137288 DEBUG oslo_service.service [req-68ad570d-f062-4ea8-9d1e-e7f1e71e146e - - - - -] Started child 137598 _start_child /usr/lib/python3/dist-packages/oslo_service/service.py:575
2026-04-16 00:39:10.611 137598 INFO nova.service [-] Starting scheduler node (version 25.2.1)
2026-04-16 00:39:10.612 137288 DEBUG oslo_service.service [req-68ad570d-f062-4ea8-9d1e-e7f1e71e146e - - - - -] Started child 137599 _start_child /usr/lib/python3/dist-packages/oslo_service/service.py:575
2026-04-16 00:39:10.616 137599 INFO nova.service [-] Starting scheduler node (version 25.2.1)
2026-04-16 00:39:10.616 137288 DEBUG oslo_service.service [req-68ad570d-f062-4ea8-9d1e-e7f1e71e146e - - - - -] Started child 137600 _start_child /usr/lib/python3/dist-packages/oslo_service/service.py:575
2026-04-16 00:39:10.617 137597 DEBUG oslo_db.sqlalchemy.engines [req-1905ffb2-dd1d-49f8-9730-855156999b00 - - - - -] MySQL server mode set to STRICT_TRANS_TABLES,STRICT_ALL_TABLES,NO_ZERO_IN_DATE,NO_ZERO_DATE,ERROR_FOR_DIVISION_BY_ZERO,TRADITIONAL,NO_ENGINE_SUBSTITUTION _check_effective_sql_mode /usr/lib/python3/dist-packages/oslo_db/sqlalchemy/engines.py:314
2026-04-16 00:39:10.618 137288 DEBUG oslo_service.service [req-68ad570d-f062-4ea8-9d1e-e7f1e71e146e - - - - -] Full set of CONF: wait /usr/lib/python3/dist-packages/oslo_service/service.py:649
2026-04-16 00:39:10.619 137288 DEBUG oslo_service.service [req-68ad570d-f062-4ea8-9d1e-e7f1e71e146e - - - - -] ******************************************************************************** log_opt_values /usr/lib/python3/dist-packages/oslo_config/cfg.py:2589
2026-04-16 00:39:10.619 137288 DEBUG oslo_service.service [req-68ad570d-f062-4ea8-9d1e-e7f1e71e146e - - - - -] Configuration options gathered from: log_opt_values /usr/lib/python3/dist-packages/oslo_config/cfg.py:2590
2026-04-16 00:39:10.619 137288 DEBUG oslo_service.service [req-68ad570d-f062-4ea8-9d1e-e7f1e71e146e - - - - -] command line args: ['--config-file=/etc/nova/nova.conf', '--log-file=/var/log/nova/nova-scheduler.log'] log_opt_values /usr/lib/python3/dist-packages/oslo_config/cfg.py:2591
2026-04-16 00:39:10.621 137600 INFO nova.service [-] Starting scheduler node (version 25.2.1)
2026-04-16 00:39:10.622 137288 DEBUG oslo_service.service [req-68ad570d-f062-4ea8-9d1e-e7f1e71e146e - - - - -] config files: ['/etc/nova/nova.conf'] log_opt_values /usr/lib/python3/dist-packages/oslo_config/cfg.py:2592
2026-04-16 00:39:10.622 137288 DEBUG oslo_service.service [req-68ad570d-f062-4ea8-9d1e-e7f1e71e146e - - - - -] ================================================================================ log_opt_values /usr/lib/python3/dist-packages/oslo_config/cfg.py:2594
2026-04-16 00:39:10.622 137288 DEBUG oslo_service.service [req-68ad570d-f062-4ea8-9d1e-e7f1e71e146e - - - - -] allow_resize_to_same_host = False log_opt_values /usr/lib/python3/dist-packages/oslo_config/cfg.py:2602
2026-04-16 00:39:10.623 137288 DEBUG oslo_service.service [req-68ad570d-f062-4ea8-9d1e-e7f1e71e146e - - - - -] arq_binding_timeout = 300 log_opt_values /usr/lib/python3/dist-packages/oslo_config/cfg.py:2602
2026-04-16 00:39:10.623 137288 DEBUG oslo_service.service [req-68ad570d-f062-4ea8-9d1e-e7f1e71e146e - - - - -] block_device_allocate_retries = 60 log_opt_values /usr/lib/python3/dist-packages/oslo_config/cfg.py:2602
2026-04-16 00:39:10.623 137288 DEBUG oslo_service.service [req-68ad570d-f062-4ea8-9d1e-e7f1e71e146e - - - - -] block_device_allocate_retries_interval = 3 log_opt_values /usr/lib/python3/dist-packages/oslo_config/cfg.py:2602
2026-04-16 00:39:10.623 137288 DEBUG oslo_service.service [req-68ad570d-f062-4ea8-9d1e-e7f1e71e146e - - - - -] cert = self.pem log_opt_values /usr/lib/python3/dist-packages/oslo_config/cfg.py:2602
2026-04-16 00:39:10.623 137598 DEBUG oslo_db.sqlalchemy.engines [req-51ce00a9-6748-4b25-9b32-dc5b0035bc41 - - - - -] MySQL server mode set to STRICT_TRANS_TABLES,STRICT_ALL_TABLES,NO_ZERO_IN_DATE,NO_ZERO_DATE,ERROR_FOR_DIVISION_BY_ZERO,TRADITIONAL,NO_ENGINE_SUBSTITUTION _check_effective_sql_mode /usr/lib/python3/dist-packages/oslo_db/sqlalchemy/engines.py:314
2026-04-16 00:39:10.623 137288 DEBUG oslo_service.service [req-68ad570d-f062-4ea8-9d1e-e7f1e71e146e - - - - -] compute_driver = libvirt.LibvirtDriver log_opt_values /usr/lib/python3/dist-packages/oslo_config/cfg.py:2602
2026-04-16 00:39:10.625 137288 DEBUG oslo_service.service [req-68ad570d-f062-4ea8-9d1e-e7f1e71e146e - - - - -] compute_monitors = [] log_opt_values /usr/lib/python3/dist-packages/oslo_config/cfg.py:2602
2026-04-16 00:39:10.626 137288 DEBUG oslo_service.service [req-68ad570d-f062-4ea8-9d1e-e7f1e71e146e - - - - -] config_dir = [] log_opt_values /usr/lib/python3/dist-packages/oslo_config/cfg.py:2602
2026-04-16 00:39:10.626 137288 DEBUG oslo_service.service [req-68ad570d-f062-4ea8-9d1e-e7f1e71e146e - - - - -] config_drive_format = iso9660 log_opt_values /usr/lib/python3/dist-packages/oslo_config/cfg.py:2602
2026-04-16 00:39:10.628 137288 DEBUG oslo_service.service [req-68ad570d-f062-4ea8-9d1e-e7f1e71e146e - - - - -] config_file = ['/etc/nova/nova.conf'] log_opt_values /usr/lib/python3/dist-packages/oslo_config/cfg.py:2602
2026-04-16 00:39:10.628 137599 DEBUG oslo_db.sqlalchemy.engines [req-2af83089-99c6-4c0f-b5db-57bf5fed3c07 - - - - -] MySQL server mode set to STRICT_TRANS_TABLES,STRICT_ALL_TABLES,NO_ZERO_IN_DATE,NO_ZERO_DATE,ERROR_FOR_DIVISION_BY_ZERO,TRADITIONAL,NO_ENGINE_SUBSTITUTION _check_effective_sql_mode /usr/lib/python3/dist-packages/oslo_db/sqlalchemy/engines.py:314
2026-04-16 00:39:10.629 137288 DEBUG oslo_service.service [req-68ad570d-f062-4ea8-9d1e-e7f1e71e146e - - - - -] config_source = [] log_opt_values /usr/lib/python3/dist-packages/oslo_config/cfg.py:2602
2026-04-16 00:39:10.631 137597 DEBUG nova.service [req-1905ffb2-dd1d-49f8-9730-855156999b00 - - - - -] Creating RPC server for service scheduler start /usr/lib/python3/dist-packages/nova/service.py:182
2026-04-16 00:39:10.632 137600 DEBUG oslo_db.sqlalchemy.engines [req-35612114-bcfd-4dc8-a81f-8c0f730dbcd2 - - - - -] MySQL server mode set to STRICT_TRANS_TABLES,STRICT_ALL_TABLES,NO_ZERO_IN_DATE,NO_ZERO_DATE,ERROR_FOR_DIVISION_BY_ZERO,TRADITIONAL,NO_ENGINE_SUBSTITUTION _check_effective_sql_mode /usr/lib/python3/dist-packages/oslo_db/sqlalchemy/engines.py:314
2026-04-16 00:39:10.629 137288 DEBUG oslo_service.service [req-68ad570d-f062-4ea8-9d1e-e7f1e71e146e - - - - -] console_host = juju-d47972-0-lxd-7 log_opt_values /usr/lib/python3/dist-packages/oslo_config/cfg.py:2602
2026-04-16 00:39:10.640 137288 DEBUG oslo_service.service [req-68ad570d-f062-4ea8-9d1e-e7f1e71e146e - - - - -] control_exchange = nova log_opt_values /usr/lib/python3/dist-packages/oslo_config/cfg.py:2602
2026-04-16 00:39:10.641 137288 DEBUG oslo_service.service [req-68ad570d-f062-4ea8-9d1e-e7f1e71e146e - - - - -] cpu_allocation_ratio = 2.0 log_opt_values /usr/lib/python3/dist-packages/oslo_config/cfg.py:2602
2026-04-16 00:39:10.641 137288 DEBUG oslo_service.service [req-68ad570d-f062-4ea8-9d1e-e7f1e71e146e - - - - -] daemon = False log_opt_values /usr/lib/python3/dist-packages/oslo_config/cfg.py:2602
2026-04-16 00:39:10.642 137288 DEBUG oslo_service.service [req-68ad570d-f062-4ea8-9d1e-e7f1e71e146e - - - - -] debug = True log_opt_values /usr/lib/python3/dist-packages/oslo_config/cfg.py:2602
2026-04-16 00:39:10.642 137288 DEBUG oslo_service.service [req-68ad570d-f062-4ea8-9d1e-e7f1e71e146e - - - - -] default_access_ip_network_name = None log_opt_values /usr/lib/python3/dist-packages/oslo_config/cfg.py:2602
2026-04-16 00:39:10.642 137288 DEBUG oslo_service.service [req-68ad570d-f062-4ea8-9d1e-e7f1e71e146e - - - - -] default_availability_zone = nova log_opt_values /usr/lib/python3/dist-packages/oslo_config/cfg.py:2602
2026-04-16 00:39:10.642 137288 DEBUG oslo_service.service [req-68ad570d-f062-4ea8-9d1e-e7f1e71e146e - - - - -] default_ephemeral_format = None log_opt_values /usr/lib/python3/dist-packages/oslo_config/cfg.py:2602
2026-04-16 00:39:10.642 137288 DEBUG oslo_service.service [req-68ad570d-f062-4ea8-9d1e-e7f1e71e146e - - - - -] default_log_levels = ['amqp=WARN', 'amqplib=WARN', 'boto=WARN', 'qpid=WARN', 'sqlalchemy=WARN', 'suds=INFO', 'oslo.messaging=INFO', 'oslo_messaging=DEBUG', 'iso8601=WARN', 'requests.packages.urllib3.connectionpool=WARN', 'urllib3.connectionpool=WARN', 'websocket=WARN', 'requests.packages.urllib3.util.retry=WARN', 'urllib3.util.retry=WARN', 'keystonemiddleware=WARN', 'routes.middleware=WARN', 'stevedore=WARN', 'taskflow=WARN', 'keystoneauth=WARN', 'oslo.cache=INFO', 'dogpile.core.dogpile=INFO', 'glanceclient=WARN', 'oslo.privsep.daemon=INFO'] log_opt_values /usr/lib/python3/dist-packages/oslo_config/cfg.py:2602
2026-04-16 00:39:10.644 137288 DEBUG oslo_service.service [req-68ad570d-f062-4ea8-9d1e-e7f1e71e146e - - - - -] default_schedule_zone = None log_opt_values /usr/lib/python3/dist-packages/oslo_config/cfg.py:2602
2026-04-16 00:39:10.644 137288 DEBUG oslo_service.service [req-68ad570d-f062-4ea8-9d1e-e7f1e71e146e - - - - -] disk_allocation_ratio = 1.0 log_opt_values /usr/lib/python3/dist-packages/oslo_config/cfg.py:2602
2026-04-16 00:39:10.644 137288 DEBUG oslo_service.service [req-68ad570d-f062-4ea8-9d1e-e7f1e71e146e - - - - -] enable_new_services = True log_opt_values /usr/lib/python3/dist-packages/oslo_config/cfg.py:2602
2026-04-16 00:39:10.644 137288 DEBUG oslo_service.service [req-68ad570d-f062-4ea8-9d1e-e7f1e71e146e - - - - -] enabled_apis = ['osapi_compute', 'metadata'] log_opt_values /usr/lib/python3/dist-packages/oslo_config/cfg.py:2602
2026-04-16 00:39:10.645 137288 DEBUG oslo_service.service [req-68ad570d-f062-4ea8-9d1e-e7f1e71e146e - - - - -] enabled_ssl_apis = [] log_opt_values /usr/lib/python3/dist-packages/oslo_config/cfg.py:2602
2026-04-16 00:39:10.645 137288 DEBUG oslo_service.service [req-68ad570d-f062-4ea8-9d1e-e7f1e71e146e - - - - -] fatal_deprecations = False log_opt_values /usr/lib/python3/dist-packages/oslo_config/cfg.py:2602
2026-04-16 00:39:10.645 137288 DEBUG oslo_service.service [req-68ad570d-f062-4ea8-9d1e-e7f1e71e146e - - - - -] flat_injected = False log_opt_values /usr/lib/python3/dist-packages/oslo_config/cfg.py:2602
2026-04-16 00:39:10.645 137288 DEBUG oslo_service.service [req-68ad570d-f062-4ea8-9d1e-e7f1e71e146e - - - - -] force_config_drive = False log_opt_values /usr/lib/python3/dist-packages/oslo_config/cfg.py:2602
2026-04-16 00:39:10.645 137288 DEBUG oslo_service.service [req-68ad570d-f062-4ea8-9d1e-e7f1e71e146e - - - - -] force_raw_images = True log_opt_values /usr/lib/python3/dist-packages/oslo_config/cfg.py:2602
2026-04-16 00:39:10.646 137288 DEBUG oslo_service.service [req-68ad570d-f062-4ea8-9d1e-e7f1e71e146e - - - - -] graceful_shutdown_timeout = 60 log_opt_values /usr/lib/python3/dist-packages/oslo_config/cfg.py:2602
2026-04-16 00:39:10.646 137599 DEBUG nova.service [req-2af83089-99c6-4c0f-b5db-57bf5fed3c07 - - - - -] Creating RPC server for service scheduler start /usr/lib/python3/dist-packages/nova/service.py:182
2026-04-16 00:39:10.647 137288 DEBUG oslo_service.service [req-68ad570d-f062-4ea8-9d1e-e7f1e71e146e - - - - -] heal_instance_info_cache_interval = 60 log_opt_values /usr/lib/python3/dist-packages/oslo_config/cfg.py:2602
2026-04-16 00:39:10.647 137288 DEBUG oslo_service.service [req-68ad570d-f062-4ea8-9d1e-e7f1e71e146e - - - - -] host = juju-d47972-0-lxd-7 log_opt_values /usr/lib/python3/dist-packages/oslo_config/cfg.py:2602
2026-04-16 00:39:10.647 137598 DEBUG nova.service [req-51ce00a9-6748-4b25-9b32-dc5b0035bc41 - - - - -] Creating RPC server for service scheduler start /usr/lib/python3/dist-packages/nova/service.py:182
2026-04-16 00:39:10.648 137288 DEBUG oslo_service.service [req-68ad570d-f062-4ea8-9d1e-e7f1e71e146e - - - - -] initial_cpu_allocation_ratio = 16.0 log_opt_values /usr/lib/python3/dist-packages/oslo_config/cfg.py:2602
2026-04-16 00:39:10.648 137288 DEBUG oslo_service.service [req-68ad570d-f062-4ea8-9d1e-e7f1e71e146e - - - - -] initial_disk_allocation_ratio = 1.0 log_opt_values /usr/lib/python3/dist-packages/oslo_config/cfg.py:2602
2026-04-16 00:39:10.648 137288 DEBUG oslo_service.service [req-68ad570d-f062-4ea8-9d1e-e7f1e71e146e - - - - -] initial_ram_allocation_ratio = 1.5 log_opt_values /usr/lib/python3/dist-packages/oslo_config/cfg.py:2602
2026-04-16 00:39:10.648 137288 DEBUG oslo_service.service [req-68ad570d-f062-4ea8-9d1e-e7f1e71e146e - - - - -] injected_network_template = /usr/lib/python3/dist-packages/nova/virt/interfaces.template log_opt_values /usr/lib/python3/dist-packages/oslo_config/cfg.py:2602
2026-04-16 00:39:10.648 137288 DEBUG oslo_service.service [req-68ad570d-f062-4ea8-9d1e-e7f1e71e146e - - - - -] instance_build_timeout = 0 log_opt_values /usr/lib/python3/dist-packages/oslo_config/cfg.py:2602
2026-04-16 00:39:10.648 137288 DEBUG oslo_service.service [req-68ad570d-f062-4ea8-9d1e-e7f1e71e146e - - - - -] instance_delete_interval = 300 log_opt_values /usr/lib/python3/dist-packages/oslo_config/cfg.py:2602
2026-04-16 00:39:10.649 137288 DEBUG oslo_service.service [req-68ad570d-f062-4ea8-9d1e-e7f1e71e146e - - - - -] instance_format = [instance: %(uuid)s] log_opt_values /usr/lib/python3/dist-packages/oslo_config/cfg.py:2602
2026-04-16 00:39:10.649 137288 DEBUG oslo_service.service [req-68ad570d-f062-4ea8-9d1e-e7f1e71e146e - - - - -] instance_name_template = instance-%08x log_opt_values /usr/lib/python3/dist-packages/oslo_config/cfg.py:2602
2026-04-16 00:39:10.649 137288 DEBUG oslo_service.service [req-68ad570d-f062-4ea8-9d1e-e7f1e71e146e - - - - -] instance_usage_audit = False log_opt_values /usr/lib/python3/dist-packages/oslo_config/cfg.py:2602
2026-04-16 00:39:10.649 137288 DEBUG oslo_service.service [req-68ad570d-f062-4ea8-9d1e-e7f1e71e146e - - - - -] instance_usage_audit_period = month log_opt_values /usr/lib/python3/dist-packages/oslo_config/cfg.py:2602
2026-04-16 00:39:10.650 137288 DEBUG oslo_service.service [req-68ad570d-f062-4ea8-9d1e-e7f1e71e146e - - - - -] instance_uuid_format = [instance: %(uuid)s] log_opt_values /usr/lib/python3/dist-packages/oslo_config/cfg.py:2602
2026-04-16 00:39:10.650 137600 DEBUG nova.service [req-35612114-bcfd-4dc8-a81f-8c0f730dbcd2 - - - - -] Creating RPC server for service scheduler start /usr/lib/python3/dist-packages/nova/service.py:182
2026-04-16 00:39:10.651 137288 DEBUG oslo_service.service [req-68ad570d-f062-4ea8-9d1e-e7f1e71e146e - - - - -] instances_path = /var/lib/nova/instances log_opt_values /usr/lib/python3/dist-packages/oslo_config/cfg.py:2602
2026-04-16 00:39:10.651 137288 DEBUG oslo_service.service [req-68ad570d-f062-4ea8-9d1e-e7f1e71e146e - - - - -] internal_service_availability_zone = internal log_opt_values /usr/lib/python3/dist-packages/oslo_config/cfg.py:2602
2026-04-16 00:39:10.651 137288 DEBUG oslo_service.service [req-68ad570d-f062-4ea8-9d1e-e7f1e71e146e - - - - -] key = None log_opt_values /usr/lib/python3/dist-packages/oslo_config/cfg.py:2602
2026-04-16 00:39:10.651 137288 DEBUG oslo_service.service [req-68ad570d-f062-4ea8-9d1e-e7f1e71e146e - - - - -] live_migration_retry_count = 30 log_opt_values /usr/lib/python3/dist-packages/oslo_config/cfg.py:2602
2026-04-16 00:39:10.651 137288 DEBUG oslo_service.service [req-68ad570d-f062-4ea8-9d1e-e7f1e71e146e - - - - -] log_config_append = None log_opt_values /usr/lib/python3/dist-packages/oslo_config/cfg.py:2602
2026-04-16 00:39:10.652 137288 DEBUG oslo_service.service [req-68ad570d-f062-4ea8-9d1e-e7f1e71e146e - - - - -] log_date_format = %Y-%m-%d %H:%M:%S log_opt_values /usr/lib/python3/dist-packages/oslo_config/cfg.py:2602
2026-04-16 00:39:10.652 137288 DEBUG oslo_service.service [req-68ad570d-f062-4ea8-9d1e-e7f1e71e146e - - - - -] log_dir = /var/log/nova log_opt_values /usr/lib/python3/dist-packages/oslo_config/cfg.py:2602
2026-04-16 00:39:10.652 137288 DEBUG oslo_service.service [req-68ad570d-f062-4ea8-9d1e-e7f1e71e146e - - - - -] log_file = /var/log/nova/nova-scheduler.log log_opt_values /usr/lib/python3/dist-packages/oslo_config/cfg.py:2602
2026-04-16 00:39:10.652 137288 DEBUG oslo_service.service [req-68ad570d-f062-4ea8-9d1e-e7f1e71e146e - - - - -] log_options = True log_opt_values /usr/lib/python3/dist-packages/oslo_config/cfg.py:2602
2026-04-16 00:39:10.652 137288 DEBUG oslo_service.service [req-68ad570d-f062-4ea8-9d1e-e7f1e71e146e - - - - -] log_rotate_interval = 1 log_opt_values /usr/lib/python3/dist-packages/oslo_config/cfg.py:2602
2026-04-16 00:39:10.652 137288 DEBUG oslo_service.service [req-68ad570d-f062-4ea8-9d1e-e7f1e71e146e - - - - -] log_rotate_interval_type = days log_opt_values /usr/lib/python3/dist-packages/oslo_config/cfg.py:2602
2026-04-16 00:39:10.652 137288 DEBUG oslo_service.service [req-68ad570d-f062-4ea8-9d1e-e7f1e71e146e - - - - -] log_rotation_type = none log_opt_values /usr/lib/python3/dist-packages/oslo_config/cfg.py:2602
2026-04-16 00:39:10.653 137288 DEBUG oslo_service.service [req-68ad570d-f062-4ea8-9d1e-e7f1e71e146e - - - - -] logging_context_format_string = %(asctime)s.%(msecs)03d %(process)d %(levelname)s %(name)s [%(request_id)s %(user_identity)s] %(instance)s%(message)s log_opt_values /usr/lib/python3/dist-packages/oslo_config/cfg.py:2602
2026-04-16 00:39:10.653 137288 DEBUG oslo_service.service [req-68ad570d-f062-4ea8-9d1e-e7f1e71e146e - - - - -] logging_debug_format_suffix = %(funcName)s %(pathname)s:%(lineno)d log_opt_values /usr/lib/python3/dist-packages/oslo_config/cfg.py:2602
2026-04-16 00:39:10.653 137288 DEBUG oslo_service.service [req-68ad570d-f062-4ea8-9d1e-e7f1e71e146e - - - - -] logging_default_format_string = %(asctime)s.%(msecs)03d %(process)d %(levelname)s %(name)s [-] %(instance)s%(message)s log_opt_values /usr/lib/python3/dist-packages/oslo_config/cfg.py:2602
2026-04-16 00:39:10.653 137288 DEBUG oslo_service.service [req-68ad570d-f062-4ea8-9d1e-e7f1e71e146e - - - - -] logging_exception_prefix = %(asctime)s.%(msecs)03d %(process)d ERROR %(name)s %(instance)s log_opt_values /usr/lib/python3/dist-packages/oslo_config/cfg.py:2602
2026-04-16 00:39:10.653 137288 DEBUG oslo_service.service [req-68ad570d-f062-4ea8-9d1e-e7f1e71e146e - - - - -] logging_user_identity_format = %(user)s %(project)s %(domain)s %(user_domain)s %(project_domain)s log_opt_values /usr/lib/python3/dist-packages/oslo_config/cfg.py:2602
2026-04-16 00:39:10.653 137288 DEBUG oslo_service.service [req-68ad570d-f062-4ea8-9d1e-e7f1e71e146e - - - - -] long_rpc_timeout = 1800 log_opt_values /usr/lib/python3/dist-packages/oslo_config/cfg.py:2602
2026-04-16 00:39:10.654 137288 DEBUG oslo_service.service [req-68ad570d-f062-4ea8-9d1e-e7f1e71e146e - - - - -] max_concurrent_builds = 10 log_opt_values /usr/lib/python3/dist-packages/oslo_config/cfg.py:2602
2026-04-16 00:39:10.654 137288 DEBUG oslo_service.service [req-68ad570d-f062-4ea8-9d1e-e7f1e71e146e - - - - -] max_concurrent_live_migrations = 1 log_opt_values /usr/lib/python3/dist-packages/oslo_config/cfg.py:2602
2026-04-16 00:39:10.654 137288 DEBUG oslo_service.service [req-68ad570d-f062-4ea8-9d1e-e7f1e71e146e - - - - -] max_concurrent_snapshots = 5 log_opt_values /usr/lib/python3/dist-packages/oslo_config/cfg.py:2602
2026-04-16 00:39:10.654 137288 DEBUG oslo_service.service [req-68ad570d-f062-4ea8-9d1e-e7f1e71e146e - - - - -] max_local_block_devices = 3 log_opt_values /usr/lib/python3/dist-packages/oslo_config/cfg.py:2602
2026-04-16 00:39:10.654 137288 DEBUG oslo_service.service [req-68ad570d-f062-4ea8-9d1e-e7f1e71e146e - - - - -] max_logfile_count = 30 log_opt_values /usr/lib/python3/dist-packages/oslo_config/cfg.py:2602
2026-04-16 00:39:10.654 137288 DEBUG oslo_service.service [req-68ad570d-f062-4ea8-9d1e-e7f1e71e146e - - - - -] max_logfile_size_mb = 200 log_opt_values /usr/lib/python3/dist-packages/oslo_config/cfg.py:2602
2026-04-16 00:39:10.655 137288 DEBUG oslo_service.service [req-68ad570d-f062-4ea8-9d1e-e7f1e71e146e - - - - -] maximum_instance_delete_attempts = 5 log_opt_values /usr/lib/python3/dist-packages/oslo_config/cfg.py:2602
2026-04-16 00:39:10.655 137288 DEBUG oslo_service.service [req-68ad570d-f062-4ea8-9d1e-e7f1e71e146e - - - - -] metadata_listen = 0.0.0.0 log_opt_values /usr/lib/python3/dist-packages/oslo_config/cfg.py:2602
2026-04-16 00:39:10.656 137597 DEBUG oslo_messaging._drivers.amqpdriver [-] Listener is running poll /usr/lib/python3/dist-packages/oslo_messaging/_drivers/amqpdriver.py:343
2026-04-16 00:39:10.657 137597 DEBUG oslo_messaging._drivers.amqpdriver [-] AMQPListener connection consume poll /usr/lib/python3/dist-packages/oslo_messaging/_drivers/amqpdriver.py:357
2026-04-16 00:39:10.657 137288 DEBUG oslo_service.service [req-68ad570d-f062-4ea8-9d1e-e7f1e71e146e - - - - -] metadata_listen_port = 8765 log_opt_values /usr/lib/python3/dist-packages/oslo_config/cfg.py:2602
2026-04-16 00:39:10.657 137288 DEBUG oslo_service.service [req-68ad570d-f062-4ea8-9d1e-e7f1e71e146e - - - - -] metadata_workers = None log_opt_values /usr/lib/python3/dist-packages/oslo_config/cfg.py:2602
2026-04-16 00:39:10.657 137288 DEBUG oslo_service.service [req-68ad570d-f062-4ea8-9d1e-e7f1e71e146e - - - - -] migrate_max_retries = -1 log_opt_values /usr/lib/python3/dist-packages/oslo_config/cfg.py:2602
2026-04-16 00:39:10.657 137597 DEBUG nova.service [req-1905ffb2-dd1d-49f8-9730-855156999b00 - - - - -] Join ServiceGroup membership for this service scheduler start /usr/lib/python3/dist-packages/nova/service.py:199
2026-04-16 00:39:10.657 137288 DEBUG oslo_service.service [req-68ad570d-f062-4ea8-9d1e-e7f1e71e146e - - - - -] mkisofs_cmd = genisoimage log_opt_values /usr/lib/python3/dist-packages/oslo_config/cfg.py:2602
2026-04-16 00:39:10.658 137597 DEBUG nova.servicegroup.drivers.db [req-1905ffb2-dd1d-49f8-9730-855156999b00 - - - - -] DB_Driver: join new ServiceGroup member juju-d47972-0-lxd-7 to the scheduler group, service = join /usr/lib/python3/dist-packages/nova/servicegroup/drivers/db.py:44
