2026-04-16 00:39:01.499 136993 DEBUG oslo_service.service [req-afb687ee-0eb2-4c63-a3a4-d147bf128a67 - - - - -] barbican.send_service_user_token = False log_opt_values /usr/lib/python3/dist-packages/oslo_config/cfg.py:2609
2026-04-16 00:39:01.499 137259 DEBUG oslo_messaging._drivers.amqpdriver [-] Listener is running poll /usr/lib/python3/dist-packages/oslo_messaging/_drivers/amqpdriver.py:343
2026-04-16 00:39:01.499 136993 DEBUG oslo_service.service [req-afb687ee-0eb2-4c63-a3a4-d147bf128a67 - - - - -] barbican.split_loggers = False log_opt_values /usr/lib/python3/dist-packages/oslo_config/cfg.py:2609
2026-04-16 00:39:01.499 137259 DEBUG oslo_messaging._drivers.amqpdriver [-] AMQPListener connection consume poll /usr/lib/python3/dist-packages/oslo_messaging/_drivers/amqpdriver.py:357
2026-04-16 00:39:01.499 136993 DEBUG oslo_service.service [req-afb687ee-0eb2-4c63-a3a4-d147bf128a67 - - - - -] barbican.timeout = None log_opt_values /usr/lib/python3/dist-packages/oslo_config/cfg.py:2609
2026-04-16 00:39:01.500 136993 DEBUG oslo_service.service [req-afb687ee-0eb2-4c63-a3a4-d147bf128a67 - - - - -] barbican.verify_ssl = True log_opt_values /usr/lib/python3/dist-packages/oslo_config/cfg.py:2609
2026-04-16 00:39:01.500 136993 DEBUG oslo_service.service [req-afb687ee-0eb2-4c63-a3a4-d147bf128a67 - - - - -] barbican.verify_ssl_path = None log_opt_values /usr/lib/python3/dist-packages/oslo_config/cfg.py:2609
2026-04-16 00:39:01.500 137259 DEBUG nova.service [req-bd1eefb6-6d5d-4a53-bebb-c1f993b160be - - - - -] Join ServiceGroup membership for this service conductor start /usr/lib/python3/dist-packages/nova/service.py:199
2026-04-16 00:39:01.500 136993 DEBUG oslo_service.service [req-afb687ee-0eb2-4c63-a3a4-d147bf128a67 - - - - -] barbican_service_user.auth_section = None log_opt_values /usr/lib/python3/dist-packages/oslo_config/cfg.py:2609
2026-04-16 00:39:01.500 136993 DEBUG oslo_service.service [req-afb687ee-0eb2-4c63-a3a4-d147bf128a67 - - - - -] barbican_service_user.auth_type = None log_opt_values /usr/lib/python3/dist-packages/oslo_config/cfg.py:2609
2026-04-16 00:39:01.500 137259 DEBUG nova.servicegroup.drivers.db [req-bd1eefb6-6d5d-4a53-bebb-c1f993b160be - - - - -] DB_Driver: join new ServiceGroup member juju-d47972-0-lxd-7 to the conductor group, service = join /usr/lib/python3/dist-packages/nova/servicegroup/drivers/db.py:44
2026-04-16 00:39:01.500 136993 DEBUG oslo_service.service [req-afb687ee-0eb2-4c63-a3a4-d147bf128a67 - - - - -] barbican_service_user.cafile = None log_opt_values /usr/lib/python3/dist-packages/oslo_config/cfg.py:2609
2026-04-16 00:39:01.500 136993 DEBUG oslo_service.service [req-afb687ee-0eb2-4c63-a3a4-d147bf128a67 - - - - -] barbican_service_user.certfile = None log_opt_values /usr/lib/python3/dist-packages/oslo_config/cfg.py:2609
2026-04-16 00:39:01.501 136993 DEBUG oslo_service.service [req-afb687ee-0eb2-4c63-a3a4-d147bf128a67 - - - - -] barbican_service_user.collect_timing = False log_opt_values /usr/lib/python3/dist-packages/oslo_config/cfg.py:2609
2026-04-16 00:39:01.501 136993 DEBUG oslo_service.service [req-afb687ee-0eb2-4c63-a3a4-d147bf128a67 - - - - -] barbican_service_user.insecure = False log_opt_values /usr/lib/python3/dist-packages/oslo_config/cfg.py:2609
2026-04-16 00:39:01.501 136993 DEBUG oslo_service.service [req-afb687ee-0eb2-4c63-a3a4-d147bf128a67 - - - - -] barbican_service_user.keyfile = None log_opt_values /usr/lib/python3/dist-packages/oslo_config/cfg.py:2609
2026-04-16 00:39:01.501 137257 DEBUG oslo_messaging._drivers.amqpdriver [-] Listener is running poll /usr/lib/python3/dist-packages/oslo_messaging/_drivers/amqpdriver.py:343
2026-04-16 00:39:01.501 136993 DEBUG oslo_service.service [req-afb687ee-0eb2-4c63-a3a4-d147bf128a67 - - - - -] barbican_service_user.split_loggers = False log_opt_values /usr/lib/python3/dist-packages/oslo_config/cfg.py:2609
2026-04-16 00:39:01.501 137257 DEBUG oslo_messaging._drivers.amqpdriver [-] AMQPListener connection consume poll /usr/lib/python3/dist-packages/oslo_messaging/_drivers/amqpdriver.py:357
2026-04-16 00:39:01.501 136993 DEBUG oslo_service.service [req-afb687ee-0eb2-4c63-a3a4-d147bf128a67 - - - - -] barbican_service_user.timeout = None log_opt_values /usr/lib/python3/dist-packages/oslo_config/cfg.py:2609
2026-04-16 00:39:01.501 136993 DEBUG oslo_service.service [req-afb687ee-0eb2-4c63-a3a4-d147bf128a67 - - - - -] vault.approle_role_id = None log_opt_values /usr/lib/python3/dist-packages/oslo_config/cfg.py:2609
2026-04-16 00:39:01.502 136993 DEBUG oslo_service.service [req-afb687ee-0eb2-4c63-a3a4-d147bf128a67 - - - - -] vault.approle_secret_id = None log_opt_values /usr/lib/python3/dist-packages/oslo_config/cfg.py:2609
2026-04-16 00:39:01.502 136993 DEBUG oslo_service.service [req-afb687ee-0eb2-4c63-a3a4-d147bf128a67 - - - - -] vault.cafile = None log_opt_values /usr/lib/python3/dist-packages/oslo_config/cfg.py:2609
2026-04-16 00:39:01.502 137257 DEBUG nova.service [req-458797f2-cb34-4293-b9b8-a6ecec53f736 - - - - -] Join ServiceGroup membership for this service conductor start /usr/lib/python3/dist-packages/nova/service.py:199
2026-04-16 00:39:01.502 136993 DEBUG oslo_service.service [req-afb687ee-0eb2-4c63-a3a4-d147bf128a67 - - - - -] vault.certfile = None log_opt_values /usr/lib/python3/dist-packages/oslo_config/cfg.py:2609
2026-04-16 00:39:01.502 136993 DEBUG oslo_service.service [req-afb687ee-0eb2-4c63-a3a4-d147bf128a67 - - - - -] vault.collect_timing = False log_opt_values /usr/lib/python3/dist-packages/oslo_config/cfg.py:2609
2026-04-16 00:39:01.502 137257 DEBUG nova.servicegroup.drivers.db [req-458797f2-cb34-4293-b9b8-a6ecec53f736 - - - - -] DB_Driver: join new ServiceGroup member juju-d47972-0-lxd-7 to the conductor group, service = join /usr/lib/python3/dist-packages/nova/servicegroup/drivers/db.py:44
2026-04-16 00:39:01.502 136993 DEBUG oslo_service.service [req-afb687ee-0eb2-4c63-a3a4-d147bf128a67 - - - - -] vault.insecure = False log_opt_values /usr/lib/python3/dist-packages/oslo_config/cfg.py:2609
2026-04-16 00:39:01.502 136993 DEBUG oslo_service.service [req-afb687ee-0eb2-4c63-a3a4-d147bf128a67 - - - - -] vault.keyfile = None log_opt_values /usr/lib/python3/dist-packages/oslo_config/cfg.py:2609
2026-04-16 00:39:01.502 136993 DEBUG oslo_service.service [req-afb687ee-0eb2-4c63-a3a4-d147bf128a67 - - - - -] vault.kv_mountpoint = secret log_opt_values /usr/lib/python3/dist-packages/oslo_config/cfg.py:2609
2026-04-16 00:39:01.503 136993 DEBUG oslo_service.service [req-afb687ee-0eb2-4c63-a3a4-d147bf128a67 - - - - -] vault.kv_version = 2 log_opt_values /usr/lib/python3/dist-packages/oslo_config/cfg.py:2609
2026-04-16 00:39:01.503 136993 DEBUG oslo_service.service [req-afb687ee-0eb2-4c63-a3a4-d147bf128a67 - - - - -] vault.namespace = None log_opt_values /usr/lib/python3/dist-packages/oslo_config/cfg.py:2609
2026-04-16 00:39:01.503 136993 DEBUG oslo_service.service [req-afb687ee-0eb2-4c63-a3a4-d147bf128a67 - - - - -] vault.root_token_id = None log_opt_values /usr/lib/python3/dist-packages/oslo_config/cfg.py:2609
2026-04-16 00:39:01.503 136993 DEBUG oslo_service.service [req-afb687ee-0eb2-4c63-a3a4-d147bf128a67 - - - - -] vault.split_loggers = False log_opt_values /usr/lib/python3/dist-packages/oslo_config/cfg.py:2609
2026-04-16 00:39:01.503 136993 DEBUG oslo_service.service [req-afb687ee-0eb2-4c63-a3a4-d147bf128a67 - - - - -] vault.ssl_ca_crt_file = None log_opt_values /usr/lib/python3/dist-packages/oslo_config/cfg.py:2609
2026-04-16 00:39:01.503 136993 DEBUG oslo_service.service [req-afb687ee-0eb2-4c63-a3a4-d147bf128a67 - - - - -] vault.timeout = None log_opt_values /usr/lib/python3/dist-packages/oslo_config/cfg.py:2609
2026-04-16 00:39:01.503 136993 DEBUG oslo_service.service [req-afb687ee-0eb2-4c63-a3a4-d147bf128a67 - - - - -] vault.use_ssl = False log_opt_values /usr/lib/python3/dist-packages/oslo_config/cfg.py:2609
2026-04-16 00:39:01.504 136993 DEBUG oslo_service.service [req-afb687ee-0eb2-4c63-a3a4-d147bf128a67 - - - - -] vault.vault_url = http://127.0.0.1:8200 log_opt_values /usr/lib/python3/dist-packages/oslo_config/cfg.py:2609
2026-04-16 00:39:01.504 136993 DEBUG oslo_service.service [req-afb687ee-0eb2-4c63-a3a4-d147bf128a67 - - - - -] keystone.cafile = None log_opt_values /usr/lib/python3/dist-packages/oslo_config/cfg.py:2609
2026-04-16 00:39:01.504 136993 DEBUG oslo_service.service [req-afb687ee-0eb2-4c63-a3a4-d147bf128a67 - - - - -] keystone.certfile = None log_opt_values /usr/lib/python3/dist-packages/oslo_config/cfg.py:2609
2026-04-16 00:39:01.504 136993 DEBUG oslo_service.service [req-afb687ee-0eb2-4c63-a3a4-d147bf128a67 - - - - -] keystone.collect_timing = False log_opt_values /usr/lib/python3/dist-packages/oslo_config/cfg.py:2609
2026-04-16 00:39:01.504 136993 DEBUG oslo_service.service [req-afb687ee-0eb2-4c63-a3a4-d147bf128a67 - - - - -] keystone.connect_retries = None log_opt_values /usr/lib/python3/dist-packages/oslo_config/cfg.py:2609
2026-04-16 00:39:01.504 136993 DEBUG oslo_service.service [req-afb687ee-0eb2-4c63-a3a4-d147bf128a67 - - - - -] keystone.connect_retry_delay = None log_opt_values /usr/lib/python3/dist-packages/oslo_config/cfg.py:2609
2026-04-16 00:39:01.505 136993 DEBUG oslo_service.service [req-afb687ee-0eb2-4c63-a3a4-d147bf128a67 - - - - -] keystone.endpoint_override = None log_opt_values /usr/lib/python3/dist-packages/oslo_config/cfg.py:2609
2026-04-16 00:39:01.505 136993 DEBUG oslo_service.service [req-afb687ee-0eb2-4c63-a3a4-d147bf128a67 - - - - -] keystone.insecure = False log_opt_values /usr/lib/python3/dist-packages/oslo_config/cfg.py:2609
2026-04-16 00:39:01.505 137259 DEBUG oslo_messaging._drivers.amqpdriver [-] AMQPListener connection timeout poll /usr/lib/python3/dist-packages/oslo_messaging/_drivers/amqpdriver.py:360
2026-04-16 00:39:01.505 136993 DEBUG oslo_service.service [req-afb687ee-0eb2-4c63-a3a4-d147bf128a67 - - - - -] keystone.keyfile = None log_opt_values /usr/lib/python3/dist-packages/oslo_config/cfg.py:2609
2026-04-16 00:39:01.505 137259 DEBUG oslo_messaging._drivers.amqpdriver [-] Listener is running poll /usr/lib/python3/dist-packages/oslo_messaging/_drivers/amqpdriver.py:343
2026-04-16 00:39:01.505 137259 DEBUG oslo_messaging._drivers.amqpdriver [-] AMQPListener connection consume poll /usr/lib/python3/dist-packages/oslo_messaging/_drivers/amqpdriver.py:357
2026-04-16 00:39:01.505 136993 DEBUG oslo_service.service [req-afb687ee-0eb2-4c63-a3a4-d147bf128a67 - - - - -] keystone.max_version = None log_opt_values /usr/lib/python3/dist-packages/oslo_config/cfg.py:2609
2026-04-16 00:39:01.505 136993 DEBUG oslo_service.service [req-afb687ee-0eb2-4c63-a3a4-d147bf128a67 - - - - -] keystone.min_version = None log_opt_values /usr/lib/python3/dist-packages/oslo_config/cfg.py:2609
2026-04-16 00:39:01.505 136993 DEBUG oslo_service.service [req-afb687ee-0eb2-4c63-a3a4-d147bf128a67 - - - - -] keystone.region_name = None log_opt_values /usr/lib/python3/dist-packages/oslo_config/cfg.py:2609
2026-04-16 00:39:01.505 137257 DEBUG oslo_messaging._drivers.amqpdriver [-] AMQPListener connection timeout poll /usr/lib/python3/dist-packages/oslo_messaging/_drivers/amqpdriver.py:360
2026-04-16 00:39:01.506 136993 DEBUG oslo_service.service [req-afb687ee-0eb2-4c63-a3a4-d147bf128a67 - - - - -] keystone.service_name = None log_opt_values /usr/lib/python3/dist-packages/oslo_config/cfg.py:2609
2026-04-16 00:39:01.506 137257 DEBUG oslo_messaging._drivers.amqpdriver [-] Listener is running poll /usr/lib/python3/dist-packages/oslo_messaging/_drivers/amqpdriver.py:343
2026-04-16 00:39:01.506 137257 DEBUG oslo_messaging._drivers.amqpdriver [-] AMQPListener connection consume poll /usr/lib/python3/dist-packages/oslo_messaging/_drivers/amqpdriver.py:357
2026-04-16 00:39:01.506 136993 DEBUG oslo_service.service [req-afb687ee-0eb2-4c63-a3a4-d147bf128a67 - - - - -] keystone.service_type = identity log_opt_values /usr/lib/python3/dist-packages/oslo_config/cfg.py:2609
2026-04-16 00:39:01.506 136993 DEBUG oslo_service.service [req-afb687ee-0eb2-4c63-a3a4-d147bf128a67 - - - - -] keystone.split_loggers = False log_opt_values /usr/lib/python3/dist-packages/oslo_config/cfg.py:2609
2026-04-16 00:39:01.506 136993 DEBUG oslo_service.service [req-afb687ee-0eb2-4c63-a3a4-d147bf128a67 - - - - -] keystone.status_code_retries = None log_opt_values /usr/lib/python3/dist-packages/oslo_config/cfg.py:2609
2026-04-16 00:39:01.506 136993 DEBUG oslo_service.service [req-afb687ee-0eb2-4c63-a3a4-d147bf128a67 - - - - -] keystone.status_code_retry_delay = None log_opt_values /usr/lib/python3/dist-packages/oslo_config/cfg.py:2609
2026-04-16 00:39:01.506 136993 DEBUG oslo_service.service [req-afb687ee-0eb2-4c63-a3a4-d147bf128a67 - - - - -] keystone.timeout = None log_opt_values /usr/lib/python3/dist-packages/oslo_config/cfg.py:2609
2026-04-16 00:39:01.506 136993 DEBUG oslo_service.service [req-afb687ee-0eb2-4c63-a3a4-d147bf128a67 - - - - -] keystone.valid_interfaces = ['internal', 'public'] log_opt_values /usr/lib/python3/dist-packages/oslo_config/cfg.py:2609
2026-04-16 00:39:01.507 136993 DEBUG oslo_service.service [req-afb687ee-0eb2-4c63-a3a4-d147bf128a67 - - - - -] keystone.version = None log_opt_values /usr/lib/python3/dist-packages/oslo_config/cfg.py:2609
2026-04-16 00:39:01.507 136993 DEBUG oslo_service.service [req-afb687ee-0eb2-4c63-a3a4-d147bf128a67 - - - - -] libvirt.connection_uri = log_opt_values /usr/lib/python3/dist-packages/oslo_config/cfg.py:2609
2026-04-16 00:39:01.507 136993 DEBUG oslo_service.service [req-afb687ee-0eb2-4c63-a3a4-d147bf128a67 - - - - -] libvirt.cpu_mode = None log_opt_values /usr/lib/python3/dist-packages/oslo_config/cfg.py:2609
2026-04-16 00:39:01.507 136993 DEBUG oslo_service.service [req-afb687ee-0eb2-4c63-a3a4-d147bf128a67 - - - - -] libvirt.cpu_model_extra_flags = [] log_opt_values /usr/lib/python3/dist-packages/oslo_config/cfg.py:2609
2026-04-16 00:39:01.507 136993 DEBUG oslo_service.service [req-afb687ee-0eb2-4c63-a3a4-d147bf128a67 - - - - -] libvirt.cpu_models = [] log_opt_values /usr/lib/python3/dist-packages/oslo_config/cfg.py:2609
2026-04-16 00:39:01.507 136993 DEBUG oslo_service.service [req-afb687ee-0eb2-4c63-a3a4-d147bf128a67 - - - - -] libvirt.device_detach_attempts = 8 log_opt_values /usr/lib/python3/dist-packages/oslo_config/cfg.py:2609
2026-04-16 00:39:01.508 136993 DEBUG oslo_service.service [req-afb687ee-0eb2-4c63-a3a4-d147bf128a67 - - - - -] libvirt.device_detach_timeout = 20 log_opt_values /usr/lib/python3/dist-packages/oslo_config/cfg.py:2609
2026-04-16 00:39:01.508 136993 DEBUG oslo_service.service [req-afb687ee-0eb2-4c63-a3a4-d147bf128a67 - - - - -] libvirt.disk_cachemodes = [] log_opt_values /usr/lib/python3/dist-packages/oslo_config/cfg.py:2609
2026-04-16 00:39:01.508 136993 DEBUG oslo_service.service [req-afb687ee-0eb2-4c63-a3a4-d147bf128a67 - - - - -] libvirt.disk_prefix = None log_opt_values /usr/lib/python3/dist-packages/oslo_config/cfg.py:2609
2026-04-16 00:39:01.508 136993 DEBUG oslo_service.service [req-afb687ee-0eb2-4c63-a3a4-d147bf128a67 - - - - -] libvirt.enabled_perf_events = [] log_opt_values /usr/lib/python3/dist-packages/oslo_config/cfg.py:2609
2026-04-16 00:39:01.508 136993 DEBUG oslo_service.service [req-afb687ee-0eb2-4c63-a3a4-d147bf128a67 - - - - -] libvirt.file_backed_memory = 0 log_opt_values /usr/lib/python3/dist-packages/oslo_config/cfg.py:2609
2026-04-16 00:39:01.508 136993 DEBUG oslo_service.service [req-afb687ee-0eb2-4c63-a3a4-d147bf128a67 - - - - -] libvirt.gid_maps = [] log_opt_values /usr/lib/python3/dist-packages/oslo_config/cfg.py:2609
2026-04-16 00:39:01.509 136993 DEBUG oslo_service.service [req-afb687ee-0eb2-4c63-a3a4-d147bf128a67 - - - - -] libvirt.hw_disk_discard = None log_opt_values /usr/lib/python3/dist-packages/oslo_config/cfg.py:2609
2026-04-16 00:39:01.509 136993 DEBUG oslo_service.service [req-afb687ee-0eb2-4c63-a3a4-d147bf128a67 - - - - -] libvirt.hw_machine_type = None log_opt_values /usr/lib/python3/dist-packages/oslo_config/cfg.py:2609
2026-04-16 00:39:01.509 136993 DEBUG oslo_service.service [req-afb687ee-0eb2-4c63-a3a4-d147bf128a67 - - - - -] libvirt.images_rbd_ceph_conf = log_opt_values /usr/lib/python3/dist-packages/oslo_config/cfg.py:2609
2026-04-16 00:39:01.509 136993 DEBUG oslo_service.service [req-afb687ee-0eb2-4c63-a3a4-d147bf128a67 - - - - -] libvirt.images_rbd_glance_copy_poll_interval = 15 log_opt_values /usr/lib/python3/dist-packages/oslo_config/cfg.py:2609
2026-04-16 00:39:01.509 136993 DEBUG oslo_service.service [req-afb687ee-0eb2-4c63-a3a4-d147bf128a67 - - - - -] libvirt.images_rbd_glance_copy_timeout = 600 log_opt_values /usr/lib/python3/dist-packages/oslo_config/cfg.py:2609
2026-04-16 00:39:01.509 136993 DEBUG oslo_service.service [req-afb687ee-0eb2-4c63-a3a4-d147bf128a67 - - - - -] libvirt.images_rbd_glance_store_name = log_opt_values /usr/lib/python3/dist-packages/oslo_config/cfg.py:2609
2026-04-16 00:39:01.510 136993 DEBUG oslo_service.service [req-afb687ee-0eb2-4c63-a3a4-d147bf128a67 - - - - -] libvirt.images_rbd_pool = rbd log_opt_values /usr/lib/python3/dist-packages/oslo_config/cfg.py:2609
2026-04-16 00:39:01.509 137258 DEBUG oslo_messaging._drivers.amqpdriver [-] Listener is running poll /usr/lib/python3/dist-packages/oslo_messaging/_drivers/amqpdriver.py:343
2026-04-16 00:39:01.510 137258 DEBUG oslo_messaging._drivers.amqpdriver [-] AMQPListener connection consume poll /usr/lib/python3/dist-packages/oslo_messaging/_drivers/amqpdriver.py:357
2026-04-16 00:39:01.510 136993 DEBUG oslo_service.service [req-afb687ee-0eb2-4c63-a3a4-d147bf128a67 - - - - -] libvirt.images_type = default log_opt_values /usr/lib/python3/dist-packages/oslo_config/cfg.py:2609
2026-04-16 00:39:01.510 136993 DEBUG oslo_service.service [req-afb687ee-0eb2-4c63-a3a4-d147bf128a67 - - - - -] libvirt.images_volume_group = None log_opt_values /usr/lib/python3/dist-packages/oslo_config/cfg.py:2609
2026-04-16 00:39:01.510 136993 DEBUG oslo_service.service [req-afb687ee-0eb2-4c63-a3a4-d147bf128a67 - - - - -] libvirt.inject_key = False log_opt_values /usr/lib/python3/dist-packages/oslo_config/cfg.py:2609
2026-04-16 00:39:01.510 136993 DEBUG oslo_service.service [req-afb687ee-0eb2-4c63-a3a4-d147bf128a67 - - - - -] libvirt.inject_partition = -2 log_opt_values /usr/lib/python3/dist-packages/oslo_config/cfg.py:2609
2026-04-16 00:39:01.510 137258 DEBUG nova.service [req-3aa1b154-73db-4b82-9b22-51708d243b3d - - - - -] Join ServiceGroup membership for this service conductor start /usr/lib/python3/dist-packages/nova/service.py:199
2026-04-16 00:39:01.510 136993 DEBUG oslo_service.service [req-afb687ee-0eb2-4c63-a3a4-d147bf128a67 - - - - -] libvirt.inject_password = False log_opt_values /usr/lib/python3/dist-packages/oslo_config/cfg.py:2609
2026-04-16 00:39:01.511 136993 DEBUG oslo_service.service [req-afb687ee-0eb2-4c63-a3a4-d147bf128a67 - - - - -] libvirt.iscsi_iface = None log_opt_values /usr/lib/python3/dist-packages/oslo_config/cfg.py:2609
2026-04-16 00:39:01.511 137258 DEBUG nova.servicegroup.drivers.db [req-3aa1b154-73db-4b82-9b22-51708d243b3d - - - - -] DB_Driver: join new ServiceGroup member juju-d47972-0-lxd-7 to the conductor group, service = join /usr/lib/python3/dist-packages/nova/servicegroup/drivers/db.py:44
2026-04-16 00:39:01.511 136993 DEBUG oslo_service.service [req-afb687ee-0eb2-4c63-a3a4-d147bf128a67 - - - - -] libvirt.iser_use_multipath = False log_opt_values /usr/lib/python3/dist-packages/oslo_config/cfg.py:2609
2026-04-16 00:39:01.511 136993 DEBUG oslo_service.service [req-afb687ee-0eb2-4c63-a3a4-d147bf128a67 - - - - -] libvirt.live_migration_bandwidth = 0 log_opt_values /usr/lib/python3/dist-packages/oslo_config/cfg.py:2609
2026-04-16 00:39:01.511 136993 DEBUG oslo_service.service [req-afb687ee-0eb2-4c63-a3a4-d147bf128a67 - - - - -] libvirt.live_migration_completion_timeout = 800 log_opt_values /usr/lib/python3/dist-packages/oslo_config/cfg.py:2609
2026-04-16 00:39:01.511 136993 DEBUG oslo_service.service [req-afb687ee-0eb2-4c63-a3a4-d147bf128a67 - - - - -] libvirt.live_migration_downtime = 500 log_opt_values /usr/lib/python3/dist-packages/oslo_config/cfg.py:2609
2026-04-16 00:39:01.511 136993 DEBUG oslo_service.service [req-afb687ee-0eb2-4c63-a3a4-d147bf128a67 - - - - -] libvirt.live_migration_downtime_delay = 75 log_opt_values /usr/lib/python3/dist-packages/oslo_config/cfg.py:2609
2026-04-16 00:39:01.511 136993 DEBUG oslo_service.service [req-afb687ee-0eb2-4c63-a3a4-d147bf128a67 - - - - -] libvirt.live_migration_downtime_steps = 10 log_opt_values /usr/lib/python3/dist-packages/oslo_config/cfg.py:2609
2026-04-16 00:39:01.512 136993 DEBUG oslo_service.service [req-afb687ee-0eb2-4c63-a3a4-d147bf128a67 - - - - -] libvirt.live_migration_inbound_addr = None log_opt_values /usr/lib/python3/dist-packages/oslo_config/cfg.py:2609
2026-04-16 00:39:01.512 136993 DEBUG oslo_service.service [req-afb687ee-0eb2-4c63-a3a4-d147bf128a67 - - - - -] libvirt.live_migration_permit_auto_converge = False log_opt_values /usr/lib/python3/dist-packages/oslo_config/cfg.py:2609
2026-04-16 00:39:01.512 136993 DEBUG oslo_service.service [req-afb687ee-0eb2-4c63-a3a4-d147bf128a67 - - - - -] libvirt.live_migration_permit_post_copy = False log_opt_values /usr/lib/python3/dist-packages/oslo_config/cfg.py:2609
2026-04-16 00:39:01.512 136993 DEBUG oslo_service.service [req-afb687ee-0eb2-4c63-a3a4-d147bf128a67 - - - - -] libvirt.live_migration_scheme = None log_opt_values /usr/lib/python3/dist-packages/oslo_config/cfg.py:2609
2026-04-16 00:39:01.512 136993 DEBUG oslo_service.service [req-afb687ee-0eb2-4c63-a3a4-d147bf128a67 - - - - -] libvirt.live_migration_timeout_action = abort log_opt_values /usr/lib/python3/dist-packages/oslo_config/cfg.py:2609
2026-04-16 00:39:01.512 136993 DEBUG oslo_service.service [req-afb687ee-0eb2-4c63-a3a4-d147bf128a67 - - - - -] libvirt.live_migration_tunnelled = False log_opt_values /usr/lib/python3/dist-packages/oslo_config/cfg.py:2609
2026-04-16 00:39:01.513 136993 DEBUG oslo_service.service [req-afb687ee-0eb2-4c63-a3a4-d147bf128a67 - - - - -] libvirt.live_migration_uri = None log_opt_values /usr/lib/python3/dist-packages/oslo_config/cfg.py:2609
2026-04-16 00:39:01.513 136993 DEBUG oslo_service.service [req-afb687ee-0eb2-4c63-a3a4-d147bf128a67 - - - - -] libvirt.live_migration_with_native_tls = False log_opt_values /usr/lib/python3/dist-packages/oslo_config/cfg.py:2609
2026-04-16 00:39:01.513 137258 DEBUG oslo_messaging._drivers.amqpdriver [-] AMQPListener connection timeout poll /usr/lib/python3/dist-packages/oslo_messaging/_drivers/amqpdriver.py:360
2026-04-16 00:39:01.513 136993 DEBUG oslo_service.service [req-afb687ee-0eb2-4c63-a3a4-d147bf128a67 - - - - -] libvirt.max_queues = None log_opt_values /usr/lib/python3/dist-packages/oslo_config/cfg.py:2609
2026-04-16 00:39:01.513 137258 DEBUG oslo_messaging._drivers.amqpdriver [-] Listener is running poll /usr/lib/python3/dist-packages/oslo_messaging/_drivers/amqpdriver.py:343
2026-04-16 00:39:01.513 136993 DEBUG oslo_service.service [req-afb687ee-0eb2-4c63-a3a4-d147bf128a67 - - - - -] libvirt.mem_stats_period_seconds = 10 log_opt_values /usr/lib/python3/dist-packages/oslo_config/cfg.py:2609
2026-04-16 00:39:01.513 137258 DEBUG oslo_messaging._drivers.amqpdriver [-] AMQPListener connection consume poll /usr/lib/python3/dist-packages/oslo_messaging/_drivers/amqpdriver.py:357
2026-04-16 00:39:01.513 136993 DEBUG oslo_service.service [req-afb687ee-0eb2-4c63-a3a4-d147bf128a67 - - - - -] libvirt.nfs_mount_options = None log_opt_values /usr/lib/python3/dist-packages/oslo_config/cfg.py:2609
2026-04-16 00:39:01.513 136993 DEBUG oslo_service.service [req-afb687ee-0eb2-4c63-a3a4-d147bf128a67 - - - - -] libvirt.nfs_mount_point_base = /var/lib/nova/mnt log_opt_values /usr/lib/python3/dist-packages/oslo_config/cfg.py:2609
2026-04-16 00:39:01.514 136993 DEBUG oslo_service.service [req-afb687ee-0eb2-4c63-a3a4-d147bf128a67 - - - - -] libvirt.num_aoe_discover_tries = 3 log_opt_values /usr/lib/python3/dist-packages/oslo_config/cfg.py:2609
2026-04-16 00:39:01.514 136993 DEBUG oslo_service.service [req-afb687ee-0eb2-4c63-a3a4-d147bf128a67 - - - - -] libvirt.num_iser_scan_tries = 5 log_opt_values /usr/lib/python3/dist-packages/oslo_config/cfg.py:2609
2026-04-16 00:39:01.514 136993 DEBUG oslo_service.service [req-afb687ee-0eb2-4c63-a3a4-d147bf128a67 - - - - -] libvirt.num_memory_encrypted_guests = None log_opt_values /usr/lib/python3/dist-packages/oslo_config/cfg.py:2609
2026-04-16 00:39:01.514 136993 DEBUG oslo_service.service [req-afb687ee-0eb2-4c63-a3a4-d147bf128a67 - - - - -] libvirt.num_nvme_discover_tries = 5 log_opt_values /usr/lib/python3/dist-packages/oslo_config/cfg.py:2609
2026-04-16 00:39:01.514 136993 DEBUG oslo_service.service [req-afb687ee-0eb2-4c63-a3a4-d147bf128a67 - - - - -] libvirt.num_pcie_ports = 0 log_opt_values /usr/lib/python3/dist-packages/oslo_config/cfg.py:2609
2026-04-16 00:39:01.514 136993 DEBUG oslo_service.service [req-afb687ee-0eb2-4c63-a3a4-d147bf128a67 - - - - -] libvirt.num_volume_scan_tries = 5 log_opt_values /usr/lib/python3/dist-packages/oslo_config/cfg.py:2609
2026-04-16 00:39:01.515 136993 DEBUG oslo_service.service [req-afb687ee-0eb2-4c63-a3a4-d147bf128a67 - - - - -] libvirt.pmem_namespaces = [] log_opt_values /usr/lib/python3/dist-packages/oslo_config/cfg.py:2609
2026-04-16 00:39:01.515 136993 DEBUG oslo_service.service [req-afb687ee-0eb2-4c63-a3a4-d147bf128a67 - - - - -] libvirt.quobyte_client_cfg = None log_opt_values /usr/lib/python3/dist-packages/oslo_config/cfg.py:2609
2026-04-16 00:39:01.515 136993 DEBUG oslo_service.service [req-afb687ee-0eb2-4c63-a3a4-d147bf128a67 - - - - -] libvirt.quobyte_mount_point_base = /var/lib/nova/mnt log_opt_values /usr/lib/python3/dist-packages/oslo_config/cfg.py:2609
2026-04-16 00:39:01.515 136993 DEBUG oslo_service.service [req-afb687ee-0eb2-4c63-a3a4-d147bf128a67 - - - - -] libvirt.rbd_connect_timeout = 5 log_opt_values /usr/lib/python3/dist-packages/oslo_config/cfg.py:2609
2026-04-16 00:39:01.515 136993 DEBUG oslo_service.service [req-afb687ee-0eb2-4c63-a3a4-d147bf128a67 - - - - -] libvirt.rbd_destroy_volume_retries = 12 log_opt_values /usr/lib/python3/dist-packages/oslo_config/cfg.py:2609
2026-04-16 00:39:01.515 136993 DEBUG oslo_service.service [req-afb687ee-0eb2-4c63-a3a4-d147bf128a67 - - - - -] libvirt.rbd_destroy_volume_retry_interval = 5 log_opt_values /usr/lib/python3/dist-packages/oslo_config/cfg.py:2609
2026-04-16 00:39:01.516 136993 DEBUG oslo_service.service [req-afb687ee-0eb2-4c63-a3a4-d147bf128a67 - - - - -] libvirt.rbd_secret_uuid = None log_opt_values /usr/lib/python3/dist-packages/oslo_config/cfg.py:2609
2026-04-16 00:39:01.517 136993 DEBUG oslo_service.service [req-afb687ee-0eb2-4c63-a3a4-d147bf128a67 - - - - -] libvirt.rbd_user = None log_opt_values /usr/lib/python3/dist-packages/oslo_config/cfg.py:2609
2026-04-16 00:39:01.517 136993 DEBUG oslo_service.service [req-afb687ee-0eb2-4c63-a3a4-d147bf128a67 - - - - -] libvirt.realtime_scheduler_priority = 1 log_opt_values /usr/lib/python3/dist-packages/oslo_config/cfg.py:2609
2026-04-16 00:39:01.517 136993 DEBUG oslo_service.service [req-afb687ee-0eb2-4c63-a3a4-d147bf128a67 - - - - -] libvirt.remote_filesystem_transport = ssh log_opt_values /usr/lib/python3/dist-packages/oslo_config/cfg.py:2609
2026-04-16 00:39:01.517 136993 DEBUG oslo_service.service [req-afb687ee-0eb2-4c63-a3a4-d147bf128a67 - - - - -] libvirt.rescue_image_id = None log_opt_values /usr/lib/python3/dist-packages/oslo_config/cfg.py:2609
2026-04-16 00:39:01.517 137260 DEBUG oslo_messaging._drivers.amqpdriver [-] Listener is running poll /usr/lib/python3/dist-packages/oslo_messaging/_drivers/amqpdriver.py:343
2026-04-16 00:39:01.517 136993 DEBUG oslo_service.service [req-afb687ee-0eb2-4c63-a3a4-d147bf128a67 - - - - -] libvirt.rescue_kernel_id = None log_opt_values /usr/lib/python3/dist-packages/oslo_config/cfg.py:2609
2026-04-16 00:39:01.517 137260 DEBUG oslo_messaging._drivers.amqpdriver [-] AMQPListener connection consume poll /usr/lib/python3/dist-packages/oslo_messaging/_drivers/amqpdriver.py:357
2026-04-16 00:39:01.518 136993 DEBUG oslo_service.service [req-afb687ee-0eb2-4c63-a3a4-d147bf128a67 - - - - -] libvirt.rescue_ramdisk_id = None log_opt_values /usr/lib/python3/dist-packages/oslo_config/cfg.py:2609
2026-04-16 00:39:01.518 136993 DEBUG oslo_service.service [req-afb687ee-0eb2-4c63-a3a4-d147bf128a67 - - - - -] libvirt.rng_dev_path = /dev/urandom log_opt_values /usr/lib/python3/dist-packages/oslo_config/cfg.py:2609
2026-04-16 00:39:01.518 136993 DEBUG oslo_service.service [req-afb687ee-0eb2-4c63-a3a4-d147bf128a67 - - - - -] libvirt.rx_queue_size = None log_opt_values /usr/lib/python3/dist-packages/oslo_config/cfg.py:2609
2026-04-16 00:39:01.518 136993 DEBUG oslo_service.service [req-afb687ee-0eb2-4c63-a3a4-d147bf128a67 - - - - -] libvirt.smbfs_mount_options = log_opt_values /usr/lib/python3/dist-packages/oslo_config/cfg.py:2609
2026-04-16 00:39:01.518 136993 DEBUG oslo_service.service [req-afb687ee-0eb2-4c63-a3a4-d147bf128a67 - - - - -] libvirt.smbfs_mount_point_base = /var/lib/nova/mnt log_opt_values /usr/lib/python3/dist-packages/oslo_config/cfg.py:2609
2026-04-16 00:39:01.518 137260 DEBUG nova.service [req-1faa8d68-a20a-4912-8665-ad667fb85da6 - - - - -] Join ServiceGroup membership for this service conductor start /usr/lib/python3/dist-packages/nova/service.py:199
2026-04-16 00:39:01.518 136993 DEBUG oslo_service.service [req-afb687ee-0eb2-4c63-a3a4-d147bf128a67 - - - - -] libvirt.snapshot_compression = False log_opt_values /usr/lib/python3/dist-packages/oslo_config/cfg.py:2609
2026-04-16 00:39:01.518 136993 DEBUG oslo_service.service [req-afb687ee-0eb2-4c63-a3a4-d147bf128a67 - - - - -] libvirt.snapshot_image_format = None log_opt_values /usr/lib/python3/dist-packages/oslo_config/cfg.py:2609
2026-04-16 00:39:01.518 137260 DEBUG nova.servicegroup.drivers.db [req-1faa8d68-a20a-4912-8665-ad667fb85da6 - - - - -] DB_Driver: join new ServiceGroup member juju-d47972-0-lxd-7 to the conductor group, service = join /usr/lib/python3/dist-packages/nova/servicegroup/drivers/db.py:44
2026-04-16 00:39:01.519 136993 DEBUG oslo_service.service [req-afb687ee-0eb2-4c63-a3a4-d147bf128a67 - - - - -] libvirt.snapshots_directory = /var/lib/nova/instances/snapshots log_opt_values /usr/lib/python3/dist-packages/oslo_config/cfg.py:2609
2026-04-16 00:39:01.520 136993 DEBUG oslo_service.service [req-afb687ee-0eb2-4c63-a3a4-d147bf128a67 - - - - -] libvirt.sparse_logical_volumes = False log_opt_values /usr/lib/python3/dist-packages/oslo_config/cfg.py:2609
2026-04-16 00:39:01.520 136993 DEBUG oslo_service.service [req-afb687ee-0eb2-4c63-a3a4-d147bf128a67 - - - - -] libvirt.swtpm_enabled = False log_opt_values /usr/lib/python3/dist-packages/oslo_config/cfg.py:2609
2026-04-16 00:39:01.520 136993 DEBUG oslo_service.service [req-afb687ee-0eb2-4c63-a3a4-d147bf128a67 - - - - -] libvirt.swtpm_group = tss log_opt_values /usr/lib/python3/dist-packages/oslo_config/cfg.py:2609
2026-04-16 00:39:01.520 136993 DEBUG oslo_service.service [req-afb687ee-0eb2-4c63-a3a4-d147bf128a67 - - - - -] libvirt.swtpm_user = tss log_opt_values /usr/lib/python3/dist-packages/oslo_config/cfg.py:2609
2026-04-16 00:39:01.520 136993 DEBUG oslo_service.service [req-afb687ee-0eb2-4c63-a3a4-d147bf128a67 - - - - -] libvirt.sysinfo_serial = unique log_opt_values /usr/lib/python3/dist-packages/oslo_config/cfg.py:2609
2026-04-16 00:39:01.520 136993 DEBUG oslo_service.service [req-afb687ee-0eb2-4c63-a3a4-d147bf128a67 - - - - -] libvirt.tx_queue_size = None log_opt_values /usr/lib/python3/dist-packages/oslo_config/cfg.py:2609
2026-04-16 00:39:01.521 136993 DEBUG oslo_service.service [req-afb687ee-0eb2-4c63-a3a4-d147bf128a67 - - - - -] libvirt.uid_maps = [] log_opt_values /usr/lib/python3/dist-packages/oslo_config/cfg.py:2609
2026-04-16 00:39:01.521 136993 DEBUG oslo_service.service [req-afb687ee-0eb2-4c63-a3a4-d147bf128a67 - - - - -] libvirt.use_virtio_for_bridges = True log_opt_values /usr/lib/python3/dist-packages/oslo_config/cfg.py:2609
2026-04-16 00:39:01.521 137260 DEBUG oslo_messaging._drivers.amqpdriver [-] AMQPListener connection timeout poll /usr/lib/python3/dist-packages/oslo_messaging/_drivers/amqpdriver.py:360
2026-04-16 00:39:01.521 136993 DEBUG oslo_service.service [req-afb687ee-0eb2-4c63-a3a4-d147bf128a67 - - - - -] libvirt.virt_type = kvm log_opt_values /usr/lib/python3/dist-packages/oslo_config/cfg.py:2609
2026-04-16 00:39:01.521 137260 DEBUG oslo_messaging._drivers.amqpdriver [-] Listener is running poll /usr/lib/python3/dist-packages/oslo_messaging/_drivers/amqpdriver.py:343
2026-04-16 00:39:01.521 136993 DEBUG oslo_service.service [req-afb687ee-0eb2-4c63-a3a4-d147bf128a67 - - - - -] libvirt.volume_clear = zero log_opt_values /usr/lib/python3/dist-packages/oslo_config/cfg.py:2609
2026-04-16 00:39:01.521 137260 DEBUG oslo_messaging._drivers.amqpdriver [-] AMQPListener connection consume poll /usr/lib/python3/dist-packages/oslo_messaging/_drivers/amqpdriver.py:357
2026-04-16 00:39:01.521 136993 DEBUG oslo_service.service [req-afb687ee-0eb2-4c63-a3a4-d147bf128a67 - - - - -] libvirt.volume_clear_size = 0 log_opt_values /usr/lib/python3/dist-packages/oslo_config/cfg.py:2609
2026-04-16 00:39:01.521 136993 DEBUG oslo_service.service [req-afb687ee-0eb2-4c63-a3a4-d147bf128a67 - - - - -] libvirt.volume_use_multipath = False log_opt_values /usr/lib/python3/dist-packages/oslo_config/cfg.py:2609
2026-04-16 00:39:01.522 136993 DEBUG oslo_service.service [req-afb687ee-0eb2-4c63-a3a4-d147bf128a67 - - - - -] libvirt.vzstorage_cache_path = None log_opt_values /usr/lib/python3/dist-packages/oslo_config/cfg.py:2609
2026-04-16 00:39:01.522 136993 DEBUG oslo_service.service [req-afb687ee-0eb2-4c63-a3a4-d147bf128a67 - - - - -] libvirt.vzstorage_log_path = /var/log/vstorage/%(cluster_name)s/nova.log.gz log_opt_values /usr/lib/python3/dist-packages/oslo_config/cfg.py:2609
2026-04-16 00:39:01.522 136993 DEBUG oslo_service.service [req-afb687ee-0eb2-4c63-a3a4-d147bf128a67 - - - - -] libvirt.vzstorage_mount_group = qemu log_opt_values /usr/lib/python3/dist-packages/oslo_config/cfg.py:2609
2026-04-16 00:39:01.522 136993 DEBUG oslo_service.service [req-afb687ee-0eb2-4c63-a3a4-d147bf128a67 - - - - -] libvirt.vzstorage_mount_opts = [] log_opt_values /usr/lib/python3/dist-packages/oslo_config/cfg.py:2609
2026-04-16 00:39:01.522 136993 DEBUG oslo_service.service [req-afb687ee-0eb2-4c63-a3a4-d147bf128a67 - - - - -] libvirt.vzstorage_mount_perms = 0770 log_opt_values /usr/lib/python3/dist-packages/oslo_config/cfg.py:2609
2026-04-16 00:39:01.522 136993 DEBUG oslo_service.service [req-afb687ee-0eb2-4c63-a3a4-d147bf128a67 - - - - -] libvirt.vzstorage_mount_point_base = /var/lib/nova/mnt log_opt_values /usr/lib/python3/dist-packages/oslo_config/cfg.py:2609
2026-04-16 00:39:01.523 136993 DEBUG oslo_service.service [req-afb687ee-0eb2-4c63-a3a4-d147bf128a67 - - - - -] libvirt.vzstorage_mount_user = stack log_opt_values /usr/lib/python3/dist-packages/oslo_config/cfg.py:2609
2026-04-16 00:39:01.523 136993 DEBUG oslo_service.service [req-afb687ee-0eb2-4c63-a3a4-d147bf128a67 - - - - -] libvirt.wait_soft_reboot_seconds = 120 log_opt_values /usr/lib/python3/dist-packages/oslo_config/cfg.py:2609
2026-04-16 00:39:01.524 136993 DEBUG oslo_service.service [req-afb687ee-0eb2-4c63-a3a4-d147bf128a67 - - - - -] neutron.auth_section = None log_opt_values /usr/lib/python3/dist-packages/oslo_config/cfg.py:2609
2026-04-16 00:39:01.524 136993 DEBUG oslo_service.service [req-afb687ee-0eb2-4c63-a3a4-d147bf128a67 - - - - -] neutron.auth_type = password log_opt_values /usr/lib/python3/dist-packages/oslo_config/cfg.py:2609
2026-04-16 00:39:01.524 136993 DEBUG oslo_service.service [req-afb687ee-0eb2-4c63-a3a4-d147bf128a67 - - - - -] neutron.cafile = None log_opt_values /usr/lib/python3/dist-packages/oslo_config/cfg.py:2609
2026-04-16 00:39:01.524 136993 DEBUG oslo_service.service [req-afb687ee-0eb2-4c63-a3a4-d147bf128a67 - - - - -] neutron.certfile = None log_opt_values /usr/lib/python3/dist-packages/oslo_config/cfg.py:2609
2026-04-16 00:39:01.524 136993 DEBUG oslo_service.service [req-afb687ee-0eb2-4c63-a3a4-d147bf128a67 - - - - -] neutron.collect_timing = False log_opt_values /usr/lib/python3/dist-packages/oslo_config/cfg.py:2609
2026-04-16 00:39:01.524 136993 DEBUG oslo_service.service [req-afb687ee-0eb2-4c63-a3a4-d147bf128a67 - - - - -] neutron.connect_retries = None log_opt_values /usr/lib/python3/dist-packages/oslo_config/cfg.py:2609
2026-04-16 00:39:01.525 136993 DEBUG oslo_service.service [req-afb687ee-0eb2-4c63-a3a4-d147bf128a67 - - - - -] neutron.connect_retry_delay = None log_opt_values /usr/lib/python3/dist-packages/oslo_config/cfg.py:2609
2026-04-16 00:39:01.525 136993 DEBUG oslo_service.service [req-afb687ee-0eb2-4c63-a3a4-d147bf128a67 - - - - -] neutron.default_floating_pool = nova log_opt_values /usr/lib/python3/dist-packages/oslo_config/cfg.py:2609
2026-04-16 00:39:01.525 136993 DEBUG oslo_service.service [req-afb687ee-0eb2-4c63-a3a4-d147bf128a67 - - - - -] neutron.endpoint_override = None log_opt_values /usr/lib/python3/dist-packages/oslo_config/cfg.py:2609
2026-04-16 00:39:01.525 136993 DEBUG oslo_service.service [req-afb687ee-0eb2-4c63-a3a4-d147bf128a67 - - - - -] neutron.extension_sync_interval = 600 log_opt_values /usr/lib/python3/dist-packages/oslo_config/cfg.py:2609
2026-04-16 00:39:01.525 136993 DEBUG oslo_service.service [req-afb687ee-0eb2-4c63-a3a4-d147bf128a67 - - - - -] neutron.http_retries = 3 log_opt_values /usr/lib/python3/dist-packages/oslo_config/cfg.py:2609
2026-04-16 00:39:01.525 136993 DEBUG oslo_service.service [req-afb687ee-0eb2-4c63-a3a4-d147bf128a67 - - - - -] neutron.insecure = False log_opt_values /usr/lib/python3/dist-packages/oslo_config/cfg.py:2609
2026-04-16 00:39:01.525 136993 DEBUG oslo_service.service [req-afb687ee-0eb2-4c63-a3a4-d147bf128a67 - - - - -] neutron.keyfile = None log_opt_values /usr/lib/python3/dist-packages/oslo_config/cfg.py:2609
2026-04-16 00:39:01.526 136993 DEBUG oslo_service.service [req-afb687ee-0eb2-4c63-a3a4-d147bf128a67 - - - - -] neutron.max_version = None log_opt_values /usr/lib/python3/dist-packages/oslo_config/cfg.py:2609
2026-04-16 00:39:01.526 136993 DEBUG oslo_service.service [req-afb687ee-0eb2-4c63-a3a4-d147bf128a67 - - - - -] neutron.metadata_proxy_shared_secret = **** log_opt_values /usr/lib/python3/dist-packages/oslo_config/cfg.py:2609
2026-04-16 00:39:01.526 136993 DEBUG oslo_service.service [req-afb687ee-0eb2-4c63-a3a4-d147bf128a67 - - - - -] neutron.min_version = None log_opt_values /usr/lib/python3/dist-packages/oslo_config/cfg.py:2609
2026-04-16 00:39:01.526 136993 DEBUG oslo_service.service [req-afb687ee-0eb2-4c63-a3a4-d147bf128a67 - - - - -] neutron.ovs_bridge = br-int log_opt_values /usr/lib/python3/dist-packages/oslo_config/cfg.py:2609
2026-04-16 00:39:01.526 136993 DEBUG oslo_service.service [req-afb687ee-0eb2-4c63-a3a4-d147bf128a67 - - - - -] neutron.physnets = [] log_opt_values /usr/lib/python3/dist-packages/oslo_config/cfg.py:2609
2026-04-16 00:39:01.526 136993 DEBUG oslo_service.service [req-afb687ee-0eb2-4c63-a3a4-d147bf128a67 - - - - -] neutron.region_name = RegionOne log_opt_values /usr/lib/python3/dist-packages/oslo_config/cfg.py:2609
2026-04-16 00:39:01.527 136993 DEBUG oslo_service.service [req-afb687ee-0eb2-4c63-a3a4-d147bf128a67 - - - - -] neutron.service_metadata_proxy = True log_opt_values /usr/lib/python3/dist-packages/oslo_config/cfg.py:2609
2026-04-16 00:39:01.527 136993 DEBUG oslo_service.service [req-afb687ee-0eb2-4c63-a3a4-d147bf128a67 - - - - -] neutron.service_name = None log_opt_values /usr/lib/python3/dist-packages/oslo_config/cfg.py:2609
2026-04-16 00:39:01.527 136993 DEBUG oslo_service.service [req-afb687ee-0eb2-4c63-a3a4-d147bf128a67 - - - - -] neutron.service_type = network log_opt_values /usr/lib/python3/dist-packages/oslo_config/cfg.py:2609
2026-04-16 00:39:01.527 136993 DEBUG oslo_service.service [req-afb687ee-0eb2-4c63-a3a4-d147bf128a67 - - - - -] neutron.split_loggers = False log_opt_values /usr/lib/python3/dist-packages/oslo_config/cfg.py:2609
2026-04-16 00:39:01.527 136993 DEBUG oslo_service.service [req-afb687ee-0eb2-4c63-a3a4-d147bf128a67 - - - - -] neutron.status_code_retries = None log_opt_values /usr/lib/python3/dist-packages/oslo_config/cfg.py:2609
2026-04-16 00:39:01.527 136993 DEBUG oslo_service.service [req-afb687ee-0eb2-4c63-a3a4-d147bf128a67 - - - - -] neutron.status_code_retry_delay = None log_opt_values /usr/lib/python3/dist-packages/oslo_config/cfg.py:2609
2026-04-16 00:39:01.527 136993 DEBUG oslo_service.service [req-afb687ee-0eb2-4c63-a3a4-d147bf128a67 - - - - -] neutron.timeout = None log_opt_values /usr/lib/python3/dist-packages/oslo_config/cfg.py:2609
2026-04-16 00:39:01.528 136993 DEBUG oslo_service.service [req-afb687ee-0eb2-4c63-a3a4-d147bf128a67 - - - - -] neutron.valid_interfaces = ['internal', 'public'] log_opt_values /usr/lib/python3/dist-packages/oslo_config/cfg.py:2609
2026-04-16 00:39:01.528 136993 DEBUG oslo_service.service [req-afb687ee-0eb2-4c63-a3a4-d147bf128a67 - - - - -] neutron.version = None log_opt_values /usr/lib/python3/dist-packages/oslo_config/cfg.py:2609
2026-04-16 00:39:01.528 136993 DEBUG oslo_service.service [req-afb687ee-0eb2-4c63-a3a4-d147bf128a67 - - - - -] notifications.bdms_in_notifications = False log_opt_values /usr/lib/python3/dist-packages/oslo_config/cfg.py:2609
2026-04-16 00:39:01.528 136993 DEBUG oslo_service.service [req-afb687ee-0eb2-4c63-a3a4-d147bf128a67 - - - - -] notifications.default_level = INFO log_opt_values /usr/lib/python3/dist-packages/oslo_config/cfg.py:2609
2026-04-16 00:39:01.528 136993 DEBUG oslo_service.service [req-afb687ee-0eb2-4c63-a3a4-d147bf128a67 - - - - -] notifications.notification_format = unversioned log_opt_values /usr/lib/python3/dist-packages/oslo_config/cfg.py:2609
2026-04-16 00:39:01.528 136993 DEBUG oslo_service.service [req-afb687ee-0eb2-4c63-a3a4-d147bf128a67 - - - - -] notifications.notify_on_state_change = None log_opt_values /usr/lib/python3/dist-packages/oslo_config/cfg.py:2609
2026-04-16 00:39:01.529 136993 DEBUG oslo_service.service [req-afb687ee-0eb2-4c63-a3a4-d147bf128a67 - - - - -] notifications.versioned_notifications_topics = ['versioned_notifications'] log_opt_values /usr/lib/python3/dist-packages/oslo_config/cfg.py:2609
2026-04-16 00:39:01.529 136993 DEBUG oslo_service.service [req-afb687ee-0eb2-4c63-a3a4-d147bf128a67 - - - - -] pci.alias = [] log_opt_values /usr/lib/python3/dist-packages/oslo_config/cfg.py:2609
2026-04-16 00:39:01.529 136993 DEBUG oslo_service.service [req-afb687ee-0eb2-4c63-a3a4-d147bf128a67 - - - - -] pci.passthrough_whitelist = [] log_opt_values /usr/lib/python3/dist-packages/oslo_config/cfg.py:2609
2026-04-16 00:39:01.529 136993 DEBUG oslo_service.service [req-afb687ee-0eb2-4c63-a3a4-d147bf128a67 - - - - -] placement.auth_section = None log_opt_values /usr/lib/python3/dist-packages/oslo_config/cfg.py:2609
2026-04-16 00:39:01.529 136993 DEBUG oslo_service.service [req-afb687ee-0eb2-4c63-a3a4-d147bf128a67 - - - - -] placement.auth_type = password log_opt_values /usr/lib/python3/dist-packages/oslo_config/cfg.py:2609
2026-04-16 00:39:01.529 136993 DEBUG oslo_service.service [req-afb687ee-0eb2-4c63-a3a4-d147bf128a67 - - - - -] placement.auth_url = http://252.242.76.93:35357 log_opt_values /usr/lib/python3/dist-packages/oslo_config/cfg.py:2609
2026-04-16 00:39:01.530 136993 DEBUG oslo_service.service [req-afb687ee-0eb2-4c63-a3a4-d147bf128a67 - - - - -] placement.cafile = None log_opt_values /usr/lib/python3/dist-packages/oslo_config/cfg.py:2609
2026-04-16 00:39:01.530 136993 DEBUG oslo_service.service [req-afb687ee-0eb2-4c63-a3a4-d147bf128a67 - - - - -] placement.certfile = None log_opt_values /usr/lib/python3/dist-packages/oslo_config/cfg.py:2609
2026-04-16 00:39:01.530 136993 DEBUG oslo_service.service [req-afb687ee-0eb2-4c63-a3a4-d147bf128a67 - - - - -] placement.collect_timing = False log_opt_values /usr/lib/python3/dist-packages/oslo_config/cfg.py:2609
2026-04-16 00:39:01.530 136993 DEBUG oslo_service.service [req-afb687ee-0eb2-4c63-a3a4-d147bf128a67 - - - - -] placement.connect_retries = None log_opt_values /usr/lib/python3/dist-packages/oslo_config/cfg.py:2609
2026-04-16 00:39:01.530 136993 DEBUG oslo_service.service [req-afb687ee-0eb2-4c63-a3a4-d147bf128a67 - - - - -] placement.connect_retry_delay = None log_opt_values /usr/lib/python3/dist-packages/oslo_config/cfg.py:2609
2026-04-16 00:39:01.530 136993 DEBUG oslo_service.service [req-afb687ee-0eb2-4c63-a3a4-d147bf128a67 - - - - -] placement.default_domain_id = None log_opt_values /usr/lib/python3/dist-packages/oslo_config/cfg.py:2609
2026-04-16 00:39:01.531 136993 DEBUG oslo_service.service [req-afb687ee-0eb2-4c63-a3a4-d147bf128a67 - - - - -] placement.default_domain_name = None log_opt_values /usr/lib/python3/dist-packages/oslo_config/cfg.py:2609
2026-04-16 00:39:01.531 136993 DEBUG oslo_service.service [req-afb687ee-0eb2-4c63-a3a4-d147bf128a67 - - - - -] placement.domain_id = None log_opt_values /usr/lib/python3/dist-packages/oslo_config/cfg.py:2609
2026-04-16 00:39:01.531 136993 DEBUG oslo_service.service [req-afb687ee-0eb2-4c63-a3a4-d147bf128a67 - - - - -] placement.domain_name = None log_opt_values /usr/lib/python3/dist-packages/oslo_config/cfg.py:2609
2026-04-16 00:39:01.531 136993 DEBUG oslo_service.service [req-afb687ee-0eb2-4c63-a3a4-d147bf128a67 - - - - -] placement.endpoint_override = None log_opt_values /usr/lib/python3/dist-packages/oslo_config/cfg.py:2609
2026-04-16 00:39:01.531 136993 DEBUG oslo_service.service [req-afb687ee-0eb2-4c63-a3a4-d147bf128a67 - - - - -] placement.insecure = False log_opt_values /usr/lib/python3/dist-packages/oslo_config/cfg.py:2609
2026-04-16 00:39:01.531 136993 DEBUG oslo_service.service [req-afb687ee-0eb2-4c63-a3a4-d147bf128a67 - - - - -] placement.keyfile = None log_opt_values /usr/lib/python3/dist-packages/oslo_config/cfg.py:2609
2026-04-16 00:39:01.531 136993 DEBUG oslo_service.service [req-afb687ee-0eb2-4c63-a3a4-d147bf128a67 - - - - -] placement.max_version = None log_opt_values /usr/lib/python3/dist-packages/oslo_config/cfg.py:2609
2026-04-16 00:39:01.532 136993 DEBUG oslo_service.service [req-afb687ee-0eb2-4c63-a3a4-d147bf128a67 - - - - -] placement.min_version = None log_opt_values /usr/lib/python3/dist-packages/oslo_config/cfg.py:2609
2026-04-16 00:39:01.532 136993 DEBUG oslo_service.service [req-afb687ee-0eb2-4c63-a3a4-d147bf128a67 - - - - -] placement.password = **** log_opt_values /usr/lib/python3/dist-packages/oslo_config/cfg.py:2609
2026-04-16 00:39:01.532 136993 DEBUG oslo_service.service [req-afb687ee-0eb2-4c63-a3a4-d147bf128a67 - - - - -] placement.project_domain_id = None log_opt_values /usr/lib/python3/dist-packages/oslo_config/cfg.py:2609
2026-04-16 00:39:01.532 136993 DEBUG oslo_service.service [req-afb687ee-0eb2-4c63-a3a4-d147bf128a67 - - - - -] placement.project_domain_name = service_domain log_opt_values /usr/lib/python3/dist-packages/oslo_config/cfg.py:2609
2026-04-16 00:39:01.532 136993 DEBUG oslo_service.service [req-afb687ee-0eb2-4c63-a3a4-d147bf128a67 - - - - -] placement.project_id = None log_opt_values /usr/lib/python3/dist-packages/oslo_config/cfg.py:2609
2026-04-16 00:39:01.532 136993 DEBUG oslo_service.service [req-afb687ee-0eb2-4c63-a3a4-d147bf128a67 - - - - -] placement.project_name = services log_opt_values /usr/lib/python3/dist-packages/oslo_config/cfg.py:2609
2026-04-16 00:39:01.533 136993 DEBUG oslo_service.service [req-afb687ee-0eb2-4c63-a3a4-d147bf128a67 - - - - -] placement.region_name = RegionOne log_opt_values /usr/lib/python3/dist-packages/oslo_config/cfg.py:2609
2026-04-16 00:39:01.533 136993 DEBUG oslo_service.service [req-afb687ee-0eb2-4c63-a3a4-d147bf128a67 - - - - -] placement.service_name = None log_opt_values /usr/lib/python3/dist-packages/oslo_config/cfg.py:2609
2026-04-16 00:39:01.533 136993 DEBUG oslo_service.service [req-afb687ee-0eb2-4c63-a3a4-d147bf128a67 - - - - -] placement.service_type = placement log_opt_values /usr/lib/python3/dist-packages/oslo_config/cfg.py:2609
2026-04-16 00:39:01.533 136993 DEBUG oslo_service.service [req-afb687ee-0eb2-4c63-a3a4-d147bf128a67 - - - - -] placement.split_loggers = False log_opt_values /usr/lib/python3/dist-packages/oslo_config/cfg.py:2609
2026-04-16 00:39:01.533 136993 DEBUG oslo_service.service [req-afb687ee-0eb2-4c63-a3a4-d147bf128a67 - - - - -] placement.status_code_retries = None log_opt_values /usr/lib/python3/dist-packages/oslo_config/cfg.py:2609
2026-04-16 00:39:01.533 136993 DEBUG oslo_service.service [req-afb687ee-0eb2-4c63-a3a4-d147bf128a67 - - - - -] placement.status_code_retry_delay = None log_opt_values /usr/lib/python3/dist-packages/oslo_config/cfg.py:2609
2026-04-16 00:39:01.533 136993 DEBUG oslo_service.service [req-afb687ee-0eb2-4c63-a3a4-d147bf128a67 - - - - -] placement.system_scope = None log_opt_values /usr/lib/python3/dist-packages/oslo_config/cfg.py:2609
2026-04-16 00:39:01.534 136993 DEBUG oslo_service.service [req-afb687ee-0eb2-4c63-a3a4-d147bf128a67 - - - - -] placement.timeout = None log_opt_values /usr/lib/python3/dist-packages/oslo_config/cfg.py:2609
2026-04-16 00:39:01.534 136993 DEBUG oslo_service.service [req-afb687ee-0eb2-4c63-a3a4-d147bf128a67 - - - - -] placement.trust_id = None log_opt_values /usr/lib/python3/dist-packages/oslo_config/cfg.py:2609
2026-04-16 00:39:01.534 136993 DEBUG oslo_service.service [req-afb687ee-0eb2-4c63-a3a4-d147bf128a67 - - - - -] placement.user_domain_id = None log_opt_values /usr/lib/python3/dist-packages/oslo_config/cfg.py:2609
2026-04-16 00:39:01.535 136993 DEBUG oslo_service.service [req-afb687ee-0eb2-4c63-a3a4-d147bf128a67 - - - - -] placement.user_domain_name = service_domain log_opt_values /usr/lib/python3/dist-packages/oslo_config/cfg.py:2609
2026-04-16 00:39:01.535 136993 DEBUG oslo_service.service [req-afb687ee-0eb2-4c63-a3a4-d147bf128a67 - - - - -] placement.user_id = None log_opt_values /usr/lib/python3/dist-packages/oslo_config/cfg.py:2609
