2026-04-13 00:40:24.854 122490 DEBUG oslo_service.service [req-b5985609-da0d-41d4-83dc-30327389cc98 - - - - -] log_date_format = %Y-%m-%d %H:%M:%S log_opt_values /usr/lib/python3/dist-packages/oslo_config/cfg.py:2602
2026-04-13 00:40:24.855 122490 DEBUG oslo_service.service [req-b5985609-da0d-41d4-83dc-30327389cc98 - - - - -] log_dir = /var/log/nova log_opt_values /usr/lib/python3/dist-packages/oslo_config/cfg.py:2602
2026-04-13 00:40:24.855 122490 DEBUG oslo_service.service [req-b5985609-da0d-41d4-83dc-30327389cc98 - - - - -] log_file = /var/log/nova/nova-scheduler.log log_opt_values /usr/lib/python3/dist-packages/oslo_config/cfg.py:2602
2026-04-13 00:40:24.855 122490 DEBUG oslo_service.service [req-b5985609-da0d-41d4-83dc-30327389cc98 - - - - -] log_options = True log_opt_values /usr/lib/python3/dist-packages/oslo_config/cfg.py:2602
2026-04-13 00:40:24.856 122490 DEBUG oslo_service.service [req-b5985609-da0d-41d4-83dc-30327389cc98 - - - - -] log_rotate_interval = 1 log_opt_values /usr/lib/python3/dist-packages/oslo_config/cfg.py:2602
2026-04-13 00:40:24.857 122490 DEBUG oslo_service.service [req-b5985609-da0d-41d4-83dc-30327389cc98 - - - - -] log_rotate_interval_type = days log_opt_values /usr/lib/python3/dist-packages/oslo_config/cfg.py:2602
2026-04-13 00:40:24.857 122490 DEBUG oslo_service.service [req-b5985609-da0d-41d4-83dc-30327389cc98 - - - - -] log_rotation_type = none log_opt_values /usr/lib/python3/dist-packages/oslo_config/cfg.py:2602
2026-04-13 00:40:24.857 122490 DEBUG oslo_service.service [req-b5985609-da0d-41d4-83dc-30327389cc98 - - - - -] logging_context_format_string = %(asctime)s.%(msecs)03d %(process)d %(levelname)s %(name)s [%(request_id)s %(user_identity)s] %(instance)s%(message)s log_opt_values /usr/lib/python3/dist-packages/oslo_config/cfg.py:2602
2026-04-13 00:40:24.857 122490 DEBUG oslo_service.service [req-b5985609-da0d-41d4-83dc-30327389cc98 - - - - -] logging_debug_format_suffix = %(funcName)s %(pathname)s:%(lineno)d log_opt_values /usr/lib/python3/dist-packages/oslo_config/cfg.py:2602
2026-04-13 00:40:24.857 122490 DEBUG oslo_service.service [req-b5985609-da0d-41d4-83dc-30327389cc98 - - - - -] logging_default_format_string = %(asctime)s.%(msecs)03d %(process)d %(levelname)s %(name)s [-] %(instance)s%(message)s log_opt_values /usr/lib/python3/dist-packages/oslo_config/cfg.py:2602
2026-04-13 00:40:24.858 122490 DEBUG oslo_service.service [req-b5985609-da0d-41d4-83dc-30327389cc98 - - - - -] logging_exception_prefix = %(asctime)s.%(msecs)03d %(process)d ERROR %(name)s %(instance)s log_opt_values /usr/lib/python3/dist-packages/oslo_config/cfg.py:2602
2026-04-13 00:40:24.858 122490 DEBUG oslo_service.service [req-b5985609-da0d-41d4-83dc-30327389cc98 - - - - -] logging_user_identity_format = %(user)s %(project)s %(domain)s %(user_domain)s %(project_domain)s log_opt_values /usr/lib/python3/dist-packages/oslo_config/cfg.py:2602
2026-04-13 00:40:24.858 122490 DEBUG oslo_service.service [req-b5985609-da0d-41d4-83dc-30327389cc98 - - - - -] long_rpc_timeout = 1800 log_opt_values /usr/lib/python3/dist-packages/oslo_config/cfg.py:2602
2026-04-13 00:40:24.858 122490 DEBUG oslo_service.service [req-b5985609-da0d-41d4-83dc-30327389cc98 - - - - -] max_concurrent_builds = 10 log_opt_values /usr/lib/python3/dist-packages/oslo_config/cfg.py:2602
2026-04-13 00:40:24.858 122490 DEBUG oslo_service.service [req-b5985609-da0d-41d4-83dc-30327389cc98 - - - - -] max_concurrent_live_migrations = 1 log_opt_values /usr/lib/python3/dist-packages/oslo_config/cfg.py:2602
2026-04-13 00:40:24.858 122490 DEBUG oslo_service.service [req-b5985609-da0d-41d4-83dc-30327389cc98 - - - - -] max_concurrent_snapshots = 5 log_opt_values /usr/lib/python3/dist-packages/oslo_config/cfg.py:2602
2026-04-13 00:40:24.859 122490 DEBUG oslo_service.service [req-b5985609-da0d-41d4-83dc-30327389cc98 - - - - -] max_local_block_devices = 3 log_opt_values /usr/lib/python3/dist-packages/oslo_config/cfg.py:2602
2026-04-13 00:40:24.859 122490 DEBUG oslo_service.service [req-b5985609-da0d-41d4-83dc-30327389cc98 - - - - -] max_logfile_count = 30 log_opt_values /usr/lib/python3/dist-packages/oslo_config/cfg.py:2602
2026-04-13 00:40:24.859 122490 DEBUG oslo_service.service [req-b5985609-da0d-41d4-83dc-30327389cc98 - - - - -] max_logfile_size_mb = 200 log_opt_values /usr/lib/python3/dist-packages/oslo_config/cfg.py:2602
2026-04-13 00:40:24.859 123100 DEBUG oslo_db.sqlalchemy.engines [req-1de176d0-aedc-4a06-9494-baf9a9b78f06 - - - - -] MySQL server mode set to STRICT_TRANS_TABLES,STRICT_ALL_TABLES,NO_ZERO_IN_DATE,NO_ZERO_DATE,ERROR_FOR_DIVISION_BY_ZERO,TRADITIONAL,NO_ENGINE_SUBSTITUTION _check_effective_sql_mode /usr/lib/python3/dist-packages/oslo_db/sqlalchemy/engines.py:314
2026-04-13 00:40:24.859 122490 DEBUG oslo_service.service [req-b5985609-da0d-41d4-83dc-30327389cc98 - - - - -] maximum_instance_delete_attempts = 5 log_opt_values /usr/lib/python3/dist-packages/oslo_config/cfg.py:2602
2026-04-13 00:40:24.861 122490 DEBUG oslo_service.service [req-b5985609-da0d-41d4-83dc-30327389cc98 - - - - -] metadata_listen = 0.0.0.0 log_opt_values /usr/lib/python3/dist-packages/oslo_config/cfg.py:2602
2026-04-13 00:40:24.861 122490 DEBUG oslo_service.service [req-b5985609-da0d-41d4-83dc-30327389cc98 - - - - -] metadata_listen_port = 8765 log_opt_values /usr/lib/python3/dist-packages/oslo_config/cfg.py:2602
2026-04-13 00:40:24.862 122490 DEBUG oslo_service.service [req-b5985609-da0d-41d4-83dc-30327389cc98 - - - - -] metadata_workers = None log_opt_values /usr/lib/python3/dist-packages/oslo_config/cfg.py:2602
2026-04-13 00:40:24.862 122490 DEBUG oslo_service.service [req-b5985609-da0d-41d4-83dc-30327389cc98 - - - - -] migrate_max_retries = -1 log_opt_values /usr/lib/python3/dist-packages/oslo_config/cfg.py:2602
2026-04-13 00:40:24.862 122490 DEBUG oslo_service.service [req-b5985609-da0d-41d4-83dc-30327389cc98 - - - - -] mkisofs_cmd = genisoimage log_opt_values /usr/lib/python3/dist-packages/oslo_config/cfg.py:2602
2026-04-13 00:40:24.863 122490 DEBUG oslo_service.service [req-b5985609-da0d-41d4-83dc-30327389cc98 - - - - -] my_block_storage_ip = 252.129.34.217 log_opt_values /usr/lib/python3/dist-packages/oslo_config/cfg.py:2602
2026-04-13 00:40:24.863 122490 DEBUG oslo_service.service [req-b5985609-da0d-41d4-83dc-30327389cc98 - - - - -] my_ip = 252.129.34.217 log_opt_values /usr/lib/python3/dist-packages/oslo_config/cfg.py:2602
2026-04-13 00:40:24.863 122490 DEBUG oslo_service.service [req-b5985609-da0d-41d4-83dc-30327389cc98 - - - - -] network_allocate_retries = 0 log_opt_values /usr/lib/python3/dist-packages/oslo_config/cfg.py:2602
2026-04-13 00:40:24.863 122490 DEBUG oslo_service.service [req-b5985609-da0d-41d4-83dc-30327389cc98 - - - - -] non_inheritable_image_properties = ['cache_in_nova', 'bittorrent'] log_opt_values /usr/lib/python3/dist-packages/oslo_config/cfg.py:2602
2026-04-13 00:40:24.863 122490 DEBUG oslo_service.service [req-b5985609-da0d-41d4-83dc-30327389cc98 - - - - -] osapi_compute_listen = 0.0.0.0 log_opt_values /usr/lib/python3/dist-packages/oslo_config/cfg.py:2602
2026-04-13 00:40:24.863 122490 DEBUG oslo_service.service [req-b5985609-da0d-41d4-83dc-30327389cc98 - - - - -] osapi_compute_listen_port = 8764 log_opt_values /usr/lib/python3/dist-packages/oslo_config/cfg.py:2602
2026-04-13 00:40:24.863 122490 DEBUG oslo_service.service [req-b5985609-da0d-41d4-83dc-30327389cc98 - - - - -] osapi_compute_unique_server_name_scope = log_opt_values /usr/lib/python3/dist-packages/oslo_config/cfg.py:2602
2026-04-13 00:40:24.864 122490 DEBUG oslo_service.service [req-b5985609-da0d-41d4-83dc-30327389cc98 - - - - -] osapi_compute_workers = 4 log_opt_values /usr/lib/python3/dist-packages/oslo_config/cfg.py:2602
2026-04-13 00:40:24.864 122490 DEBUG oslo_service.service [req-b5985609-da0d-41d4-83dc-30327389cc98 - - - - -] password_length = 12 log_opt_values /usr/lib/python3/dist-packages/oslo_config/cfg.py:2602
2026-04-13 00:40:24.864 122490 DEBUG oslo_service.service [req-b5985609-da0d-41d4-83dc-30327389cc98 - - - - -] periodic_enable = True log_opt_values /usr/lib/python3/dist-packages/oslo_config/cfg.py:2602
2026-04-13 00:40:24.864 122490 DEBUG oslo_service.service [req-b5985609-da0d-41d4-83dc-30327389cc98 - - - - -] periodic_fuzzy_delay = 60 log_opt_values /usr/lib/python3/dist-packages/oslo_config/cfg.py:2602
2026-04-13 00:40:24.864 122490 DEBUG oslo_service.service [req-b5985609-da0d-41d4-83dc-30327389cc98 - - - - -] pointer_model = usbtablet log_opt_values /usr/lib/python3/dist-packages/oslo_config/cfg.py:2602
2026-04-13 00:40:24.865 122490 DEBUG oslo_service.service [req-b5985609-da0d-41d4-83dc-30327389cc98 - - - - -] preallocate_images = none log_opt_values /usr/lib/python3/dist-packages/oslo_config/cfg.py:2602
2026-04-13 00:40:24.865 122490 DEBUG oslo_service.service [req-b5985609-da0d-41d4-83dc-30327389cc98 - - - - -] publish_errors = False log_opt_values /usr/lib/python3/dist-packages/oslo_config/cfg.py:2602
2026-04-13 00:40:24.865 122490 DEBUG oslo_service.service [req-b5985609-da0d-41d4-83dc-30327389cc98 - - - - -] pybasedir = /usr/lib/python3/dist-packages log_opt_values /usr/lib/python3/dist-packages/oslo_config/cfg.py:2602
2026-04-13 00:40:24.865 122490 DEBUG oslo_service.service [req-b5985609-da0d-41d4-83dc-30327389cc98 - - - - -] ram_allocation_ratio = 0.98 log_opt_values /usr/lib/python3/dist-packages/oslo_config/cfg.py:2602
2026-04-13 00:40:24.865 122490 DEBUG oslo_service.service [req-b5985609-da0d-41d4-83dc-30327389cc98 - - - - -] rate_limit_burst = 0 log_opt_values /usr/lib/python3/dist-packages/oslo_config/cfg.py:2602
2026-04-13 00:40:24.865 122490 DEBUG oslo_service.service [req-b5985609-da0d-41d4-83dc-30327389cc98 - - - - -] rate_limit_except_level = CRITICAL log_opt_values /usr/lib/python3/dist-packages/oslo_config/cfg.py:2602
2026-04-13 00:40:24.865 122490 DEBUG oslo_service.service [req-b5985609-da0d-41d4-83dc-30327389cc98 - - - - -] rate_limit_interval = 0 log_opt_values /usr/lib/python3/dist-packages/oslo_config/cfg.py:2602
2026-04-13 00:40:24.866 122490 DEBUG oslo_service.service [req-b5985609-da0d-41d4-83dc-30327389cc98 - - - - -] reboot_timeout = 0 log_opt_values /usr/lib/python3/dist-packages/oslo_config/cfg.py:2602
2026-04-13 00:40:24.871 122490 DEBUG oslo_service.service [req-b5985609-da0d-41d4-83dc-30327389cc98 - - - - -] reclaim_instance_interval = 0 log_opt_values /usr/lib/python3/dist-packages/oslo_config/cfg.py:2602
2026-04-13 00:40:24.871 122490 DEBUG oslo_service.service [req-b5985609-da0d-41d4-83dc-30327389cc98 - - - - -] record = None log_opt_values /usr/lib/python3/dist-packages/oslo_config/cfg.py:2602
2026-04-13 00:40:24.872 122490 DEBUG oslo_service.service [req-b5985609-da0d-41d4-83dc-30327389cc98 - - - - -] report_interval = 10 log_opt_values /usr/lib/python3/dist-packages/oslo_config/cfg.py:2602
2026-04-13 00:40:24.876 122490 DEBUG oslo_service.service [req-b5985609-da0d-41d4-83dc-30327389cc98 - - - - -] rescue_timeout = 0 log_opt_values /usr/lib/python3/dist-packages/oslo_config/cfg.py:2602
2026-04-13 00:40:24.877 122490 DEBUG oslo_service.service [req-b5985609-da0d-41d4-83dc-30327389cc98 - - - - -] reserved_host_cpus = 0 log_opt_values /usr/lib/python3/dist-packages/oslo_config/cfg.py:2602
2026-04-13 00:40:24.877 122490 DEBUG oslo_service.service [req-b5985609-da0d-41d4-83dc-30327389cc98 - - - - -] reserved_host_disk_mb = 0 log_opt_values /usr/lib/python3/dist-packages/oslo_config/cfg.py:2602
2026-04-13 00:40:24.878 122490 DEBUG oslo_service.service [req-b5985609-da0d-41d4-83dc-30327389cc98 - - - - -] reserved_host_memory_mb = 512 log_opt_values /usr/lib/python3/dist-packages/oslo_config/cfg.py:2602
2026-04-13 00:40:24.879 122490 DEBUG oslo_service.service [req-b5985609-da0d-41d4-83dc-30327389cc98 - - - - -] reserved_huge_pages = None log_opt_values /usr/lib/python3/dist-packages/oslo_config/cfg.py:2602
2026-04-13 00:40:24.879 122490 DEBUG oslo_service.service [req-b5985609-da0d-41d4-83dc-30327389cc98 - - - - -] resize_confirm_window = 0 log_opt_values /usr/lib/python3/dist-packages/oslo_config/cfg.py:2602
2026-04-13 00:40:24.881 122490 DEBUG oslo_service.service [req-b5985609-da0d-41d4-83dc-30327389cc98 - - - - -] resize_fs_using_block_device = False log_opt_values /usr/lib/python3/dist-packages/oslo_config/cfg.py:2602
2026-04-13 00:40:24.882 122490 DEBUG oslo_service.service [req-b5985609-da0d-41d4-83dc-30327389cc98 - - - - -] resume_guests_state_on_host_boot = False log_opt_values /usr/lib/python3/dist-packages/oslo_config/cfg.py:2602
2026-04-13 00:40:24.882 122490 DEBUG oslo_service.service [req-b5985609-da0d-41d4-83dc-30327389cc98 - - - - -] rootwrap_config = /etc/nova/rootwrap.conf log_opt_values /usr/lib/python3/dist-packages/oslo_config/cfg.py:2602
2026-04-13 00:40:24.882 122490 DEBUG oslo_service.service [req-b5985609-da0d-41d4-83dc-30327389cc98 - - - - -] run_external_periodic_tasks = True log_opt_values /usr/lib/python3/dist-packages/oslo_config/cfg.py:2602
2026-04-13 00:40:24.882 122490 DEBUG oslo_service.service [req-b5985609-da0d-41d4-83dc-30327389cc98 - - - - -] running_deleted_instance_action = reap log_opt_values /usr/lib/python3/dist-packages/oslo_config/cfg.py:2602
2026-04-13 00:40:24.883 122490 DEBUG oslo_service.service [req-b5985609-da0d-41d4-83dc-30327389cc98 - - - - -] running_deleted_instance_poll_interval = 1800 log_opt_values /usr/lib/python3/dist-packages/oslo_config/cfg.py:2602
2026-04-13 00:40:24.883 123097 DEBUG nova.service [req-d398a155-627a-4ec9-933e-ec7123213d1a - - - - -] Creating RPC server for service scheduler start /usr/lib/python3/dist-packages/nova/service.py:182
2026-04-13 00:40:24.885 122490 DEBUG oslo_service.service [req-b5985609-da0d-41d4-83dc-30327389cc98 - - - - -] running_deleted_instance_timeout = 0 log_opt_values /usr/lib/python3/dist-packages/oslo_config/cfg.py:2602
2026-04-13 00:40:24.885 122490 DEBUG oslo_service.service [req-b5985609-da0d-41d4-83dc-30327389cc98 - - - - -] scheduler_instance_sync_interval = 120 log_opt_values /usr/lib/python3/dist-packages/oslo_config/cfg.py:2602
2026-04-13 00:40:24.885 122490 DEBUG oslo_service.service [req-b5985609-da0d-41d4-83dc-30327389cc98 - - - - -] service_down_time = 60 log_opt_values /usr/lib/python3/dist-packages/oslo_config/cfg.py:2602
2026-04-13 00:40:24.885 122490 DEBUG oslo_service.service [req-b5985609-da0d-41d4-83dc-30327389cc98 - - - - -] servicegroup_driver = db log_opt_values /usr/lib/python3/dist-packages/oslo_config/cfg.py:2602
2026-04-13 00:40:24.885 122490 DEBUG oslo_service.service [req-b5985609-da0d-41d4-83dc-30327389cc98 - - - - -] shelved_offload_time = 0 log_opt_values /usr/lib/python3/dist-packages/oslo_config/cfg.py:2602
2026-04-13 00:40:24.886 122490 DEBUG oslo_service.service [req-b5985609-da0d-41d4-83dc-30327389cc98 - - - - -] shelved_poll_interval = 3600 log_opt_values /usr/lib/python3/dist-packages/oslo_config/cfg.py:2602
2026-04-13 00:40:24.886 122490 DEBUG oslo_service.service [req-b5985609-da0d-41d4-83dc-30327389cc98 - - - - -] shutdown_timeout = 60 log_opt_values /usr/lib/python3/dist-packages/oslo_config/cfg.py:2602
2026-04-13 00:40:24.886 122490 DEBUG oslo_service.service [req-b5985609-da0d-41d4-83dc-30327389cc98 - - - - -] source_is_ipv6 = False log_opt_values /usr/lib/python3/dist-packages/oslo_config/cfg.py:2602
2026-04-13 00:40:24.886 122490 DEBUG oslo_service.service [req-b5985609-da0d-41d4-83dc-30327389cc98 - - - - -] ssl_only = False log_opt_values /usr/lib/python3/dist-packages/oslo_config/cfg.py:2602
2026-04-13 00:40:24.886 122490 DEBUG oslo_service.service [req-b5985609-da0d-41d4-83dc-30327389cc98 - - - - -] state_path = /var/lib/nova log_opt_values /usr/lib/python3/dist-packages/oslo_config/cfg.py:2602
2026-04-13 00:40:24.887 122490 DEBUG oslo_service.service [req-b5985609-da0d-41d4-83dc-30327389cc98 - - - - -] sync_power_state_interval = 600 log_opt_values /usr/lib/python3/dist-packages/oslo_config/cfg.py:2602
2026-04-13 00:40:24.887 122490 DEBUG oslo_service.service [req-b5985609-da0d-41d4-83dc-30327389cc98 - - - - -] sync_power_state_pool_size = 1000 log_opt_values /usr/lib/python3/dist-packages/oslo_config/cfg.py:2602
2026-04-13 00:40:24.888 122490 DEBUG oslo_service.service [req-b5985609-da0d-41d4-83dc-30327389cc98 - - - - -] syslog_log_facility = LOG_USER log_opt_values /usr/lib/python3/dist-packages/oslo_config/cfg.py:2602
2026-04-13 00:40:24.888 122490 DEBUG oslo_service.service [req-b5985609-da0d-41d4-83dc-30327389cc98 - - - - -] tempdir = None log_opt_values /usr/lib/python3/dist-packages/oslo_config/cfg.py:2602
2026-04-13 00:40:24.888 122490 DEBUG oslo_service.service [req-b5985609-da0d-41d4-83dc-30327389cc98 - - - - -] timeout_nbd = 10 log_opt_values /usr/lib/python3/dist-packages/oslo_config/cfg.py:2602
2026-04-13 00:40:24.888 122490 DEBUG oslo_service.service [req-b5985609-da0d-41d4-83dc-30327389cc98 - - - - -] transport_url = **** log_opt_values /usr/lib/python3/dist-packages/oslo_config/cfg.py:2602
2026-04-13 00:40:24.888 122490 DEBUG oslo_service.service [req-b5985609-da0d-41d4-83dc-30327389cc98 - - - - -] update_resources_interval = 0 log_opt_values /usr/lib/python3/dist-packages/oslo_config/cfg.py:2602
2026-04-13 00:40:24.889 122490 DEBUG oslo_service.service [req-b5985609-da0d-41d4-83dc-30327389cc98 - - - - -] use_cow_images = True log_opt_values /usr/lib/python3/dist-packages/oslo_config/cfg.py:2602
2026-04-13 00:40:24.889 122490 DEBUG oslo_service.service [req-b5985609-da0d-41d4-83dc-30327389cc98 - - - - -] use_eventlog = False log_opt_values /usr/lib/python3/dist-packages/oslo_config/cfg.py:2602
2026-04-13 00:40:24.889 122490 DEBUG oslo_service.service [req-b5985609-da0d-41d4-83dc-30327389cc98 - - - - -] use_journal = False log_opt_values /usr/lib/python3/dist-packages/oslo_config/cfg.py:2602
2026-04-13 00:40:24.889 122490 DEBUG oslo_service.service [req-b5985609-da0d-41d4-83dc-30327389cc98 - - - - -] use_json = False log_opt_values /usr/lib/python3/dist-packages/oslo_config/cfg.py:2602
2026-04-13 00:40:24.889 122490 DEBUG oslo_service.service [req-b5985609-da0d-41d4-83dc-30327389cc98 - - - - -] use_rootwrap_daemon = False log_opt_values /usr/lib/python3/dist-packages/oslo_config/cfg.py:2602
2026-04-13 00:40:24.889 122490 DEBUG oslo_service.service [req-b5985609-da0d-41d4-83dc-30327389cc98 - - - - -] use_stderr = False log_opt_values /usr/lib/python3/dist-packages/oslo_config/cfg.py:2602
2026-04-13 00:40:24.890 122490 DEBUG oslo_service.service [req-b5985609-da0d-41d4-83dc-30327389cc98 - - - - -] use_syslog = False log_opt_values /usr/lib/python3/dist-packages/oslo_config/cfg.py:2602
2026-04-13 00:40:24.890 122490 DEBUG oslo_service.service [req-b5985609-da0d-41d4-83dc-30327389cc98 - - - - -] vcpu_pin_set = None log_opt_values /usr/lib/python3/dist-packages/oslo_config/cfg.py:2602
2026-04-13 00:40:24.890 123099 DEBUG nova.service [req-7c48b8a1-85c3-4b11-bc5d-d4d10a36838c - - - - -] Creating RPC server for service scheduler start /usr/lib/python3/dist-packages/nova/service.py:182
2026-04-13 00:40:24.890 122490 DEBUG oslo_service.service [req-b5985609-da0d-41d4-83dc-30327389cc98 - - - - -] vif_plugging_is_fatal = True log_opt_values /usr/lib/python3/dist-packages/oslo_config/cfg.py:2602
2026-04-13 00:40:24.890 122490 DEBUG oslo_service.service [req-b5985609-da0d-41d4-83dc-30327389cc98 - - - - -] vif_plugging_timeout = 300 log_opt_values /usr/lib/python3/dist-packages/oslo_config/cfg.py:2602
2026-04-13 00:40:24.892 122490 DEBUG oslo_service.service [req-b5985609-da0d-41d4-83dc-30327389cc98 - - - - -] virt_mkfs = [] log_opt_values /usr/lib/python3/dist-packages/oslo_config/cfg.py:2602
2026-04-13 00:40:24.892 122490 DEBUG oslo_service.service [req-b5985609-da0d-41d4-83dc-30327389cc98 - - - - -] volume_usage_poll_interval = 0 log_opt_values /usr/lib/python3/dist-packages/oslo_config/cfg.py:2602
2026-04-13 00:40:24.892 122490 DEBUG oslo_service.service [req-b5985609-da0d-41d4-83dc-30327389cc98 - - - - -] watch_log_file = False log_opt_values /usr/lib/python3/dist-packages/oslo_config/cfg.py:2602
2026-04-13 00:40:24.893 122490 DEBUG oslo_service.service [req-b5985609-da0d-41d4-83dc-30327389cc98 - - - - -] web = /usr/share/spice-html5 log_opt_values /usr/lib/python3/dist-packages/oslo_config/cfg.py:2602
2026-04-13 00:40:24.893 122490 DEBUG oslo_service.service [req-b5985609-da0d-41d4-83dc-30327389cc98 - - - - -] oslo_concurrency.disable_process_locking = False log_opt_values /usr/lib/python3/dist-packages/oslo_config/cfg.py:2609
2026-04-13 00:40:24.893 122490 DEBUG oslo_service.service [req-b5985609-da0d-41d4-83dc-30327389cc98 - - - - -] oslo_concurrency.lock_path = /var/lock/nova log_opt_values /usr/lib/python3/dist-packages/oslo_config/cfg.py:2609
2026-04-13 00:40:24.894 122490 WARNING oslo_config.cfg [req-b5985609-da0d-41d4-83dc-30327389cc98 - - - - -] Deprecated: Option "auth_strategy" from group "api" is deprecated for removal ( The only non-default choice, ``noauth2``, is for internal development and testing purposes only and should not be used in deployments. This option and its middleware, NoAuthMiddleware[V2_18], will be removed in a future release. ). Its value may be silently ignored in the future.
2026-04-13 00:40:24.894 122490 DEBUG oslo_service.service [req-b5985609-da0d-41d4-83dc-30327389cc98 - - - - -] api.auth_strategy = keystone log_opt_values /usr/lib/python3/dist-packages/oslo_config/cfg.py:2609
2026-04-13 00:40:24.894 122490 DEBUG oslo_service.service [req-b5985609-da0d-41d4-83dc-30327389cc98 - - - - -] api.compute_link_prefix = None log_opt_values /usr/lib/python3/dist-packages/oslo_config/cfg.py:2609
2026-04-13 00:40:24.894 122490 DEBUG oslo_service.service [req-b5985609-da0d-41d4-83dc-30327389cc98 - - - - -] api.config_drive_skip_versions = 1.0 2007-01-19 2007-03-01 2007-08-29 2007-10-10 2007-12-15 2008-02-01 2008-09-01 log_opt_values /usr/lib/python3/dist-packages/oslo_config/cfg.py:2609
2026-04-13 00:40:24.895 122490 DEBUG oslo_service.service [req-b5985609-da0d-41d4-83dc-30327389cc98 - - - - -] api.dhcp_domain = novalocal log_opt_values /usr/lib/python3/dist-packages/oslo_config/cfg.py:2609
2026-04-13 00:40:24.895 122490 DEBUG oslo_service.service [req-b5985609-da0d-41d4-83dc-30327389cc98 - - - - -] api.enable_instance_password = True log_opt_values /usr/lib/python3/dist-packages/oslo_config/cfg.py:2609
2026-04-13 00:40:24.895 122490 DEBUG oslo_service.service [req-b5985609-da0d-41d4-83dc-30327389cc98 - - - - -] api.glance_link_prefix = None log_opt_values /usr/lib/python3/dist-packages/oslo_config/cfg.py:2609
2026-04-13 00:40:24.895 122490 DEBUG oslo_service.service [req-b5985609-da0d-41d4-83dc-30327389cc98 - - - - -] api.instance_list_cells_batch_fixed_size = 100 log_opt_values /usr/lib/python3/dist-packages/oslo_config/cfg.py:2609
2026-04-13 00:40:24.895 122490 DEBUG oslo_service.service [req-b5985609-da0d-41d4-83dc-30327389cc98 - - - - -] api.instance_list_cells_batch_strategy = distributed log_opt_values /usr/lib/python3/dist-packages/oslo_config/cfg.py:2609
2026-04-13 00:40:24.895 122490 DEBUG oslo_service.service [req-b5985609-da0d-41d4-83dc-30327389cc98 - - - - -] api.instance_list_per_project_cells = False log_opt_values /usr/lib/python3/dist-packages/oslo_config/cfg.py:2609
2026-04-13 00:40:24.896 122490 DEBUG oslo_service.service [req-b5985609-da0d-41d4-83dc-30327389cc98 - - - - -] api.list_records_by_skipping_down_cells = True log_opt_values /usr/lib/python3/dist-packages/oslo_config/cfg.py:2609
2026-04-13 00:40:24.896 122490 DEBUG oslo_service.service [req-b5985609-da0d-41d4-83dc-30327389cc98 - - - - -] api.local_metadata_per_cell = False log_opt_values /usr/lib/python3/dist-packages/oslo_config/cfg.py:2609
2026-04-13 00:40:24.896 122490 DEBUG oslo_service.service [req-b5985609-da0d-41d4-83dc-30327389cc98 - - - - -] api.max_limit = 1000 log_opt_values /usr/lib/python3/dist-packages/oslo_config/cfg.py:2609
2026-04-13 00:40:24.896 122490 DEBUG oslo_service.service [req-b5985609-da0d-41d4-83dc-30327389cc98 - - - - -] api.metadata_cache_expiration = 15 log_opt_values /usr/lib/python3/dist-packages/oslo_config/cfg.py:2609
2026-04-13 00:40:24.896 122490 DEBUG oslo_service.service [req-b5985609-da0d-41d4-83dc-30327389cc98 - - - - -] api.neutron_default_tenant_id = default log_opt_values /usr/lib/python3/dist-packages/oslo_config/cfg.py:2609
2026-04-13 00:40:24.897 122490 DEBUG oslo_service.service [req-b5985609-da0d-41d4-83dc-30327389cc98 - - - - -] api.use_forwarded_for = False log_opt_values /usr/lib/python3/dist-packages/oslo_config/cfg.py:2609
2026-04-13 00:40:24.897 123098 DEBUG nova.service [req-e3b35e9d-f807-4494-bce8-070febd2636b - - - - -] Creating RPC server for service scheduler start /usr/lib/python3/dist-packages/nova/service.py:182
2026-04-13 00:40:24.898 122490 DEBUG oslo_service.service [req-b5985609-da0d-41d4-83dc-30327389cc98 - - - - -] api.use_neutron_default_nets = False log_opt_values /usr/lib/python3/dist-packages/oslo_config/cfg.py:2609
2026-04-13 00:40:24.898 122490 DEBUG oslo_service.service [req-b5985609-da0d-41d4-83dc-30327389cc98 - - - - -] api.vendordata_dynamic_connect_timeout = 5 log_opt_values /usr/lib/python3/dist-packages/oslo_config/cfg.py:2609
2026-04-13 00:40:24.898 122490 DEBUG oslo_service.service [req-b5985609-da0d-41d4-83dc-30327389cc98 - - - - -] api.vendordata_dynamic_failure_fatal = False log_opt_values /usr/lib/python3/dist-packages/oslo_config/cfg.py:2609
2026-04-13 00:40:24.898 122490 DEBUG oslo_service.service [req-b5985609-da0d-41d4-83dc-30327389cc98 - - - - -] api.vendordata_dynamic_read_timeout = 5 log_opt_values /usr/lib/python3/dist-packages/oslo_config/cfg.py:2609
2026-04-13 00:40:24.899 122490 DEBUG oslo_service.service [req-b5985609-da0d-41d4-83dc-30327389cc98 - - - - -] api.vendordata_dynamic_ssl_certfile = log_opt_values /usr/lib/python3/dist-packages/oslo_config/cfg.py:2609
2026-04-13 00:40:24.899 122490 DEBUG oslo_service.service [req-b5985609-da0d-41d4-83dc-30327389cc98 - - - - -] api.vendordata_dynamic_targets = [] log_opt_values /usr/lib/python3/dist-packages/oslo_config/cfg.py:2609
2026-04-13 00:40:24.899 122490 DEBUG oslo_service.service [req-b5985609-da0d-41d4-83dc-30327389cc98 - - - - -] api.vendordata_jsonfile_path = None log_opt_values /usr/lib/python3/dist-packages/oslo_config/cfg.py:2609
2026-04-13 00:40:24.899 122490 DEBUG oslo_service.service [req-b5985609-da0d-41d4-83dc-30327389cc98 - - - - -] api.vendordata_providers = ['StaticJSON'] log_opt_values /usr/lib/python3/dist-packages/oslo_config/cfg.py:2609
2026-04-13 00:40:24.899 122490 DEBUG oslo_service.service [req-b5985609-da0d-41d4-83dc-30327389cc98 - - - - -] cache.backend = dogpile.cache.null log_opt_values /usr/lib/python3/dist-packages/oslo_config/cfg.py:2609
2026-04-13 00:40:24.900 122490 DEBUG oslo_service.service [req-b5985609-da0d-41d4-83dc-30327389cc98 - - - - -] cache.backend_argument = **** log_opt_values /usr/lib/python3/dist-packages/oslo_config/cfg.py:2609
2026-04-13 00:40:24.900 122490 DEBUG oslo_service.service [req-b5985609-da0d-41d4-83dc-30327389cc98 - - - - -] cache.config_prefix = cache.oslo log_opt_values /usr/lib/python3/dist-packages/oslo_config/cfg.py:2609
2026-04-13 00:40:24.900 122490 DEBUG oslo_service.service [req-b5985609-da0d-41d4-83dc-30327389cc98 - - - - -] cache.debug_cache_backend = False log_opt_values /usr/lib/python3/dist-packages/oslo_config/cfg.py:2609
2026-04-13 00:40:24.900 122490 DEBUG oslo_service.service [req-b5985609-da0d-41d4-83dc-30327389cc98 - - - - -] cache.enabled = False log_opt_values /usr/lib/python3/dist-packages/oslo_config/cfg.py:2609
2026-04-13 00:40:24.901 122490 DEBUG oslo_service.service [req-b5985609-da0d-41d4-83dc-30327389cc98 - - - - -] cache.expiration_time = 600 log_opt_values /usr/lib/python3/dist-packages/oslo_config/cfg.py:2609
2026-04-13 00:40:24.901 122490 DEBUG oslo_service.service [req-b5985609-da0d-41d4-83dc-30327389cc98 - - - - -] cache.memcache_dead_retry = 300 log_opt_values /usr/lib/python3/dist-packages/oslo_config/cfg.py:2609
2026-04-13 00:40:24.902 122490 DEBUG oslo_service.service [req-b5985609-da0d-41d4-83dc-30327389cc98 - - - - -] cache.memcache_pool_connection_get_timeout = 10 log_opt_values /usr/lib/python3/dist-packages/oslo_config/cfg.py:2609
2026-04-13 00:40:24.902 122490 DEBUG oslo_service.service [req-b5985609-da0d-41d4-83dc-30327389cc98 - - - - -] cache.memcache_pool_flush_on_reconnect = False log_opt_values /usr/lib/python3/dist-packages/oslo_config/cfg.py:2609
2026-04-13 00:40:24.902 122490 DEBUG oslo_service.service [req-b5985609-da0d-41d4-83dc-30327389cc98 - - - - -] cache.memcache_pool_maxsize = 10 log_opt_values /usr/lib/python3/dist-packages/oslo_config/cfg.py:2609
2026-04-13 00:40:24.903 122490 DEBUG oslo_service.service [req-b5985609-da0d-41d4-83dc-30327389cc98 - - - - -] cache.memcache_pool_unused_timeout = 60 log_opt_values /usr/lib/python3/dist-packages/oslo_config/cfg.py:2609
2026-04-13 00:40:24.903 122490 DEBUG oslo_service.service [req-b5985609-da0d-41d4-83dc-30327389cc98 - - - - -] cache.memcache_servers = ['localhost:11211'] log_opt_values /usr/lib/python3/dist-packages/oslo_config/cfg.py:2609
2026-04-13 00:40:24.903 122490 DEBUG oslo_service.service [req-b5985609-da0d-41d4-83dc-30327389cc98 - - - - -] cache.memcache_socket_timeout = 1.0 log_opt_values /usr/lib/python3/dist-packages/oslo_config/cfg.py:2609
2026-04-13 00:40:24.905 122490 DEBUG oslo_service.service [req-b5985609-da0d-41d4-83dc-30327389cc98 - - - - -] cache.proxies = [] log_opt_values /usr/lib/python3/dist-packages/oslo_config/cfg.py:2609
2026-04-13 00:40:24.906 122490 DEBUG oslo_service.service [req-b5985609-da0d-41d4-83dc-30327389cc98 - - - - -] cache.tls_allowed_ciphers = None log_opt_values /usr/lib/python3/dist-packages/oslo_config/cfg.py:2609
2026-04-13 00:40:24.908 122490 DEBUG oslo_service.service [req-b5985609-da0d-41d4-83dc-30327389cc98 - - - - -] cache.tls_cafile = None log_opt_values /usr/lib/python3/dist-packages/oslo_config/cfg.py:2609
2026-04-13 00:40:24.909 123100 DEBUG nova.service [req-1de176d0-aedc-4a06-9494-baf9a9b78f06 - - - - -] Creating RPC server for service scheduler start /usr/lib/python3/dist-packages/nova/service.py:182
2026-04-13 00:40:24.908 122490 DEBUG oslo_service.service [req-b5985609-da0d-41d4-83dc-30327389cc98 - - - - -] cache.tls_certfile = None log_opt_values /usr/lib/python3/dist-packages/oslo_config/cfg.py:2609
2026-04-13 00:40:24.912 122490 DEBUG oslo_service.service [req-b5985609-da0d-41d4-83dc-30327389cc98 - - - - -] cache.tls_enabled = False log_opt_values /usr/lib/python3/dist-packages/oslo_config/cfg.py:2609
2026-04-13 00:40:24.913 122490 DEBUG oslo_service.service [req-b5985609-da0d-41d4-83dc-30327389cc98 - - - - -] cache.tls_keyfile = None log_opt_values /usr/lib/python3/dist-packages/oslo_config/cfg.py:2609
2026-04-13 00:40:24.914 122490 DEBUG oslo_service.service [req-b5985609-da0d-41d4-83dc-30327389cc98 - - - - -] cinder.auth_section = None log_opt_values /usr/lib/python3/dist-packages/oslo_config/cfg.py:2609
2026-04-13 00:40:24.914 122490 DEBUG oslo_service.service [req-b5985609-da0d-41d4-83dc-30327389cc98 - - - - -] cinder.auth_type = None log_opt_values /usr/lib/python3/dist-packages/oslo_config/cfg.py:2609
2026-04-13 00:40:24.914 122490 DEBUG oslo_service.service [req-b5985609-da0d-41d4-83dc-30327389cc98 - - - - -] cinder.cafile = None log_opt_values /usr/lib/python3/dist-packages/oslo_config/cfg.py:2609
2026-04-13 00:40:24.915 122490 DEBUG oslo_service.service [req-b5985609-da0d-41d4-83dc-30327389cc98 - - - - -] cinder.catalog_info = volumev3::publicURL log_opt_values /usr/lib/python3/dist-packages/oslo_config/cfg.py:2609
2026-04-13 00:40:24.915 122490 DEBUG oslo_service.service [req-b5985609-da0d-41d4-83dc-30327389cc98 - - - - -] cinder.certfile = None log_opt_values /usr/lib/python3/dist-packages/oslo_config/cfg.py:2609
2026-04-13 00:40:24.915 122490 DEBUG oslo_service.service [req-b5985609-da0d-41d4-83dc-30327389cc98 - - - - -] cinder.collect_timing = False log_opt_values /usr/lib/python3/dist-packages/oslo_config/cfg.py:2609
2026-04-13 00:40:24.915 122490 DEBUG oslo_service.service [req-b5985609-da0d-41d4-83dc-30327389cc98 - - - - -] cinder.cross_az_attach = True log_opt_values /usr/lib/python3/dist-packages/oslo_config/cfg.py:2609
2026-04-13 00:40:24.916 122490 DEBUG oslo_service.service [req-b5985609-da0d-41d4-83dc-30327389cc98 - - - - -] cinder.debug = False log_opt_values /usr/lib/python3/dist-packages/oslo_config/cfg.py:2609
2026-04-13 00:40:24.916 122490 DEBUG oslo_service.service [req-b5985609-da0d-41d4-83dc-30327389cc98 - - - - -] cinder.endpoint_template = None log_opt_values /usr/lib/python3/dist-packages/oslo_config/cfg.py:2609
2026-04-13 00:40:24.916 122490 DEBUG oslo_service.service [req-b5985609-da0d-41d4-83dc-30327389cc98 - - - - -] cinder.http_retries = 3 log_opt_values /usr/lib/python3/dist-packages/oslo_config/cfg.py:2609
2026-04-13 00:40:24.916 122490 DEBUG oslo_service.service [req-b5985609-da0d-41d4-83dc-30327389cc98 - - - - -] cinder.insecure = False log_opt_values /usr/lib/python3/dist-packages/oslo_config/cfg.py:2609
2026-04-13 00:40:24.916 122490 DEBUG oslo_service.service [req-b5985609-da0d-41d4-83dc-30327389cc98 - - - - -] cinder.keyfile = None log_opt_values /usr/lib/python3/dist-packages/oslo_config/cfg.py:2609
2026-04-13 00:40:24.917 122490 DEBUG oslo_service.service [req-b5985609-da0d-41d4-83dc-30327389cc98 - - - - -] cinder.os_region_name = None log_opt_values /usr/lib/python3/dist-packages/oslo_config/cfg.py:2609
2026-04-13 00:40:24.917 122490 DEBUG oslo_service.service [req-b5985609-da0d-41d4-83dc-30327389cc98 - - - - -] cinder.split_loggers = False log_opt_values /usr/lib/python3/dist-packages/oslo_config/cfg.py:2609
2026-04-13 00:40:24.920 123099 DEBUG oslo_messaging._drivers.amqpdriver [-] Listener is running poll /usr/lib/python3/dist-packages/oslo_messaging/_drivers/amqpdriver.py:343
2026-04-13 00:40:24.921 123099 DEBUG oslo_messaging._drivers.amqpdriver [-] AMQPListener connection consume poll /usr/lib/python3/dist-packages/oslo_messaging/_drivers/amqpdriver.py:357
2026-04-13 00:40:24.917 122490 DEBUG oslo_service.service [req-b5985609-da0d-41d4-83dc-30327389cc98 - - - - -] cinder.timeout = None log_opt_values /usr/lib/python3/dist-packages/oslo_config/cfg.py:2609
2026-04-13 00:40:24.922 123099 DEBUG nova.service [req-7c48b8a1-85c3-4b11-bc5d-d4d10a36838c - - - - -] Join ServiceGroup membership for this service scheduler start /usr/lib/python3/dist-packages/nova/service.py:199
2026-04-13 00:40:24.922 123099 DEBUG nova.servicegroup.drivers.db [req-7c48b8a1-85c3-4b11-bc5d-d4d10a36838c - - - - -] DB_Driver: join new ServiceGroup member juju-048803-0-lxd-7 to the scheduler group, service = join /usr/lib/python3/dist-packages/nova/servicegroup/drivers/db.py:44
2026-04-13 00:40:24.922 123098 DEBUG oslo_messaging._drivers.amqpdriver [-] Listener is running poll /usr/lib/python3/dist-packages/oslo_messaging/_drivers/amqpdriver.py:343
2026-04-13 00:40:24.922 122490 DEBUG oslo_service.service [req-b5985609-da0d-41d4-83dc-30327389cc98 - - - - -] compute.consecutive_build_service_disable_threshold = 10 log_opt_values /usr/lib/python3/dist-packages/oslo_config/cfg.py:2609
2026-04-13 00:40:24.923 123098 DEBUG oslo_messaging._drivers.amqpdriver [-] AMQPListener connection consume poll /usr/lib/python3/dist-packages/oslo_messaging/_drivers/amqpdriver.py:357
2026-04-13 00:40:24.923 123098 DEBUG nova.service [req-e3b35e9d-f807-4494-bce8-070febd2636b - - - - -] Join ServiceGroup membership for this service scheduler start /usr/lib/python3/dist-packages/nova/service.py:199
2026-04-13 00:40:24.924 123098 DEBUG nova.servicegroup.drivers.db [req-e3b35e9d-f807-4494-bce8-070febd2636b - - - - -] DB_Driver: join new ServiceGroup member juju-048803-0-lxd-7 to the scheduler group, service = join /usr/lib/python3/dist-packages/nova/servicegroup/drivers/db.py:44
2026-04-13 00:40:24.926 123099 DEBUG oslo_messaging._drivers.amqpdriver [-] AMQPListener connection timeout poll /usr/lib/python3/dist-packages/oslo_messaging/_drivers/amqpdriver.py:360
2026-04-13 00:40:24.925 122490 DEBUG oslo_service.service [req-b5985609-da0d-41d4-83dc-30327389cc98 - - - - -] compute.cpu_dedicated_set = None log_opt_values /usr/lib/python3/dist-packages/oslo_config/cfg.py:2609
2026-04-13 00:40:24.926 123099 DEBUG oslo_messaging._drivers.amqpdriver [-] Listener is running poll /usr/lib/python3/dist-packages/oslo_messaging/_drivers/amqpdriver.py:343
2026-04-13 00:40:24.926 123098 DEBUG oslo_messaging._drivers.amqpdriver [-] AMQPListener connection timeout poll /usr/lib/python3/dist-packages/oslo_messaging/_drivers/amqpdriver.py:360
2026-04-13 00:40:24.926 123099 DEBUG oslo_messaging._drivers.amqpdriver [-] AMQPListener connection consume poll /usr/lib/python3/dist-packages/oslo_messaging/_drivers/amqpdriver.py:357
2026-04-13 00:40:24.926 122490 DEBUG oslo_service.service [req-b5985609-da0d-41d4-83dc-30327389cc98 - - - - -] compute.cpu_shared_set = None log_opt_values /usr/lib/python3/dist-packages/oslo_config/cfg.py:2609
2026-04-13 00:40:24.926 123098 DEBUG oslo_messaging._drivers.amqpdriver [-] Listener is running poll /usr/lib/python3/dist-packages/oslo_messaging/_drivers/amqpdriver.py:343
2026-04-13 00:40:24.927 123098 DEBUG oslo_messaging._drivers.amqpdriver [-] AMQPListener connection consume poll /usr/lib/python3/dist-packages/oslo_messaging/_drivers/amqpdriver.py:357
2026-04-13 00:40:24.927 122490 DEBUG oslo_service.service [req-b5985609-da0d-41d4-83dc-30327389cc98 - - - - -] compute.image_type_exclude_list = [] log_opt_values /usr/lib/python3/dist-packages/oslo_config/cfg.py:2609
2026-04-13 00:40:24.927 122490 DEBUG oslo_service.service [req-b5985609-da0d-41d4-83dc-30327389cc98 - - - - -] compute.live_migration_wait_for_vif_plug = True log_opt_values /usr/lib/python3/dist-packages/oslo_config/cfg.py:2609
2026-04-13 00:40:24.927 123097 DEBUG oslo_messaging._drivers.amqpdriver [-] Listener is running poll /usr/lib/python3/dist-packages/oslo_messaging/_drivers/amqpdriver.py:343
2026-04-13 00:40:24.927 122490 DEBUG oslo_service.service [req-b5985609-da0d-41d4-83dc-30327389cc98 - - - - -] compute.max_concurrent_disk_ops = 0 log_opt_values /usr/lib/python3/dist-packages/oslo_config/cfg.py:2609
2026-04-13 00:40:24.927 123097 DEBUG oslo_messaging._drivers.amqpdriver [-] AMQPListener connection consume poll /usr/lib/python3/dist-packages/oslo_messaging/_drivers/amqpdriver.py:357
2026-04-13 00:40:24.927 122490 DEBUG oslo_service.service [req-b5985609-da0d-41d4-83dc-30327389cc98 - - - - -] compute.max_disk_devices_to_attach = -1 log_opt_values /usr/lib/python3/dist-packages/oslo_config/cfg.py:2609
2026-04-13 00:40:24.927 122490 DEBUG oslo_service.service [req-b5985609-da0d-41d4-83dc-30327389cc98 - - - - -] compute.packing_host_numa_cells_allocation_strategy = True log_opt_values /usr/lib/python3/dist-packages/oslo_config/cfg.py:2609
2026-04-13 00:40:24.927 122490 DEBUG oslo_service.service [req-b5985609-da0d-41d4-83dc-30327389cc98 - - - - -] compute.provider_config_location = /etc/nova/provider_config/ log_opt_values /usr/lib/python3/dist-packages/oslo_config/cfg.py:2609
2026-04-13 00:40:24.928 123097 DEBUG nova.service [req-d398a155-627a-4ec9-933e-ec7123213d1a - - - - -] Join ServiceGroup membership for this service scheduler start /usr/lib/python3/dist-packages/nova/service.py:199
2026-04-13 00:40:24.928 122490 DEBUG oslo_service.service [req-b5985609-da0d-41d4-83dc-30327389cc98 - - - - -] compute.resource_provider_association_refresh = 300 log_opt_values /usr/lib/python3/dist-packages/oslo_config/cfg.py:2609
2026-04-13 00:40:24.928 123097 DEBUG nova.servicegroup.drivers.db [req-d398a155-627a-4ec9-933e-ec7123213d1a - - - - -] DB_Driver: join new ServiceGroup member juju-048803-0-lxd-7 to the scheduler group, service = join /usr/lib/python3/dist-packages/nova/servicegroup/drivers/db.py:44
2026-04-13 00:40:24.928 122490 DEBUG oslo_service.service [req-b5985609-da0d-41d4-83dc-30327389cc98 - - - - -] compute.shutdown_retry_interval = 10 log_opt_values /usr/lib/python3/dist-packages/oslo_config/cfg.py:2609
2026-04-13 00:40:24.928 122490 DEBUG oslo_service.service [req-b5985609-da0d-41d4-83dc-30327389cc98 - - - - -] compute.vmdk_allowed_types = ['streamOptimized', 'monolithicSparse'] log_opt_values /usr/lib/python3/dist-packages/oslo_config/cfg.py:2609
2026-04-13 00:40:24.930 122490 DEBUG oslo_service.service [req-b5985609-da0d-41d4-83dc-30327389cc98 - - - - -] conductor.workers = 4 log_opt_values /usr/lib/python3/dist-packages/oslo_config/cfg.py:2609
2026-04-13 00:40:24.930 122490 DEBUG oslo_service.service [req-b5985609-da0d-41d4-83dc-30327389cc98 - - - - -] console.allowed_origins = [] log_opt_values /usr/lib/python3/dist-packages/oslo_config/cfg.py:2609
2026-04-13 00:40:24.930 122490 DEBUG oslo_service.service [req-b5985609-da0d-41d4-83dc-30327389cc98 - - - - -] console.ssl_ciphers = None log_opt_values /usr/lib/python3/dist-packages/oslo_config/cfg.py:2609
2026-04-13 00:40:24.930 122490 DEBUG oslo_service.service [req-b5985609-da0d-41d4-83dc-30327389cc98 - - - - -] console.ssl_minimum_version = default log_opt_values /usr/lib/python3/dist-packages/oslo_config/cfg.py:2609
2026-04-13 00:40:24.931 122490 DEBUG oslo_service.service [req-b5985609-da0d-41d4-83dc-30327389cc98 - - - - -] consoleauth.token_ttl = 600 log_opt_values /usr/lib/python3/dist-packages/oslo_config/cfg.py:2609
2026-04-13 00:40:24.931 122490 DEBUG oslo_service.service [req-b5985609-da0d-41d4-83dc-30327389cc98 - - - - -] cyborg.cafile = None log_opt_values /usr/lib/python3/dist-packages/oslo_config/cfg.py:2609
2026-04-13 00:40:24.931 123097 DEBUG oslo_messaging._drivers.amqpdriver [-] AMQPListener connection timeout poll /usr/lib/python3/dist-packages/oslo_messaging/_drivers/amqpdriver.py:360
2026-04-13 00:40:24.931 122490 DEBUG oslo_service.service [req-b5985609-da0d-41d4-83dc-30327389cc98 - - - - -] cyborg.certfile = None log_opt_values /usr/lib/python3/dist-packages/oslo_config/cfg.py:2609
2026-04-13 00:40:24.931 123097 DEBUG oslo_messaging._drivers.amqpdriver [-] Listener is running poll /usr/lib/python3/dist-packages/oslo_messaging/_drivers/amqpdriver.py:343
2026-04-13 00:40:24.931 122490 DEBUG oslo_service.service [req-b5985609-da0d-41d4-83dc-30327389cc98 - - - - -] cyborg.collect_timing = False log_opt_values /usr/lib/python3/dist-packages/oslo_config/cfg.py:2609
2026-04-13 00:40:24.931 123097 DEBUG oslo_messaging._drivers.amqpdriver [-] AMQPListener connection consume poll /usr/lib/python3/dist-packages/oslo_messaging/_drivers/amqpdriver.py:357
2026-04-13 00:40:24.931 122490 DEBUG oslo_service.service [req-b5985609-da0d-41d4-83dc-30327389cc98 - - - - -] cyborg.connect_retries = None log_opt_values /usr/lib/python3/dist-packages/oslo_config/cfg.py:2609
2026-04-13 00:40:24.931 122490 DEBUG oslo_service.service [req-b5985609-da0d-41d4-83dc-30327389cc98 - - - - -] cyborg.connect_retry_delay = None log_opt_values /usr/lib/python3/dist-packages/oslo_config/cfg.py:2609
2026-04-13 00:40:24.932 122490 DEBUG oslo_service.service [req-b5985609-da0d-41d4-83dc-30327389cc98 - - - - -] cyborg.endpoint_override = None log_opt_values /usr/lib/python3/dist-packages/oslo_config/cfg.py:2609
2026-04-13 00:40:24.932 122490 DEBUG oslo_service.service [req-b5985609-da0d-41d4-83dc-30327389cc98 - - - - -] cyborg.insecure = False log_opt_values /usr/lib/python3/dist-packages/oslo_config/cfg.py:2609
2026-04-13 00:40:24.932 122490 DEBUG oslo_service.service [req-b5985609-da0d-41d4-83dc-30327389cc98 - - - - -] cyborg.keyfile = None log_opt_values /usr/lib/python3/dist-packages/oslo_config/cfg.py:2609
2026-04-13 00:40:24.932 122490 DEBUG oslo_service.service [req-b5985609-da0d-41d4-83dc-30327389cc98 - - - - -] cyborg.max_version = None log_opt_values /usr/lib/python3/dist-packages/oslo_config/cfg.py:2609
2026-04-13 00:40:24.933 122490 DEBUG oslo_service.service [req-b5985609-da0d-41d4-83dc-30327389cc98 - - - - -] cyborg.min_version = None log_opt_values /usr/lib/python3/dist-packages/oslo_config/cfg.py:2609
2026-04-13 00:40:24.933 122490 DEBUG oslo_service.service [req-b5985609-da0d-41d4-83dc-30327389cc98 - - - - -] cyborg.region_name = None log_opt_values /usr/lib/python3/dist-packages/oslo_config/cfg.py:2609
2026-04-13 00:40:24.933 122490 DEBUG oslo_service.service [req-b5985609-da0d-41d4-83dc-30327389cc98 - - - - -] cyborg.service_name = None log_opt_values /usr/lib/python3/dist-packages/oslo_config/cfg.py:2609
2026-04-13 00:40:24.933 122490 DEBUG oslo_service.service [req-b5985609-da0d-41d4-83dc-30327389cc98 - - - - -] cyborg.service_type = accelerator log_opt_values /usr/lib/python3/dist-packages/oslo_config/cfg.py:2609
2026-04-13 00:40:24.933 122490 DEBUG oslo_service.service [req-b5985609-da0d-41d4-83dc-30327389cc98 - - - - -] cyborg.split_loggers = False log_opt_values /usr/lib/python3/dist-packages/oslo_config/cfg.py:2609
2026-04-13 00:40:24.933 122490 DEBUG oslo_service.service [req-b5985609-da0d-41d4-83dc-30327389cc98 - - - - -] cyborg.status_code_retries = None log_opt_values /usr/lib/python3/dist-packages/oslo_config/cfg.py:2609
2026-04-13 00:40:24.934 122490 DEBUG oslo_service.service [req-b5985609-da0d-41d4-83dc-30327389cc98 - - - - -] cyborg.status_code_retry_delay = None log_opt_values /usr/lib/python3/dist-packages/oslo_config/cfg.py:2609
2026-04-13 00:40:24.934 122490 DEBUG oslo_service.service [req-b5985609-da0d-41d4-83dc-30327389cc98 - - - - -] cyborg.timeout = None log_opt_values /usr/lib/python3/dist-packages/oslo_config/cfg.py:2609
2026-04-13 00:40:24.934 122490 DEBUG oslo_service.service [req-b5985609-da0d-41d4-83dc-30327389cc98 - - - - -] cyborg.valid_interfaces = ['internal', 'public'] log_opt_values /usr/lib/python3/dist-packages/oslo_config/cfg.py:2609
2026-04-13 00:40:24.934 122490 DEBUG oslo_service.service [req-b5985609-da0d-41d4-83dc-30327389cc98 - - - - -] cyborg.version = None log_opt_values /usr/lib/python3/dist-packages/oslo_config/cfg.py:2609
2026-04-13 00:40:24.934 122490 DEBUG oslo_service.service [req-b5985609-da0d-41d4-83dc-30327389cc98 - - - - -] database.backend = sqlalchemy log_opt_values /usr/lib/python3/dist-packages/oslo_config/cfg.py:2609
2026-04-13 00:40:24.935 122490 DEBUG oslo_service.service [req-b5985609-da0d-41d4-83dc-30327389cc98 - - - - -] database.connection = **** log_opt_values /usr/lib/python3/dist-packages/oslo_config/cfg.py:2609
2026-04-13 00:40:24.935 122490 DEBUG oslo_service.service [req-b5985609-da0d-41d4-83dc-30327389cc98 - - - - -] database.connection_debug = 0 log_opt_values /usr/lib/python3/dist-packages/oslo_config/cfg.py:2609
2026-04-13 00:40:24.936 122490 DEBUG oslo_service.service [req-b5985609-da0d-41d4-83dc-30327389cc98 - - - - -] database.connection_parameters = log_opt_values /usr/lib/python3/dist-packages/oslo_config/cfg.py:2609
2026-04-13 00:40:24.936 122490 DEBUG oslo_service.service [req-b5985609-da0d-41d4-83dc-30327389cc98 - - - - -] database.connection_recycle_time = 3600 log_opt_values /usr/lib/python3/dist-packages/oslo_config/cfg.py:2609
2026-04-13 00:40:24.936 122490 DEBUG oslo_service.service [req-b5985609-da0d-41d4-83dc-30327389cc98 - - - - -] database.connection_trace = False log_opt_values /usr/lib/python3/dist-packages/oslo_config/cfg.py:2609
2026-04-13 00:40:24.936 122490 DEBUG oslo_service.service [req-b5985609-da0d-41d4-83dc-30327389cc98 - - - - -] database.db_inc_retry_interval = True log_opt_values /usr/lib/python3/dist-packages/oslo_config/cfg.py:2609
2026-04-13 00:40:24.937 122490 DEBUG oslo_service.service [req-b5985609-da0d-41d4-83dc-30327389cc98 - - - - -] database.db_max_retries = 20 log_opt_values /usr/lib/python3/dist-packages/oslo_config/cfg.py:2609
2026-04-13 00:40:24.937 122490 DEBUG oslo_service.service [req-b5985609-da0d-41d4-83dc-30327389cc98 - - - - -] database.db_max_retry_interval = 10 log_opt_values /usr/lib/python3/dist-packages/oslo_config/cfg.py:2609
2026-04-13 00:40:24.937 122490 DEBUG oslo_service.service [req-b5985609-da0d-41d4-83dc-30327389cc98 - - - - -] database.db_retry_interval = 1 log_opt_values /usr/lib/python3/dist-packages/oslo_config/cfg.py:2609
2026-04-13 00:40:24.937 122490 DEBUG oslo_service.service [req-b5985609-da0d-41d4-83dc-30327389cc98 - - - - -] database.max_overflow = 50 log_opt_values /usr/lib/python3/dist-packages/oslo_config/cfg.py:2609
2026-04-13 00:40:24.937 122490 DEBUG oslo_service.service [req-b5985609-da0d-41d4-83dc-30327389cc98 - - - - -] database.max_pool_size = 4 log_opt_values /usr/lib/python3/dist-packages/oslo_config/cfg.py:2609
2026-04-13 00:40:24.937 122490 DEBUG oslo_service.service [req-b5985609-da0d-41d4-83dc-30327389cc98 - - - - -] database.max_retries = 10 log_opt_values /usr/lib/python3/dist-packages/oslo_config/cfg.py:2609
2026-04-13 00:40:24.938 122490 DEBUG oslo_service.service [req-b5985609-da0d-41d4-83dc-30327389cc98 - - - - -] database.mysql_enable_ndb = False log_opt_values /usr/lib/python3/dist-packages/oslo_config/cfg.py:2609
2026-04-13 00:40:24.938 122490 DEBUG oslo_service.service [req-b5985609-da0d-41d4-83dc-30327389cc98 - - - - -] database.mysql_sql_mode = TRADITIONAL log_opt_values /usr/lib/python3/dist-packages/oslo_config/cfg.py:2609
2026-04-13 00:40:24.938 122490 DEBUG oslo_service.service [req-b5985609-da0d-41d4-83dc-30327389cc98 - - - - -] database.pool_timeout = None log_opt_values /usr/lib/python3/dist-packages/oslo_config/cfg.py:2609
2026-04-13 00:40:24.938 122490 DEBUG oslo_service.service [req-b5985609-da0d-41d4-83dc-30327389cc98 - - - - -] database.retry_interval = 10 log_opt_values /usr/lib/python3/dist-packages/oslo_config/cfg.py:2609
2026-04-13 00:40:24.938 123100 DEBUG oslo_messaging._drivers.amqpdriver [-] Listener is running poll /usr/lib/python3/dist-packages/oslo_messaging/_drivers/amqpdriver.py:343
2026-04-13 00:40:24.938 122490 DEBUG oslo_service.service [req-b5985609-da0d-41d4-83dc-30327389cc98 - - - - -] database.slave_connection = **** log_opt_values /usr/lib/python3/dist-packages/oslo_config/cfg.py:2609
2026-04-13 00:40:24.938 122490 DEBUG oslo_service.service [req-b5985609-da0d-41d4-83dc-30327389cc98 - - - - -] database.sqlite_synchronous = True log_opt_values /usr/lib/python3/dist-packages/oslo_config/cfg.py:2609
