2026-04-13 00:40:35.408 123129 DEBUG oslo_service.service [req-5f04dfbb-d049-4c31-82dd-2fc33a4cf6dd - - - - -] cyborg.valid_interfaces = ['internal', 'public'] log_opt_values /usr/lib/python3/dist-packages/oslo_config/cfg.py:2609
2026-04-13 00:40:35.408 123450 DEBUG nova.servicegroup.drivers.db [req-6e45a3f5-d593-4b28-ad3e-0c6601882675 - - - - -] DB_Driver: join new ServiceGroup member juju-048803-0-lxd-7 to the scheduler group, service = join /usr/lib/python3/dist-packages/nova/servicegroup/drivers/db.py:44
2026-04-13 00:40:35.408 123129 DEBUG oslo_service.service [req-5f04dfbb-d049-4c31-82dd-2fc33a4cf6dd - - - - -] cyborg.version = None log_opt_values /usr/lib/python3/dist-packages/oslo_config/cfg.py:2609
2026-04-13 00:40:35.408 123129 DEBUG oslo_service.service [req-5f04dfbb-d049-4c31-82dd-2fc33a4cf6dd - - - - -] database.backend = sqlalchemy log_opt_values /usr/lib/python3/dist-packages/oslo_config/cfg.py:2609
2026-04-13 00:40:35.409 123129 DEBUG oslo_service.service [req-5f04dfbb-d049-4c31-82dd-2fc33a4cf6dd - - - - -] database.connection = **** log_opt_values /usr/lib/python3/dist-packages/oslo_config/cfg.py:2609
2026-04-13 00:40:35.409 123129 DEBUG oslo_service.service [req-5f04dfbb-d049-4c31-82dd-2fc33a4cf6dd - - - - -] database.connection_debug = 0 log_opt_values /usr/lib/python3/dist-packages/oslo_config/cfg.py:2609
2026-04-13 00:40:35.409 123129 DEBUG oslo_service.service [req-5f04dfbb-d049-4c31-82dd-2fc33a4cf6dd - - - - -] database.connection_parameters = log_opt_values /usr/lib/python3/dist-packages/oslo_config/cfg.py:2609
2026-04-13 00:40:35.409 123129 DEBUG oslo_service.service [req-5f04dfbb-d049-4c31-82dd-2fc33a4cf6dd - - - - -] database.connection_recycle_time = 3600 log_opt_values /usr/lib/python3/dist-packages/oslo_config/cfg.py:2609
2026-04-13 00:40:35.409 123129 DEBUG oslo_service.service [req-5f04dfbb-d049-4c31-82dd-2fc33a4cf6dd - - - - -] database.connection_trace = False log_opt_values /usr/lib/python3/dist-packages/oslo_config/cfg.py:2609
2026-04-13 00:40:35.409 123129 DEBUG oslo_service.service [req-5f04dfbb-d049-4c31-82dd-2fc33a4cf6dd - - - - -] database.db_inc_retry_interval = True log_opt_values /usr/lib/python3/dist-packages/oslo_config/cfg.py:2609
2026-04-13 00:40:35.410 123129 DEBUG oslo_service.service [req-5f04dfbb-d049-4c31-82dd-2fc33a4cf6dd - - - - -] database.db_max_retries = 20 log_opt_values /usr/lib/python3/dist-packages/oslo_config/cfg.py:2609
2026-04-13 00:40:35.410 123129 DEBUG oslo_service.service [req-5f04dfbb-d049-4c31-82dd-2fc33a4cf6dd - - - - -] database.db_max_retry_interval = 10 log_opt_values /usr/lib/python3/dist-packages/oslo_config/cfg.py:2609
2026-04-13 00:40:35.410 123129 DEBUG oslo_service.service [req-5f04dfbb-d049-4c31-82dd-2fc33a4cf6dd - - - - -] database.db_retry_interval = 1 log_opt_values /usr/lib/python3/dist-packages/oslo_config/cfg.py:2609
2026-04-13 00:40:35.410 123129 DEBUG oslo_service.service [req-5f04dfbb-d049-4c31-82dd-2fc33a4cf6dd - - - - -] database.max_overflow = 50 log_opt_values /usr/lib/python3/dist-packages/oslo_config/cfg.py:2609
2026-04-13 00:40:35.410 123129 DEBUG oslo_service.service [req-5f04dfbb-d049-4c31-82dd-2fc33a4cf6dd - - - - -] database.max_pool_size = 4 log_opt_values /usr/lib/python3/dist-packages/oslo_config/cfg.py:2609
2026-04-13 00:40:35.410 123129 DEBUG oslo_service.service [req-5f04dfbb-d049-4c31-82dd-2fc33a4cf6dd - - - - -] database.max_retries = 10 log_opt_values /usr/lib/python3/dist-packages/oslo_config/cfg.py:2609
2026-04-13 00:40:35.410 123449 DEBUG oslo_messaging._drivers.amqpdriver [-] Listener is running poll /usr/lib/python3/dist-packages/oslo_messaging/_drivers/amqpdriver.py:343
2026-04-13 00:40:35.410 123129 DEBUG oslo_service.service [req-5f04dfbb-d049-4c31-82dd-2fc33a4cf6dd - - - - -] database.mysql_enable_ndb = False log_opt_values /usr/lib/python3/dist-packages/oslo_config/cfg.py:2609
2026-04-13 00:40:35.411 123449 DEBUG oslo_messaging._drivers.amqpdriver [-] AMQPListener connection consume poll /usr/lib/python3/dist-packages/oslo_messaging/_drivers/amqpdriver.py:357
2026-04-13 00:40:35.411 123129 DEBUG oslo_service.service [req-5f04dfbb-d049-4c31-82dd-2fc33a4cf6dd - - - - -] database.mysql_sql_mode = TRADITIONAL log_opt_values /usr/lib/python3/dist-packages/oslo_config/cfg.py:2609
2026-04-13 00:40:35.411 123129 DEBUG oslo_service.service [req-5f04dfbb-d049-4c31-82dd-2fc33a4cf6dd - - - - -] database.pool_timeout = None log_opt_values /usr/lib/python3/dist-packages/oslo_config/cfg.py:2609
2026-04-13 00:40:35.411 123129 DEBUG oslo_service.service [req-5f04dfbb-d049-4c31-82dd-2fc33a4cf6dd - - - - -] database.retry_interval = 10 log_opt_values /usr/lib/python3/dist-packages/oslo_config/cfg.py:2609
2026-04-13 00:40:35.411 123129 DEBUG oslo_service.service [req-5f04dfbb-d049-4c31-82dd-2fc33a4cf6dd - - - - -] database.slave_connection = **** log_opt_values /usr/lib/python3/dist-packages/oslo_config/cfg.py:2609
2026-04-13 00:40:35.411 123449 DEBUG nova.service [req-f5c8a031-f54c-42b1-8078-b98f0f9f2c0b - - - - -] Join ServiceGroup membership for this service scheduler start /usr/lib/python3/dist-packages/nova/service.py:199
2026-04-13 00:40:35.411 123129 DEBUG oslo_service.service [req-5f04dfbb-d049-4c31-82dd-2fc33a4cf6dd - - - - -] database.sqlite_synchronous = True log_opt_values /usr/lib/python3/dist-packages/oslo_config/cfg.py:2609
2026-04-13 00:40:35.411 123449 DEBUG nova.servicegroup.drivers.db [req-f5c8a031-f54c-42b1-8078-b98f0f9f2c0b - - - - -] DB_Driver: join new ServiceGroup member juju-048803-0-lxd-7 to the scheduler group, service = join /usr/lib/python3/dist-packages/nova/servicegroup/drivers/db.py:44
2026-04-13 00:40:35.411 123129 DEBUG oslo_service.service [req-5f04dfbb-d049-4c31-82dd-2fc33a4cf6dd - - - - -] database.use_db_reconnect = False log_opt_values /usr/lib/python3/dist-packages/oslo_config/cfg.py:2609
2026-04-13 00:40:35.412 123129 DEBUG oslo_service.service [req-5f04dfbb-d049-4c31-82dd-2fc33a4cf6dd - - - - -] api_database.backend = sqlalchemy log_opt_values /usr/lib/python3/dist-packages/oslo_config/cfg.py:2609
2026-04-13 00:40:35.412 123450 DEBUG oslo_messaging._drivers.amqpdriver [-] AMQPListener connection timeout poll /usr/lib/python3/dist-packages/oslo_messaging/_drivers/amqpdriver.py:360
2026-04-13 00:40:35.412 123129 DEBUG oslo_service.service [req-5f04dfbb-d049-4c31-82dd-2fc33a4cf6dd - - - - -] api_database.connection = **** log_opt_values /usr/lib/python3/dist-packages/oslo_config/cfg.py:2609
2026-04-13 00:40:35.412 123450 DEBUG oslo_messaging._drivers.amqpdriver [-] Listener is running poll /usr/lib/python3/dist-packages/oslo_messaging/_drivers/amqpdriver.py:343
2026-04-13 00:40:35.412 123450 DEBUG oslo_messaging._drivers.amqpdriver [-] AMQPListener connection consume poll /usr/lib/python3/dist-packages/oslo_messaging/_drivers/amqpdriver.py:357
2026-04-13 00:40:35.412 123129 DEBUG oslo_service.service [req-5f04dfbb-d049-4c31-82dd-2fc33a4cf6dd - - - - -] api_database.connection_debug = 0 log_opt_values /usr/lib/python3/dist-packages/oslo_config/cfg.py:2609
2026-04-13 00:40:35.412 123129 DEBUG oslo_service.service [req-5f04dfbb-d049-4c31-82dd-2fc33a4cf6dd - - - - -] api_database.connection_parameters = log_opt_values /usr/lib/python3/dist-packages/oslo_config/cfg.py:2609
2026-04-13 00:40:35.412 123129 DEBUG oslo_service.service [req-5f04dfbb-d049-4c31-82dd-2fc33a4cf6dd - - - - -] api_database.connection_recycle_time = 3600 log_opt_values /usr/lib/python3/dist-packages/oslo_config/cfg.py:2609
2026-04-13 00:40:35.412 123129 DEBUG oslo_service.service [req-5f04dfbb-d049-4c31-82dd-2fc33a4cf6dd - - - - -] api_database.connection_trace = False log_opt_values /usr/lib/python3/dist-packages/oslo_config/cfg.py:2609
2026-04-13 00:40:35.413 123129 DEBUG oslo_service.service [req-5f04dfbb-d049-4c31-82dd-2fc33a4cf6dd - - - - -] api_database.db_inc_retry_interval = True log_opt_values /usr/lib/python3/dist-packages/oslo_config/cfg.py:2609
2026-04-13 00:40:35.413 123129 DEBUG oslo_service.service [req-5f04dfbb-d049-4c31-82dd-2fc33a4cf6dd - - - - -] api_database.db_max_retries = 20 log_opt_values /usr/lib/python3/dist-packages/oslo_config/cfg.py:2609
2026-04-13 00:40:35.413 123129 DEBUG oslo_service.service [req-5f04dfbb-d049-4c31-82dd-2fc33a4cf6dd - - - - -] api_database.db_max_retry_interval = 10 log_opt_values /usr/lib/python3/dist-packages/oslo_config/cfg.py:2609
2026-04-13 00:40:35.413 123129 DEBUG oslo_service.service [req-5f04dfbb-d049-4c31-82dd-2fc33a4cf6dd - - - - -] api_database.db_retry_interval = 1 log_opt_values /usr/lib/python3/dist-packages/oslo_config/cfg.py:2609
2026-04-13 00:40:35.413 123129 DEBUG oslo_service.service [req-5f04dfbb-d049-4c31-82dd-2fc33a4cf6dd - - - - -] api_database.max_overflow = 50 log_opt_values /usr/lib/python3/dist-packages/oslo_config/cfg.py:2609
2026-04-13 00:40:35.414 123129 DEBUG oslo_service.service [req-5f04dfbb-d049-4c31-82dd-2fc33a4cf6dd - - - - -] api_database.max_pool_size = 4 log_opt_values /usr/lib/python3/dist-packages/oslo_config/cfg.py:2609
2026-04-13 00:40:35.414 123129 DEBUG oslo_service.service [req-5f04dfbb-d049-4c31-82dd-2fc33a4cf6dd - - - - -] api_database.max_retries = 10 log_opt_values /usr/lib/python3/dist-packages/oslo_config/cfg.py:2609
2026-04-13 00:40:35.414 123129 DEBUG oslo_service.service [req-5f04dfbb-d049-4c31-82dd-2fc33a4cf6dd - - - - -] api_database.mysql_enable_ndb = False log_opt_values /usr/lib/python3/dist-packages/oslo_config/cfg.py:2609
2026-04-13 00:40:35.414 123129 DEBUG oslo_service.service [req-5f04dfbb-d049-4c31-82dd-2fc33a4cf6dd - - - - -] api_database.mysql_sql_mode = TRADITIONAL log_opt_values /usr/lib/python3/dist-packages/oslo_config/cfg.py:2609
2026-04-13 00:40:35.414 123129 DEBUG oslo_service.service [req-5f04dfbb-d049-4c31-82dd-2fc33a4cf6dd - - - - -] api_database.pool_timeout = None log_opt_values /usr/lib/python3/dist-packages/oslo_config/cfg.py:2609
2026-04-13 00:40:35.414 123129 DEBUG oslo_service.service [req-5f04dfbb-d049-4c31-82dd-2fc33a4cf6dd - - - - -] api_database.retry_interval = 10 log_opt_values /usr/lib/python3/dist-packages/oslo_config/cfg.py:2609
2026-04-13 00:40:35.414 123129 DEBUG oslo_service.service [req-5f04dfbb-d049-4c31-82dd-2fc33a4cf6dd - - - - -] api_database.slave_connection = **** log_opt_values /usr/lib/python3/dist-packages/oslo_config/cfg.py:2609
2026-04-13 00:40:35.414 123449 DEBUG oslo_messaging._drivers.amqpdriver [-] AMQPListener connection timeout poll /usr/lib/python3/dist-packages/oslo_messaging/_drivers/amqpdriver.py:360
2026-04-13 00:40:35.415 123129 DEBUG oslo_service.service [req-5f04dfbb-d049-4c31-82dd-2fc33a4cf6dd - - - - -] api_database.sqlite_synchronous = True log_opt_values /usr/lib/python3/dist-packages/oslo_config/cfg.py:2609
2026-04-13 00:40:35.415 123449 DEBUG oslo_messaging._drivers.amqpdriver [-] Listener is running poll /usr/lib/python3/dist-packages/oslo_messaging/_drivers/amqpdriver.py:343
2026-04-13 00:40:35.415 123129 DEBUG oslo_service.service [req-5f04dfbb-d049-4c31-82dd-2fc33a4cf6dd - - - - -] devices.enabled_mdev_types = [] log_opt_values /usr/lib/python3/dist-packages/oslo_config/cfg.py:2609
2026-04-13 00:40:35.415 123449 DEBUG oslo_messaging._drivers.amqpdriver [-] AMQPListener connection consume poll /usr/lib/python3/dist-packages/oslo_messaging/_drivers/amqpdriver.py:357
2026-04-13 00:40:35.415 123129 DEBUG oslo_service.service [req-5f04dfbb-d049-4c31-82dd-2fc33a4cf6dd - - - - -] ephemeral_storage_encryption.cipher = aes-xts-plain64 log_opt_values /usr/lib/python3/dist-packages/oslo_config/cfg.py:2609
2026-04-13 00:40:35.415 123129 DEBUG oslo_service.service [req-5f04dfbb-d049-4c31-82dd-2fc33a4cf6dd - - - - -] ephemeral_storage_encryption.enabled = False log_opt_values /usr/lib/python3/dist-packages/oslo_config/cfg.py:2609
2026-04-13 00:40:35.415 123129 DEBUG oslo_service.service [req-5f04dfbb-d049-4c31-82dd-2fc33a4cf6dd - - - - -] ephemeral_storage_encryption.key_size = 512 log_opt_values /usr/lib/python3/dist-packages/oslo_config/cfg.py:2609
2026-04-13 00:40:35.416 123129 WARNING oslo_config.cfg [req-5f04dfbb-d049-4c31-82dd-2fc33a4cf6dd - - - - -] Deprecated: Option "api_servers" from group "glance" is deprecated for removal ( Support for image service configuration via standard keystoneauth1 Adapter options was added in the 17.0.0 Queens release. The api_servers option was retained temporarily to allow consumers time to cut over to a real load balancing solution. ). Its value may be silently ignored in the future.
2026-04-13 00:40:35.416 123129 DEBUG oslo_service.service [req-5f04dfbb-d049-4c31-82dd-2fc33a4cf6dd - - - - -] glance.api_servers = ['http://252.129.21.147:9292'] log_opt_values /usr/lib/python3/dist-packages/oslo_config/cfg.py:2609
2026-04-13 00:40:35.416 123129 DEBUG oslo_service.service [req-5f04dfbb-d049-4c31-82dd-2fc33a4cf6dd - - - - -] glance.cafile = None log_opt_values /usr/lib/python3/dist-packages/oslo_config/cfg.py:2609
2026-04-13 00:40:35.416 123129 DEBUG oslo_service.service [req-5f04dfbb-d049-4c31-82dd-2fc33a4cf6dd - - - - -] glance.certfile = None log_opt_values /usr/lib/python3/dist-packages/oslo_config/cfg.py:2609
2026-04-13 00:40:35.416 123129 DEBUG oslo_service.service [req-5f04dfbb-d049-4c31-82dd-2fc33a4cf6dd - - - - -] glance.collect_timing = False log_opt_values /usr/lib/python3/dist-packages/oslo_config/cfg.py:2609
2026-04-13 00:40:35.417 123129 DEBUG oslo_service.service [req-5f04dfbb-d049-4c31-82dd-2fc33a4cf6dd - - - - -] glance.connect_retries = None log_opt_values /usr/lib/python3/dist-packages/oslo_config/cfg.py:2609
2026-04-13 00:40:35.417 123129 DEBUG oslo_service.service [req-5f04dfbb-d049-4c31-82dd-2fc33a4cf6dd - - - - -] glance.connect_retry_delay = None log_opt_values /usr/lib/python3/dist-packages/oslo_config/cfg.py:2609
2026-04-13 00:40:35.417 123129 DEBUG oslo_service.service [req-5f04dfbb-d049-4c31-82dd-2fc33a4cf6dd - - - - -] glance.debug = False log_opt_values /usr/lib/python3/dist-packages/oslo_config/cfg.py:2609
2026-04-13 00:40:35.417 123129 DEBUG oslo_service.service [req-5f04dfbb-d049-4c31-82dd-2fc33a4cf6dd - - - - -] glance.default_trusted_certificate_ids = [] log_opt_values /usr/lib/python3/dist-packages/oslo_config/cfg.py:2609
2026-04-13 00:40:35.417 123129 DEBUG oslo_service.service [req-5f04dfbb-d049-4c31-82dd-2fc33a4cf6dd - - - - -] glance.enable_certificate_validation = False log_opt_values /usr/lib/python3/dist-packages/oslo_config/cfg.py:2609
2026-04-13 00:40:35.417 123129 DEBUG oslo_service.service [req-5f04dfbb-d049-4c31-82dd-2fc33a4cf6dd - - - - -] glance.enable_rbd_download = False log_opt_values /usr/lib/python3/dist-packages/oslo_config/cfg.py:2609
2026-04-13 00:40:35.418 123129 DEBUG oslo_service.service [req-5f04dfbb-d049-4c31-82dd-2fc33a4cf6dd - - - - -] glance.endpoint_override = None log_opt_values /usr/lib/python3/dist-packages/oslo_config/cfg.py:2609
2026-04-13 00:40:35.418 123452 DEBUG nova.service [req-08e5bbb6-9eda-4386-adce-f4db1110f1d6 - - - - -] Creating RPC server for service scheduler start /usr/lib/python3/dist-packages/nova/service.py:182
2026-04-13 00:40:35.418 123129 DEBUG oslo_service.service [req-5f04dfbb-d049-4c31-82dd-2fc33a4cf6dd - - - - -] glance.insecure = False log_opt_values /usr/lib/python3/dist-packages/oslo_config/cfg.py:2609
2026-04-13 00:40:35.418 123129 DEBUG oslo_service.service [req-5f04dfbb-d049-4c31-82dd-2fc33a4cf6dd - - - - -] glance.keyfile = None log_opt_values /usr/lib/python3/dist-packages/oslo_config/cfg.py:2609
2026-04-13 00:40:35.418 123129 DEBUG oslo_service.service [req-5f04dfbb-d049-4c31-82dd-2fc33a4cf6dd - - - - -] glance.max_version = None log_opt_values /usr/lib/python3/dist-packages/oslo_config/cfg.py:2609
2026-04-13 00:40:35.418 123129 DEBUG oslo_service.service [req-5f04dfbb-d049-4c31-82dd-2fc33a4cf6dd - - - - -] glance.min_version = None log_opt_values /usr/lib/python3/dist-packages/oslo_config/cfg.py:2609
2026-04-13 00:40:35.418 123129 DEBUG oslo_service.service [req-5f04dfbb-d049-4c31-82dd-2fc33a4cf6dd - - - - -] glance.num_retries = 3 log_opt_values /usr/lib/python3/dist-packages/oslo_config/cfg.py:2609
2026-04-13 00:40:35.419 123129 DEBUG oslo_service.service [req-5f04dfbb-d049-4c31-82dd-2fc33a4cf6dd - - - - -] glance.rbd_ceph_conf = log_opt_values /usr/lib/python3/dist-packages/oslo_config/cfg.py:2609
2026-04-13 00:40:35.419 123129 DEBUG oslo_service.service [req-5f04dfbb-d049-4c31-82dd-2fc33a4cf6dd - - - - -] glance.rbd_connect_timeout = 5 log_opt_values /usr/lib/python3/dist-packages/oslo_config/cfg.py:2609
2026-04-13 00:40:35.419 123129 DEBUG oslo_service.service [req-5f04dfbb-d049-4c31-82dd-2fc33a4cf6dd - - - - -] glance.rbd_pool = log_opt_values /usr/lib/python3/dist-packages/oslo_config/cfg.py:2609
2026-04-13 00:40:35.419 123129 DEBUG oslo_service.service [req-5f04dfbb-d049-4c31-82dd-2fc33a4cf6dd - - - - -] glance.rbd_user = log_opt_values /usr/lib/python3/dist-packages/oslo_config/cfg.py:2609
2026-04-13 00:40:35.419 123129 DEBUG oslo_service.service [req-5f04dfbb-d049-4c31-82dd-2fc33a4cf6dd - - - - -] glance.region_name = None log_opt_values /usr/lib/python3/dist-packages/oslo_config/cfg.py:2609
2026-04-13 00:40:35.419 123129 DEBUG oslo_service.service [req-5f04dfbb-d049-4c31-82dd-2fc33a4cf6dd - - - - -] glance.service_name = None log_opt_values /usr/lib/python3/dist-packages/oslo_config/cfg.py:2609
2026-04-13 00:40:35.420 123129 DEBUG oslo_service.service [req-5f04dfbb-d049-4c31-82dd-2fc33a4cf6dd - - - - -] glance.service_type = image log_opt_values /usr/lib/python3/dist-packages/oslo_config/cfg.py:2609
2026-04-13 00:40:35.420 123129 DEBUG oslo_service.service [req-5f04dfbb-d049-4c31-82dd-2fc33a4cf6dd - - - - -] glance.split_loggers = False log_opt_values /usr/lib/python3/dist-packages/oslo_config/cfg.py:2609
2026-04-13 00:40:35.420 123129 DEBUG oslo_service.service [req-5f04dfbb-d049-4c31-82dd-2fc33a4cf6dd - - - - -] glance.status_code_retries = None log_opt_values /usr/lib/python3/dist-packages/oslo_config/cfg.py:2609
2026-04-13 00:40:35.420 123129 DEBUG oslo_service.service [req-5f04dfbb-d049-4c31-82dd-2fc33a4cf6dd - - - - -] glance.status_code_retry_delay = None log_opt_values /usr/lib/python3/dist-packages/oslo_config/cfg.py:2609
2026-04-13 00:40:35.420 123129 DEBUG oslo_service.service [req-5f04dfbb-d049-4c31-82dd-2fc33a4cf6dd - - - - -] glance.timeout = None log_opt_values /usr/lib/python3/dist-packages/oslo_config/cfg.py:2609
2026-04-13 00:40:35.420 123129 DEBUG oslo_service.service [req-5f04dfbb-d049-4c31-82dd-2fc33a4cf6dd - - - - -] glance.valid_interfaces = ['internal', 'public'] log_opt_values /usr/lib/python3/dist-packages/oslo_config/cfg.py:2609
2026-04-13 00:40:35.421 123129 DEBUG oslo_service.service [req-5f04dfbb-d049-4c31-82dd-2fc33a4cf6dd - - - - -] glance.verify_glance_signatures = False log_opt_values /usr/lib/python3/dist-packages/oslo_config/cfg.py:2609
2026-04-13 00:40:35.421 123129 DEBUG oslo_service.service [req-5f04dfbb-d049-4c31-82dd-2fc33a4cf6dd - - - - -] glance.version = None log_opt_values /usr/lib/python3/dist-packages/oslo_config/cfg.py:2609
2026-04-13 00:40:35.421 123129 DEBUG oslo_service.service [req-5f04dfbb-d049-4c31-82dd-2fc33a4cf6dd - - - - -] guestfs.debug = False log_opt_values /usr/lib/python3/dist-packages/oslo_config/cfg.py:2609
2026-04-13 00:40:35.421 123129 DEBUG oslo_service.service [req-5f04dfbb-d049-4c31-82dd-2fc33a4cf6dd - - - - -] hyperv.config_drive_cdrom = False log_opt_values /usr/lib/python3/dist-packages/oslo_config/cfg.py:2609
2026-04-13 00:40:35.421 123129 DEBUG oslo_service.service [req-5f04dfbb-d049-4c31-82dd-2fc33a4cf6dd - - - - -] hyperv.config_drive_inject_password = False log_opt_values /usr/lib/python3/dist-packages/oslo_config/cfg.py:2609
2026-04-13 00:40:35.421 123129 DEBUG oslo_service.service [req-5f04dfbb-d049-4c31-82dd-2fc33a4cf6dd - - - - -] hyperv.dynamic_memory_ratio = 1.0 log_opt_values /usr/lib/python3/dist-packages/oslo_config/cfg.py:2609
2026-04-13 00:40:35.422 123129 DEBUG oslo_service.service [req-5f04dfbb-d049-4c31-82dd-2fc33a4cf6dd - - - - -] hyperv.enable_instance_metrics_collection = False log_opt_values /usr/lib/python3/dist-packages/oslo_config/cfg.py:2609
2026-04-13 00:40:35.422 123129 DEBUG oslo_service.service [req-5f04dfbb-d049-4c31-82dd-2fc33a4cf6dd - - - - -] hyperv.enable_remotefx = False log_opt_values /usr/lib/python3/dist-packages/oslo_config/cfg.py:2609
2026-04-13 00:40:35.422 123129 DEBUG oslo_service.service [req-5f04dfbb-d049-4c31-82dd-2fc33a4cf6dd - - - - -] hyperv.instances_path_share = log_opt_values /usr/lib/python3/dist-packages/oslo_config/cfg.py:2609
2026-04-13 00:40:35.422 123129 DEBUG oslo_service.service [req-5f04dfbb-d049-4c31-82dd-2fc33a4cf6dd - - - - -] hyperv.iscsi_initiator_list = [] log_opt_values /usr/lib/python3/dist-packages/oslo_config/cfg.py:2609
2026-04-13 00:40:35.422 123129 DEBUG oslo_service.service [req-5f04dfbb-d049-4c31-82dd-2fc33a4cf6dd - - - - -] hyperv.limit_cpu_features = False log_opt_values /usr/lib/python3/dist-packages/oslo_config/cfg.py:2609
2026-04-13 00:40:35.422 123129 DEBUG oslo_service.service [req-5f04dfbb-d049-4c31-82dd-2fc33a4cf6dd - - - - -] hyperv.mounted_disk_query_retry_count = 10 log_opt_values /usr/lib/python3/dist-packages/oslo_config/cfg.py:2609
2026-04-13 00:40:35.423 123129 DEBUG oslo_service.service [req-5f04dfbb-d049-4c31-82dd-2fc33a4cf6dd - - - - -] hyperv.mounted_disk_query_retry_interval = 5 log_opt_values /usr/lib/python3/dist-packages/oslo_config/cfg.py:2609
2026-04-13 00:40:35.423 123129 DEBUG oslo_service.service [req-5f04dfbb-d049-4c31-82dd-2fc33a4cf6dd - - - - -] hyperv.power_state_check_timeframe = 60 log_opt_values /usr/lib/python3/dist-packages/oslo_config/cfg.py:2609
2026-04-13 00:40:35.423 123129 DEBUG oslo_service.service [req-5f04dfbb-d049-4c31-82dd-2fc33a4cf6dd - - - - -] hyperv.power_state_event_polling_interval = 2 log_opt_values /usr/lib/python3/dist-packages/oslo_config/cfg.py:2609
2026-04-13 00:40:35.423 123129 DEBUG oslo_service.service [req-5f04dfbb-d049-4c31-82dd-2fc33a4cf6dd - - - - -] hyperv.qemu_img_cmd = qemu-img.exe log_opt_values /usr/lib/python3/dist-packages/oslo_config/cfg.py:2609
2026-04-13 00:40:35.423 123129 DEBUG oslo_service.service [req-5f04dfbb-d049-4c31-82dd-2fc33a4cf6dd - - - - -] hyperv.use_multipath_io = False log_opt_values /usr/lib/python3/dist-packages/oslo_config/cfg.py:2609
2026-04-13 00:40:35.423 123129 DEBUG oslo_service.service [req-5f04dfbb-d049-4c31-82dd-2fc33a4cf6dd - - - - -] hyperv.volume_attach_retry_count = 10 log_opt_values /usr/lib/python3/dist-packages/oslo_config/cfg.py:2609
2026-04-13 00:40:35.424 123129 DEBUG oslo_service.service [req-5f04dfbb-d049-4c31-82dd-2fc33a4cf6dd - - - - -] hyperv.volume_attach_retry_interval = 5 log_opt_values /usr/lib/python3/dist-packages/oslo_config/cfg.py:2609
2026-04-13 00:40:35.424 123129 DEBUG oslo_service.service [req-5f04dfbb-d049-4c31-82dd-2fc33a4cf6dd - - - - -] hyperv.vswitch_name = None log_opt_values /usr/lib/python3/dist-packages/oslo_config/cfg.py:2609
2026-04-13 00:40:35.424 123129 DEBUG oslo_service.service [req-5f04dfbb-d049-4c31-82dd-2fc33a4cf6dd - - - - -] hyperv.wait_soft_reboot_seconds = 60 log_opt_values /usr/lib/python3/dist-packages/oslo_config/cfg.py:2609
2026-04-13 00:40:35.424 123129 DEBUG oslo_service.service [req-5f04dfbb-d049-4c31-82dd-2fc33a4cf6dd - - - - -] mks.enabled = False log_opt_values /usr/lib/python3/dist-packages/oslo_config/cfg.py:2609
2026-04-13 00:40:35.425 123129 DEBUG oslo_service.service [req-5f04dfbb-d049-4c31-82dd-2fc33a4cf6dd - - - - -] mks.mksproxy_base_url = http://127.0.0.1:6090/ log_opt_values /usr/lib/python3/dist-packages/oslo_config/cfg.py:2609
2026-04-13 00:40:35.425 123129 DEBUG oslo_service.service [req-5f04dfbb-d049-4c31-82dd-2fc33a4cf6dd - - - - -] image_cache.manager_interval = 2400 log_opt_values /usr/lib/python3/dist-packages/oslo_config/cfg.py:2609
2026-04-13 00:40:35.425 123129 DEBUG oslo_service.service [req-5f04dfbb-d049-4c31-82dd-2fc33a4cf6dd - - - - -] image_cache.precache_concurrency = 1 log_opt_values /usr/lib/python3/dist-packages/oslo_config/cfg.py:2609
2026-04-13 00:40:35.425 123129 DEBUG oslo_service.service [req-5f04dfbb-d049-4c31-82dd-2fc33a4cf6dd - - - - -] image_cache.remove_unused_base_images = True log_opt_values /usr/lib/python3/dist-packages/oslo_config/cfg.py:2609
2026-04-13 00:40:35.425 123129 DEBUG oslo_service.service [req-5f04dfbb-d049-4c31-82dd-2fc33a4cf6dd - - - - -] image_cache.remove_unused_original_minimum_age_seconds = 86400 log_opt_values /usr/lib/python3/dist-packages/oslo_config/cfg.py:2609
2026-04-13 00:40:35.425 123129 DEBUG oslo_service.service [req-5f04dfbb-d049-4c31-82dd-2fc33a4cf6dd - - - - -] image_cache.remove_unused_resized_minimum_age_seconds = 3600 log_opt_values /usr/lib/python3/dist-packages/oslo_config/cfg.py:2609
2026-04-13 00:40:35.426 123129 DEBUG oslo_service.service [req-5f04dfbb-d049-4c31-82dd-2fc33a4cf6dd - - - - -] image_cache.subdirectory_name = _base log_opt_values /usr/lib/python3/dist-packages/oslo_config/cfg.py:2609
2026-04-13 00:40:35.426 123129 DEBUG oslo_service.service [req-5f04dfbb-d049-4c31-82dd-2fc33a4cf6dd - - - - -] ironic.api_max_retries = 60 log_opt_values /usr/lib/python3/dist-packages/oslo_config/cfg.py:2609
2026-04-13 00:40:35.426 123129 DEBUG oslo_service.service [req-5f04dfbb-d049-4c31-82dd-2fc33a4cf6dd - - - - -] ironic.api_retry_interval = 2 log_opt_values /usr/lib/python3/dist-packages/oslo_config/cfg.py:2609
2026-04-13 00:40:35.426 123129 DEBUG oslo_service.service [req-5f04dfbb-d049-4c31-82dd-2fc33a4cf6dd - - - - -] ironic.auth_section = None log_opt_values /usr/lib/python3/dist-packages/oslo_config/cfg.py:2609
2026-04-13 00:40:35.426 123129 DEBUG oslo_service.service [req-5f04dfbb-d049-4c31-82dd-2fc33a4cf6dd - - - - -] ironic.auth_type = None log_opt_values /usr/lib/python3/dist-packages/oslo_config/cfg.py:2609
2026-04-13 00:40:35.426 123129 DEBUG oslo_service.service [req-5f04dfbb-d049-4c31-82dd-2fc33a4cf6dd - - - - -] ironic.cafile = None log_opt_values /usr/lib/python3/dist-packages/oslo_config/cfg.py:2609
2026-04-13 00:40:35.427 123129 DEBUG oslo_service.service [req-5f04dfbb-d049-4c31-82dd-2fc33a4cf6dd - - - - -] ironic.certfile = None log_opt_values /usr/lib/python3/dist-packages/oslo_config/cfg.py:2609
2026-04-13 00:40:35.427 123129 DEBUG oslo_service.service [req-5f04dfbb-d049-4c31-82dd-2fc33a4cf6dd - - - - -] ironic.collect_timing = False log_opt_values /usr/lib/python3/dist-packages/oslo_config/cfg.py:2609
2026-04-13 00:40:35.427 123129 DEBUG oslo_service.service [req-5f04dfbb-d049-4c31-82dd-2fc33a4cf6dd - - - - -] ironic.connect_retries = None log_opt_values /usr/lib/python3/dist-packages/oslo_config/cfg.py:2609
2026-04-13 00:40:35.427 123129 DEBUG oslo_service.service [req-5f04dfbb-d049-4c31-82dd-2fc33a4cf6dd - - - - -] ironic.connect_retry_delay = None log_opt_values /usr/lib/python3/dist-packages/oslo_config/cfg.py:2609
2026-04-13 00:40:35.427 123129 DEBUG oslo_service.service [req-5f04dfbb-d049-4c31-82dd-2fc33a4cf6dd - - - - -] ironic.endpoint_override = None log_opt_values /usr/lib/python3/dist-packages/oslo_config/cfg.py:2609
2026-04-13 00:40:35.427 123129 DEBUG oslo_service.service [req-5f04dfbb-d049-4c31-82dd-2fc33a4cf6dd - - - - -] ironic.insecure = False log_opt_values /usr/lib/python3/dist-packages/oslo_config/cfg.py:2609
2026-04-13 00:40:35.428 123129 DEBUG oslo_service.service [req-5f04dfbb-d049-4c31-82dd-2fc33a4cf6dd - - - - -] ironic.keyfile = None log_opt_values /usr/lib/python3/dist-packages/oslo_config/cfg.py:2609
2026-04-13 00:40:35.428 123129 DEBUG oslo_service.service [req-5f04dfbb-d049-4c31-82dd-2fc33a4cf6dd - - - - -] ironic.max_version = None log_opt_values /usr/lib/python3/dist-packages/oslo_config/cfg.py:2609
2026-04-13 00:40:35.428 123129 DEBUG oslo_service.service [req-5f04dfbb-d049-4c31-82dd-2fc33a4cf6dd - - - - -] ironic.min_version = None log_opt_values /usr/lib/python3/dist-packages/oslo_config/cfg.py:2609
2026-04-13 00:40:35.428 123129 DEBUG oslo_service.service [req-5f04dfbb-d049-4c31-82dd-2fc33a4cf6dd - - - - -] ironic.partition_key = None log_opt_values /usr/lib/python3/dist-packages/oslo_config/cfg.py:2609
2026-04-13 00:40:35.428 123129 DEBUG oslo_service.service [req-5f04dfbb-d049-4c31-82dd-2fc33a4cf6dd - - - - -] ironic.peer_list = [] log_opt_values /usr/lib/python3/dist-packages/oslo_config/cfg.py:2609
2026-04-13 00:40:35.428 123129 DEBUG oslo_service.service [req-5f04dfbb-d049-4c31-82dd-2fc33a4cf6dd - - - - -] ironic.region_name = None log_opt_values /usr/lib/python3/dist-packages/oslo_config/cfg.py:2609
2026-04-13 00:40:35.429 123129 DEBUG oslo_service.service [req-5f04dfbb-d049-4c31-82dd-2fc33a4cf6dd - - - - -] ironic.serial_console_state_timeout = 10 log_opt_values /usr/lib/python3/dist-packages/oslo_config/cfg.py:2609
2026-04-13 00:40:35.429 123129 DEBUG oslo_service.service [req-5f04dfbb-d049-4c31-82dd-2fc33a4cf6dd - - - - -] ironic.service_name = None log_opt_values /usr/lib/python3/dist-packages/oslo_config/cfg.py:2609
2026-04-13 00:40:35.429 123129 DEBUG oslo_service.service [req-5f04dfbb-d049-4c31-82dd-2fc33a4cf6dd - - - - -] ironic.service_type = baremetal log_opt_values /usr/lib/python3/dist-packages/oslo_config/cfg.py:2609
2026-04-13 00:40:35.429 123129 DEBUG oslo_service.service [req-5f04dfbb-d049-4c31-82dd-2fc33a4cf6dd - - - - -] ironic.split_loggers = False log_opt_values /usr/lib/python3/dist-packages/oslo_config/cfg.py:2609
2026-04-13 00:40:35.429 123129 DEBUG oslo_service.service [req-5f04dfbb-d049-4c31-82dd-2fc33a4cf6dd - - - - -] ironic.status_code_retries = None log_opt_values /usr/lib/python3/dist-packages/oslo_config/cfg.py:2609
2026-04-13 00:40:35.429 123129 DEBUG oslo_service.service [req-5f04dfbb-d049-4c31-82dd-2fc33a4cf6dd - - - - -] ironic.status_code_retry_delay = None log_opt_values /usr/lib/python3/dist-packages/oslo_config/cfg.py:2609
2026-04-13 00:40:35.430 123129 DEBUG oslo_service.service [req-5f04dfbb-d049-4c31-82dd-2fc33a4cf6dd - - - - -] ironic.timeout = None log_opt_values /usr/lib/python3/dist-packages/oslo_config/cfg.py:2609
2026-04-13 00:40:35.430 123129 DEBUG oslo_service.service [req-5f04dfbb-d049-4c31-82dd-2fc33a4cf6dd - - - - -] ironic.valid_interfaces = ['internal', 'public'] log_opt_values /usr/lib/python3/dist-packages/oslo_config/cfg.py:2609
2026-04-13 00:40:35.430 123129 DEBUG oslo_service.service [req-5f04dfbb-d049-4c31-82dd-2fc33a4cf6dd - - - - -] ironic.version = None log_opt_values /usr/lib/python3/dist-packages/oslo_config/cfg.py:2609
2026-04-13 00:40:35.430 123129 DEBUG oslo_service.service [req-5f04dfbb-d049-4c31-82dd-2fc33a4cf6dd - - - - -] key_manager.backend = barbican log_opt_values /usr/lib/python3/dist-packages/oslo_config/cfg.py:2609
2026-04-13 00:40:35.430 123451 DEBUG oslo_messaging._drivers.amqpdriver [-] Listener is running poll /usr/lib/python3/dist-packages/oslo_messaging/_drivers/amqpdriver.py:343
2026-04-13 00:40:35.430 123129 DEBUG oslo_service.service [req-5f04dfbb-d049-4c31-82dd-2fc33a4cf6dd - - - - -] key_manager.fixed_key = **** log_opt_values /usr/lib/python3/dist-packages/oslo_config/cfg.py:2609
2026-04-13 00:40:35.430 123451 DEBUG oslo_messaging._drivers.amqpdriver [-] AMQPListener connection consume poll /usr/lib/python3/dist-packages/oslo_messaging/_drivers/amqpdriver.py:357
2026-04-13 00:40:35.430 123129 DEBUG oslo_service.service [req-5f04dfbb-d049-4c31-82dd-2fc33a4cf6dd - - - - -] barbican.auth_endpoint = http://localhost/identity/v3 log_opt_values /usr/lib/python3/dist-packages/oslo_config/cfg.py:2609
2026-04-13 00:40:35.431 123129 DEBUG oslo_service.service [req-5f04dfbb-d049-4c31-82dd-2fc33a4cf6dd - - - - -] barbican.barbican_api_version = None log_opt_values /usr/lib/python3/dist-packages/oslo_config/cfg.py:2609
2026-04-13 00:40:35.431 123129 DEBUG oslo_service.service [req-5f04dfbb-d049-4c31-82dd-2fc33a4cf6dd - - - - -] barbican.barbican_endpoint = None log_opt_values /usr/lib/python3/dist-packages/oslo_config/cfg.py:2609
2026-04-13 00:40:35.431 123129 DEBUG oslo_service.service [req-5f04dfbb-d049-4c31-82dd-2fc33a4cf6dd - - - - -] barbican.barbican_endpoint_type = public log_opt_values /usr/lib/python3/dist-packages/oslo_config/cfg.py:2609
2026-04-13 00:40:35.431 123451 DEBUG nova.service [req-ce4b8887-e61d-4446-84db-1f73207206b5 - - - - -] Join ServiceGroup membership for this service scheduler start /usr/lib/python3/dist-packages/nova/service.py:199
2026-04-13 00:40:35.431 123129 DEBUG oslo_service.service [req-5f04dfbb-d049-4c31-82dd-2fc33a4cf6dd - - - - -] barbican.barbican_region_name = None log_opt_values /usr/lib/python3/dist-packages/oslo_config/cfg.py:2609
2026-04-13 00:40:35.431 123129 DEBUG oslo_service.service [req-5f04dfbb-d049-4c31-82dd-2fc33a4cf6dd - - - - -] barbican.cafile = None log_opt_values /usr/lib/python3/dist-packages/oslo_config/cfg.py:2609
2026-04-13 00:40:35.431 123451 DEBUG nova.servicegroup.drivers.db [req-ce4b8887-e61d-4446-84db-1f73207206b5 - - - - -] DB_Driver: join new ServiceGroup member juju-048803-0-lxd-7 to the scheduler group, service = join /usr/lib/python3/dist-packages/nova/servicegroup/drivers/db.py:44
2026-04-13 00:40:35.431 123129 DEBUG oslo_service.service [req-5f04dfbb-d049-4c31-82dd-2fc33a4cf6dd - - - - -] barbican.certfile = None log_opt_values /usr/lib/python3/dist-packages/oslo_config/cfg.py:2609
2026-04-13 00:40:35.432 123129 DEBUG oslo_service.service [req-5f04dfbb-d049-4c31-82dd-2fc33a4cf6dd - - - - -] barbican.collect_timing = False log_opt_values /usr/lib/python3/dist-packages/oslo_config/cfg.py:2609
2026-04-13 00:40:35.432 123129 DEBUG oslo_service.service [req-5f04dfbb-d049-4c31-82dd-2fc33a4cf6dd - - - - -] barbican.insecure = False log_opt_values /usr/lib/python3/dist-packages/oslo_config/cfg.py:2609
2026-04-13 00:40:35.432 123129 DEBUG oslo_service.service [req-5f04dfbb-d049-4c31-82dd-2fc33a4cf6dd - - - - -] barbican.keyfile = None log_opt_values /usr/lib/python3/dist-packages/oslo_config/cfg.py:2609
2026-04-13 00:40:35.432 123129 DEBUG oslo_service.service [req-5f04dfbb-d049-4c31-82dd-2fc33a4cf6dd - - - - -] barbican.number_of_retries = 60 log_opt_values /usr/lib/python3/dist-packages/oslo_config/cfg.py:2609
2026-04-13 00:40:35.432 123129 DEBUG oslo_service.service [req-5f04dfbb-d049-4c31-82dd-2fc33a4cf6dd - - - - -] barbican.retry_delay = 1 log_opt_values /usr/lib/python3/dist-packages/oslo_config/cfg.py:2609
2026-04-13 00:40:35.432 123129 DEBUG oslo_service.service [req-5f04dfbb-d049-4c31-82dd-2fc33a4cf6dd - - - - -] barbican.send_service_user_token = False log_opt_values /usr/lib/python3/dist-packages/oslo_config/cfg.py:2609
2026-04-13 00:40:35.433 123129 DEBUG oslo_service.service [req-5f04dfbb-d049-4c31-82dd-2fc33a4cf6dd - - - - -] barbican.split_loggers = False log_opt_values /usr/lib/python3/dist-packages/oslo_config/cfg.py:2609
2026-04-13 00:40:35.433 123129 DEBUG oslo_service.service [req-5f04dfbb-d049-4c31-82dd-2fc33a4cf6dd - - - - -] barbican.timeout = None log_opt_values /usr/lib/python3/dist-packages/oslo_config/cfg.py:2609
2026-04-13 00:40:35.433 123129 DEBUG oslo_service.service [req-5f04dfbb-d049-4c31-82dd-2fc33a4cf6dd - - - - -] barbican.verify_ssl = True log_opt_values /usr/lib/python3/dist-packages/oslo_config/cfg.py:2609
2026-04-13 00:40:35.433 123129 DEBUG oslo_service.service [req-5f04dfbb-d049-4c31-82dd-2fc33a4cf6dd - - - - -] barbican.verify_ssl_path = None log_opt_values /usr/lib/python3/dist-packages/oslo_config/cfg.py:2609
2026-04-13 00:40:35.433 123129 DEBUG oslo_service.service [req-5f04dfbb-d049-4c31-82dd-2fc33a4cf6dd - - - - -] barbican_service_user.auth_section = None log_opt_values /usr/lib/python3/dist-packages/oslo_config/cfg.py:2609
2026-04-13 00:40:35.433 123129 DEBUG oslo_service.service [req-5f04dfbb-d049-4c31-82dd-2fc33a4cf6dd - - - - -] barbican_service_user.auth_type = None log_opt_values /usr/lib/python3/dist-packages/oslo_config/cfg.py:2609
2026-04-13 00:40:35.434 123129 DEBUG oslo_service.service [req-5f04dfbb-d049-4c31-82dd-2fc33a4cf6dd - - - - -] barbican_service_user.cafile = None log_opt_values /usr/lib/python3/dist-packages/oslo_config/cfg.py:2609
2026-04-13 00:40:35.434 123129 DEBUG oslo_service.service [req-5f04dfbb-d049-4c31-82dd-2fc33a4cf6dd - - - - -] barbican_service_user.certfile = None log_opt_values /usr/lib/python3/dist-packages/oslo_config/cfg.py:2609
2026-04-13 00:40:35.434 123451 DEBUG oslo_messaging._drivers.amqpdriver [-] AMQPListener connection timeout poll /usr/lib/python3/dist-packages/oslo_messaging/_drivers/amqpdriver.py:360
2026-04-13 00:40:35.434 123129 DEBUG oslo_service.service [req-5f04dfbb-d049-4c31-82dd-2fc33a4cf6dd - - - - -] barbican_service_user.collect_timing = False log_opt_values /usr/lib/python3/dist-packages/oslo_config/cfg.py:2609
2026-04-13 00:40:35.434 123451 DEBUG oslo_messaging._drivers.amqpdriver [-] Listener is running poll /usr/lib/python3/dist-packages/oslo_messaging/_drivers/amqpdriver.py:343
2026-04-13 00:40:35.434 123129 DEBUG oslo_service.service [req-5f04dfbb-d049-4c31-82dd-2fc33a4cf6dd - - - - -] barbican_service_user.insecure = False log_opt_values /usr/lib/python3/dist-packages/oslo_config/cfg.py:2609
2026-04-13 00:40:35.434 123451 DEBUG oslo_messaging._drivers.amqpdriver [-] AMQPListener connection consume poll /usr/lib/python3/dist-packages/oslo_messaging/_drivers/amqpdriver.py:357
2026-04-13 00:40:35.434 123129 DEBUG oslo_service.service [req-5f04dfbb-d049-4c31-82dd-2fc33a4cf6dd - - - - -] barbican_service_user.keyfile = None log_opt_values /usr/lib/python3/dist-packages/oslo_config/cfg.py:2609
2026-04-13 00:40:35.434 123129 DEBUG oslo_service.service [req-5f04dfbb-d049-4c31-82dd-2fc33a4cf6dd - - - - -] barbican_service_user.split_loggers = False log_opt_values /usr/lib/python3/dist-packages/oslo_config/cfg.py:2609
2026-04-13 00:40:35.434 123129 DEBUG oslo_service.service [req-5f04dfbb-d049-4c31-82dd-2fc33a4cf6dd - - - - -] barbican_service_user.timeout = None log_opt_values /usr/lib/python3/dist-packages/oslo_config/cfg.py:2609
2026-04-13 00:40:35.435 123129 DEBUG oslo_service.service [req-5f04dfbb-d049-4c31-82dd-2fc33a4cf6dd - - - - -] vault.approle_role_id = None log_opt_values /usr/lib/python3/dist-packages/oslo_config/cfg.py:2609
2026-04-13 00:40:35.435 123129 DEBUG oslo_service.service [req-5f04dfbb-d049-4c31-82dd-2fc33a4cf6dd - - - - -] vault.approle_secret_id = None log_opt_values /usr/lib/python3/dist-packages/oslo_config/cfg.py:2609
2026-04-13 00:40:35.435 123129 DEBUG oslo_service.service [req-5f04dfbb-d049-4c31-82dd-2fc33a4cf6dd - - - - -] vault.cafile = None log_opt_values /usr/lib/python3/dist-packages/oslo_config/cfg.py:2609
2026-04-13 00:40:35.435 123129 DEBUG oslo_service.service [req-5f04dfbb-d049-4c31-82dd-2fc33a4cf6dd - - - - -] vault.certfile = None log_opt_values /usr/lib/python3/dist-packages/oslo_config/cfg.py:2609
2026-04-13 00:40:35.435 123129 DEBUG oslo_service.service [req-5f04dfbb-d049-4c31-82dd-2fc33a4cf6dd - - - - -] vault.collect_timing = False log_opt_values /usr/lib/python3/dist-packages/oslo_config/cfg.py:2609
2026-04-13 00:40:35.435 123129 DEBUG oslo_service.service [req-5f04dfbb-d049-4c31-82dd-2fc33a4cf6dd - - - - -] vault.insecure = False log_opt_values /usr/lib/python3/dist-packages/oslo_config/cfg.py:2609
2026-04-13 00:40:35.436 123129 DEBUG oslo_service.service [req-5f04dfbb-d049-4c31-82dd-2fc33a4cf6dd - - - - -] vault.keyfile = None log_opt_values /usr/lib/python3/dist-packages/oslo_config/cfg.py:2609
2026-04-13 00:40:35.436 123129 DEBUG oslo_service.service [req-5f04dfbb-d049-4c31-82dd-2fc33a4cf6dd - - - - -] vault.kv_mountpoint = secret log_opt_values /usr/lib/python3/dist-packages/oslo_config/cfg.py:2609
2026-04-13 00:40:35.436 123129 DEBUG oslo_service.service [req-5f04dfbb-d049-4c31-82dd-2fc33a4cf6dd - - - - -] vault.kv_version = 2 log_opt_values /usr/lib/python3/dist-packages/oslo_config/cfg.py:2609
2026-04-13 00:40:35.436 123129 DEBUG oslo_service.service [req-5f04dfbb-d049-4c31-82dd-2fc33a4cf6dd - - - - -] vault.namespace = None log_opt_values /usr/lib/python3/dist-packages/oslo_config/cfg.py:2609
2026-04-13 00:40:35.436 123129 DEBUG oslo_service.service [req-5f04dfbb-d049-4c31-82dd-2fc33a4cf6dd - - - - -] vault.root_token_id = None log_opt_values /usr/lib/python3/dist-packages/oslo_config/cfg.py:2609
2026-04-13 00:40:35.436 123129 DEBUG oslo_service.service [req-5f04dfbb-d049-4c31-82dd-2fc33a4cf6dd - - - - -] vault.split_loggers = False log_opt_values /usr/lib/python3/dist-packages/oslo_config/cfg.py:2609
2026-04-13 00:40:35.437 123129 DEBUG oslo_service.service [req-5f04dfbb-d049-4c31-82dd-2fc33a4cf6dd - - - - -] vault.ssl_ca_crt_file = None log_opt_values /usr/lib/python3/dist-packages/oslo_config/cfg.py:2609
2026-04-13 00:40:35.437 123129 DEBUG oslo_service.service [req-5f04dfbb-d049-4c31-82dd-2fc33a4cf6dd - - - - -] vault.timeout = None log_opt_values /usr/lib/python3/dist-packages/oslo_config/cfg.py:2609
2026-04-13 00:40:35.437 123129 DEBUG oslo_service.service [req-5f04dfbb-d049-4c31-82dd-2fc33a4cf6dd - - - - -] vault.use_ssl = False log_opt_values /usr/lib/python3/dist-packages/oslo_config/cfg.py:2609
2026-04-13 00:40:35.437 123129 DEBUG oslo_service.service [req-5f04dfbb-d049-4c31-82dd-2fc33a4cf6dd - - - - -] vault.vault_url = http://127.0.0.1:8200 log_opt_values /usr/lib/python3/dist-packages/oslo_config/cfg.py:2609
2026-04-13 00:40:35.437 123129 DEBUG oslo_service.service [req-5f04dfbb-d049-4c31-82dd-2fc33a4cf6dd - - - - -] keystone.cafile = None log_opt_values /usr/lib/python3/dist-packages/oslo_config/cfg.py:2609
2026-04-13 00:40:35.437 123129 DEBUG oslo_service.service [req-5f04dfbb-d049-4c31-82dd-2fc33a4cf6dd - - - - -] keystone.certfile = None log_opt_values /usr/lib/python3/dist-packages/oslo_config/cfg.py:2609
2026-04-13 00:40:35.438 123129 DEBUG oslo_service.service [req-5f04dfbb-d049-4c31-82dd-2fc33a4cf6dd - - - - -] keystone.collect_timing = False log_opt_values /usr/lib/python3/dist-packages/oslo_config/cfg.py:2609
2026-04-13 00:40:35.438 123129 DEBUG oslo_service.service [req-5f04dfbb-d049-4c31-82dd-2fc33a4cf6dd - - - - -] keystone.connect_retries = None log_opt_values /usr/lib/python3/dist-packages/oslo_config/cfg.py:2609
2026-04-13 00:40:35.438 123129 DEBUG oslo_service.service [req-5f04dfbb-d049-4c31-82dd-2fc33a4cf6dd - - - - -] keystone.connect_retry_delay = None log_opt_values /usr/lib/python3/dist-packages/oslo_config/cfg.py:2609
2026-04-13 00:40:35.438 123129 DEBUG oslo_service.service [req-5f04dfbb-d049-4c31-82dd-2fc33a4cf6dd - - - - -] keystone.endpoint_override = None log_opt_values /usr/lib/python3/dist-packages/oslo_config/cfg.py:2609
2026-04-13 00:40:35.438 123129 DEBUG oslo_service.service [req-5f04dfbb-d049-4c31-82dd-2fc33a4cf6dd - - - - -] keystone.insecure = False log_opt_values /usr/lib/python3/dist-packages/oslo_config/cfg.py:2609
2026-04-13 00:40:35.438 123129 DEBUG oslo_service.service [req-5f04dfbb-d049-4c31-82dd-2fc33a4cf6dd - - - - -] keystone.keyfile = None log_opt_values /usr/lib/python3/dist-packages/oslo_config/cfg.py:2609
2026-04-13 00:40:35.439 123129 DEBUG oslo_service.service [req-5f04dfbb-d049-4c31-82dd-2fc33a4cf6dd - - - - -] keystone.max_version = None log_opt_values /usr/lib/python3/dist-packages/oslo_config/cfg.py:2609
2026-04-13 00:40:35.439 123129 DEBUG oslo_service.service [req-5f04dfbb-d049-4c31-82dd-2fc33a4cf6dd - - - - -] keystone.min_version = None log_opt_values /usr/lib/python3/dist-packages/oslo_config/cfg.py:2609
2026-04-13 00:40:35.439 123129 DEBUG oslo_service.service [req-5f04dfbb-d049-4c31-82dd-2fc33a4cf6dd - - - - -] keystone.region_name = None log_opt_values /usr/lib/python3/dist-packages/oslo_config/cfg.py:2609
2026-04-13 00:40:35.439 123129 DEBUG oslo_service.service [req-5f04dfbb-d049-4c31-82dd-2fc33a4cf6dd - - - - -] keystone.service_name = None log_opt_values /usr/lib/python3/dist-packages/oslo_config/cfg.py:2609
2026-04-13 00:40:35.439 123129 DEBUG oslo_service.service [req-5f04dfbb-d049-4c31-82dd-2fc33a4cf6dd - - - - -] keystone.service_type = identity log_opt_values /usr/lib/python3/dist-packages/oslo_config/cfg.py:2609
2026-04-13 00:40:35.439 123129 DEBUG oslo_service.service [req-5f04dfbb-d049-4c31-82dd-2fc33a4cf6dd - - - - -] keystone.split_loggers = False log_opt_values /usr/lib/python3/dist-packages/oslo_config/cfg.py:2609
2026-04-13 00:40:35.440 123129 DEBUG oslo_service.service [req-5f04dfbb-d049-4c31-82dd-2fc33a4cf6dd - - - - -] keystone.status_code_retries = None log_opt_values /usr/lib/python3/dist-packages/oslo_config/cfg.py:2609
2026-04-13 00:40:35.440 123129 DEBUG oslo_service.service [req-5f04dfbb-d049-4c31-82dd-2fc33a4cf6dd - - - - -] keystone.status_code_retry_delay = None log_opt_values /usr/lib/python3/dist-packages/oslo_config/cfg.py:2609
2026-04-13 00:40:35.440 123129 DEBUG oslo_service.service [req-5f04dfbb-d049-4c31-82dd-2fc33a4cf6dd - - - - -] keystone.timeout = None log_opt_values /usr/lib/python3/dist-packages/oslo_config/cfg.py:2609
2026-04-13 00:40:35.440 123129 DEBUG oslo_service.service [req-5f04dfbb-d049-4c31-82dd-2fc33a4cf6dd - - - - -] keystone.valid_interfaces = ['internal', 'public'] log_opt_values /usr/lib/python3/dist-packages/oslo_config/cfg.py:2609
2026-04-13 00:40:35.440 123129 DEBUG oslo_service.service [req-5f04dfbb-d049-4c31-82dd-2fc33a4cf6dd - - - - -] keystone.version = None log_opt_values /usr/lib/python3/dist-packages/oslo_config/cfg.py:2609
2026-04-13 00:40:35.440 123129 DEBUG oslo_service.service [req-5f04dfbb-d049-4c31-82dd-2fc33a4cf6dd - - - - -] libvirt.connection_uri = log_opt_values /usr/lib/python3/dist-packages/oslo_config/cfg.py:2609
2026-04-13 00:40:35.440 123452 DEBUG oslo_messaging._drivers.amqpdriver [-] Listener is running poll /usr/lib/python3/dist-packages/oslo_messaging/_drivers/amqpdriver.py:343
2026-04-13 00:40:35.441 123129 DEBUG oslo_service.service [req-5f04dfbb-d049-4c31-82dd-2fc33a4cf6dd - - - - -] libvirt.cpu_mode = None log_opt_values /usr/lib/python3/dist-packages/oslo_config/cfg.py:2609
2026-04-13 00:40:35.441 123452 DEBUG oslo_messaging._drivers.amqpdriver [-] AMQPListener connection consume poll /usr/lib/python3/dist-packages/oslo_messaging/_drivers/amqpdriver.py:357
2026-04-13 00:40:35.441 123129 DEBUG oslo_service.service [req-5f04dfbb-d049-4c31-82dd-2fc33a4cf6dd - - - - -] libvirt.cpu_model_extra_flags = [] log_opt_values /usr/lib/python3/dist-packages/oslo_config/cfg.py:2609
2026-04-13 00:40:35.441 123129 DEBUG oslo_service.service [req-5f04dfbb-d049-4c31-82dd-2fc33a4cf6dd - - - - -] libvirt.cpu_models = [] log_opt_values /usr/lib/python3/dist-packages/oslo_config/cfg.py:2609
2026-04-13 00:40:35.441 123129 DEBUG oslo_service.service [req-5f04dfbb-d049-4c31-82dd-2fc33a4cf6dd - - - - -] libvirt.device_detach_attempts = 8 log_opt_values /usr/lib/python3/dist-packages/oslo_config/cfg.py:2609
2026-04-13 00:40:35.441 123129 DEBUG oslo_service.service [req-5f04dfbb-d049-4c31-82dd-2fc33a4cf6dd - - - - -] libvirt.device_detach_timeout = 20 log_opt_values /usr/lib/python3/dist-packages/oslo_config/cfg.py:2609
2026-04-13 00:40:35.441 123452 DEBUG nova.service [req-08e5bbb6-9eda-4386-adce-f4db1110f1d6 - - - - -] Join ServiceGroup membership for this service scheduler start /usr/lib/python3/dist-packages/nova/service.py:199
2026-04-13 00:40:35.441 123129 DEBUG oslo_service.service [req-5f04dfbb-d049-4c31-82dd-2fc33a4cf6dd - - - - -] libvirt.disk_cachemodes = [] log_opt_values /usr/lib/python3/dist-packages/oslo_config/cfg.py:2609
2026-04-13 00:40:35.442 123129 DEBUG oslo_service.service [req-5f04dfbb-d049-4c31-82dd-2fc33a4cf6dd - - - - -] libvirt.disk_prefix = None log_opt_values /usr/lib/python3/dist-packages/oslo_config/cfg.py:2609
2026-04-13 00:40:35.442 123452 DEBUG nova.servicegroup.drivers.db [req-08e5bbb6-9eda-4386-adce-f4db1110f1d6 - - - - -] DB_Driver: join new ServiceGroup member juju-048803-0-lxd-7 to the scheduler group, service = join /usr/lib/python3/dist-packages/nova/servicegroup/drivers/db.py:44
2026-04-13 00:40:35.442 123129 DEBUG oslo_service.service [req-5f04dfbb-d049-4c31-82dd-2fc33a4cf6dd - - - - -] libvirt.enabled_perf_events = [] log_opt_values /usr/lib/python3/dist-packages/oslo_config/cfg.py:2609
2026-04-13 00:40:35.442 123129 DEBUG oslo_service.service [req-5f04dfbb-d049-4c31-82dd-2fc33a4cf6dd - - - - -] libvirt.file_backed_memory = 0 log_opt_values /usr/lib/python3/dist-packages/oslo_config/cfg.py:2609
2026-04-13 00:40:35.442 123129 DEBUG oslo_service.service [req-5f04dfbb-d049-4c31-82dd-2fc33a4cf6dd - - - - -] libvirt.gid_maps = [] log_opt_values /usr/lib/python3/dist-packages/oslo_config/cfg.py:2609
2026-04-13 00:40:35.442 123129 DEBUG oslo_service.service [req-5f04dfbb-d049-4c31-82dd-2fc33a4cf6dd - - - - -] libvirt.hw_disk_discard = None log_opt_values /usr/lib/python3/dist-packages/oslo_config/cfg.py:2609
2026-04-13 00:40:35.442 123129 DEBUG oslo_service.service [req-5f04dfbb-d049-4c31-82dd-2fc33a4cf6dd - - - - -] libvirt.hw_machine_type = None log_opt_values /usr/lib/python3/dist-packages/oslo_config/cfg.py:2609
2026-04-13 00:40:35.443 123129 DEBUG oslo_service.service [req-5f04dfbb-d049-4c31-82dd-2fc33a4cf6dd - - - - -] libvirt.images_rbd_ceph_conf = log_opt_values /usr/lib/python3/dist-packages/oslo_config/cfg.py:2609
2026-04-13 00:40:35.443 123129 DEBUG oslo_service.service [req-5f04dfbb-d049-4c31-82dd-2fc33a4cf6dd - - - - -] libvirt.images_rbd_glance_copy_poll_interval = 15 log_opt_values /usr/lib/python3/dist-packages/oslo_config/cfg.py:2609
2026-04-13 00:40:35.443 123129 DEBUG oslo_service.service [req-5f04dfbb-d049-4c31-82dd-2fc33a4cf6dd - - - - -] libvirt.images_rbd_glance_copy_timeout = 600 log_opt_values /usr/lib/python3/dist-packages/oslo_config/cfg.py:2609
2026-04-13 00:40:35.443 123129 DEBUG oslo_service.service [req-5f04dfbb-d049-4c31-82dd-2fc33a4cf6dd - - - - -] libvirt.images_rbd_glance_store_name = log_opt_values /usr/lib/python3/dist-packages/oslo_config/cfg.py:2609
2026-04-13 00:40:35.443 123129 DEBUG oslo_service.service [req-5f04dfbb-d049-4c31-82dd-2fc33a4cf6dd - - - - -] libvirt.images_rbd_pool = rbd log_opt_values /usr/lib/python3/dist-packages/oslo_config/cfg.py:2609
