2026-04-13 00:40:24.597 122366 DEBUG oslo_service.service [req-2d81458e-7319-49ae-86ee-66c056324109 - - - - -] oslo_messaging_rabbit.heartbeat_in_pthread = False log_opt_values /usr/lib/python3/dist-packages/oslo_config/cfg.py:2609
2026-04-13 00:40:24.597 122366 DEBUG oslo_service.service [req-2d81458e-7319-49ae-86ee-66c056324109 - - - - -] oslo_messaging_rabbit.heartbeat_rate = 2 log_opt_values /usr/lib/python3/dist-packages/oslo_config/cfg.py:2609
2026-04-13 00:40:24.597 122366 DEBUG oslo_service.service [req-2d81458e-7319-49ae-86ee-66c056324109 - - - - -] oslo_messaging_rabbit.heartbeat_timeout_threshold = 60 log_opt_values /usr/lib/python3/dist-packages/oslo_config/cfg.py:2609
2026-04-13 00:40:24.598 122366 DEBUG oslo_service.service [req-2d81458e-7319-49ae-86ee-66c056324109 - - - - -] oslo_messaging_rabbit.kombu_compression = None log_opt_values /usr/lib/python3/dist-packages/oslo_config/cfg.py:2609
2026-04-13 00:40:24.598 122366 DEBUG oslo_service.service [req-2d81458e-7319-49ae-86ee-66c056324109 - - - - -] oslo_messaging_rabbit.kombu_failover_strategy = round-robin log_opt_values /usr/lib/python3/dist-packages/oslo_config/cfg.py:2609
2026-04-13 00:40:24.598 122366 DEBUG oslo_service.service [req-2d81458e-7319-49ae-86ee-66c056324109 - - - - -] oslo_messaging_rabbit.kombu_missing_consumer_retry_timeout = 60 log_opt_values /usr/lib/python3/dist-packages/oslo_config/cfg.py:2609
2026-04-13 00:40:24.598 122366 DEBUG oslo_service.service [req-2d81458e-7319-49ae-86ee-66c056324109 - - - - -] oslo_messaging_rabbit.kombu_reconnect_delay = 1.0 log_opt_values /usr/lib/python3/dist-packages/oslo_config/cfg.py:2609
2026-04-13 00:40:24.598 122366 DEBUG oslo_service.service [req-2d81458e-7319-49ae-86ee-66c056324109 - - - - -] oslo_messaging_rabbit.rabbit_ha_queues = False log_opt_values /usr/lib/python3/dist-packages/oslo_config/cfg.py:2609
2026-04-13 00:40:24.598 122366 DEBUG oslo_service.service [req-2d81458e-7319-49ae-86ee-66c056324109 - - - - -] oslo_messaging_rabbit.rabbit_interval_max = 30 log_opt_values /usr/lib/python3/dist-packages/oslo_config/cfg.py:2609
2026-04-13 00:40:24.599 122366 DEBUG oslo_service.service [req-2d81458e-7319-49ae-86ee-66c056324109 - - - - -] oslo_messaging_rabbit.rabbit_login_method = AMQPLAIN log_opt_values /usr/lib/python3/dist-packages/oslo_config/cfg.py:2609
2026-04-13 00:40:24.599 122366 DEBUG oslo_service.service [req-2d81458e-7319-49ae-86ee-66c056324109 - - - - -] oslo_messaging_rabbit.rabbit_qos_prefetch_count = 0 log_opt_values /usr/lib/python3/dist-packages/oslo_config/cfg.py:2609
2026-04-13 00:40:24.599 122366 DEBUG oslo_service.service [req-2d81458e-7319-49ae-86ee-66c056324109 - - - - -] oslo_messaging_rabbit.rabbit_quorum_queue = False log_opt_values /usr/lib/python3/dist-packages/oslo_config/cfg.py:2609
2026-04-13 00:40:24.599 122366 DEBUG oslo_service.service [req-2d81458e-7319-49ae-86ee-66c056324109 - - - - -] oslo_messaging_rabbit.rabbit_retry_backoff = 2 log_opt_values /usr/lib/python3/dist-packages/oslo_config/cfg.py:2609
2026-04-13 00:40:24.599 122366 DEBUG oslo_service.service [req-2d81458e-7319-49ae-86ee-66c056324109 - - - - -] oslo_messaging_rabbit.rabbit_retry_interval = 1 log_opt_values /usr/lib/python3/dist-packages/oslo_config/cfg.py:2609
2026-04-13 00:40:24.599 122366 DEBUG oslo_service.service [req-2d81458e-7319-49ae-86ee-66c056324109 - - - - -] oslo_messaging_rabbit.rabbit_transient_queues_ttl = 1800 log_opt_values /usr/lib/python3/dist-packages/oslo_config/cfg.py:2609
2026-04-13 00:40:24.600 122366 DEBUG oslo_service.service [req-2d81458e-7319-49ae-86ee-66c056324109 - - - - -] oslo_messaging_rabbit.rpc_conn_pool_size = 30 log_opt_values /usr/lib/python3/dist-packages/oslo_config/cfg.py:2609
2026-04-13 00:40:24.600 122366 DEBUG oslo_service.service [req-2d81458e-7319-49ae-86ee-66c056324109 - - - - -] oslo_messaging_rabbit.ssl = False log_opt_values /usr/lib/python3/dist-packages/oslo_config/cfg.py:2609
2026-04-13 00:40:24.600 122366 DEBUG oslo_service.service [req-2d81458e-7319-49ae-86ee-66c056324109 - - - - -] oslo_messaging_rabbit.ssl_ca_file = log_opt_values /usr/lib/python3/dist-packages/oslo_config/cfg.py:2609
2026-04-13 00:40:24.600 122366 DEBUG oslo_service.service [req-2d81458e-7319-49ae-86ee-66c056324109 - - - - -] oslo_messaging_rabbit.ssl_cert_file = log_opt_values /usr/lib/python3/dist-packages/oslo_config/cfg.py:2609
2026-04-13 00:40:24.600 122366 DEBUG oslo_service.service [req-2d81458e-7319-49ae-86ee-66c056324109 - - - - -] oslo_messaging_rabbit.ssl_key_file = log_opt_values /usr/lib/python3/dist-packages/oslo_config/cfg.py:2609
2026-04-13 00:40:24.600 122366 DEBUG oslo_service.service [req-2d81458e-7319-49ae-86ee-66c056324109 - - - - -] oslo_messaging_rabbit.ssl_version = log_opt_values /usr/lib/python3/dist-packages/oslo_config/cfg.py:2609
2026-04-13 00:40:24.601 122366 DEBUG oslo_service.service [req-2d81458e-7319-49ae-86ee-66c056324109 - - - - -] oslo_messaging_notifications.driver = ['messagingv2'] log_opt_values /usr/lib/python3/dist-packages/oslo_config/cfg.py:2609
2026-04-13 00:40:24.601 122366 DEBUG oslo_service.service [req-2d81458e-7319-49ae-86ee-66c056324109 - - - - -] oslo_messaging_notifications.retry = -1 log_opt_values /usr/lib/python3/dist-packages/oslo_config/cfg.py:2609
2026-04-13 00:40:24.601 122366 DEBUG oslo_service.service [req-2d81458e-7319-49ae-86ee-66c056324109 - - - - -] oslo_messaging_notifications.topics = ['notifications'] log_opt_values /usr/lib/python3/dist-packages/oslo_config/cfg.py:2609
2026-04-13 00:40:24.601 122366 DEBUG oslo_service.service [req-2d81458e-7319-49ae-86ee-66c056324109 - - - - -] oslo_messaging_notifications.transport_url = **** log_opt_values /usr/lib/python3/dist-packages/oslo_config/cfg.py:2609
2026-04-13 00:40:24.601 122366 DEBUG oslo_service.service [req-2d81458e-7319-49ae-86ee-66c056324109 - - - - -] oslo_limit.auth_section = None log_opt_values /usr/lib/python3/dist-packages/oslo_config/cfg.py:2609
2026-04-13 00:40:24.601 122366 DEBUG oslo_service.service [req-2d81458e-7319-49ae-86ee-66c056324109 - - - - -] oslo_limit.auth_type = None log_opt_values /usr/lib/python3/dist-packages/oslo_config/cfg.py:2609
2026-04-13 00:40:24.602 122366 DEBUG oslo_service.service [req-2d81458e-7319-49ae-86ee-66c056324109 - - - - -] oslo_limit.cafile = None log_opt_values /usr/lib/python3/dist-packages/oslo_config/cfg.py:2609
2026-04-13 00:40:24.602 122366 DEBUG oslo_service.service [req-2d81458e-7319-49ae-86ee-66c056324109 - - - - -] oslo_limit.certfile = None log_opt_values /usr/lib/python3/dist-packages/oslo_config/cfg.py:2609
2026-04-13 00:40:24.602 122366 DEBUG oslo_service.service [req-2d81458e-7319-49ae-86ee-66c056324109 - - - - -] oslo_limit.collect_timing = False log_opt_values /usr/lib/python3/dist-packages/oslo_config/cfg.py:2609
2026-04-13 00:40:24.602 122366 DEBUG oslo_service.service [req-2d81458e-7319-49ae-86ee-66c056324109 - - - - -] oslo_limit.connect_retries = None log_opt_values /usr/lib/python3/dist-packages/oslo_config/cfg.py:2609
2026-04-13 00:40:24.602 122366 DEBUG oslo_service.service [req-2d81458e-7319-49ae-86ee-66c056324109 - - - - -] oslo_limit.connect_retry_delay = None log_opt_values /usr/lib/python3/dist-packages/oslo_config/cfg.py:2609
2026-04-13 00:40:24.602 122366 DEBUG oslo_service.service [req-2d81458e-7319-49ae-86ee-66c056324109 - - - - -] oslo_limit.endpoint_id = None log_opt_values /usr/lib/python3/dist-packages/oslo_config/cfg.py:2609
2026-04-13 00:40:24.603 122366 DEBUG oslo_service.service [req-2d81458e-7319-49ae-86ee-66c056324109 - - - - -] oslo_limit.endpoint_override = None log_opt_values /usr/lib/python3/dist-packages/oslo_config/cfg.py:2609
2026-04-13 00:40:24.603 122366 DEBUG oslo_service.service [req-2d81458e-7319-49ae-86ee-66c056324109 - - - - -] oslo_limit.insecure = False log_opt_values /usr/lib/python3/dist-packages/oslo_config/cfg.py:2609
2026-04-13 00:40:24.603 122366 DEBUG oslo_service.service [req-2d81458e-7319-49ae-86ee-66c056324109 - - - - -] oslo_limit.keyfile = None log_opt_values /usr/lib/python3/dist-packages/oslo_config/cfg.py:2609
2026-04-13 00:40:24.603 122366 DEBUG oslo_service.service [req-2d81458e-7319-49ae-86ee-66c056324109 - - - - -] oslo_limit.max_version = None log_opt_values /usr/lib/python3/dist-packages/oslo_config/cfg.py:2609
2026-04-13 00:40:24.603 122366 DEBUG oslo_service.service [req-2d81458e-7319-49ae-86ee-66c056324109 - - - - -] oslo_limit.min_version = None log_opt_values /usr/lib/python3/dist-packages/oslo_config/cfg.py:2609
2026-04-13 00:40:24.603 122366 DEBUG oslo_service.service [req-2d81458e-7319-49ae-86ee-66c056324109 - - - - -] oslo_limit.region_name = None log_opt_values /usr/lib/python3/dist-packages/oslo_config/cfg.py:2609
2026-04-13 00:40:24.603 122366 DEBUG oslo_service.service [req-2d81458e-7319-49ae-86ee-66c056324109 - - - - -] oslo_limit.service_name = None log_opt_values /usr/lib/python3/dist-packages/oslo_config/cfg.py:2609
2026-04-13 00:40:24.604 122366 DEBUG oslo_service.service [req-2d81458e-7319-49ae-86ee-66c056324109 - - - - -] oslo_limit.service_type = None log_opt_values /usr/lib/python3/dist-packages/oslo_config/cfg.py:2609
2026-04-13 00:40:24.604 122366 DEBUG oslo_service.service [req-2d81458e-7319-49ae-86ee-66c056324109 - - - - -] oslo_limit.split_loggers = False log_opt_values /usr/lib/python3/dist-packages/oslo_config/cfg.py:2609
2026-04-13 00:40:24.604 122366 DEBUG oslo_service.service [req-2d81458e-7319-49ae-86ee-66c056324109 - - - - -] oslo_limit.status_code_retries = None log_opt_values /usr/lib/python3/dist-packages/oslo_config/cfg.py:2609
2026-04-13 00:40:24.604 122366 DEBUG oslo_service.service [req-2d81458e-7319-49ae-86ee-66c056324109 - - - - -] oslo_limit.status_code_retry_delay = None log_opt_values /usr/lib/python3/dist-packages/oslo_config/cfg.py:2609
2026-04-13 00:40:24.604 122366 DEBUG oslo_service.service [req-2d81458e-7319-49ae-86ee-66c056324109 - - - - -] oslo_limit.timeout = None log_opt_values /usr/lib/python3/dist-packages/oslo_config/cfg.py:2609
2026-04-13 00:40:24.604 122366 DEBUG oslo_service.service [req-2d81458e-7319-49ae-86ee-66c056324109 - - - - -] oslo_limit.valid_interfaces = None log_opt_values /usr/lib/python3/dist-packages/oslo_config/cfg.py:2609
2026-04-13 00:40:24.605 122366 DEBUG oslo_service.service [req-2d81458e-7319-49ae-86ee-66c056324109 - - - - -] oslo_limit.version = None log_opt_values /usr/lib/python3/dist-packages/oslo_config/cfg.py:2609
2026-04-13 00:40:24.605 122366 DEBUG oslo_service.service [req-2d81458e-7319-49ae-86ee-66c056324109 - - - - -] oslo_reports.file_event_handler = None log_opt_values /usr/lib/python3/dist-packages/oslo_config/cfg.py:2609
2026-04-13 00:40:24.605 122366 DEBUG oslo_service.service [req-2d81458e-7319-49ae-86ee-66c056324109 - - - - -] oslo_reports.file_event_handler_interval = 1 log_opt_values /usr/lib/python3/dist-packages/oslo_config/cfg.py:2609
2026-04-13 00:40:24.605 122366 DEBUG oslo_service.service [req-2d81458e-7319-49ae-86ee-66c056324109 - - - - -] oslo_reports.log_dir = None log_opt_values /usr/lib/python3/dist-packages/oslo_config/cfg.py:2609
2026-04-13 00:40:24.605 122366 DEBUG oslo_service.service [req-2d81458e-7319-49ae-86ee-66c056324109 - - - - -] ******************************************************************************** log_opt_values /usr/lib/python3/dist-packages/oslo_config/cfg.py:2613
2026-04-13 00:40:24.643 123094 DEBUG nova.service [req-2ea109b7-36e2-4462-a524-29bd1508c678 - - - - -] Creating RPC server for service conductor start /usr/lib/python3/dist-packages/nova/service.py:182
2026-04-13 00:40:24.658 123095 DEBUG nova.service [req-3eb88b8e-f664-4327-bc75-510c681516d9 - - - - -] Creating RPC server for service conductor start /usr/lib/python3/dist-packages/nova/service.py:182
2026-04-13 00:40:24.662 123092 DEBUG nova.service [req-777c8c4e-8389-4665-9095-e389b46b7861 - - - - -] Creating RPC server for service conductor start /usr/lib/python3/dist-packages/nova/service.py:182
2026-04-13 00:40:24.681 123093 DEBUG nova.service [req-b30f1a8e-34b1-43a8-9919-d4d38bb26c75 - - - - -] Creating RPC server for service conductor start /usr/lib/python3/dist-packages/nova/service.py:182
2026-04-13 00:40:24.699 123092 DEBUG oslo_messaging._drivers.amqpdriver [-] Listener is running poll /usr/lib/python3/dist-packages/oslo_messaging/_drivers/amqpdriver.py:343
2026-04-13 00:40:24.699 123092 DEBUG oslo_messaging._drivers.amqpdriver [-] AMQPListener connection consume poll /usr/lib/python3/dist-packages/oslo_messaging/_drivers/amqpdriver.py:357
2026-04-13 00:40:24.706 123094 DEBUG oslo_messaging._drivers.amqpdriver [-] Listener is running poll /usr/lib/python3/dist-packages/oslo_messaging/_drivers/amqpdriver.py:343
2026-04-13 00:40:24.706 123094 DEBUG oslo_messaging._drivers.amqpdriver [-] AMQPListener connection consume poll /usr/lib/python3/dist-packages/oslo_messaging/_drivers/amqpdriver.py:357
2026-04-13 00:40:24.706 123092 DEBUG nova.service [req-777c8c4e-8389-4665-9095-e389b46b7861 - - - - -] Join ServiceGroup membership for this service conductor start /usr/lib/python3/dist-packages/nova/service.py:199
2026-04-13 00:40:24.707 123094 DEBUG nova.service [req-2ea109b7-36e2-4462-a524-29bd1508c678 - - - - -] Join ServiceGroup membership for this service conductor start /usr/lib/python3/dist-packages/nova/service.py:199
2026-04-13 00:40:24.707 123094 DEBUG nova.servicegroup.drivers.db [req-2ea109b7-36e2-4462-a524-29bd1508c678 - - - - -] DB_Driver: join new ServiceGroup member juju-048803-0-lxd-7 to the conductor group, service = join /usr/lib/python3/dist-packages/nova/servicegroup/drivers/db.py:44
2026-04-13 00:40:24.707 123095 DEBUG oslo_messaging._drivers.amqpdriver [-] Listener is running poll /usr/lib/python3/dist-packages/oslo_messaging/_drivers/amqpdriver.py:343
2026-04-13 00:40:24.707 123092 DEBUG nova.servicegroup.drivers.db [req-777c8c4e-8389-4665-9095-e389b46b7861 - - - - -] DB_Driver: join new ServiceGroup member juju-048803-0-lxd-7 to the conductor group, service = join /usr/lib/python3/dist-packages/nova/servicegroup/drivers/db.py:44
2026-04-13 00:40:24.708 123095 DEBUG oslo_messaging._drivers.amqpdriver [-] AMQPListener connection consume poll /usr/lib/python3/dist-packages/oslo_messaging/_drivers/amqpdriver.py:357
2026-04-13 00:40:24.708 123092 DEBUG oslo_messaging._drivers.amqpdriver [-] AMQPListener connection timeout poll /usr/lib/python3/dist-packages/oslo_messaging/_drivers/amqpdriver.py:360
2026-04-13 00:40:24.709 123092 DEBUG oslo_messaging._drivers.amqpdriver [-] Listener is running poll /usr/lib/python3/dist-packages/oslo_messaging/_drivers/amqpdriver.py:343
2026-04-13 00:40:24.709 123092 DEBUG oslo_messaging._drivers.amqpdriver [-] AMQPListener connection consume poll /usr/lib/python3/dist-packages/oslo_messaging/_drivers/amqpdriver.py:357
2026-04-13 00:40:24.710 123094 DEBUG oslo_messaging._drivers.amqpdriver [-] AMQPListener connection timeout poll /usr/lib/python3/dist-packages/oslo_messaging/_drivers/amqpdriver.py:360
2026-04-13 00:40:24.710 123094 DEBUG oslo_messaging._drivers.amqpdriver [-] Listener is running poll /usr/lib/python3/dist-packages/oslo_messaging/_drivers/amqpdriver.py:343
2026-04-13 00:40:24.710 123094 DEBUG oslo_messaging._drivers.amqpdriver [-] AMQPListener connection consume poll /usr/lib/python3/dist-packages/oslo_messaging/_drivers/amqpdriver.py:357
2026-04-13 00:40:24.711 123095 DEBUG nova.service [req-3eb88b8e-f664-4327-bc75-510c681516d9 - - - - -] Join ServiceGroup membership for this service conductor start /usr/lib/python3/dist-packages/nova/service.py:199
2026-04-13 00:40:24.712 123095 DEBUG nova.servicegroup.drivers.db [req-3eb88b8e-f664-4327-bc75-510c681516d9 - - - - -] DB_Driver: join new ServiceGroup member juju-048803-0-lxd-7 to the conductor group, service = join /usr/lib/python3/dist-packages/nova/servicegroup/drivers/db.py:44
2026-04-13 00:40:24.713 123095 DEBUG oslo_messaging._drivers.amqpdriver [-] AMQPListener connection timeout poll /usr/lib/python3/dist-packages/oslo_messaging/_drivers/amqpdriver.py:360
2026-04-13 00:40:24.714 123095 DEBUG oslo_messaging._drivers.amqpdriver [-] Listener is running poll /usr/lib/python3/dist-packages/oslo_messaging/_drivers/amqpdriver.py:343
2026-04-13 00:40:24.714 123095 DEBUG oslo_messaging._drivers.amqpdriver [-] AMQPListener connection consume poll /usr/lib/python3/dist-packages/oslo_messaging/_drivers/amqpdriver.py:357
2026-04-13 00:40:24.714 123093 DEBUG oslo_messaging._drivers.amqpdriver [-] Listener is running poll /usr/lib/python3/dist-packages/oslo_messaging/_drivers/amqpdriver.py:343
2026-04-13 00:40:24.714 123093 DEBUG oslo_messaging._drivers.amqpdriver [-] AMQPListener connection consume poll /usr/lib/python3/dist-packages/oslo_messaging/_drivers/amqpdriver.py:357
2026-04-13 00:40:24.715 123093 DEBUG nova.service [req-b30f1a8e-34b1-43a8-9919-d4d38bb26c75 - - - - -] Join ServiceGroup membership for this service conductor start /usr/lib/python3/dist-packages/nova/service.py:199
2026-04-13 00:40:24.715 123093 DEBUG nova.servicegroup.drivers.db [req-b30f1a8e-34b1-43a8-9919-d4d38bb26c75 - - - - -] DB_Driver: join new ServiceGroup member juju-048803-0-lxd-7 to the conductor group, service = join /usr/lib/python3/dist-packages/nova/servicegroup/drivers/db.py:44
2026-04-13 00:40:24.718 123093 DEBUG oslo_messaging._drivers.amqpdriver [-] AMQPListener connection timeout poll /usr/lib/python3/dist-packages/oslo_messaging/_drivers/amqpdriver.py:360
2026-04-13 00:40:24.718 123093 DEBUG oslo_messaging._drivers.amqpdriver [-] Listener is running poll /usr/lib/python3/dist-packages/oslo_messaging/_drivers/amqpdriver.py:343
2026-04-13 00:40:24.718 123093 DEBUG oslo_messaging._drivers.amqpdriver [-] AMQPListener connection consume poll /usr/lib/python3/dist-packages/oslo_messaging/_drivers/amqpdriver.py:357
2026-04-13 00:40:25.711 123094 DEBUG oslo_messaging._drivers.amqpdriver [-] AMQPListener connection timeout poll /usr/lib/python3/dist-packages/oslo_messaging/_drivers/amqpdriver.py:360
2026-04-13 00:40:25.711 123094 DEBUG oslo_messaging._drivers.amqpdriver [-] Listener is running poll /usr/lib/python3/dist-packages/oslo_messaging/_drivers/amqpdriver.py:343
2026-04-13 00:40:25.711 123094 DEBUG oslo_messaging._drivers.amqpdriver [-] AMQPListener connection consume poll /usr/lib/python3/dist-packages/oslo_messaging/_drivers/amqpdriver.py:357
2026-04-13 00:40:25.712 123092 DEBUG oslo_messaging._drivers.amqpdriver [-] AMQPListener connection timeout poll /usr/lib/python3/dist-packages/oslo_messaging/_drivers/amqpdriver.py:360
2026-04-13 00:40:25.713 123092 DEBUG oslo_messaging._drivers.amqpdriver [-] Listener is running poll /usr/lib/python3/dist-packages/oslo_messaging/_drivers/amqpdriver.py:343
2026-04-13 00:40:25.713 123092 DEBUG oslo_messaging._drivers.amqpdriver [-] AMQPListener connection consume poll /usr/lib/python3/dist-packages/oslo_messaging/_drivers/amqpdriver.py:357
2026-04-13 00:40:25.715 123095 DEBUG oslo_messaging._drivers.amqpdriver [-] AMQPListener connection timeout poll /usr/lib/python3/dist-packages/oslo_messaging/_drivers/amqpdriver.py:360
2026-04-13 00:40:25.716 123095 DEBUG oslo_messaging._drivers.amqpdriver [-] Listener is running poll /usr/lib/python3/dist-packages/oslo_messaging/_drivers/amqpdriver.py:343
2026-04-13 00:40:25.716 123095 DEBUG oslo_messaging._drivers.amqpdriver [-] AMQPListener connection consume poll /usr/lib/python3/dist-packages/oslo_messaging/_drivers/amqpdriver.py:357
2026-04-13 00:40:25.720 123093 DEBUG oslo_messaging._drivers.amqpdriver [-] AMQPListener connection timeout poll /usr/lib/python3/dist-packages/oslo_messaging/_drivers/amqpdriver.py:360
2026-04-13 00:40:25.720 123093 DEBUG oslo_messaging._drivers.amqpdriver [-] Listener is running poll /usr/lib/python3/dist-packages/oslo_messaging/_drivers/amqpdriver.py:343
2026-04-13 00:40:25.720 123093 DEBUG oslo_messaging._drivers.amqpdriver [-] AMQPListener connection consume poll /usr/lib/python3/dist-packages/oslo_messaging/_drivers/amqpdriver.py:357
2026-04-13 00:40:27.713 123094 DEBUG oslo_messaging._drivers.amqpdriver [-] AMQPListener connection timeout poll /usr/lib/python3/dist-packages/oslo_messaging/_drivers/amqpdriver.py:360
2026-04-13 00:40:27.713 123094 DEBUG oslo_messaging._drivers.amqpdriver [-] Listener is running poll /usr/lib/python3/dist-packages/oslo_messaging/_drivers/amqpdriver.py:343
2026-04-13 00:40:27.713 123094 DEBUG oslo_messaging._drivers.amqpdriver [-] AMQPListener connection consume poll /usr/lib/python3/dist-packages/oslo_messaging/_drivers/amqpdriver.py:357
2026-04-13 00:40:27.714 123092 DEBUG oslo_messaging._drivers.amqpdriver [-] AMQPListener connection timeout poll /usr/lib/python3/dist-packages/oslo_messaging/_drivers/amqpdriver.py:360
2026-04-13 00:40:27.714 123092 DEBUG oslo_messaging._drivers.amqpdriver [-] Listener is running poll /usr/lib/python3/dist-packages/oslo_messaging/_drivers/amqpdriver.py:343
2026-04-13 00:40:27.714 123092 DEBUG oslo_messaging._drivers.amqpdriver [-] AMQPListener connection consume poll /usr/lib/python3/dist-packages/oslo_messaging/_drivers/amqpdriver.py:357
2026-04-13 00:40:27.718 123095 DEBUG oslo_messaging._drivers.amqpdriver [-] AMQPListener connection timeout poll /usr/lib/python3/dist-packages/oslo_messaging/_drivers/amqpdriver.py:360
2026-04-13 00:40:27.718 123095 DEBUG oslo_messaging._drivers.amqpdriver [-] Listener is running poll /usr/lib/python3/dist-packages/oslo_messaging/_drivers/amqpdriver.py:343
2026-04-13 00:40:27.718 123095 DEBUG oslo_messaging._drivers.amqpdriver [-] AMQPListener connection consume poll /usr/lib/python3/dist-packages/oslo_messaging/_drivers/amqpdriver.py:357
2026-04-13 00:40:27.723 123093 DEBUG oslo_messaging._drivers.amqpdriver [-] AMQPListener connection timeout poll /usr/lib/python3/dist-packages/oslo_messaging/_drivers/amqpdriver.py:360
2026-04-13 00:40:27.723 123093 DEBUG oslo_messaging._drivers.amqpdriver [-] Listener is running poll /usr/lib/python3/dist-packages/oslo_messaging/_drivers/amqpdriver.py:343
2026-04-13 00:40:27.724 123093 DEBUG oslo_messaging._drivers.amqpdriver [-] AMQPListener connection consume poll /usr/lib/python3/dist-packages/oslo_messaging/_drivers/amqpdriver.py:357
2026-04-13 00:40:28.643 123092 DEBUG oslo_messaging._drivers.amqpdriver [-] received message msg_id: cb1a40dc9e44470591adad5911cb03a9 reply to reply_eb75ae5732f9431b9bae50b94f6a3eac __call__ /usr/lib/python3/dist-packages/oslo_messaging/_drivers/amqpdriver.py:320
2026-04-13 00:40:28.644 123092 DEBUG oslo_messaging._drivers.amqpdriver [-] Listener is running poll /usr/lib/python3/dist-packages/oslo_messaging/_drivers/amqpdriver.py:343
2026-04-13 00:40:28.644 123092 DEBUG oslo_messaging._drivers.amqpdriver [-] Poll the incoming message with unique_id: 887fdcb3c8e74f5782dc992cb6d5301a poll /usr/lib/python3/dist-packages/oslo_messaging/_drivers/amqpdriver.py:346
2026-04-13 00:40:28.644 123092 DEBUG oslo_messaging._drivers.amqpdriver [-] Listener is running poll /usr/lib/python3/dist-packages/oslo_messaging/_drivers/amqpdriver.py:343
2026-04-13 00:40:28.644 123092 DEBUG oslo_messaging._drivers.amqpdriver [-] AMQPListener connection consume poll /usr/lib/python3/dist-packages/oslo_messaging/_drivers/amqpdriver.py:357
2026-04-13 00:40:28.646 123092 DEBUG oslo_messaging._drivers.amqpdriver [-] AMQPListener connection timeout poll /usr/lib/python3/dist-packages/oslo_messaging/_drivers/amqpdriver.py:360
2026-04-13 00:40:28.646 123092 DEBUG oslo_messaging._drivers.amqpdriver [-] Listener is running poll /usr/lib/python3/dist-packages/oslo_messaging/_drivers/amqpdriver.py:343
2026-04-13 00:40:28.647 123092 DEBUG oslo_messaging._drivers.amqpdriver [-] AMQPListener connection consume poll /usr/lib/python3/dist-packages/oslo_messaging/_drivers/amqpdriver.py:357
2026-04-13 00:40:28.649 123092 DEBUG oslo_messaging._drivers.amqpdriver [req-71be38b2-92ce-4ce5-891c-d08975d44c8e - - - - -] sending reply msg_id: cb1a40dc9e44470591adad5911cb03a9 reply queue: reply_eb75ae5732f9431b9bae50b94f6a3eac time elapsed: 0.00546375599969906s _send_reply /usr/lib/python3/dist-packages/oslo_messaging/_drivers/amqpdriver.py:118
2026-04-13 00:40:29.647 123092 DEBUG oslo_messaging._drivers.amqpdriver [-] AMQPListener connection timeout poll /usr/lib/python3/dist-packages/oslo_messaging/_drivers/amqpdriver.py:360
2026-04-13 00:40:29.648 123092 DEBUG oslo_messaging._drivers.amqpdriver [-] Listener is running poll /usr/lib/python3/dist-packages/oslo_messaging/_drivers/amqpdriver.py:343
2026-04-13 00:40:29.648 123092 DEBUG oslo_messaging._drivers.amqpdriver [-] AMQPListener connection consume poll /usr/lib/python3/dist-packages/oslo_messaging/_drivers/amqpdriver.py:357
2026-04-13 00:40:30.623 123094 DEBUG oslo_messaging._drivers.amqpdriver [-] received message msg_id: df4b39a6efa14546bdf728a04f23ac48 reply to reply_eb75ae5732f9431b9bae50b94f6a3eac __call__ /usr/lib/python3/dist-packages/oslo_messaging/_drivers/amqpdriver.py:320
2026-04-13 00:40:30.623 123094 DEBUG oslo_messaging._drivers.amqpdriver [-] Listener is running poll /usr/lib/python3/dist-packages/oslo_messaging/_drivers/amqpdriver.py:343
2026-04-13 00:40:30.623 123094 DEBUG oslo_messaging._drivers.amqpdriver [-] Poll the incoming message with unique_id: 355b77f4a2034206b436aab2ed9688d3 poll /usr/lib/python3/dist-packages/oslo_messaging/_drivers/amqpdriver.py:346
2026-04-13 00:40:30.624 123094 DEBUG oslo_messaging._drivers.amqpdriver [-] Listener is running poll /usr/lib/python3/dist-packages/oslo_messaging/_drivers/amqpdriver.py:343
2026-04-13 00:40:30.624 123094 DEBUG oslo_messaging._drivers.amqpdriver [-] AMQPListener connection consume poll /usr/lib/python3/dist-packages/oslo_messaging/_drivers/amqpdriver.py:357
2026-04-13 00:40:30.626 123094 DEBUG oslo_messaging._drivers.amqpdriver [-] AMQPListener connection timeout poll /usr/lib/python3/dist-packages/oslo_messaging/_drivers/amqpdriver.py:360
2026-04-13 00:40:30.626 123094 DEBUG oslo_messaging._drivers.amqpdriver [-] Listener is running poll /usr/lib/python3/dist-packages/oslo_messaging/_drivers/amqpdriver.py:343
2026-04-13 00:40:30.626 123094 DEBUG oslo_messaging._drivers.amqpdriver [-] AMQPListener connection consume poll /usr/lib/python3/dist-packages/oslo_messaging/_drivers/amqpdriver.py:357
2026-04-13 00:40:30.633 123094 DEBUG oslo_messaging._drivers.amqpdriver [req-5912cad2-e1ec-4129-9831-7c597516b280 - - - - -] sending reply msg_id: df4b39a6efa14546bdf728a04f23ac48 reply queue: reply_eb75ae5732f9431b9bae50b94f6a3eac time elapsed: 0.009641128999646753s _send_reply /usr/lib/python3/dist-packages/oslo_messaging/_drivers/amqpdriver.py:118
2026-04-13 00:40:30.830 123095 DEBUG oslo_messaging._drivers.amqpdriver [-] received message msg_id: 152a597040a84afabd9ea9b8d98682bb reply to reply_eb75ae5732f9431b9bae50b94f6a3eac __call__ /usr/lib/python3/dist-packages/oslo_messaging/_drivers/amqpdriver.py:320
2026-04-13 00:40:30.831 123095 DEBUG oslo_messaging._drivers.amqpdriver [-] Listener is running poll /usr/lib/python3/dist-packages/oslo_messaging/_drivers/amqpdriver.py:343
2026-04-13 00:40:30.831 123095 DEBUG oslo_messaging._drivers.amqpdriver [-] Poll the incoming message with unique_id: 0a4b523740d941bdb4fa538811ee8990 poll /usr/lib/python3/dist-packages/oslo_messaging/_drivers/amqpdriver.py:346
2026-04-13 00:40:30.831 123095 DEBUG oslo_messaging._drivers.amqpdriver [-] Listener is running poll /usr/lib/python3/dist-packages/oslo_messaging/_drivers/amqpdriver.py:343
2026-04-13 00:40:30.831 123095 DEBUG oslo_messaging._drivers.amqpdriver [-] AMQPListener connection consume poll /usr/lib/python3/dist-packages/oslo_messaging/_drivers/amqpdriver.py:357
2026-04-13 00:40:30.834 123095 DEBUG oslo_messaging._drivers.amqpdriver [-] AMQPListener connection timeout poll /usr/lib/python3/dist-packages/oslo_messaging/_drivers/amqpdriver.py:360
2026-04-13 00:40:30.834 123095 DEBUG oslo_messaging._drivers.amqpdriver [-] Listener is running poll /usr/lib/python3/dist-packages/oslo_messaging/_drivers/amqpdriver.py:343
2026-04-13 00:40:30.835 123095 DEBUG oslo_messaging._drivers.amqpdriver [-] AMQPListener connection consume poll /usr/lib/python3/dist-packages/oslo_messaging/_drivers/amqpdriver.py:357
2026-04-13 00:40:30.837 123095 DEBUG oslo_messaging.rpc.server [req-5df32c74-2963-4e61-96dd-753890a9a575 - - - - -] Expected exception during message handling () _process_incoming /usr/lib/python3/dist-packages/oslo_messaging/rpc/server.py:171
2026-04-13 00:40:30.844 123095 DEBUG oslo_messaging._drivers.amqpdriver [req-5df32c74-2963-4e61-96dd-753890a9a575 - - - - -] sending reply msg_id: 152a597040a84afabd9ea9b8d98682bb reply queue: reply_eb75ae5732f9431b9bae50b94f6a3eac time elapsed: 0.01360539199959021s _send_reply /usr/lib/python3/dist-packages/oslo_messaging/_drivers/amqpdriver.py:118
2026-04-13 00:40:31.629 123094 DEBUG oslo_messaging._drivers.amqpdriver [-] AMQPListener connection timeout poll /usr/lib/python3/dist-packages/oslo_messaging/_drivers/amqpdriver.py:360
2026-04-13 00:40:31.629 123094 DEBUG oslo_messaging._drivers.amqpdriver [-] Listener is running poll /usr/lib/python3/dist-packages/oslo_messaging/_drivers/amqpdriver.py:343
2026-04-13 00:40:31.629 123094 DEBUG oslo_messaging._drivers.amqpdriver [-] AMQPListener connection consume poll /usr/lib/python3/dist-packages/oslo_messaging/_drivers/amqpdriver.py:357
2026-04-13 00:40:31.650 123092 DEBUG oslo_messaging._drivers.amqpdriver [-] AMQPListener connection timeout poll /usr/lib/python3/dist-packages/oslo_messaging/_drivers/amqpdriver.py:360
2026-04-13 00:40:31.650 123092 DEBUG oslo_messaging._drivers.amqpdriver [-] Listener is running poll /usr/lib/python3/dist-packages/oslo_messaging/_drivers/amqpdriver.py:343
2026-04-13 00:40:31.650 123092 DEBUG oslo_messaging._drivers.amqpdriver [-] AMQPListener connection consume poll /usr/lib/python3/dist-packages/oslo_messaging/_drivers/amqpdriver.py:357
2026-04-13 00:40:31.727 123093 DEBUG oslo_messaging._drivers.amqpdriver [-] AMQPListener connection timeout poll /usr/lib/python3/dist-packages/oslo_messaging/_drivers/amqpdriver.py:360
2026-04-13 00:40:31.727 123093 DEBUG oslo_messaging._drivers.amqpdriver [-] Listener is running poll /usr/lib/python3/dist-packages/oslo_messaging/_drivers/amqpdriver.py:343
2026-04-13 00:40:31.728 123093 DEBUG oslo_messaging._drivers.amqpdriver [-] AMQPListener connection consume poll /usr/lib/python3/dist-packages/oslo_messaging/_drivers/amqpdriver.py:357
2026-04-13 00:40:31.835 123095 DEBUG oslo_messaging._drivers.amqpdriver [-] AMQPListener connection timeout poll /usr/lib/python3/dist-packages/oslo_messaging/_drivers/amqpdriver.py:360
2026-04-13 00:40:31.836 123095 DEBUG oslo_messaging._drivers.amqpdriver [-] Listener is running poll /usr/lib/python3/dist-packages/oslo_messaging/_drivers/amqpdriver.py:343
2026-04-13 00:40:31.836 123095 DEBUG oslo_messaging._drivers.amqpdriver [-] AMQPListener connection consume poll /usr/lib/python3/dist-packages/oslo_messaging/_drivers/amqpdriver.py:357
2026-04-13 00:40:32.960 122366 INFO oslo_service.service [req-2d81458e-7319-49ae-86ee-66c056324109 - - - - -] Caught SIGTERM, stopping children
2026-04-13 00:40:32.961 122366 DEBUG oslo_concurrency.lockutils [req-2d81458e-7319-49ae-86ee-66c056324109 - - - - -] Acquired lock "singleton_lock" lock /usr/lib/python3/dist-packages/oslo_concurrency/lockutils.py:294
2026-04-13 00:40:32.961 122366 DEBUG oslo_concurrency.lockutils [req-2d81458e-7319-49ae-86ee-66c056324109 - - - - -] Releasing lock "singleton_lock" lock /usr/lib/python3/dist-packages/oslo_concurrency/lockutils.py:312
2026-04-13 00:40:32.961 122366 DEBUG oslo_service.service [req-2d81458e-7319-49ae-86ee-66c056324109 - - - - -] Stop services. stop /usr/lib/python3/dist-packages/oslo_service/service.py:695
2026-04-13 00:40:32.962 122366 DEBUG oslo_service.service [req-2d81458e-7319-49ae-86ee-66c056324109 - - - - -] Killing children. stop /usr/lib/python3/dist-packages/oslo_service/service.py:700
2026-04-13 00:40:32.962 122366 INFO oslo_service.service [req-2d81458e-7319-49ae-86ee-66c056324109 - - - - -] Waiting on 4 children to exit
2026-04-13 00:40:32.971 122366 INFO oslo_service.service [req-2d81458e-7319-49ae-86ee-66c056324109 - - - - -] Child 123092 killed by signal 15
2026-04-13 00:40:32.971 122366 INFO oslo_service.service [req-2d81458e-7319-49ae-86ee-66c056324109 - - - - -] Child 123093 killed by signal 15
2026-04-13 00:40:32.979 122366 INFO oslo_service.service [req-2d81458e-7319-49ae-86ee-66c056324109 - - - - -] Child 123094 killed by signal 15
2026-04-13 00:40:32.979 122366 INFO oslo_service.service [req-2d81458e-7319-49ae-86ee-66c056324109 - - - - -] Child 123095 killed by signal 15
2026-04-13 00:40:36.403 123135 DEBUG oslo_db.sqlalchemy.engines [req-17f31f7d-d9b4-4e15-9d8f-b7570182e7c9 - - - - -] MySQL server mode set to STRICT_TRANS_TABLES,STRICT_ALL_TABLES,NO_ZERO_IN_DATE,NO_ZERO_DATE,ERROR_FOR_DIVISION_BY_ZERO,TRADITIONAL,NO_ENGINE_SUBSTITUTION _check_effective_sql_mode /usr/lib/python3/dist-packages/oslo_db/sqlalchemy/engines.py:314
2026-04-13 00:40:36.514 123135 DEBUG nova.context [req-17f31f7d-d9b4-4e15-9d8f-b7570182e7c9 - - - - -] Found 2 cells: 00000000-0000-0000-0000-000000000000(cell0),9eea5474-acdc-4351-a009-1e1faf13f574(cell1) load_cells /usr/lib/python3/dist-packages/nova/context.py:464
2026-04-13 00:40:36.517 123135 DEBUG oslo_concurrency.lockutils [req-17f31f7d-d9b4-4e15-9d8f-b7570182e7c9 - - - - -] Lock "00000000-0000-0000-0000-000000000000" acquired by "nova.context.set_target_cell..get_or_set_cached_cell_and_set_connections" :: waited 0.000s inner /usr/lib/python3/dist-packages/oslo_concurrency/lockutils.py:386
2026-04-13 00:40:36.518 123135 DEBUG oslo_concurrency.lockutils [req-17f31f7d-d9b4-4e15-9d8f-b7570182e7c9 - - - - -] Lock "00000000-0000-0000-0000-000000000000" "released" by "nova.context.set_target_cell..get_or_set_cached_cell_and_set_connections" :: held 0.001s inner /usr/lib/python3/dist-packages/oslo_concurrency/lockutils.py:400
2026-04-13 00:40:36.518 123135 DEBUG oslo_concurrency.lockutils [req-17f31f7d-d9b4-4e15-9d8f-b7570182e7c9 - - - - -] Lock "9eea5474-acdc-4351-a009-1e1faf13f574" acquired by "nova.context.set_target_cell..get_or_set_cached_cell_and_set_connections" :: waited 0.000s inner /usr/lib/python3/dist-packages/oslo_concurrency/lockutils.py:386
2026-04-13 00:40:36.520 123135 DEBUG oslo_concurrency.lockutils [req-17f31f7d-d9b4-4e15-9d8f-b7570182e7c9 - - - - -] Lock "9eea5474-acdc-4351-a009-1e1faf13f574" "released" by "nova.context.set_target_cell..get_or_set_cached_cell_and_set_connections" :: held 0.001s inner /usr/lib/python3/dist-packages/oslo_concurrency/lockutils.py:400
2026-04-13 00:40:36.528 123135 DEBUG oslo_db.sqlalchemy.engines [req-17f31f7d-d9b4-4e15-9d8f-b7570182e7c9 - - - - -] MySQL server mode set to STRICT_TRANS_TABLES,STRICT_ALL_TABLES,NO_ZERO_IN_DATE,NO_ZERO_DATE,ERROR_FOR_DIVISION_BY_ZERO,TRADITIONAL,NO_ENGINE_SUBSTITUTION _check_effective_sql_mode /usr/lib/python3/dist-packages/oslo_db/sqlalchemy/engines.py:314
2026-04-13 00:40:36.529 123135 DEBUG oslo_db.sqlalchemy.engines [req-17f31f7d-d9b4-4e15-9d8f-b7570182e7c9 - - - - -] MySQL server mode set to STRICT_TRANS_TABLES,STRICT_ALL_TABLES,NO_ZERO_IN_DATE,NO_ZERO_DATE,ERROR_FOR_DIVISION_BY_ZERO,TRADITIONAL,NO_ENGINE_SUBSTITUTION _check_effective_sql_mode /usr/lib/python3/dist-packages/oslo_db/sqlalchemy/engines.py:314
2026-04-13 00:40:36.615 123135 DEBUG oslo_concurrency.lockutils [req-17f31f7d-d9b4-4e15-9d8f-b7570182e7c9 - - - - -] Acquired lock "singleton_lock" lock /usr/lib/python3/dist-packages/oslo_concurrency/lockutils.py:294
2026-04-13 00:40:36.616 123135 DEBUG oslo_concurrency.lockutils [req-17f31f7d-d9b4-4e15-9d8f-b7570182e7c9 - - - - -] Releasing lock "singleton_lock" lock /usr/lib/python3/dist-packages/oslo_concurrency/lockutils.py:312
2026-04-13 00:40:36.616 123135 INFO oslo_service.service [req-17f31f7d-d9b4-4e15-9d8f-b7570182e7c9 - - - - -] Starting 4 workers
2026-04-13 00:40:36.621 123135 DEBUG oslo_service.service [req-17f31f7d-d9b4-4e15-9d8f-b7570182e7c9 - - - - -] Started child 123915 _start_child /usr/lib/python3/dist-packages/oslo_service/service.py:575
2026-04-13 00:40:36.625 123915 INFO nova.service [-] Starting conductor node (version 25.2.1)
2026-04-13 00:40:36.626 123135 DEBUG oslo_service.service [req-17f31f7d-d9b4-4e15-9d8f-b7570182e7c9 - - - - -] Started child 123921 _start_child /usr/lib/python3/dist-packages/oslo_service/service.py:575
2026-04-13 00:40:36.630 123921 INFO nova.service [-] Starting conductor node (version 25.2.1)
2026-04-13 00:40:36.630 123135 DEBUG oslo_service.service [req-17f31f7d-d9b4-4e15-9d8f-b7570182e7c9 - - - - -] Started child 123922 _start_child /usr/lib/python3/dist-packages/oslo_service/service.py:575
2026-04-13 00:40:36.635 123922 INFO nova.service [-] Starting conductor node (version 25.2.1)
2026-04-13 00:40:36.636 123135 DEBUG oslo_service.service [req-17f31f7d-d9b4-4e15-9d8f-b7570182e7c9 - - - - -] Started child 123923 _start_child /usr/lib/python3/dist-packages/oslo_service/service.py:575
2026-04-13 00:40:36.638 123135 DEBUG oslo_service.service [req-17f31f7d-d9b4-4e15-9d8f-b7570182e7c9 - - - - -] Full set of CONF: wait /usr/lib/python3/dist-packages/oslo_service/service.py:649
2026-04-13 00:40:36.638 123135 DEBUG oslo_service.service [req-17f31f7d-d9b4-4e15-9d8f-b7570182e7c9 - - - - -] ******************************************************************************** log_opt_values /usr/lib/python3/dist-packages/oslo_config/cfg.py:2589
2026-04-13 00:40:36.639 123135 DEBUG oslo_service.service [req-17f31f7d-d9b4-4e15-9d8f-b7570182e7c9 - - - - -] Configuration options gathered from: log_opt_values /usr/lib/python3/dist-packages/oslo_config/cfg.py:2590
2026-04-13 00:40:36.639 123135 DEBUG oslo_service.service [req-17f31f7d-d9b4-4e15-9d8f-b7570182e7c9 - - - - -] command line args: ['--config-file=/etc/nova/nova.conf', '--log-file=/var/log/nova/nova-conductor.log'] log_opt_values /usr/lib/python3/dist-packages/oslo_config/cfg.py:2591
2026-04-13 00:40:36.639 123135 DEBUG oslo_service.service [req-17f31f7d-d9b4-4e15-9d8f-b7570182e7c9 - - - - -] config files: ['/etc/nova/nova.conf'] log_opt_values /usr/lib/python3/dist-packages/oslo_config/cfg.py:2592
2026-04-13 00:40:36.640 123135 DEBUG oslo_service.service [req-17f31f7d-d9b4-4e15-9d8f-b7570182e7c9 - - - - -] ================================================================================ log_opt_values /usr/lib/python3/dist-packages/oslo_config/cfg.py:2594
2026-04-13 00:40:36.640 123135 DEBUG oslo_service.service [req-17f31f7d-d9b4-4e15-9d8f-b7570182e7c9 - - - - -] allow_resize_to_same_host = False log_opt_values /usr/lib/python3/dist-packages/oslo_config/cfg.py:2602
2026-04-13 00:40:36.640 123135 DEBUG oslo_service.service [req-17f31f7d-d9b4-4e15-9d8f-b7570182e7c9 - - - - -] arq_binding_timeout = 300 log_opt_values /usr/lib/python3/dist-packages/oslo_config/cfg.py:2602
2026-04-13 00:40:36.641 123135 DEBUG oslo_service.service [req-17f31f7d-d9b4-4e15-9d8f-b7570182e7c9 - - - - -] block_device_allocate_retries = 60 log_opt_values /usr/lib/python3/dist-packages/oslo_config/cfg.py:2602
2026-04-13 00:40:36.641 123135 DEBUG oslo_service.service [req-17f31f7d-d9b4-4e15-9d8f-b7570182e7c9 - - - - -] block_device_allocate_retries_interval = 3 log_opt_values /usr/lib/python3/dist-packages/oslo_config/cfg.py:2602
2026-04-13 00:40:36.641 123135 DEBUG oslo_service.service [req-17f31f7d-d9b4-4e15-9d8f-b7570182e7c9 - - - - -] cert = self.pem log_opt_values /usr/lib/python3/dist-packages/oslo_config/cfg.py:2602
2026-04-13 00:40:36.641 123135 DEBUG oslo_service.service [req-17f31f7d-d9b4-4e15-9d8f-b7570182e7c9 - - - - -] compute_driver = libvirt.LibvirtDriver log_opt_values /usr/lib/python3/dist-packages/oslo_config/cfg.py:2602
2026-04-13 00:40:36.640 123923 INFO nova.service [-] Starting conductor node (version 25.2.1)
2026-04-13 00:40:36.642 123135 DEBUG oslo_service.service [req-17f31f7d-d9b4-4e15-9d8f-b7570182e7c9 - - - - -] compute_monitors = [] log_opt_values /usr/lib/python3/dist-packages/oslo_config/cfg.py:2602
2026-04-13 00:40:36.642 123135 DEBUG oslo_service.service [req-17f31f7d-d9b4-4e15-9d8f-b7570182e7c9 - - - - -] config_dir = [] log_opt_values /usr/lib/python3/dist-packages/oslo_config/cfg.py:2602
2026-04-13 00:40:36.642 123135 DEBUG oslo_service.service [req-17f31f7d-d9b4-4e15-9d8f-b7570182e7c9 - - - - -] config_drive_format = iso9660 log_opt_values /usr/lib/python3/dist-packages/oslo_config/cfg.py:2602
2026-04-13 00:40:36.642 123135 DEBUG oslo_service.service [req-17f31f7d-d9b4-4e15-9d8f-b7570182e7c9 - - - - -] config_file = ['/etc/nova/nova.conf'] log_opt_values /usr/lib/python3/dist-packages/oslo_config/cfg.py:2602
2026-04-13 00:40:36.643 123135 DEBUG oslo_service.service [req-17f31f7d-d9b4-4e15-9d8f-b7570182e7c9 - - - - -] config_source = [] log_opt_values /usr/lib/python3/dist-packages/oslo_config/cfg.py:2602
2026-04-13 00:40:36.643 123135 DEBUG oslo_service.service [req-17f31f7d-d9b4-4e15-9d8f-b7570182e7c9 - - - - -] console_host = juju-048803-0-lxd-7 log_opt_values /usr/lib/python3/dist-packages/oslo_config/cfg.py:2602
2026-04-13 00:40:36.643 123135 DEBUG oslo_service.service [req-17f31f7d-d9b4-4e15-9d8f-b7570182e7c9 - - - - -] control_exchange = nova log_opt_values /usr/lib/python3/dist-packages/oslo_config/cfg.py:2602
2026-04-13 00:40:36.643 123135 DEBUG oslo_service.service [req-17f31f7d-d9b4-4e15-9d8f-b7570182e7c9 - - - - -] cpu_allocation_ratio = 2.0 log_opt_values /usr/lib/python3/dist-packages/oslo_config/cfg.py:2602
2026-04-13 00:40:36.644 123135 DEBUG oslo_service.service [req-17f31f7d-d9b4-4e15-9d8f-b7570182e7c9 - - - - -] daemon = False log_opt_values /usr/lib/python3/dist-packages/oslo_config/cfg.py:2602
2026-04-13 00:40:36.644 123135 DEBUG oslo_service.service [req-17f31f7d-d9b4-4e15-9d8f-b7570182e7c9 - - - - -] debug = True log_opt_values /usr/lib/python3/dist-packages/oslo_config/cfg.py:2602
2026-04-13 00:40:36.644 123135 DEBUG oslo_service.service [req-17f31f7d-d9b4-4e15-9d8f-b7570182e7c9 - - - - -] default_access_ip_network_name = None log_opt_values /usr/lib/python3/dist-packages/oslo_config/cfg.py:2602
2026-04-13 00:40:36.644 123135 DEBUG oslo_service.service [req-17f31f7d-d9b4-4e15-9d8f-b7570182e7c9 - - - - -] default_availability_zone = nova log_opt_values /usr/lib/python3/dist-packages/oslo_config/cfg.py:2602
2026-04-13 00:40:36.645 123135 DEBUG oslo_service.service [req-17f31f7d-d9b4-4e15-9d8f-b7570182e7c9 - - - - -] default_ephemeral_format = None log_opt_values /usr/lib/python3/dist-packages/oslo_config/cfg.py:2602
2026-04-13 00:40:36.645 123135 DEBUG oslo_service.service [req-17f31f7d-d9b4-4e15-9d8f-b7570182e7c9 - - - - -] default_log_levels = ['amqp=WARN', 'amqplib=WARN', 'boto=WARN', 'qpid=WARN', 'sqlalchemy=WARN', 'suds=INFO', 'oslo.messaging=INFO', 'oslo_messaging=DEBUG', 'iso8601=WARN', 'requests.packages.urllib3.connectionpool=WARN', 'urllib3.connectionpool=WARN', 'websocket=WARN', 'requests.packages.urllib3.util.retry=WARN', 'urllib3.util.retry=WARN', 'keystonemiddleware=WARN', 'routes.middleware=WARN', 'stevedore=WARN', 'taskflow=WARN', 'keystoneauth=WARN', 'oslo.cache=INFO', 'dogpile.core.dogpile=INFO', 'glanceclient=WARN', 'oslo.privsep.daemon=INFO'] log_opt_values /usr/lib/python3/dist-packages/oslo_config/cfg.py:2602
2026-04-13 00:40:36.645 123135 DEBUG oslo_service.service [req-17f31f7d-d9b4-4e15-9d8f-b7570182e7c9 - - - - -] default_schedule_zone = None log_opt_values /usr/lib/python3/dist-packages/oslo_config/cfg.py:2602
2026-04-13 00:40:36.645 123135 DEBUG oslo_service.service [req-17f31f7d-d9b4-4e15-9d8f-b7570182e7c9 - - - - -] disk_allocation_ratio = 1.0 log_opt_values /usr/lib/python3/dist-packages/oslo_config/cfg.py:2602
2026-04-13 00:40:36.646 123135 DEBUG oslo_service.service [req-17f31f7d-d9b4-4e15-9d8f-b7570182e7c9 - - - - -] enable_new_services = True log_opt_values /usr/lib/python3/dist-packages/oslo_config/cfg.py:2602
2026-04-13 00:40:36.646 123135 DEBUG oslo_service.service [req-17f31f7d-d9b4-4e15-9d8f-b7570182e7c9 - - - - -] enabled_apis = ['osapi_compute', 'metadata'] log_opt_values /usr/lib/python3/dist-packages/oslo_config/cfg.py:2602
2026-04-13 00:40:36.646 123135 DEBUG oslo_service.service [req-17f31f7d-d9b4-4e15-9d8f-b7570182e7c9 - - - - -] enabled_ssl_apis = [] log_opt_values /usr/lib/python3/dist-packages/oslo_config/cfg.py:2602
2026-04-13 00:40:36.646 123135 DEBUG oslo_service.service [req-17f31f7d-d9b4-4e15-9d8f-b7570182e7c9 - - - - -] fatal_deprecations = False log_opt_values /usr/lib/python3/dist-packages/oslo_config/cfg.py:2602
2026-04-13 00:40:36.647 123135 DEBUG oslo_service.service [req-17f31f7d-d9b4-4e15-9d8f-b7570182e7c9 - - - - -] flat_injected = False log_opt_values /usr/lib/python3/dist-packages/oslo_config/cfg.py:2602
2026-04-13 00:40:36.647 123135 DEBUG oslo_service.service [req-17f31f7d-d9b4-4e15-9d8f-b7570182e7c9 - - - - -] force_config_drive = False log_opt_values /usr/lib/python3/dist-packages/oslo_config/cfg.py:2602
2026-04-13 00:40:36.647 123135 DEBUG oslo_service.service [req-17f31f7d-d9b4-4e15-9d8f-b7570182e7c9 - - - - -] force_raw_images = True log_opt_values /usr/lib/python3/dist-packages/oslo_config/cfg.py:2602
2026-04-13 00:40:36.647 123135 DEBUG oslo_service.service [req-17f31f7d-d9b4-4e15-9d8f-b7570182e7c9 - - - - -] graceful_shutdown_timeout = 60 log_opt_values /usr/lib/python3/dist-packages/oslo_config/cfg.py:2602
2026-04-13 00:40:36.647 123922 DEBUG oslo_db.sqlalchemy.engines [req-b443b9e6-f859-46eb-82ed-2731c7eefecd - - - - -] MySQL server mode set to STRICT_TRANS_TABLES,STRICT_ALL_TABLES,NO_ZERO_IN_DATE,NO_ZERO_DATE,ERROR_FOR_DIVISION_BY_ZERO,TRADITIONAL,NO_ENGINE_SUBSTITUTION _check_effective_sql_mode /usr/lib/python3/dist-packages/oslo_db/sqlalchemy/engines.py:314
2026-04-13 00:40:36.647 123135 DEBUG oslo_service.service [req-17f31f7d-d9b4-4e15-9d8f-b7570182e7c9 - - - - -] heal_instance_info_cache_interval = 60 log_opt_values /usr/lib/python3/dist-packages/oslo_config/cfg.py:2602
2026-04-13 00:40:36.648 123135 DEBUG oslo_service.service [req-17f31f7d-d9b4-4e15-9d8f-b7570182e7c9 - - - - -] host = juju-048803-0-lxd-7 log_opt_values /usr/lib/python3/dist-packages/oslo_config/cfg.py:2602
2026-04-13 00:40:36.648 123135 DEBUG oslo_service.service [req-17f31f7d-d9b4-4e15-9d8f-b7570182e7c9 - - - - -] initial_cpu_allocation_ratio = 16.0 log_opt_values /usr/lib/python3/dist-packages/oslo_config/cfg.py:2602
2026-04-13 00:40:36.649 123135 DEBUG oslo_service.service [req-17f31f7d-d9b4-4e15-9d8f-b7570182e7c9 - - - - -] initial_disk_allocation_ratio = 1.0 log_opt_values /usr/lib/python3/dist-packages/oslo_config/cfg.py:2602
2026-04-13 00:40:36.649 123135 DEBUG oslo_service.service [req-17f31f7d-d9b4-4e15-9d8f-b7570182e7c9 - - - - -] initial_ram_allocation_ratio = 1.5 log_opt_values /usr/lib/python3/dist-packages/oslo_config/cfg.py:2602
2026-04-13 00:40:36.649 123135 DEBUG oslo_service.service [req-17f31f7d-d9b4-4e15-9d8f-b7570182e7c9 - - - - -] injected_network_template = /usr/lib/python3/dist-packages/nova/virt/interfaces.template log_opt_values /usr/lib/python3/dist-packages/oslo_config/cfg.py:2602
2026-04-13 00:40:36.650 123135 DEBUG oslo_service.service [req-17f31f7d-d9b4-4e15-9d8f-b7570182e7c9 - - - - -] instance_build_timeout = 0 log_opt_values /usr/lib/python3/dist-packages/oslo_config/cfg.py:2602
2026-04-13 00:40:36.650 123135 DEBUG oslo_service.service [req-17f31f7d-d9b4-4e15-9d8f-b7570182e7c9 - - - - -] instance_delete_interval = 300 log_opt_values /usr/lib/python3/dist-packages/oslo_config/cfg.py:2602
2026-04-13 00:40:36.650 123135 DEBUG oslo_service.service [req-17f31f7d-d9b4-4e15-9d8f-b7570182e7c9 - - - - -] instance_format = [instance: %(uuid)s] log_opt_values /usr/lib/python3/dist-packages/oslo_config/cfg.py:2602
2026-04-13 00:40:36.651 123135 DEBUG oslo_service.service [req-17f31f7d-d9b4-4e15-9d8f-b7570182e7c9 - - - - -] instance_name_template = instance-%08x log_opt_values /usr/lib/python3/dist-packages/oslo_config/cfg.py:2602
2026-04-13 00:40:36.651 123135 DEBUG oslo_service.service [req-17f31f7d-d9b4-4e15-9d8f-b7570182e7c9 - - - - -] instance_usage_audit = False log_opt_values /usr/lib/python3/dist-packages/oslo_config/cfg.py:2602
2026-04-13 00:40:36.651 123135 DEBUG oslo_service.service [req-17f31f7d-d9b4-4e15-9d8f-b7570182e7c9 - - - - -] instance_usage_audit_period = month log_opt_values /usr/lib/python3/dist-packages/oslo_config/cfg.py:2602
2026-04-13 00:40:36.651 123921 DEBUG oslo_db.sqlalchemy.engines [req-0e83ad0c-5937-4f71-9b23-bc6a1554cac9 - - - - -] MySQL server mode set to STRICT_TRANS_TABLES,STRICT_ALL_TABLES,NO_ZERO_IN_DATE,NO_ZERO_DATE,ERROR_FOR_DIVISION_BY_ZERO,TRADITIONAL,NO_ENGINE_SUBSTITUTION _check_effective_sql_mode /usr/lib/python3/dist-packages/oslo_db/sqlalchemy/engines.py:314
2026-04-13 00:40:36.651 123135 DEBUG oslo_service.service [req-17f31f7d-d9b4-4e15-9d8f-b7570182e7c9 - - - - -] instance_uuid_format = [instance: %(uuid)s] log_opt_values /usr/lib/python3/dist-packages/oslo_config/cfg.py:2602
2026-04-13 00:40:36.652 123135 DEBUG oslo_service.service [req-17f31f7d-d9b4-4e15-9d8f-b7570182e7c9 - - - - -] instances_path = /var/lib/nova/instances log_opt_values /usr/lib/python3/dist-packages/oslo_config/cfg.py:2602
2026-04-13 00:40:36.652 123135 DEBUG oslo_service.service [req-17f31f7d-d9b4-4e15-9d8f-b7570182e7c9 - - - - -] internal_service_availability_zone = internal log_opt_values /usr/lib/python3/dist-packages/oslo_config/cfg.py:2602
2026-04-13 00:40:36.652 123915 DEBUG oslo_db.sqlalchemy.engines [req-af1bf501-e288-4934-87bf-bda485bbda0a - - - - -] MySQL server mode set to STRICT_TRANS_TABLES,STRICT_ALL_TABLES,NO_ZERO_IN_DATE,NO_ZERO_DATE,ERROR_FOR_DIVISION_BY_ZERO,TRADITIONAL,NO_ENGINE_SUBSTITUTION _check_effective_sql_mode /usr/lib/python3/dist-packages/oslo_db/sqlalchemy/engines.py:314
2026-04-13 00:40:36.652 123135 DEBUG oslo_service.service [req-17f31f7d-d9b4-4e15-9d8f-b7570182e7c9 - - - - -] key = None log_opt_values /usr/lib/python3/dist-packages/oslo_config/cfg.py:2602
