2026-04-13 00:40:36.700 123923 DEBUG nova.servicegroup.drivers.db [req-b4e7a1dd-7531-4ee4-90cb-c097969b2485 - - - - -] DB_Driver: join new ServiceGroup member juju-048803-0-lxd-7 to the conductor group, service = join /usr/lib/python3/dist-packages/nova/servicegroup/drivers/db.py:44
2026-04-13 00:40:36.700 123135 DEBUG oslo_service.service [req-17f31f7d-d9b4-4e15-9d8f-b7570182e7c9 - - - - -] api_database.db_max_retries = 20 log_opt_values /usr/lib/python3/dist-packages/oslo_config/cfg.py:2609
2026-04-13 00:40:36.701 123135 DEBUG oslo_service.service [req-17f31f7d-d9b4-4e15-9d8f-b7570182e7c9 - - - - -] api_database.db_max_retry_interval = 10 log_opt_values /usr/lib/python3/dist-packages/oslo_config/cfg.py:2609
2026-04-13 00:40:36.701 123135 DEBUG oslo_service.service [req-17f31f7d-d9b4-4e15-9d8f-b7570182e7c9 - - - - -] api_database.db_retry_interval = 1 log_opt_values /usr/lib/python3/dist-packages/oslo_config/cfg.py:2609
2026-04-13 00:40:36.701 123135 DEBUG oslo_service.service [req-17f31f7d-d9b4-4e15-9d8f-b7570182e7c9 - - - - -] api_database.max_overflow = 50 log_opt_values /usr/lib/python3/dist-packages/oslo_config/cfg.py:2609
2026-04-13 00:40:36.701 123921 DEBUG nova.service [req-0e83ad0c-5937-4f71-9b23-bc6a1554cac9 - - - - -] Join ServiceGroup membership for this service conductor start /usr/lib/python3/dist-packages/nova/service.py:199
2026-04-13 00:40:36.701 123923 DEBUG oslo_messaging._drivers.amqpdriver [-] received message msg_id: 679366a4bf9f4885a5e1d13fe56dceac reply to reply_eb75ae5732f9431b9bae50b94f6a3eac __call__ /usr/lib/python3/dist-packages/oslo_messaging/_drivers/amqpdriver.py:320
2026-04-13 00:40:36.701 123135 DEBUG oslo_service.service [req-17f31f7d-d9b4-4e15-9d8f-b7570182e7c9 - - - - -] api_database.max_pool_size = 4 log_opt_values /usr/lib/python3/dist-packages/oslo_config/cfg.py:2609
2026-04-13 00:40:36.701 123135 DEBUG oslo_service.service [req-17f31f7d-d9b4-4e15-9d8f-b7570182e7c9 - - - - -] api_database.max_retries = 10 log_opt_values /usr/lib/python3/dist-packages/oslo_config/cfg.py:2609
2026-04-13 00:40:36.701 123921 DEBUG nova.servicegroup.drivers.db [req-0e83ad0c-5937-4f71-9b23-bc6a1554cac9 - - - - -] DB_Driver: join new ServiceGroup member juju-048803-0-lxd-7 to the conductor group, service = join /usr/lib/python3/dist-packages/nova/servicegroup/drivers/db.py:44
2026-04-13 00:40:36.702 123135 DEBUG oslo_service.service [req-17f31f7d-d9b4-4e15-9d8f-b7570182e7c9 - - - - -] api_database.mysql_enable_ndb = False log_opt_values /usr/lib/python3/dist-packages/oslo_config/cfg.py:2609
2026-04-13 00:40:36.702 123135 DEBUG oslo_service.service [req-17f31f7d-d9b4-4e15-9d8f-b7570182e7c9 - - - - -] api_database.mysql_sql_mode = TRADITIONAL log_opt_values /usr/lib/python3/dist-packages/oslo_config/cfg.py:2609
2026-04-13 00:40:36.702 123135 DEBUG oslo_service.service [req-17f31f7d-d9b4-4e15-9d8f-b7570182e7c9 - - - - -] api_database.pool_timeout = None log_opt_values /usr/lib/python3/dist-packages/oslo_config/cfg.py:2609
2026-04-13 00:40:36.702 123135 DEBUG oslo_service.service [req-17f31f7d-d9b4-4e15-9d8f-b7570182e7c9 - - - - -] api_database.retry_interval = 10 log_opt_values /usr/lib/python3/dist-packages/oslo_config/cfg.py:2609
2026-04-13 00:40:36.702 123135 DEBUG oslo_service.service [req-17f31f7d-d9b4-4e15-9d8f-b7570182e7c9 - - - - -] api_database.slave_connection = **** log_opt_values /usr/lib/python3/dist-packages/oslo_config/cfg.py:2609
2026-04-13 00:40:36.703 123135 DEBUG oslo_service.service [req-17f31f7d-d9b4-4e15-9d8f-b7570182e7c9 - - - - -] api_database.sqlite_synchronous = True log_opt_values /usr/lib/python3/dist-packages/oslo_config/cfg.py:2609
2026-04-13 00:40:36.703 123135 DEBUG oslo_service.service [req-17f31f7d-d9b4-4e15-9d8f-b7570182e7c9 - - - - -] devices.enabled_mdev_types = [] log_opt_values /usr/lib/python3/dist-packages/oslo_config/cfg.py:2609
2026-04-13 00:40:36.703 123135 DEBUG oslo_service.service [req-17f31f7d-d9b4-4e15-9d8f-b7570182e7c9 - - - - -] ephemeral_storage_encryption.cipher = aes-xts-plain64 log_opt_values /usr/lib/python3/dist-packages/oslo_config/cfg.py:2609
2026-04-13 00:40:36.703 123135 DEBUG oslo_service.service [req-17f31f7d-d9b4-4e15-9d8f-b7570182e7c9 - - - - -] ephemeral_storage_encryption.enabled = False log_opt_values /usr/lib/python3/dist-packages/oslo_config/cfg.py:2609
2026-04-13 00:40:36.703 123135 DEBUG oslo_service.service [req-17f31f7d-d9b4-4e15-9d8f-b7570182e7c9 - - - - -] ephemeral_storage_encryption.key_size = 512 log_opt_values /usr/lib/python3/dist-packages/oslo_config/cfg.py:2609
2026-04-13 00:40:36.704 123135 WARNING oslo_config.cfg [req-17f31f7d-d9b4-4e15-9d8f-b7570182e7c9 - - - - -] Deprecated: Option "api_servers" from group "glance" is deprecated for removal ( Support for image service configuration via standard keystoneauth1 Adapter options was added in the 17.0.0 Queens release. The api_servers option was retained temporarily to allow consumers time to cut over to a real load balancing solution. ). Its value may be silently ignored in the future.
2026-04-13 00:40:36.704 123923 DEBUG oslo_messaging._drivers.amqpdriver [-] AMQPListener connection timeout poll /usr/lib/python3/dist-packages/oslo_messaging/_drivers/amqpdriver.py:360
2026-04-13 00:40:36.704 123923 DEBUG oslo_messaging._drivers.amqpdriver [-] Listener is running poll /usr/lib/python3/dist-packages/oslo_messaging/_drivers/amqpdriver.py:343
2026-04-13 00:40:36.704 123135 DEBUG oslo_service.service [req-17f31f7d-d9b4-4e15-9d8f-b7570182e7c9 - - - - -] glance.api_servers = ['http://252.129.21.147:9292'] log_opt_values /usr/lib/python3/dist-packages/oslo_config/cfg.py:2609
2026-04-13 00:40:36.704 123135 DEBUG oslo_service.service [req-17f31f7d-d9b4-4e15-9d8f-b7570182e7c9 - - - - -] glance.cafile = None log_opt_values /usr/lib/python3/dist-packages/oslo_config/cfg.py:2609
2026-04-13 00:40:36.705 123923 DEBUG oslo_messaging._drivers.amqpdriver [-] Poll the incoming message with unique_id: 8f23a4b5c2064e878271acaccef3448a poll /usr/lib/python3/dist-packages/oslo_messaging/_drivers/amqpdriver.py:346
2026-04-13 00:40:36.705 123135 DEBUG oslo_service.service [req-17f31f7d-d9b4-4e15-9d8f-b7570182e7c9 - - - - -] glance.certfile = None log_opt_values /usr/lib/python3/dist-packages/oslo_config/cfg.py:2609
2026-04-13 00:40:36.705 123923 DEBUG oslo_messaging._drivers.amqpdriver [-] Listener is running poll /usr/lib/python3/dist-packages/oslo_messaging/_drivers/amqpdriver.py:343
2026-04-13 00:40:36.705 123135 DEBUG oslo_service.service [req-17f31f7d-d9b4-4e15-9d8f-b7570182e7c9 - - - - -] glance.collect_timing = False log_opt_values /usr/lib/python3/dist-packages/oslo_config/cfg.py:2609
2026-04-13 00:40:36.705 123923 DEBUG oslo_messaging._drivers.amqpdriver [-] AMQPListener connection consume poll /usr/lib/python3/dist-packages/oslo_messaging/_drivers/amqpdriver.py:357
2026-04-13 00:40:36.705 123135 DEBUG oslo_service.service [req-17f31f7d-d9b4-4e15-9d8f-b7570182e7c9 - - - - -] glance.connect_retries = None log_opt_values /usr/lib/python3/dist-packages/oslo_config/cfg.py:2609
2026-04-13 00:40:36.705 123135 DEBUG oslo_service.service [req-17f31f7d-d9b4-4e15-9d8f-b7570182e7c9 - - - - -] glance.connect_retry_delay = None log_opt_values /usr/lib/python3/dist-packages/oslo_config/cfg.py:2609
2026-04-13 00:40:36.706 123135 DEBUG oslo_service.service [req-17f31f7d-d9b4-4e15-9d8f-b7570182e7c9 - - - - -] glance.debug = False log_opt_values /usr/lib/python3/dist-packages/oslo_config/cfg.py:2609
2026-04-13 00:40:36.706 123922 DEBUG oslo_messaging._drivers.amqpdriver [-] Listener is running poll /usr/lib/python3/dist-packages/oslo_messaging/_drivers/amqpdriver.py:343
2026-04-13 00:40:36.706 123922 DEBUG oslo_messaging._drivers.amqpdriver [-] AMQPListener connection consume poll /usr/lib/python3/dist-packages/oslo_messaging/_drivers/amqpdriver.py:357
2026-04-13 00:40:36.706 123135 DEBUG oslo_service.service [req-17f31f7d-d9b4-4e15-9d8f-b7570182e7c9 - - - - -] glance.default_trusted_certificate_ids = [] log_opt_values /usr/lib/python3/dist-packages/oslo_config/cfg.py:2609
2026-04-13 00:40:36.706 123135 DEBUG oslo_service.service [req-17f31f7d-d9b4-4e15-9d8f-b7570182e7c9 - - - - -] glance.enable_certificate_validation = False log_opt_values /usr/lib/python3/dist-packages/oslo_config/cfg.py:2609
2026-04-13 00:40:36.706 123921 DEBUG oslo_messaging._drivers.amqpdriver [-] AMQPListener connection timeout poll /usr/lib/python3/dist-packages/oslo_messaging/_drivers/amqpdriver.py:360
2026-04-13 00:40:36.706 123135 DEBUG oslo_service.service [req-17f31f7d-d9b4-4e15-9d8f-b7570182e7c9 - - - - -] glance.enable_rbd_download = False log_opt_values /usr/lib/python3/dist-packages/oslo_config/cfg.py:2609
2026-04-13 00:40:36.706 123921 DEBUG oslo_messaging._drivers.amqpdriver [-] Listener is running poll /usr/lib/python3/dist-packages/oslo_messaging/_drivers/amqpdriver.py:343
2026-04-13 00:40:36.706 123135 DEBUG oslo_service.service [req-17f31f7d-d9b4-4e15-9d8f-b7570182e7c9 - - - - -] glance.endpoint_override = None log_opt_values /usr/lib/python3/dist-packages/oslo_config/cfg.py:2609
2026-04-13 00:40:36.706 123921 DEBUG oslo_messaging._drivers.amqpdriver [-] AMQPListener connection consume poll /usr/lib/python3/dist-packages/oslo_messaging/_drivers/amqpdriver.py:357
2026-04-13 00:40:36.707 123135 DEBUG oslo_service.service [req-17f31f7d-d9b4-4e15-9d8f-b7570182e7c9 - - - - -] glance.insecure = False log_opt_values /usr/lib/python3/dist-packages/oslo_config/cfg.py:2609
2026-04-13 00:40:36.707 123135 DEBUG oslo_service.service [req-17f31f7d-d9b4-4e15-9d8f-b7570182e7c9 - - - - -] glance.keyfile = None log_opt_values /usr/lib/python3/dist-packages/oslo_config/cfg.py:2609
2026-04-13 00:40:36.707 123135 DEBUG oslo_service.service [req-17f31f7d-d9b4-4e15-9d8f-b7570182e7c9 - - - - -] glance.max_version = None log_opt_values /usr/lib/python3/dist-packages/oslo_config/cfg.py:2609
2026-04-13 00:40:36.707 123135 DEBUG oslo_service.service [req-17f31f7d-d9b4-4e15-9d8f-b7570182e7c9 - - - - -] glance.min_version = None log_opt_values /usr/lib/python3/dist-packages/oslo_config/cfg.py:2609
2026-04-13 00:40:36.707 123135 DEBUG oslo_service.service [req-17f31f7d-d9b4-4e15-9d8f-b7570182e7c9 - - - - -] glance.num_retries = 3 log_opt_values /usr/lib/python3/dist-packages/oslo_config/cfg.py:2609
2026-04-13 00:40:36.708 123135 DEBUG oslo_service.service [req-17f31f7d-d9b4-4e15-9d8f-b7570182e7c9 - - - - -] glance.rbd_ceph_conf = log_opt_values /usr/lib/python3/dist-packages/oslo_config/cfg.py:2609
2026-04-13 00:40:36.708 123135 DEBUG oslo_service.service [req-17f31f7d-d9b4-4e15-9d8f-b7570182e7c9 - - - - -] glance.rbd_connect_timeout = 5 log_opt_values /usr/lib/python3/dist-packages/oslo_config/cfg.py:2609
2026-04-13 00:40:36.708 123135 DEBUG oslo_service.service [req-17f31f7d-d9b4-4e15-9d8f-b7570182e7c9 - - - - -] glance.rbd_pool = log_opt_values /usr/lib/python3/dist-packages/oslo_config/cfg.py:2609
2026-04-13 00:40:36.708 123135 DEBUG oslo_service.service [req-17f31f7d-d9b4-4e15-9d8f-b7570182e7c9 - - - - -] glance.rbd_user = log_opt_values /usr/lib/python3/dist-packages/oslo_config/cfg.py:2609
2026-04-13 00:40:36.709 123135 DEBUG oslo_service.service [req-17f31f7d-d9b4-4e15-9d8f-b7570182e7c9 - - - - -] glance.region_name = None log_opt_values /usr/lib/python3/dist-packages/oslo_config/cfg.py:2609
2026-04-13 00:40:36.708 123922 DEBUG nova.service [req-b443b9e6-f859-46eb-82ed-2731c7eefecd - - - - -] Join ServiceGroup membership for this service conductor start /usr/lib/python3/dist-packages/nova/service.py:199
2026-04-13 00:40:36.709 123135 DEBUG oslo_service.service [req-17f31f7d-d9b4-4e15-9d8f-b7570182e7c9 - - - - -] glance.service_name = None log_opt_values /usr/lib/python3/dist-packages/oslo_config/cfg.py:2609
2026-04-13 00:40:36.709 123922 DEBUG nova.servicegroup.drivers.db [req-b443b9e6-f859-46eb-82ed-2731c7eefecd - - - - -] DB_Driver: join new ServiceGroup member juju-048803-0-lxd-7 to the conductor group, service = join /usr/lib/python3/dist-packages/nova/servicegroup/drivers/db.py:44
2026-04-13 00:40:36.709 123135 DEBUG oslo_service.service [req-17f31f7d-d9b4-4e15-9d8f-b7570182e7c9 - - - - -] glance.service_type = image log_opt_values /usr/lib/python3/dist-packages/oslo_config/cfg.py:2609
2026-04-13 00:40:36.709 123135 DEBUG oslo_service.service [req-17f31f7d-d9b4-4e15-9d8f-b7570182e7c9 - - - - -] glance.split_loggers = False log_opt_values /usr/lib/python3/dist-packages/oslo_config/cfg.py:2609
2026-04-13 00:40:36.710 123135 DEBUG oslo_service.service [req-17f31f7d-d9b4-4e15-9d8f-b7570182e7c9 - - - - -] glance.status_code_retries = None log_opt_values /usr/lib/python3/dist-packages/oslo_config/cfg.py:2609
2026-04-13 00:40:36.710 123135 DEBUG oslo_service.service [req-17f31f7d-d9b4-4e15-9d8f-b7570182e7c9 - - - - -] glance.status_code_retry_delay = None log_opt_values /usr/lib/python3/dist-packages/oslo_config/cfg.py:2609
2026-04-13 00:40:36.710 123135 DEBUG oslo_service.service [req-17f31f7d-d9b4-4e15-9d8f-b7570182e7c9 - - - - -] glance.timeout = None log_opt_values /usr/lib/python3/dist-packages/oslo_config/cfg.py:2609
2026-04-13 00:40:36.710 123135 DEBUG oslo_service.service [req-17f31f7d-d9b4-4e15-9d8f-b7570182e7c9 - - - - -] glance.valid_interfaces = ['internal', 'public'] log_opt_values /usr/lib/python3/dist-packages/oslo_config/cfg.py:2609
2026-04-13 00:40:36.710 123135 DEBUG oslo_service.service [req-17f31f7d-d9b4-4e15-9d8f-b7570182e7c9 - - - - -] glance.verify_glance_signatures = False log_opt_values /usr/lib/python3/dist-packages/oslo_config/cfg.py:2609
2026-04-13 00:40:36.711 123135 DEBUG oslo_service.service [req-17f31f7d-d9b4-4e15-9d8f-b7570182e7c9 - - - - -] glance.version = None log_opt_values /usr/lib/python3/dist-packages/oslo_config/cfg.py:2609
2026-04-13 00:40:36.711 123135 DEBUG oslo_service.service [req-17f31f7d-d9b4-4e15-9d8f-b7570182e7c9 - - - - -] guestfs.debug = False log_opt_values /usr/lib/python3/dist-packages/oslo_config/cfg.py:2609
2026-04-13 00:40:36.711 123922 DEBUG oslo_messaging._drivers.amqpdriver [-] AMQPListener connection timeout poll /usr/lib/python3/dist-packages/oslo_messaging/_drivers/amqpdriver.py:360
2026-04-13 00:40:36.711 123135 DEBUG oslo_service.service [req-17f31f7d-d9b4-4e15-9d8f-b7570182e7c9 - - - - -] hyperv.config_drive_cdrom = False log_opt_values /usr/lib/python3/dist-packages/oslo_config/cfg.py:2609
2026-04-13 00:40:36.711 123922 DEBUG oslo_messaging._drivers.amqpdriver [-] Listener is running poll /usr/lib/python3/dist-packages/oslo_messaging/_drivers/amqpdriver.py:343
2026-04-13 00:40:36.711 123922 DEBUG oslo_messaging._drivers.amqpdriver [-] AMQPListener connection consume poll /usr/lib/python3/dist-packages/oslo_messaging/_drivers/amqpdriver.py:357
2026-04-13 00:40:36.711 123135 DEBUG oslo_service.service [req-17f31f7d-d9b4-4e15-9d8f-b7570182e7c9 - - - - -] hyperv.config_drive_inject_password = False log_opt_values /usr/lib/python3/dist-packages/oslo_config/cfg.py:2609
2026-04-13 00:40:36.711 123135 DEBUG oslo_service.service [req-17f31f7d-d9b4-4e15-9d8f-b7570182e7c9 - - - - -] hyperv.dynamic_memory_ratio = 1.0 log_opt_values /usr/lib/python3/dist-packages/oslo_config/cfg.py:2609
2026-04-13 00:40:36.712 123135 DEBUG oslo_service.service [req-17f31f7d-d9b4-4e15-9d8f-b7570182e7c9 - - - - -] hyperv.enable_instance_metrics_collection = False log_opt_values /usr/lib/python3/dist-packages/oslo_config/cfg.py:2609
2026-04-13 00:40:36.712 123135 DEBUG oslo_service.service [req-17f31f7d-d9b4-4e15-9d8f-b7570182e7c9 - - - - -] hyperv.enable_remotefx = False log_opt_values /usr/lib/python3/dist-packages/oslo_config/cfg.py:2609
2026-04-13 00:40:36.712 123135 DEBUG oslo_service.service [req-17f31f7d-d9b4-4e15-9d8f-b7570182e7c9 - - - - -] hyperv.instances_path_share = log_opt_values /usr/lib/python3/dist-packages/oslo_config/cfg.py:2609
2026-04-13 00:40:36.712 123135 DEBUG oslo_service.service [req-17f31f7d-d9b4-4e15-9d8f-b7570182e7c9 - - - - -] hyperv.iscsi_initiator_list = [] log_opt_values /usr/lib/python3/dist-packages/oslo_config/cfg.py:2609
2026-04-13 00:40:36.713 123135 DEBUG oslo_service.service [req-17f31f7d-d9b4-4e15-9d8f-b7570182e7c9 - - - - -] hyperv.limit_cpu_features = False log_opt_values /usr/lib/python3/dist-packages/oslo_config/cfg.py:2609
2026-04-13 00:40:36.713 123135 DEBUG oslo_service.service [req-17f31f7d-d9b4-4e15-9d8f-b7570182e7c9 - - - - -] hyperv.mounted_disk_query_retry_count = 10 log_opt_values /usr/lib/python3/dist-packages/oslo_config/cfg.py:2609
2026-04-13 00:40:36.713 123135 DEBUG oslo_service.service [req-17f31f7d-d9b4-4e15-9d8f-b7570182e7c9 - - - - -] hyperv.mounted_disk_query_retry_interval = 5 log_opt_values /usr/lib/python3/dist-packages/oslo_config/cfg.py:2609
2026-04-13 00:40:36.713 123135 DEBUG oslo_service.service [req-17f31f7d-d9b4-4e15-9d8f-b7570182e7c9 - - - - -] hyperv.power_state_check_timeframe = 60 log_opt_values /usr/lib/python3/dist-packages/oslo_config/cfg.py:2609
2026-04-13 00:40:36.713 123135 DEBUG oslo_service.service [req-17f31f7d-d9b4-4e15-9d8f-b7570182e7c9 - - - - -] hyperv.power_state_event_polling_interval = 2 log_opt_values /usr/lib/python3/dist-packages/oslo_config/cfg.py:2609
2026-04-13 00:40:36.713 123915 DEBUG nova.service [req-af1bf501-e288-4934-87bf-bda485bbda0a - - - - -] Creating RPC server for service conductor start /usr/lib/python3/dist-packages/nova/service.py:182
2026-04-13 00:40:36.714 123135 DEBUG oslo_service.service [req-17f31f7d-d9b4-4e15-9d8f-b7570182e7c9 - - - - -] hyperv.qemu_img_cmd = qemu-img.exe log_opt_values /usr/lib/python3/dist-packages/oslo_config/cfg.py:2609
2026-04-13 00:40:36.714 123135 DEBUG oslo_service.service [req-17f31f7d-d9b4-4e15-9d8f-b7570182e7c9 - - - - -] hyperv.use_multipath_io = False log_opt_values /usr/lib/python3/dist-packages/oslo_config/cfg.py:2609
2026-04-13 00:40:36.714 123135 DEBUG oslo_service.service [req-17f31f7d-d9b4-4e15-9d8f-b7570182e7c9 - - - - -] hyperv.volume_attach_retry_count = 10 log_opt_values /usr/lib/python3/dist-packages/oslo_config/cfg.py:2609
2026-04-13 00:40:36.714 123135 DEBUG oslo_service.service [req-17f31f7d-d9b4-4e15-9d8f-b7570182e7c9 - - - - -] hyperv.volume_attach_retry_interval = 5 log_opt_values /usr/lib/python3/dist-packages/oslo_config/cfg.py:2609
2026-04-13 00:40:36.714 123135 DEBUG oslo_service.service [req-17f31f7d-d9b4-4e15-9d8f-b7570182e7c9 - - - - -] hyperv.vswitch_name = None log_opt_values /usr/lib/python3/dist-packages/oslo_config/cfg.py:2609
2026-04-13 00:40:36.715 123135 DEBUG oslo_service.service [req-17f31f7d-d9b4-4e15-9d8f-b7570182e7c9 - - - - -] hyperv.wait_soft_reboot_seconds = 60 log_opt_values /usr/lib/python3/dist-packages/oslo_config/cfg.py:2609
2026-04-13 00:40:36.715 123135 DEBUG oslo_service.service [req-17f31f7d-d9b4-4e15-9d8f-b7570182e7c9 - - - - -] mks.enabled = False log_opt_values /usr/lib/python3/dist-packages/oslo_config/cfg.py:2609
2026-04-13 00:40:36.716 123135 DEBUG oslo_service.service [req-17f31f7d-d9b4-4e15-9d8f-b7570182e7c9 - - - - -] mks.mksproxy_base_url = http://127.0.0.1:6090/ log_opt_values /usr/lib/python3/dist-packages/oslo_config/cfg.py:2609
2026-04-13 00:40:36.716 123135 DEBUG oslo_service.service [req-17f31f7d-d9b4-4e15-9d8f-b7570182e7c9 - - - - -] image_cache.manager_interval = 2400 log_opt_values /usr/lib/python3/dist-packages/oslo_config/cfg.py:2609
2026-04-13 00:40:36.716 123135 DEBUG oslo_service.service [req-17f31f7d-d9b4-4e15-9d8f-b7570182e7c9 - - - - -] image_cache.precache_concurrency = 1 log_opt_values /usr/lib/python3/dist-packages/oslo_config/cfg.py:2609
2026-04-13 00:40:36.716 123135 DEBUG oslo_service.service [req-17f31f7d-d9b4-4e15-9d8f-b7570182e7c9 - - - - -] image_cache.remove_unused_base_images = True log_opt_values /usr/lib/python3/dist-packages/oslo_config/cfg.py:2609
2026-04-13 00:40:36.716 123135 DEBUG oslo_service.service [req-17f31f7d-d9b4-4e15-9d8f-b7570182e7c9 - - - - -] image_cache.remove_unused_original_minimum_age_seconds = 86400 log_opt_values /usr/lib/python3/dist-packages/oslo_config/cfg.py:2609
2026-04-13 00:40:36.717 123135 DEBUG oslo_service.service [req-17f31f7d-d9b4-4e15-9d8f-b7570182e7c9 - - - - -] image_cache.remove_unused_resized_minimum_age_seconds = 3600 log_opt_values /usr/lib/python3/dist-packages/oslo_config/cfg.py:2609
2026-04-13 00:40:36.717 123135 DEBUG oslo_service.service [req-17f31f7d-d9b4-4e15-9d8f-b7570182e7c9 - - - - -] image_cache.subdirectory_name = _base log_opt_values /usr/lib/python3/dist-packages/oslo_config/cfg.py:2609
2026-04-13 00:40:36.717 123135 DEBUG oslo_service.service [req-17f31f7d-d9b4-4e15-9d8f-b7570182e7c9 - - - - -] ironic.api_max_retries = 60 log_opt_values /usr/lib/python3/dist-packages/oslo_config/cfg.py:2609
2026-04-13 00:40:36.717 123135 DEBUG oslo_service.service [req-17f31f7d-d9b4-4e15-9d8f-b7570182e7c9 - - - - -] ironic.api_retry_interval = 2 log_opt_values /usr/lib/python3/dist-packages/oslo_config/cfg.py:2609
2026-04-13 00:40:36.718 123135 DEBUG oslo_service.service [req-17f31f7d-d9b4-4e15-9d8f-b7570182e7c9 - - - - -] ironic.auth_section = None log_opt_values /usr/lib/python3/dist-packages/oslo_config/cfg.py:2609
2026-04-13 00:40:36.718 123135 DEBUG oslo_service.service [req-17f31f7d-d9b4-4e15-9d8f-b7570182e7c9 - - - - -] ironic.auth_type = None log_opt_values /usr/lib/python3/dist-packages/oslo_config/cfg.py:2609
2026-04-13 00:40:36.718 123135 DEBUG oslo_service.service [req-17f31f7d-d9b4-4e15-9d8f-b7570182e7c9 - - - - -] ironic.cafile = None log_opt_values /usr/lib/python3/dist-packages/oslo_config/cfg.py:2609
2026-04-13 00:40:36.718 123135 DEBUG oslo_service.service [req-17f31f7d-d9b4-4e15-9d8f-b7570182e7c9 - - - - -] ironic.certfile = None log_opt_values /usr/lib/python3/dist-packages/oslo_config/cfg.py:2609
2026-04-13 00:40:36.718 123135 DEBUG oslo_service.service [req-17f31f7d-d9b4-4e15-9d8f-b7570182e7c9 - - - - -] ironic.collect_timing = False log_opt_values /usr/lib/python3/dist-packages/oslo_config/cfg.py:2609
2026-04-13 00:40:36.718 123135 DEBUG oslo_service.service [req-17f31f7d-d9b4-4e15-9d8f-b7570182e7c9 - - - - -] ironic.connect_retries = None log_opt_values /usr/lib/python3/dist-packages/oslo_config/cfg.py:2609
2026-04-13 00:40:36.719 123135 DEBUG oslo_service.service [req-17f31f7d-d9b4-4e15-9d8f-b7570182e7c9 - - - - -] ironic.connect_retry_delay = None log_opt_values /usr/lib/python3/dist-packages/oslo_config/cfg.py:2609
2026-04-13 00:40:36.719 123135 DEBUG oslo_service.service [req-17f31f7d-d9b4-4e15-9d8f-b7570182e7c9 - - - - -] ironic.endpoint_override = None log_opt_values /usr/lib/python3/dist-packages/oslo_config/cfg.py:2609
2026-04-13 00:40:36.719 123135 DEBUG oslo_service.service [req-17f31f7d-d9b4-4e15-9d8f-b7570182e7c9 - - - - -] ironic.insecure = False log_opt_values /usr/lib/python3/dist-packages/oslo_config/cfg.py:2609
2026-04-13 00:40:36.719 123135 DEBUG oslo_service.service [req-17f31f7d-d9b4-4e15-9d8f-b7570182e7c9 - - - - -] ironic.keyfile = None log_opt_values /usr/lib/python3/dist-packages/oslo_config/cfg.py:2609
2026-04-13 00:40:36.719 123135 DEBUG oslo_service.service [req-17f31f7d-d9b4-4e15-9d8f-b7570182e7c9 - - - - -] ironic.max_version = None log_opt_values /usr/lib/python3/dist-packages/oslo_config/cfg.py:2609
2026-04-13 00:40:36.720 123135 DEBUG oslo_service.service [req-17f31f7d-d9b4-4e15-9d8f-b7570182e7c9 - - - - -] ironic.min_version = None log_opt_values /usr/lib/python3/dist-packages/oslo_config/cfg.py:2609
2026-04-13 00:40:36.720 123135 DEBUG oslo_service.service [req-17f31f7d-d9b4-4e15-9d8f-b7570182e7c9 - - - - -] ironic.partition_key = None log_opt_values /usr/lib/python3/dist-packages/oslo_config/cfg.py:2609
2026-04-13 00:40:36.720 123135 DEBUG oslo_service.service [req-17f31f7d-d9b4-4e15-9d8f-b7570182e7c9 - - - - -] ironic.peer_list = [] log_opt_values /usr/lib/python3/dist-packages/oslo_config/cfg.py:2609
2026-04-13 00:40:36.720 123135 DEBUG oslo_service.service [req-17f31f7d-d9b4-4e15-9d8f-b7570182e7c9 - - - - -] ironic.region_name = None log_opt_values /usr/lib/python3/dist-packages/oslo_config/cfg.py:2609
2026-04-13 00:40:36.720 123135 DEBUG oslo_service.service [req-17f31f7d-d9b4-4e15-9d8f-b7570182e7c9 - - - - -] ironic.serial_console_state_timeout = 10 log_opt_values /usr/lib/python3/dist-packages/oslo_config/cfg.py:2609
2026-04-13 00:40:36.721 123135 DEBUG oslo_service.service [req-17f31f7d-d9b4-4e15-9d8f-b7570182e7c9 - - - - -] ironic.service_name = None log_opt_values /usr/lib/python3/dist-packages/oslo_config/cfg.py:2609
2026-04-13 00:40:36.721 123135 DEBUG oslo_service.service [req-17f31f7d-d9b4-4e15-9d8f-b7570182e7c9 - - - - -] ironic.service_type = baremetal log_opt_values /usr/lib/python3/dist-packages/oslo_config/cfg.py:2609
2026-04-13 00:40:36.721 123135 DEBUG oslo_service.service [req-17f31f7d-d9b4-4e15-9d8f-b7570182e7c9 - - - - -] ironic.split_loggers = False log_opt_values /usr/lib/python3/dist-packages/oslo_config/cfg.py:2609
2026-04-13 00:40:36.721 123135 DEBUG oslo_service.service [req-17f31f7d-d9b4-4e15-9d8f-b7570182e7c9 - - - - -] ironic.status_code_retries = None log_opt_values /usr/lib/python3/dist-packages/oslo_config/cfg.py:2609
2026-04-13 00:40:36.721 123135 DEBUG oslo_service.service [req-17f31f7d-d9b4-4e15-9d8f-b7570182e7c9 - - - - -] ironic.status_code_retry_delay = None log_opt_values /usr/lib/python3/dist-packages/oslo_config/cfg.py:2609
2026-04-13 00:40:36.722 123135 DEBUG oslo_service.service [req-17f31f7d-d9b4-4e15-9d8f-b7570182e7c9 - - - - -] ironic.timeout = None log_opt_values /usr/lib/python3/dist-packages/oslo_config/cfg.py:2609
2026-04-13 00:40:36.722 123135 DEBUG oslo_service.service [req-17f31f7d-d9b4-4e15-9d8f-b7570182e7c9 - - - - -] ironic.valid_interfaces = ['internal', 'public'] log_opt_values /usr/lib/python3/dist-packages/oslo_config/cfg.py:2609
2026-04-13 00:40:36.722 123135 DEBUG oslo_service.service [req-17f31f7d-d9b4-4e15-9d8f-b7570182e7c9 - - - - -] ironic.version = None log_opt_values /usr/lib/python3/dist-packages/oslo_config/cfg.py:2609
2026-04-13 00:40:36.722 123135 DEBUG oslo_service.service [req-17f31f7d-d9b4-4e15-9d8f-b7570182e7c9 - - - - -] key_manager.backend = barbican log_opt_values /usr/lib/python3/dist-packages/oslo_config/cfg.py:2609
2026-04-13 00:40:36.723 123135 DEBUG oslo_service.service [req-17f31f7d-d9b4-4e15-9d8f-b7570182e7c9 - - - - -] key_manager.fixed_key = **** log_opt_values /usr/lib/python3/dist-packages/oslo_config/cfg.py:2609
2026-04-13 00:40:36.723 123135 DEBUG oslo_service.service [req-17f31f7d-d9b4-4e15-9d8f-b7570182e7c9 - - - - -] barbican.auth_endpoint = http://localhost/identity/v3 log_opt_values /usr/lib/python3/dist-packages/oslo_config/cfg.py:2609
2026-04-13 00:40:36.723 123135 DEBUG oslo_service.service [req-17f31f7d-d9b4-4e15-9d8f-b7570182e7c9 - - - - -] barbican.barbican_api_version = None log_opt_values /usr/lib/python3/dist-packages/oslo_config/cfg.py:2609
2026-04-13 00:40:36.723 123135 DEBUG oslo_service.service [req-17f31f7d-d9b4-4e15-9d8f-b7570182e7c9 - - - - -] barbican.barbican_endpoint = None log_opt_values /usr/lib/python3/dist-packages/oslo_config/cfg.py:2609
2026-04-13 00:40:36.724 123135 DEBUG oslo_service.service [req-17f31f7d-d9b4-4e15-9d8f-b7570182e7c9 - - - - -] barbican.barbican_endpoint_type = public log_opt_values /usr/lib/python3/dist-packages/oslo_config/cfg.py:2609
2026-04-13 00:40:36.724 123135 DEBUG oslo_service.service [req-17f31f7d-d9b4-4e15-9d8f-b7570182e7c9 - - - - -] barbican.barbican_region_name = None log_opt_values /usr/lib/python3/dist-packages/oslo_config/cfg.py:2609
2026-04-13 00:40:36.724 123135 DEBUG oslo_service.service [req-17f31f7d-d9b4-4e15-9d8f-b7570182e7c9 - - - - -] barbican.cafile = None log_opt_values /usr/lib/python3/dist-packages/oslo_config/cfg.py:2609
2026-04-13 00:40:36.724 123135 DEBUG oslo_service.service [req-17f31f7d-d9b4-4e15-9d8f-b7570182e7c9 - - - - -] barbican.certfile = None log_opt_values /usr/lib/python3/dist-packages/oslo_config/cfg.py:2609
2026-04-13 00:40:36.724 123135 DEBUG oslo_service.service [req-17f31f7d-d9b4-4e15-9d8f-b7570182e7c9 - - - - -] barbican.collect_timing = False log_opt_values /usr/lib/python3/dist-packages/oslo_config/cfg.py:2609
2026-04-13 00:40:36.725 123135 DEBUG oslo_service.service [req-17f31f7d-d9b4-4e15-9d8f-b7570182e7c9 - - - - -] barbican.insecure = False log_opt_values /usr/lib/python3/dist-packages/oslo_config/cfg.py:2609
2026-04-13 00:40:36.725 123135 DEBUG oslo_service.service [req-17f31f7d-d9b4-4e15-9d8f-b7570182e7c9 - - - - -] barbican.keyfile = None log_opt_values /usr/lib/python3/dist-packages/oslo_config/cfg.py:2609
2026-04-13 00:40:36.725 123135 DEBUG oslo_service.service [req-17f31f7d-d9b4-4e15-9d8f-b7570182e7c9 - - - - -] barbican.number_of_retries = 60 log_opt_values /usr/lib/python3/dist-packages/oslo_config/cfg.py:2609
2026-04-13 00:40:36.725 123135 DEBUG oslo_service.service [req-17f31f7d-d9b4-4e15-9d8f-b7570182e7c9 - - - - -] barbican.retry_delay = 1 log_opt_values /usr/lib/python3/dist-packages/oslo_config/cfg.py:2609
2026-04-13 00:40:36.725 123135 DEBUG oslo_service.service [req-17f31f7d-d9b4-4e15-9d8f-b7570182e7c9 - - - - -] barbican.send_service_user_token = False log_opt_values /usr/lib/python3/dist-packages/oslo_config/cfg.py:2609
2026-04-13 00:40:36.726 123135 DEBUG oslo_service.service [req-17f31f7d-d9b4-4e15-9d8f-b7570182e7c9 - - - - -] barbican.split_loggers = False log_opt_values /usr/lib/python3/dist-packages/oslo_config/cfg.py:2609
2026-04-13 00:40:36.726 123135 DEBUG oslo_service.service [req-17f31f7d-d9b4-4e15-9d8f-b7570182e7c9 - - - - -] barbican.timeout = None log_opt_values /usr/lib/python3/dist-packages/oslo_config/cfg.py:2609
2026-04-13 00:40:36.726 123135 DEBUG oslo_service.service [req-17f31f7d-d9b4-4e15-9d8f-b7570182e7c9 - - - - -] barbican.verify_ssl = True log_opt_values /usr/lib/python3/dist-packages/oslo_config/cfg.py:2609
2026-04-13 00:40:36.726 123135 DEBUG oslo_service.service [req-17f31f7d-d9b4-4e15-9d8f-b7570182e7c9 - - - - -] barbican.verify_ssl_path = None log_opt_values /usr/lib/python3/dist-packages/oslo_config/cfg.py:2609
2026-04-13 00:40:36.726 123135 DEBUG oslo_service.service [req-17f31f7d-d9b4-4e15-9d8f-b7570182e7c9 - - - - -] barbican_service_user.auth_section = None log_opt_values /usr/lib/python3/dist-packages/oslo_config/cfg.py:2609
2026-04-13 00:40:36.727 123135 DEBUG oslo_service.service [req-17f31f7d-d9b4-4e15-9d8f-b7570182e7c9 - - - - -] barbican_service_user.auth_type = None log_opt_values /usr/lib/python3/dist-packages/oslo_config/cfg.py:2609
2026-04-13 00:40:36.727 123135 DEBUG oslo_service.service [req-17f31f7d-d9b4-4e15-9d8f-b7570182e7c9 - - - - -] barbican_service_user.cafile = None log_opt_values /usr/lib/python3/dist-packages/oslo_config/cfg.py:2609
2026-04-13 00:40:36.727 123135 DEBUG oslo_service.service [req-17f31f7d-d9b4-4e15-9d8f-b7570182e7c9 - - - - -] barbican_service_user.certfile = None log_opt_values /usr/lib/python3/dist-packages/oslo_config/cfg.py:2609
2026-04-13 00:40:36.727 123135 DEBUG oslo_service.service [req-17f31f7d-d9b4-4e15-9d8f-b7570182e7c9 - - - - -] barbican_service_user.collect_timing = False log_opt_values /usr/lib/python3/dist-packages/oslo_config/cfg.py:2609
2026-04-13 00:40:36.727 123135 DEBUG oslo_service.service [req-17f31f7d-d9b4-4e15-9d8f-b7570182e7c9 - - - - -] barbican_service_user.insecure = False log_opt_values /usr/lib/python3/dist-packages/oslo_config/cfg.py:2609
2026-04-13 00:40:36.728 123135 DEBUG oslo_service.service [req-17f31f7d-d9b4-4e15-9d8f-b7570182e7c9 - - - - -] barbican_service_user.keyfile = None log_opt_values /usr/lib/python3/dist-packages/oslo_config/cfg.py:2609
2026-04-13 00:40:36.728 123135 DEBUG oslo_service.service [req-17f31f7d-d9b4-4e15-9d8f-b7570182e7c9 - - - - -] barbican_service_user.split_loggers = False log_opt_values /usr/lib/python3/dist-packages/oslo_config/cfg.py:2609
2026-04-13 00:40:36.728 123135 DEBUG oslo_service.service [req-17f31f7d-d9b4-4e15-9d8f-b7570182e7c9 - - - - -] barbican_service_user.timeout = None log_opt_values /usr/lib/python3/dist-packages/oslo_config/cfg.py:2609
2026-04-13 00:40:36.728 123135 DEBUG oslo_service.service [req-17f31f7d-d9b4-4e15-9d8f-b7570182e7c9 - - - - -] vault.approle_role_id = None log_opt_values /usr/lib/python3/dist-packages/oslo_config/cfg.py:2609
2026-04-13 00:40:36.728 123135 DEBUG oslo_service.service [req-17f31f7d-d9b4-4e15-9d8f-b7570182e7c9 - - - - -] vault.approle_secret_id = None log_opt_values /usr/lib/python3/dist-packages/oslo_config/cfg.py:2609
2026-04-13 00:40:36.729 123135 DEBUG oslo_service.service [req-17f31f7d-d9b4-4e15-9d8f-b7570182e7c9 - - - - -] vault.cafile = None log_opt_values /usr/lib/python3/dist-packages/oslo_config/cfg.py:2609
2026-04-13 00:40:36.729 123135 DEBUG oslo_service.service [req-17f31f7d-d9b4-4e15-9d8f-b7570182e7c9 - - - - -] vault.certfile = None log_opt_values /usr/lib/python3/dist-packages/oslo_config/cfg.py:2609
2026-04-13 00:40:36.729 123135 DEBUG oslo_service.service [req-17f31f7d-d9b4-4e15-9d8f-b7570182e7c9 - - - - -] vault.collect_timing = False log_opt_values /usr/lib/python3/dist-packages/oslo_config/cfg.py:2609
2026-04-13 00:40:36.729 123135 DEBUG oslo_service.service [req-17f31f7d-d9b4-4e15-9d8f-b7570182e7c9 - - - - -] vault.insecure = False log_opt_values /usr/lib/python3/dist-packages/oslo_config/cfg.py:2609
2026-04-13 00:40:36.729 123135 DEBUG oslo_service.service [req-17f31f7d-d9b4-4e15-9d8f-b7570182e7c9 - - - - -] vault.keyfile = None log_opt_values /usr/lib/python3/dist-packages/oslo_config/cfg.py:2609
2026-04-13 00:40:36.730 123135 DEBUG oslo_service.service [req-17f31f7d-d9b4-4e15-9d8f-b7570182e7c9 - - - - -] vault.kv_mountpoint = secret log_opt_values /usr/lib/python3/dist-packages/oslo_config/cfg.py:2609
2026-04-13 00:40:36.730 123135 DEBUG oslo_service.service [req-17f31f7d-d9b4-4e15-9d8f-b7570182e7c9 - - - - -] vault.kv_version = 2 log_opt_values /usr/lib/python3/dist-packages/oslo_config/cfg.py:2609
2026-04-13 00:40:36.730 123135 DEBUG oslo_service.service [req-17f31f7d-d9b4-4e15-9d8f-b7570182e7c9 - - - - -] vault.namespace = None log_opt_values /usr/lib/python3/dist-packages/oslo_config/cfg.py:2609
2026-04-13 00:40:36.730 123135 DEBUG oslo_service.service [req-17f31f7d-d9b4-4e15-9d8f-b7570182e7c9 - - - - -] vault.root_token_id = None log_opt_values /usr/lib/python3/dist-packages/oslo_config/cfg.py:2609
2026-04-13 00:40:36.730 123135 DEBUG oslo_service.service [req-17f31f7d-d9b4-4e15-9d8f-b7570182e7c9 - - - - -] vault.split_loggers = False log_opt_values /usr/lib/python3/dist-packages/oslo_config/cfg.py:2609
2026-04-13 00:40:36.731 123135 DEBUG oslo_service.service [req-17f31f7d-d9b4-4e15-9d8f-b7570182e7c9 - - - - -] vault.ssl_ca_crt_file = None log_opt_values /usr/lib/python3/dist-packages/oslo_config/cfg.py:2609
2026-04-13 00:40:36.731 123135 DEBUG oslo_service.service [req-17f31f7d-d9b4-4e15-9d8f-b7570182e7c9 - - - - -] vault.timeout = None log_opt_values /usr/lib/python3/dist-packages/oslo_config/cfg.py:2609
2026-04-13 00:40:36.731 123135 DEBUG oslo_service.service [req-17f31f7d-d9b4-4e15-9d8f-b7570182e7c9 - - - - -] vault.use_ssl = False log_opt_values /usr/lib/python3/dist-packages/oslo_config/cfg.py:2609
2026-04-13 00:40:36.731 123135 DEBUG oslo_service.service [req-17f31f7d-d9b4-4e15-9d8f-b7570182e7c9 - - - - -] vault.vault_url = http://127.0.0.1:8200 log_opt_values /usr/lib/python3/dist-packages/oslo_config/cfg.py:2609
2026-04-13 00:40:36.731 123135 DEBUG oslo_service.service [req-17f31f7d-d9b4-4e15-9d8f-b7570182e7c9 - - - - -] keystone.cafile = None log_opt_values /usr/lib/python3/dist-packages/oslo_config/cfg.py:2609
2026-04-13 00:40:36.732 123135 DEBUG oslo_service.service [req-17f31f7d-d9b4-4e15-9d8f-b7570182e7c9 - - - - -] keystone.certfile = None log_opt_values /usr/lib/python3/dist-packages/oslo_config/cfg.py:2609
2026-04-13 00:40:36.732 123135 DEBUG oslo_service.service [req-17f31f7d-d9b4-4e15-9d8f-b7570182e7c9 - - - - -] keystone.collect_timing = False log_opt_values /usr/lib/python3/dist-packages/oslo_config/cfg.py:2609
2026-04-13 00:40:36.732 123135 DEBUG oslo_service.service [req-17f31f7d-d9b4-4e15-9d8f-b7570182e7c9 - - - - -] keystone.connect_retries = None log_opt_values /usr/lib/python3/dist-packages/oslo_config/cfg.py:2609
2026-04-13 00:40:36.732 123135 DEBUG oslo_service.service [req-17f31f7d-d9b4-4e15-9d8f-b7570182e7c9 - - - - -] keystone.connect_retry_delay = None log_opt_values /usr/lib/python3/dist-packages/oslo_config/cfg.py:2609
2026-04-13 00:40:36.732 123135 DEBUG oslo_service.service [req-17f31f7d-d9b4-4e15-9d8f-b7570182e7c9 - - - - -] keystone.endpoint_override = None log_opt_values /usr/lib/python3/dist-packages/oslo_config/cfg.py:2609
2026-04-13 00:40:36.733 123135 DEBUG oslo_service.service [req-17f31f7d-d9b4-4e15-9d8f-b7570182e7c9 - - - - -] keystone.insecure = False log_opt_values /usr/lib/python3/dist-packages/oslo_config/cfg.py:2609
2026-04-13 00:40:36.733 123135 DEBUG oslo_service.service [req-17f31f7d-d9b4-4e15-9d8f-b7570182e7c9 - - - - -] keystone.keyfile = None log_opt_values /usr/lib/python3/dist-packages/oslo_config/cfg.py:2609
2026-04-13 00:40:36.733 123135 DEBUG oslo_service.service [req-17f31f7d-d9b4-4e15-9d8f-b7570182e7c9 - - - - -] keystone.max_version = None log_opt_values /usr/lib/python3/dist-packages/oslo_config/cfg.py:2609
2026-04-13 00:40:36.733 123135 DEBUG oslo_service.service [req-17f31f7d-d9b4-4e15-9d8f-b7570182e7c9 - - - - -] keystone.min_version = None log_opt_values /usr/lib/python3/dist-packages/oslo_config/cfg.py:2609
2026-04-13 00:40:36.733 123135 DEBUG oslo_service.service [req-17f31f7d-d9b4-4e15-9d8f-b7570182e7c9 - - - - -] keystone.region_name = None log_opt_values /usr/lib/python3/dist-packages/oslo_config/cfg.py:2609
2026-04-13 00:40:36.734 123135 DEBUG oslo_service.service [req-17f31f7d-d9b4-4e15-9d8f-b7570182e7c9 - - - - -] keystone.service_name = None log_opt_values /usr/lib/python3/dist-packages/oslo_config/cfg.py:2609
2026-04-13 00:40:36.734 123135 DEBUG oslo_service.service [req-17f31f7d-d9b4-4e15-9d8f-b7570182e7c9 - - - - -] keystone.service_type = identity log_opt_values /usr/lib/python3/dist-packages/oslo_config/cfg.py:2609
2026-04-13 00:40:36.734 123135 DEBUG oslo_service.service [req-17f31f7d-d9b4-4e15-9d8f-b7570182e7c9 - - - - -] keystone.split_loggers = False log_opt_values /usr/lib/python3/dist-packages/oslo_config/cfg.py:2609
2026-04-13 00:40:36.734 123135 DEBUG oslo_service.service [req-17f31f7d-d9b4-4e15-9d8f-b7570182e7c9 - - - - -] keystone.status_code_retries = None log_opt_values /usr/lib/python3/dist-packages/oslo_config/cfg.py:2609
2026-04-13 00:40:36.734 123135 DEBUG oslo_service.service [req-17f31f7d-d9b4-4e15-9d8f-b7570182e7c9 - - - - -] keystone.status_code_retry_delay = None log_opt_values /usr/lib/python3/dist-packages/oslo_config/cfg.py:2609
2026-04-13 00:40:36.735 123135 DEBUG oslo_service.service [req-17f31f7d-d9b4-4e15-9d8f-b7570182e7c9 - - - - -] keystone.timeout = None log_opt_values /usr/lib/python3/dist-packages/oslo_config/cfg.py:2609
2026-04-13 00:40:36.735 123135 DEBUG oslo_service.service [req-17f31f7d-d9b4-4e15-9d8f-b7570182e7c9 - - - - -] keystone.valid_interfaces = ['internal', 'public'] log_opt_values /usr/lib/python3/dist-packages/oslo_config/cfg.py:2609
2026-04-13 00:40:36.735 123135 DEBUG oslo_service.service [req-17f31f7d-d9b4-4e15-9d8f-b7570182e7c9 - - - - -] keystone.version = None log_opt_values /usr/lib/python3/dist-packages/oslo_config/cfg.py:2609
2026-04-13 00:40:36.735 123135 DEBUG oslo_service.service [req-17f31f7d-d9b4-4e15-9d8f-b7570182e7c9 - - - - -] libvirt.connection_uri = log_opt_values /usr/lib/python3/dist-packages/oslo_config/cfg.py:2609
2026-04-13 00:40:36.736 123135 DEBUG oslo_service.service [req-17f31f7d-d9b4-4e15-9d8f-b7570182e7c9 - - - - -] libvirt.cpu_mode = None log_opt_values /usr/lib/python3/dist-packages/oslo_config/cfg.py:2609
2026-04-13 00:40:36.736 123135 DEBUG oslo_service.service [req-17f31f7d-d9b4-4e15-9d8f-b7570182e7c9 - - - - -] libvirt.cpu_model_extra_flags = [] log_opt_values /usr/lib/python3/dist-packages/oslo_config/cfg.py:2609
2026-04-13 00:40:36.736 123135 DEBUG oslo_service.service [req-17f31f7d-d9b4-4e15-9d8f-b7570182e7c9 - - - - -] libvirt.cpu_models = [] log_opt_values /usr/lib/python3/dist-packages/oslo_config/cfg.py:2609
2026-04-13 00:40:36.736 123135 DEBUG oslo_service.service [req-17f31f7d-d9b4-4e15-9d8f-b7570182e7c9 - - - - -] libvirt.device_detach_attempts = 8 log_opt_values /usr/lib/python3/dist-packages/oslo_config/cfg.py:2609
2026-04-13 00:40:36.736 123135 DEBUG oslo_service.service [req-17f31f7d-d9b4-4e15-9d8f-b7570182e7c9 - - - - -] libvirt.device_detach_timeout = 20 log_opt_values /usr/lib/python3/dist-packages/oslo_config/cfg.py:2609
2026-04-13 00:40:36.735 123923 DEBUG oslo_messaging._drivers.amqpdriver [req-060616ef-d2af-4862-9da2-a1552a0cf11b - - - - -] sending reply msg_id: 679366a4bf9f4885a5e1d13fe56dceac reply queue: reply_eb75ae5732f9431b9bae50b94f6a3eac time elapsed: 0.03366037900013907s _send_reply /usr/lib/python3/dist-packages/oslo_messaging/_drivers/amqpdriver.py:118
2026-04-13 00:40:36.737 123135 DEBUG oslo_service.service [req-17f31f7d-d9b4-4e15-9d8f-b7570182e7c9 - - - - -] libvirt.disk_cachemodes = [] log_opt_values /usr/lib/python3/dist-packages/oslo_config/cfg.py:2609
2026-04-13 00:40:36.737 123135 DEBUG oslo_service.service [req-17f31f7d-d9b4-4e15-9d8f-b7570182e7c9 - - - - -] libvirt.disk_prefix = None log_opt_values /usr/lib/python3/dist-packages/oslo_config/cfg.py:2609
2026-04-13 00:40:36.737 123135 DEBUG oslo_service.service [req-17f31f7d-d9b4-4e15-9d8f-b7570182e7c9 - - - - -] libvirt.enabled_perf_events = [] log_opt_values /usr/lib/python3/dist-packages/oslo_config/cfg.py:2609
2026-04-13 00:40:36.737 123135 DEBUG oslo_service.service [req-17f31f7d-d9b4-4e15-9d8f-b7570182e7c9 - - - - -] libvirt.file_backed_memory = 0 log_opt_values /usr/lib/python3/dist-packages/oslo_config/cfg.py:2609
2026-04-13 00:40:36.737 123135 DEBUG oslo_service.service [req-17f31f7d-d9b4-4e15-9d8f-b7570182e7c9 - - - - -] libvirt.gid_maps = [] log_opt_values /usr/lib/python3/dist-packages/oslo_config/cfg.py:2609
2026-04-13 00:40:36.738 123135 DEBUG oslo_service.service [req-17f31f7d-d9b4-4e15-9d8f-b7570182e7c9 - - - - -] libvirt.hw_disk_discard = None log_opt_values /usr/lib/python3/dist-packages/oslo_config/cfg.py:2609
2026-04-13 00:40:36.738 123135 DEBUG oslo_service.service [req-17f31f7d-d9b4-4e15-9d8f-b7570182e7c9 - - - - -] libvirt.hw_machine_type = None log_opt_values /usr/lib/python3/dist-packages/oslo_config/cfg.py:2609
2026-04-13 00:40:36.738 123135 DEBUG oslo_service.service [req-17f31f7d-d9b4-4e15-9d8f-b7570182e7c9 - - - - -] libvirt.images_rbd_ceph_conf = log_opt_values /usr/lib/python3/dist-packages/oslo_config/cfg.py:2609
2026-04-13 00:40:36.738 123135 DEBUG oslo_service.service [req-17f31f7d-d9b4-4e15-9d8f-b7570182e7c9 - - - - -] libvirt.images_rbd_glance_copy_poll_interval = 15 log_opt_values /usr/lib/python3/dist-packages/oslo_config/cfg.py:2609
2026-04-13 00:40:36.739 123135 DEBUG oslo_service.service [req-17f31f7d-d9b4-4e15-9d8f-b7570182e7c9 - - - - -] libvirt.images_rbd_glance_copy_timeout = 600 log_opt_values /usr/lib/python3/dist-packages/oslo_config/cfg.py:2609
2026-04-13 00:40:36.739 123135 DEBUG oslo_service.service [req-17f31f7d-d9b4-4e15-9d8f-b7570182e7c9 - - - - -] libvirt.images_rbd_glance_store_name = log_opt_values /usr/lib/python3/dist-packages/oslo_config/cfg.py:2609
2026-04-13 00:40:36.739 123135 DEBUG oslo_service.service [req-17f31f7d-d9b4-4e15-9d8f-b7570182e7c9 - - - - -] libvirt.images_rbd_pool = rbd log_opt_values /usr/lib/python3/dist-packages/oslo_config/cfg.py:2609
2026-04-13 00:40:36.739 123135 DEBUG oslo_service.service [req-17f31f7d-d9b4-4e15-9d8f-b7570182e7c9 - - - - -] libvirt.images_type = default log_opt_values /usr/lib/python3/dist-packages/oslo_config/cfg.py:2609
2026-04-13 00:40:36.739 123135 DEBUG oslo_service.service [req-17f31f7d-d9b4-4e15-9d8f-b7570182e7c9 - - - - -] libvirt.images_volume_group = None log_opt_values /usr/lib/python3/dist-packages/oslo_config/cfg.py:2609
2026-04-13 00:40:36.740 123135 DEBUG oslo_service.service [req-17f31f7d-d9b4-4e15-9d8f-b7570182e7c9 - - - - -] libvirt.inject_key = False log_opt_values /usr/lib/python3/dist-packages/oslo_config/cfg.py:2609
2026-04-13 00:40:36.740 123135 DEBUG oslo_service.service [req-17f31f7d-d9b4-4e15-9d8f-b7570182e7c9 - - - - -] libvirt.inject_partition = -2 log_opt_values /usr/lib/python3/dist-packages/oslo_config/cfg.py:2609
2026-04-13 00:40:36.740 123135 DEBUG oslo_service.service [req-17f31f7d-d9b4-4e15-9d8f-b7570182e7c9 - - - - -] libvirt.inject_password = False log_opt_values /usr/lib/python3/dist-packages/oslo_config/cfg.py:2609
2026-04-13 00:40:36.740 123135 DEBUG oslo_service.service [req-17f31f7d-d9b4-4e15-9d8f-b7570182e7c9 - - - - -] libvirt.iscsi_iface = None log_opt_values /usr/lib/python3/dist-packages/oslo_config/cfg.py:2609
2026-04-13 00:40:36.740 123135 DEBUG oslo_service.service [req-17f31f7d-d9b4-4e15-9d8f-b7570182e7c9 - - - - -] libvirt.iser_use_multipath = False log_opt_values /usr/lib/python3/dist-packages/oslo_config/cfg.py:2609
2026-04-13 00:40:36.741 123135 DEBUG oslo_service.service [req-17f31f7d-d9b4-4e15-9d8f-b7570182e7c9 - - - - -] libvirt.live_migration_bandwidth = 0 log_opt_values /usr/lib/python3/dist-packages/oslo_config/cfg.py:2609
2026-04-13 00:40:36.741 123135 DEBUG oslo_service.service [req-17f31f7d-d9b4-4e15-9d8f-b7570182e7c9 - - - - -] libvirt.live_migration_completion_timeout = 800 log_opt_values /usr/lib/python3/dist-packages/oslo_config/cfg.py:2609
2026-04-13 00:40:36.741 123135 DEBUG oslo_service.service [req-17f31f7d-d9b4-4e15-9d8f-b7570182e7c9 - - - - -] libvirt.live_migration_downtime = 500 log_opt_values /usr/lib/python3/dist-packages/oslo_config/cfg.py:2609
2026-04-13 00:40:36.741 123135 DEBUG oslo_service.service [req-17f31f7d-d9b4-4e15-9d8f-b7570182e7c9 - - - - -] libvirt.live_migration_downtime_delay = 75 log_opt_values /usr/lib/python3/dist-packages/oslo_config/cfg.py:2609
2026-04-13 00:40:36.741 123135 DEBUG oslo_service.service [req-17f31f7d-d9b4-4e15-9d8f-b7570182e7c9 - - - - -] libvirt.live_migration_downtime_steps = 10 log_opt_values /usr/lib/python3/dist-packages/oslo_config/cfg.py:2609
2026-04-13 00:40:36.742 123135 DEBUG oslo_service.service [req-17f31f7d-d9b4-4e15-9d8f-b7570182e7c9 - - - - -] libvirt.live_migration_inbound_addr = None log_opt_values /usr/lib/python3/dist-packages/oslo_config/cfg.py:2609
2026-04-13 00:40:36.742 123135 DEBUG oslo_service.service [req-17f31f7d-d9b4-4e15-9d8f-b7570182e7c9 - - - - -] libvirt.live_migration_permit_auto_converge = False log_opt_values /usr/lib/python3/dist-packages/oslo_config/cfg.py:2609
2026-04-13 00:40:36.742 123135 DEBUG oslo_service.service [req-17f31f7d-d9b4-4e15-9d8f-b7570182e7c9 - - - - -] libvirt.live_migration_permit_post_copy = False log_opt_values /usr/lib/python3/dist-packages/oslo_config/cfg.py:2609
2026-04-13 00:40:36.742 123135 DEBUG oslo_service.service [req-17f31f7d-d9b4-4e15-9d8f-b7570182e7c9 - - - - -] libvirt.live_migration_scheme = None log_opt_values /usr/lib/python3/dist-packages/oslo_config/cfg.py:2609
2026-04-13 00:40:36.742 123135 DEBUG oslo_service.service [req-17f31f7d-d9b4-4e15-9d8f-b7570182e7c9 - - - - -] libvirt.live_migration_timeout_action = abort log_opt_values /usr/lib/python3/dist-packages/oslo_config/cfg.py:2609
2026-04-13 00:40:36.743 123135 DEBUG oslo_service.service [req-17f31f7d-d9b4-4e15-9d8f-b7570182e7c9 - - - - -] libvirt.live_migration_tunnelled = False log_opt_values /usr/lib/python3/dist-packages/oslo_config/cfg.py:2609
2026-04-13 00:40:36.743 123915 DEBUG oslo_messaging._drivers.amqpdriver [-] Listener is running poll /usr/lib/python3/dist-packages/oslo_messaging/_drivers/amqpdriver.py:343
2026-04-13 00:40:36.743 123135 DEBUG oslo_service.service [req-17f31f7d-d9b4-4e15-9d8f-b7570182e7c9 - - - - -] libvirt.live_migration_uri = None log_opt_values /usr/lib/python3/dist-packages/oslo_config/cfg.py:2609
2026-04-13 00:40:36.743 123915 DEBUG oslo_messaging._drivers.amqpdriver [-] AMQPListener connection consume poll /usr/lib/python3/dist-packages/oslo_messaging/_drivers/amqpdriver.py:357
2026-04-13 00:40:36.743 123135 DEBUG oslo_service.service [req-17f31f7d-d9b4-4e15-9d8f-b7570182e7c9 - - - - -] libvirt.live_migration_with_native_tls = False log_opt_values /usr/lib/python3/dist-packages/oslo_config/cfg.py:2609
2026-04-13 00:40:36.743 123135 DEBUG oslo_service.service [req-17f31f7d-d9b4-4e15-9d8f-b7570182e7c9 - - - - -] libvirt.max_queues = None log_opt_values /usr/lib/python3/dist-packages/oslo_config/cfg.py:2609
2026-04-13 00:40:36.743 123135 DEBUG oslo_service.service [req-17f31f7d-d9b4-4e15-9d8f-b7570182e7c9 - - - - -] libvirt.mem_stats_period_seconds = 10 log_opt_values /usr/lib/python3/dist-packages/oslo_config/cfg.py:2609
2026-04-13 00:40:36.743 123923 DEBUG oslo_messaging._drivers.amqpdriver [-] received message msg_id: 3e2ef2233cdf4899a3c590ab33665540 reply to reply_eb75ae5732f9431b9bae50b94f6a3eac __call__ /usr/lib/python3/dist-packages/oslo_messaging/_drivers/amqpdriver.py:320
2026-04-13 00:40:36.743 123915 DEBUG nova.service [req-af1bf501-e288-4934-87bf-bda485bbda0a - - - - -] Join ServiceGroup membership for this service conductor start /usr/lib/python3/dist-packages/nova/service.py:199
2026-04-13 00:40:36.744 123135 DEBUG oslo_service.service [req-17f31f7d-d9b4-4e15-9d8f-b7570182e7c9 - - - - -] libvirt.nfs_mount_options = None log_opt_values /usr/lib/python3/dist-packages/oslo_config/cfg.py:2609
2026-04-13 00:40:36.744 123923 DEBUG oslo_messaging._drivers.amqpdriver [-] Listener is running poll /usr/lib/python3/dist-packages/oslo_messaging/_drivers/amqpdriver.py:343
2026-04-13 00:40:36.744 123915 DEBUG nova.servicegroup.drivers.db [req-af1bf501-e288-4934-87bf-bda485bbda0a - - - - -] DB_Driver: join new ServiceGroup member juju-048803-0-lxd-7 to the conductor group, service = join /usr/lib/python3/dist-packages/nova/servicegroup/drivers/db.py:44
2026-04-13 00:40:36.744 123135 DEBUG oslo_service.service [req-17f31f7d-d9b4-4e15-9d8f-b7570182e7c9 - - - - -] libvirt.nfs_mount_point_base = /var/lib/nova/mnt log_opt_values /usr/lib/python3/dist-packages/oslo_config/cfg.py:2609
