2026-04-09 00:39:52.504 168273 DEBUG nova.scheduler.host_manager [req-137a1dee-f005-4018-b3bf-cbc143479479 - - - - -] Adding 0 instances for hosts 10-20 _async_init_instance_info /usr/lib/python3/dist-packages/nova/scheduler/host_manager.py:443
2026-04-09 00:39:52.504 168273 DEBUG nova.scheduler.host_manager [req-137a1dee-f005-4018-b3bf-cbc143479479 - - - - -] END:_async_init_instance_info _async_init_instance_info /usr/lib/python3/dist-packages/nova/scheduler/host_manager.py:454
2026-04-09 00:39:52.916 168273 DEBUG nova.context [req-81010e17-0f00-4f9c-afb8-7d98c1597ee4 - - - - -] Found 2 cells: 00000000-0000-0000-0000-000000000000(cell0),1d308587-779d-4861-920c-6c9b02613b4c(cell1) load_cells /usr/lib/python3/dist-packages/nova/context.py:464
2026-04-09 00:39:52.916 168273 DEBUG oslo_concurrency.lockutils [req-62567219-ecd9-4b97-9f4d-fee2a0062d9f - - - - -] Lock "00000000-0000-0000-0000-000000000000" acquired by "nova.context.set_target_cell..get_or_set_cached_cell_and_set_connections" :: waited 0.000s inner /usr/lib/python3/dist-packages/oslo_concurrency/lockutils.py:386
2026-04-09 00:39:52.917 168273 DEBUG oslo_concurrency.lockutils [req-62567219-ecd9-4b97-9f4d-fee2a0062d9f - - - - -] Lock "00000000-0000-0000-0000-000000000000" "released" by "nova.context.set_target_cell..get_or_set_cached_cell_and_set_connections" :: held 0.001s inner /usr/lib/python3/dist-packages/oslo_concurrency/lockutils.py:400
2026-04-09 00:39:52.918 168273 DEBUG oslo_concurrency.lockutils [req-62567219-ecd9-4b97-9f4d-fee2a0062d9f - - - - -] Lock "1d308587-779d-4861-920c-6c9b02613b4c" acquired by "nova.context.set_target_cell..get_or_set_cached_cell_and_set_connections" :: waited 0.000s inner /usr/lib/python3/dist-packages/oslo_concurrency/lockutils.py:386
2026-04-09 00:39:52.918 168273 DEBUG oslo_concurrency.lockutils [req-62567219-ecd9-4b97-9f4d-fee2a0062d9f - - - - -] Lock "1d308587-779d-4861-920c-6c9b02613b4c" "released" by "nova.context.set_target_cell..get_or_set_cached_cell_and_set_connections" :: held 0.000s inner /usr/lib/python3/dist-packages/oslo_concurrency/lockutils.py:400
2026-04-09 00:39:52.928 168273 DEBUG oslo_db.sqlalchemy.engines [req-62567219-ecd9-4b97-9f4d-fee2a0062d9f - - - - -] MySQL server mode set to STRICT_TRANS_TABLES,STRICT_ALL_TABLES,NO_ZERO_IN_DATE,NO_ZERO_DATE,ERROR_FOR_DIVISION_BY_ZERO,TRADITIONAL,NO_ENGINE_SUBSTITUTION _check_effective_sql_mode /usr/lib/python3/dist-packages/oslo_db/sqlalchemy/engines.py:314
2026-04-09 00:39:52.938 168273 DEBUG oslo_concurrency.lockutils [req-62567219-ecd9-4b97-9f4d-fee2a0062d9f - - - - -] Acquired lock "singleton_lock" lock /usr/lib/python3/dist-packages/oslo_concurrency/lockutils.py:294
2026-04-09 00:39:52.939 168273 DEBUG oslo_concurrency.lockutils [req-62567219-ecd9-4b97-9f4d-fee2a0062d9f - - - - -] Releasing lock "singleton_lock" lock /usr/lib/python3/dist-packages/oslo_concurrency/lockutils.py:312
2026-04-09 00:39:52.940 168273 INFO oslo_service.service [req-62567219-ecd9-4b97-9f4d-fee2a0062d9f - - - - -] Starting 4 workers
2026-04-09 00:39:52.944 168273 DEBUG oslo_service.service [req-62567219-ecd9-4b97-9f4d-fee2a0062d9f - - - - -] Started child 168707 _start_child /usr/lib/python3/dist-packages/oslo_service/service.py:575
2026-04-09 00:39:52.948 168707 INFO nova.service [-] Starting scheduler node (version 25.2.1)
2026-04-09 00:39:52.949 168273 DEBUG oslo_service.service [req-62567219-ecd9-4b97-9f4d-fee2a0062d9f - - - - -] Started child 168708 _start_child /usr/lib/python3/dist-packages/oslo_service/service.py:575
2026-04-09 00:39:52.954 168708 INFO nova.service [-] Starting scheduler node (version 25.2.1)
2026-04-09 00:39:52.954 168273 DEBUG oslo_service.service [req-62567219-ecd9-4b97-9f4d-fee2a0062d9f - - - - -] Started child 168709 _start_child /usr/lib/python3/dist-packages/oslo_service/service.py:575
2026-04-09 00:39:52.960 168709 INFO nova.service [-] Starting scheduler node (version 25.2.1)
2026-04-09 00:39:52.961 168707 DEBUG oslo_db.sqlalchemy.engines [req-6db3a1f3-b3a9-4951-8060-e87a9825d612 - - - - -] MySQL server mode set to STRICT_TRANS_TABLES,STRICT_ALL_TABLES,NO_ZERO_IN_DATE,NO_ZERO_DATE,ERROR_FOR_DIVISION_BY_ZERO,TRADITIONAL,NO_ENGINE_SUBSTITUTION _check_effective_sql_mode /usr/lib/python3/dist-packages/oslo_db/sqlalchemy/engines.py:314
2026-04-09 00:39:52.966 168708 DEBUG oslo_db.sqlalchemy.engines [req-83533c4e-138e-4d28-94b9-9a8d6dfd549c - - - - -] MySQL server mode set to STRICT_TRANS_TABLES,STRICT_ALL_TABLES,NO_ZERO_IN_DATE,NO_ZERO_DATE,ERROR_FOR_DIVISION_BY_ZERO,TRADITIONAL,NO_ENGINE_SUBSTITUTION _check_effective_sql_mode /usr/lib/python3/dist-packages/oslo_db/sqlalchemy/engines.py:314
2026-04-09 00:39:52.963 168273 DEBUG oslo_service.service [req-62567219-ecd9-4b97-9f4d-fee2a0062d9f - - - - -] Started child 168710 _start_child /usr/lib/python3/dist-packages/oslo_service/service.py:575
2026-04-09 00:39:52.968 168710 INFO nova.service [-] Starting scheduler node (version 25.2.1)
2026-04-09 00:39:52.969 168273 DEBUG oslo_service.service [req-62567219-ecd9-4b97-9f4d-fee2a0062d9f - - - - -] Full set of CONF: wait /usr/lib/python3/dist-packages/oslo_service/service.py:649
2026-04-09 00:39:52.969 168273 DEBUG oslo_service.service [req-62567219-ecd9-4b97-9f4d-fee2a0062d9f - - - - -] ******************************************************************************** log_opt_values /usr/lib/python3/dist-packages/oslo_config/cfg.py:2589
2026-04-09 00:39:52.970 168273 DEBUG oslo_service.service [req-62567219-ecd9-4b97-9f4d-fee2a0062d9f - - - - -] Configuration options gathered from: log_opt_values /usr/lib/python3/dist-packages/oslo_config/cfg.py:2590
2026-04-09 00:39:52.970 168273 DEBUG oslo_service.service [req-62567219-ecd9-4b97-9f4d-fee2a0062d9f - - - - -] command line args: ['--config-file=/etc/nova/nova.conf', '--log-file=/var/log/nova/nova-scheduler.log'] log_opt_values /usr/lib/python3/dist-packages/oslo_config/cfg.py:2591
2026-04-09 00:39:52.970 168273 DEBUG oslo_service.service [req-62567219-ecd9-4b97-9f4d-fee2a0062d9f - - - - -] config files: ['/etc/nova/nova.conf'] log_opt_values /usr/lib/python3/dist-packages/oslo_config/cfg.py:2592
2026-04-09 00:39:52.970 168273 DEBUG oslo_service.service [req-62567219-ecd9-4b97-9f4d-fee2a0062d9f - - - - -] ================================================================================ log_opt_values /usr/lib/python3/dist-packages/oslo_config/cfg.py:2594
2026-04-09 00:39:52.971 168273 DEBUG oslo_service.service [req-62567219-ecd9-4b97-9f4d-fee2a0062d9f - - - - -] allow_resize_to_same_host = False log_opt_values /usr/lib/python3/dist-packages/oslo_config/cfg.py:2602
2026-04-09 00:39:52.971 168273 DEBUG oslo_service.service [req-62567219-ecd9-4b97-9f4d-fee2a0062d9f - - - - -] arq_binding_timeout = 300 log_opt_values /usr/lib/python3/dist-packages/oslo_config/cfg.py:2602
2026-04-09 00:39:52.972 168273 DEBUG oslo_service.service [req-62567219-ecd9-4b97-9f4d-fee2a0062d9f - - - - -] block_device_allocate_retries = 60 log_opt_values /usr/lib/python3/dist-packages/oslo_config/cfg.py:2602
2026-04-09 00:39:52.972 168273 DEBUG oslo_service.service [req-62567219-ecd9-4b97-9f4d-fee2a0062d9f - - - - -] block_device_allocate_retries_interval = 3 log_opt_values /usr/lib/python3/dist-packages/oslo_config/cfg.py:2602
2026-04-09 00:39:52.972 168273 DEBUG oslo_service.service [req-62567219-ecd9-4b97-9f4d-fee2a0062d9f - - - - -] cert = self.pem log_opt_values /usr/lib/python3/dist-packages/oslo_config/cfg.py:2602
2026-04-09 00:39:52.973 168273 DEBUG oslo_service.service [req-62567219-ecd9-4b97-9f4d-fee2a0062d9f - - - - -] compute_driver = libvirt.LibvirtDriver log_opt_values /usr/lib/python3/dist-packages/oslo_config/cfg.py:2602
2026-04-09 00:39:52.973 168273 DEBUG oslo_service.service [req-62567219-ecd9-4b97-9f4d-fee2a0062d9f - - - - -] compute_monitors = [] log_opt_values /usr/lib/python3/dist-packages/oslo_config/cfg.py:2602
2026-04-09 00:39:52.973 168273 DEBUG oslo_service.service [req-62567219-ecd9-4b97-9f4d-fee2a0062d9f - - - - -] config_dir = [] log_opt_values /usr/lib/python3/dist-packages/oslo_config/cfg.py:2602
2026-04-09 00:39:52.973 168273 DEBUG oslo_service.service [req-62567219-ecd9-4b97-9f4d-fee2a0062d9f - - - - -] config_drive_format = iso9660 log_opt_values /usr/lib/python3/dist-packages/oslo_config/cfg.py:2602
2026-04-09 00:39:52.974 168273 DEBUG oslo_service.service [req-62567219-ecd9-4b97-9f4d-fee2a0062d9f - - - - -] config_file = ['/etc/nova/nova.conf'] log_opt_values /usr/lib/python3/dist-packages/oslo_config/cfg.py:2602
2026-04-09 00:39:52.974 168273 DEBUG oslo_service.service [req-62567219-ecd9-4b97-9f4d-fee2a0062d9f - - - - -] config_source = [] log_opt_values /usr/lib/python3/dist-packages/oslo_config/cfg.py:2602
2026-04-09 00:39:52.974 168273 DEBUG oslo_service.service [req-62567219-ecd9-4b97-9f4d-fee2a0062d9f - - - - -] console_host = juju-bcfe63-0-lxd-7 log_opt_values /usr/lib/python3/dist-packages/oslo_config/cfg.py:2602
2026-04-09 00:39:52.974 168273 DEBUG oslo_service.service [req-62567219-ecd9-4b97-9f4d-fee2a0062d9f - - - - -] control_exchange = nova log_opt_values /usr/lib/python3/dist-packages/oslo_config/cfg.py:2602
2026-04-09 00:39:52.974 168273 DEBUG oslo_service.service [req-62567219-ecd9-4b97-9f4d-fee2a0062d9f - - - - -] cpu_allocation_ratio = 2.0 log_opt_values /usr/lib/python3/dist-packages/oslo_config/cfg.py:2602
2026-04-09 00:39:52.975 168273 DEBUG oslo_service.service [req-62567219-ecd9-4b97-9f4d-fee2a0062d9f - - - - -] daemon = False log_opt_values /usr/lib/python3/dist-packages/oslo_config/cfg.py:2602
2026-04-09 00:39:52.975 168273 DEBUG oslo_service.service [req-62567219-ecd9-4b97-9f4d-fee2a0062d9f - - - - -] debug = True log_opt_values /usr/lib/python3/dist-packages/oslo_config/cfg.py:2602
2026-04-09 00:39:52.975 168273 DEBUG oslo_service.service [req-62567219-ecd9-4b97-9f4d-fee2a0062d9f - - - - -] default_access_ip_network_name = None log_opt_values /usr/lib/python3/dist-packages/oslo_config/cfg.py:2602
2026-04-09 00:39:52.975 168709 DEBUG oslo_db.sqlalchemy.engines [req-ec7f6d70-9c9d-4914-b084-e032d0f6a093 - - - - -] MySQL server mode set to STRICT_TRANS_TABLES,STRICT_ALL_TABLES,NO_ZERO_IN_DATE,NO_ZERO_DATE,ERROR_FOR_DIVISION_BY_ZERO,TRADITIONAL,NO_ENGINE_SUBSTITUTION _check_effective_sql_mode /usr/lib/python3/dist-packages/oslo_db/sqlalchemy/engines.py:314
2026-04-09 00:39:52.975 168273 DEBUG oslo_service.service [req-62567219-ecd9-4b97-9f4d-fee2a0062d9f - - - - -] default_availability_zone = nova log_opt_values /usr/lib/python3/dist-packages/oslo_config/cfg.py:2602
2026-04-09 00:39:52.976 168273 DEBUG oslo_service.service [req-62567219-ecd9-4b97-9f4d-fee2a0062d9f - - - - -] default_ephemeral_format = None log_opt_values /usr/lib/python3/dist-packages/oslo_config/cfg.py:2602
2026-04-09 00:39:52.976 168273 DEBUG oslo_service.service [req-62567219-ecd9-4b97-9f4d-fee2a0062d9f - - - - -] default_log_levels = ['amqp=WARN', 'amqplib=WARN', 'boto=WARN', 'qpid=WARN', 'sqlalchemy=WARN', 'suds=INFO', 'oslo.messaging=INFO', 'oslo_messaging=DEBUG', 'iso8601=WARN', 'requests.packages.urllib3.connectionpool=WARN', 'urllib3.connectionpool=WARN', 'websocket=WARN', 'requests.packages.urllib3.util.retry=WARN', 'urllib3.util.retry=WARN', 'keystonemiddleware=WARN', 'routes.middleware=WARN', 'stevedore=WARN', 'taskflow=WARN', 'keystoneauth=WARN', 'oslo.cache=INFO', 'dogpile.core.dogpile=INFO', 'glanceclient=WARN', 'oslo.privsep.daemon=INFO'] log_opt_values /usr/lib/python3/dist-packages/oslo_config/cfg.py:2602
2026-04-09 00:39:52.977 168273 DEBUG oslo_service.service [req-62567219-ecd9-4b97-9f4d-fee2a0062d9f - - - - -] default_schedule_zone = None log_opt_values /usr/lib/python3/dist-packages/oslo_config/cfg.py:2602
2026-04-09 00:39:52.977 168273 DEBUG oslo_service.service [req-62567219-ecd9-4b97-9f4d-fee2a0062d9f - - - - -] disk_allocation_ratio = 1.0 log_opt_values /usr/lib/python3/dist-packages/oslo_config/cfg.py:2602
2026-04-09 00:39:52.977 168273 DEBUG oslo_service.service [req-62567219-ecd9-4b97-9f4d-fee2a0062d9f - - - - -] enable_new_services = True log_opt_values /usr/lib/python3/dist-packages/oslo_config/cfg.py:2602
2026-04-09 00:39:52.977 168273 DEBUG oslo_service.service [req-62567219-ecd9-4b97-9f4d-fee2a0062d9f - - - - -] enabled_apis = ['osapi_compute', 'metadata'] log_opt_values /usr/lib/python3/dist-packages/oslo_config/cfg.py:2602
2026-04-09 00:39:52.978 168273 DEBUG oslo_service.service [req-62567219-ecd9-4b97-9f4d-fee2a0062d9f - - - - -] enabled_ssl_apis = [] log_opt_values /usr/lib/python3/dist-packages/oslo_config/cfg.py:2602
2026-04-09 00:39:52.978 168273 DEBUG oslo_service.service [req-62567219-ecd9-4b97-9f4d-fee2a0062d9f - - - - -] fatal_deprecations = False log_opt_values /usr/lib/python3/dist-packages/oslo_config/cfg.py:2602
2026-04-09 00:39:52.978 168273 DEBUG oslo_service.service [req-62567219-ecd9-4b97-9f4d-fee2a0062d9f - - - - -] flat_injected = False log_opt_values /usr/lib/python3/dist-packages/oslo_config/cfg.py:2602
2026-04-09 00:39:52.978 168273 DEBUG oslo_service.service [req-62567219-ecd9-4b97-9f4d-fee2a0062d9f - - - - -] force_config_drive = False log_opt_values /usr/lib/python3/dist-packages/oslo_config/cfg.py:2602
2026-04-09 00:39:52.978 168707 DEBUG nova.service [req-6db3a1f3-b3a9-4951-8060-e87a9825d612 - - - - -] Creating RPC server for service scheduler start /usr/lib/python3/dist-packages/nova/service.py:182
2026-04-09 00:39:52.978 168273 DEBUG oslo_service.service [req-62567219-ecd9-4b97-9f4d-fee2a0062d9f - - - - -] force_raw_images = True log_opt_values /usr/lib/python3/dist-packages/oslo_config/cfg.py:2602
2026-04-09 00:39:52.979 168273 DEBUG oslo_service.service [req-62567219-ecd9-4b97-9f4d-fee2a0062d9f - - - - -] graceful_shutdown_timeout = 60 log_opt_values /usr/lib/python3/dist-packages/oslo_config/cfg.py:2602
2026-04-09 00:39:52.979 168273 DEBUG oslo_service.service [req-62567219-ecd9-4b97-9f4d-fee2a0062d9f - - - - -] heal_instance_info_cache_interval = 60 log_opt_values /usr/lib/python3/dist-packages/oslo_config/cfg.py:2602
2026-04-09 00:39:52.979 168273 DEBUG oslo_service.service [req-62567219-ecd9-4b97-9f4d-fee2a0062d9f - - - - -] host = juju-bcfe63-0-lxd-7 log_opt_values /usr/lib/python3/dist-packages/oslo_config/cfg.py:2602
2026-04-09 00:39:52.980 168273 DEBUG oslo_service.service [req-62567219-ecd9-4b97-9f4d-fee2a0062d9f - - - - -] initial_cpu_allocation_ratio = 16.0 log_opt_values /usr/lib/python3/dist-packages/oslo_config/cfg.py:2602
2026-04-09 00:39:52.980 168273 DEBUG oslo_service.service [req-62567219-ecd9-4b97-9f4d-fee2a0062d9f - - - - -] initial_disk_allocation_ratio = 1.0 log_opt_values /usr/lib/python3/dist-packages/oslo_config/cfg.py:2602
2026-04-09 00:39:52.980 168273 DEBUG oslo_service.service [req-62567219-ecd9-4b97-9f4d-fee2a0062d9f - - - - -] initial_ram_allocation_ratio = 1.5 log_opt_values /usr/lib/python3/dist-packages/oslo_config/cfg.py:2602
2026-04-09 00:39:52.981 168273 DEBUG oslo_service.service [req-62567219-ecd9-4b97-9f4d-fee2a0062d9f - - - - -] injected_network_template = /usr/lib/python3/dist-packages/nova/virt/interfaces.template log_opt_values /usr/lib/python3/dist-packages/oslo_config/cfg.py:2602
2026-04-09 00:39:52.981 168273 DEBUG oslo_service.service [req-62567219-ecd9-4b97-9f4d-fee2a0062d9f - - - - -] instance_build_timeout = 0 log_opt_values /usr/lib/python3/dist-packages/oslo_config/cfg.py:2602
2026-04-09 00:39:52.981 168273 DEBUG oslo_service.service [req-62567219-ecd9-4b97-9f4d-fee2a0062d9f - - - - -] instance_delete_interval = 300 log_opt_values /usr/lib/python3/dist-packages/oslo_config/cfg.py:2602
2026-04-09 00:39:52.981 168273 DEBUG oslo_service.service [req-62567219-ecd9-4b97-9f4d-fee2a0062d9f - - - - -] instance_format = [instance: %(uuid)s] log_opt_values /usr/lib/python3/dist-packages/oslo_config/cfg.py:2602
2026-04-09 00:39:52.982 168273 DEBUG oslo_service.service [req-62567219-ecd9-4b97-9f4d-fee2a0062d9f - - - - -] instance_name_template = instance-%08x log_opt_values /usr/lib/python3/dist-packages/oslo_config/cfg.py:2602
2026-04-09 00:39:52.982 168273 DEBUG oslo_service.service [req-62567219-ecd9-4b97-9f4d-fee2a0062d9f - - - - -] instance_usage_audit = False log_opt_values /usr/lib/python3/dist-packages/oslo_config/cfg.py:2602
2026-04-09 00:39:52.982 168273 DEBUG oslo_service.service [req-62567219-ecd9-4b97-9f4d-fee2a0062d9f - - - - -] instance_usage_audit_period = month log_opt_values /usr/lib/python3/dist-packages/oslo_config/cfg.py:2602
2026-04-09 00:39:52.982 168273 DEBUG oslo_service.service [req-62567219-ecd9-4b97-9f4d-fee2a0062d9f - - - - -] instance_uuid_format = [instance: %(uuid)s] log_opt_values /usr/lib/python3/dist-packages/oslo_config/cfg.py:2602
2026-04-09 00:39:52.983 168708 DEBUG nova.service [req-83533c4e-138e-4d28-94b9-9a8d6dfd549c - - - - -] Creating RPC server for service scheduler start /usr/lib/python3/dist-packages/nova/service.py:182
2026-04-09 00:39:52.983 168273 DEBUG oslo_service.service [req-62567219-ecd9-4b97-9f4d-fee2a0062d9f - - - - -] instances_path = /var/lib/nova/instances log_opt_values /usr/lib/python3/dist-packages/oslo_config/cfg.py:2602
2026-04-09 00:39:52.983 168273 DEBUG oslo_service.service [req-62567219-ecd9-4b97-9f4d-fee2a0062d9f - - - - -] internal_service_availability_zone = internal log_opt_values /usr/lib/python3/dist-packages/oslo_config/cfg.py:2602
2026-04-09 00:39:52.983 168273 DEBUG oslo_service.service [req-62567219-ecd9-4b97-9f4d-fee2a0062d9f - - - - -] key = None log_opt_values /usr/lib/python3/dist-packages/oslo_config/cfg.py:2602
2026-04-09 00:39:52.983 168273 DEBUG oslo_service.service [req-62567219-ecd9-4b97-9f4d-fee2a0062d9f - - - - -] live_migration_retry_count = 30 log_opt_values /usr/lib/python3/dist-packages/oslo_config/cfg.py:2602
2026-04-09 00:39:52.983 168273 DEBUG oslo_service.service [req-62567219-ecd9-4b97-9f4d-fee2a0062d9f - - - - -] log_config_append = None log_opt_values /usr/lib/python3/dist-packages/oslo_config/cfg.py:2602
2026-04-09 00:39:52.983 168710 DEBUG oslo_db.sqlalchemy.engines [req-1baaba57-35c9-4334-bdcc-9a7e8fdabaf7 - - - - -] MySQL server mode set to STRICT_TRANS_TABLES,STRICT_ALL_TABLES,NO_ZERO_IN_DATE,NO_ZERO_DATE,ERROR_FOR_DIVISION_BY_ZERO,TRADITIONAL,NO_ENGINE_SUBSTITUTION _check_effective_sql_mode /usr/lib/python3/dist-packages/oslo_db/sqlalchemy/engines.py:314
2026-04-09 00:39:52.984 168273 DEBUG oslo_service.service [req-62567219-ecd9-4b97-9f4d-fee2a0062d9f - - - - -] log_date_format = %Y-%m-%d %H:%M:%S log_opt_values /usr/lib/python3/dist-packages/oslo_config/cfg.py:2602
2026-04-09 00:39:52.984 168273 DEBUG oslo_service.service [req-62567219-ecd9-4b97-9f4d-fee2a0062d9f - - - - -] log_dir = /var/log/nova log_opt_values /usr/lib/python3/dist-packages/oslo_config/cfg.py:2602
2026-04-09 00:39:52.984 168273 DEBUG oslo_service.service [req-62567219-ecd9-4b97-9f4d-fee2a0062d9f - - - - -] log_file = /var/log/nova/nova-scheduler.log log_opt_values /usr/lib/python3/dist-packages/oslo_config/cfg.py:2602
2026-04-09 00:39:52.984 168273 DEBUG oslo_service.service [req-62567219-ecd9-4b97-9f4d-fee2a0062d9f - - - - -] log_options = True log_opt_values /usr/lib/python3/dist-packages/oslo_config/cfg.py:2602
2026-04-09 00:39:52.984 168273 DEBUG oslo_service.service [req-62567219-ecd9-4b97-9f4d-fee2a0062d9f - - - - -] log_rotate_interval = 1 log_opt_values /usr/lib/python3/dist-packages/oslo_config/cfg.py:2602
2026-04-09 00:39:52.984 168273 DEBUG oslo_service.service [req-62567219-ecd9-4b97-9f4d-fee2a0062d9f - - - - -] log_rotate_interval_type = days log_opt_values /usr/lib/python3/dist-packages/oslo_config/cfg.py:2602
2026-04-09 00:39:52.985 168273 DEBUG oslo_service.service [req-62567219-ecd9-4b97-9f4d-fee2a0062d9f - - - - -] log_rotation_type = none log_opt_values /usr/lib/python3/dist-packages/oslo_config/cfg.py:2602
2026-04-09 00:39:52.985 168273 DEBUG oslo_service.service [req-62567219-ecd9-4b97-9f4d-fee2a0062d9f - - - - -] logging_context_format_string = %(asctime)s.%(msecs)03d %(process)d %(levelname)s %(name)s [%(request_id)s %(user_identity)s] %(instance)s%(message)s log_opt_values /usr/lib/python3/dist-packages/oslo_config/cfg.py:2602
2026-04-09 00:39:52.985 168273 DEBUG oslo_service.service [req-62567219-ecd9-4b97-9f4d-fee2a0062d9f - - - - -] logging_debug_format_suffix = %(funcName)s %(pathname)s:%(lineno)d log_opt_values /usr/lib/python3/dist-packages/oslo_config/cfg.py:2602
2026-04-09 00:39:52.985 168273 DEBUG oslo_service.service [req-62567219-ecd9-4b97-9f4d-fee2a0062d9f - - - - -] logging_default_format_string = %(asctime)s.%(msecs)03d %(process)d %(levelname)s %(name)s [-] %(instance)s%(message)s log_opt_values /usr/lib/python3/dist-packages/oslo_config/cfg.py:2602
2026-04-09 00:39:52.985 168273 DEBUG oslo_service.service [req-62567219-ecd9-4b97-9f4d-fee2a0062d9f - - - - -] logging_exception_prefix = %(asctime)s.%(msecs)03d %(process)d ERROR %(name)s %(instance)s log_opt_values /usr/lib/python3/dist-packages/oslo_config/cfg.py:2602
2026-04-09 00:39:52.985 168273 DEBUG oslo_service.service [req-62567219-ecd9-4b97-9f4d-fee2a0062d9f - - - - -] logging_user_identity_format = %(user)s %(project)s %(domain)s %(user_domain)s %(project_domain)s log_opt_values /usr/lib/python3/dist-packages/oslo_config/cfg.py:2602
2026-04-09 00:39:52.985 168273 DEBUG oslo_service.service [req-62567219-ecd9-4b97-9f4d-fee2a0062d9f - - - - -] long_rpc_timeout = 1800 log_opt_values /usr/lib/python3/dist-packages/oslo_config/cfg.py:2602
2026-04-09 00:39:52.986 168273 DEBUG oslo_service.service [req-62567219-ecd9-4b97-9f4d-fee2a0062d9f - - - - -] max_concurrent_builds = 10 log_opt_values /usr/lib/python3/dist-packages/oslo_config/cfg.py:2602
2026-04-09 00:39:52.986 168273 DEBUG oslo_service.service [req-62567219-ecd9-4b97-9f4d-fee2a0062d9f - - - - -] max_concurrent_live_migrations = 1 log_opt_values /usr/lib/python3/dist-packages/oslo_config/cfg.py:2602
2026-04-09 00:39:52.986 168273 DEBUG oslo_service.service [req-62567219-ecd9-4b97-9f4d-fee2a0062d9f - - - - -] max_concurrent_snapshots = 5 log_opt_values /usr/lib/python3/dist-packages/oslo_config/cfg.py:2602
2026-04-09 00:39:52.986 168273 DEBUG oslo_service.service [req-62567219-ecd9-4b97-9f4d-fee2a0062d9f - - - - -] max_local_block_devices = 3 log_opt_values /usr/lib/python3/dist-packages/oslo_config/cfg.py:2602
2026-04-09 00:39:52.986 168273 DEBUG oslo_service.service [req-62567219-ecd9-4b97-9f4d-fee2a0062d9f - - - - -] max_logfile_count = 30 log_opt_values /usr/lib/python3/dist-packages/oslo_config/cfg.py:2602
2026-04-09 00:39:52.987 168273 DEBUG oslo_service.service [req-62567219-ecd9-4b97-9f4d-fee2a0062d9f - - - - -] max_logfile_size_mb = 200 log_opt_values /usr/lib/python3/dist-packages/oslo_config/cfg.py:2602
2026-04-09 00:39:52.987 168273 DEBUG oslo_service.service [req-62567219-ecd9-4b97-9f4d-fee2a0062d9f - - - - -] maximum_instance_delete_attempts = 5 log_opt_values /usr/lib/python3/dist-packages/oslo_config/cfg.py:2602
2026-04-09 00:39:52.987 168273 DEBUG oslo_service.service [req-62567219-ecd9-4b97-9f4d-fee2a0062d9f - - - - -] metadata_listen = 0.0.0.0 log_opt_values /usr/lib/python3/dist-packages/oslo_config/cfg.py:2602
2026-04-09 00:39:52.987 168273 DEBUG oslo_service.service [req-62567219-ecd9-4b97-9f4d-fee2a0062d9f - - - - -] metadata_listen_port = 8765 log_opt_values /usr/lib/python3/dist-packages/oslo_config/cfg.py:2602
2026-04-09 00:39:52.987 168273 DEBUG oslo_service.service [req-62567219-ecd9-4b97-9f4d-fee2a0062d9f - - - - -] metadata_workers = None log_opt_values /usr/lib/python3/dist-packages/oslo_config/cfg.py:2602
2026-04-09 00:39:52.988 168273 DEBUG oslo_service.service [req-62567219-ecd9-4b97-9f4d-fee2a0062d9f - - - - -] migrate_max_retries = -1 log_opt_values /usr/lib/python3/dist-packages/oslo_config/cfg.py:2602
2026-04-09 00:39:52.988 168273 DEBUG oslo_service.service [req-62567219-ecd9-4b97-9f4d-fee2a0062d9f - - - - -] mkisofs_cmd = genisoimage log_opt_values /usr/lib/python3/dist-packages/oslo_config/cfg.py:2602
2026-04-09 00:39:52.988 168273 DEBUG oslo_service.service [req-62567219-ecd9-4b97-9f4d-fee2a0062d9f - - - - -] my_block_storage_ip = 252.129.68.146 log_opt_values /usr/lib/python3/dist-packages/oslo_config/cfg.py:2602
2026-04-09 00:39:52.988 168273 DEBUG oslo_service.service [req-62567219-ecd9-4b97-9f4d-fee2a0062d9f - - - - -] my_ip = 252.129.68.146 log_opt_values /usr/lib/python3/dist-packages/oslo_config/cfg.py:2602
2026-04-09 00:39:52.988 168273 DEBUG oslo_service.service [req-62567219-ecd9-4b97-9f4d-fee2a0062d9f - - - - -] network_allocate_retries = 0 log_opt_values /usr/lib/python3/dist-packages/oslo_config/cfg.py:2602
2026-04-09 00:39:52.989 168273 DEBUG oslo_service.service [req-62567219-ecd9-4b97-9f4d-fee2a0062d9f - - - - -] non_inheritable_image_properties = ['cache_in_nova', 'bittorrent'] log_opt_values /usr/lib/python3/dist-packages/oslo_config/cfg.py:2602
2026-04-09 00:39:52.989 168273 DEBUG oslo_service.service [req-62567219-ecd9-4b97-9f4d-fee2a0062d9f - - - - -] osapi_compute_listen = 0.0.0.0 log_opt_values /usr/lib/python3/dist-packages/oslo_config/cfg.py:2602
2026-04-09 00:39:52.989 168273 DEBUG oslo_service.service [req-62567219-ecd9-4b97-9f4d-fee2a0062d9f - - - - -] osapi_compute_listen_port = 8764 log_opt_values /usr/lib/python3/dist-packages/oslo_config/cfg.py:2602
2026-04-09 00:39:52.989 168273 DEBUG oslo_service.service [req-62567219-ecd9-4b97-9f4d-fee2a0062d9f - - - - -] osapi_compute_unique_server_name_scope = log_opt_values /usr/lib/python3/dist-packages/oslo_config/cfg.py:2602
2026-04-09 00:39:52.989 168273 DEBUG oslo_service.service [req-62567219-ecd9-4b97-9f4d-fee2a0062d9f - - - - -] osapi_compute_workers = 4 log_opt_values /usr/lib/python3/dist-packages/oslo_config/cfg.py:2602
2026-04-09 00:39:52.990 168273 DEBUG oslo_service.service [req-62567219-ecd9-4b97-9f4d-fee2a0062d9f - - - - -] password_length = 12 log_opt_values /usr/lib/python3/dist-packages/oslo_config/cfg.py:2602
2026-04-09 00:39:52.990 168273 DEBUG oslo_service.service [req-62567219-ecd9-4b97-9f4d-fee2a0062d9f - - - - -] periodic_enable = True log_opt_values /usr/lib/python3/dist-packages/oslo_config/cfg.py:2602
2026-04-09 00:39:52.990 168273 DEBUG oslo_service.service [req-62567219-ecd9-4b97-9f4d-fee2a0062d9f - - - - -] periodic_fuzzy_delay = 60 log_opt_values /usr/lib/python3/dist-packages/oslo_config/cfg.py:2602
2026-04-09 00:39:52.990 168273 DEBUG oslo_service.service [req-62567219-ecd9-4b97-9f4d-fee2a0062d9f - - - - -] pointer_model = usbtablet log_opt_values /usr/lib/python3/dist-packages/oslo_config/cfg.py:2602
2026-04-09 00:39:52.990 168273 DEBUG oslo_service.service [req-62567219-ecd9-4b97-9f4d-fee2a0062d9f - - - - -] preallocate_images = none log_opt_values /usr/lib/python3/dist-packages/oslo_config/cfg.py:2602
2026-04-09 00:39:52.991 168273 DEBUG oslo_service.service [req-62567219-ecd9-4b97-9f4d-fee2a0062d9f - - - - -] publish_errors = False log_opt_values /usr/lib/python3/dist-packages/oslo_config/cfg.py:2602
2026-04-09 00:39:52.991 168273 DEBUG oslo_service.service [req-62567219-ecd9-4b97-9f4d-fee2a0062d9f - - - - -] pybasedir = /usr/lib/python3/dist-packages log_opt_values /usr/lib/python3/dist-packages/oslo_config/cfg.py:2602
2026-04-09 00:39:52.991 168709 DEBUG nova.service [req-ec7f6d70-9c9d-4914-b084-e032d0f6a093 - - - - -] Creating RPC server for service scheduler start /usr/lib/python3/dist-packages/nova/service.py:182
2026-04-09 00:39:52.991 168273 DEBUG oslo_service.service [req-62567219-ecd9-4b97-9f4d-fee2a0062d9f - - - - -] ram_allocation_ratio = 0.98 log_opt_values /usr/lib/python3/dist-packages/oslo_config/cfg.py:2602
2026-04-09 00:39:52.992 168273 DEBUG oslo_service.service [req-62567219-ecd9-4b97-9f4d-fee2a0062d9f - - - - -] rate_limit_burst = 0 log_opt_values /usr/lib/python3/dist-packages/oslo_config/cfg.py:2602
2026-04-09 00:39:52.992 168273 DEBUG oslo_service.service [req-62567219-ecd9-4b97-9f4d-fee2a0062d9f - - - - -] rate_limit_except_level = CRITICAL log_opt_values /usr/lib/python3/dist-packages/oslo_config/cfg.py:2602
2026-04-09 00:39:52.992 168273 DEBUG oslo_service.service [req-62567219-ecd9-4b97-9f4d-fee2a0062d9f - - - - -] rate_limit_interval = 0 log_opt_values /usr/lib/python3/dist-packages/oslo_config/cfg.py:2602
2026-04-09 00:39:52.992 168273 DEBUG oslo_service.service [req-62567219-ecd9-4b97-9f4d-fee2a0062d9f - - - - -] reboot_timeout = 0 log_opt_values /usr/lib/python3/dist-packages/oslo_config/cfg.py:2602
2026-04-09 00:39:52.993 168273 DEBUG oslo_service.service [req-62567219-ecd9-4b97-9f4d-fee2a0062d9f - - - - -] reclaim_instance_interval = 0 log_opt_values /usr/lib/python3/dist-packages/oslo_config/cfg.py:2602
2026-04-09 00:39:52.993 168273 DEBUG oslo_service.service [req-62567219-ecd9-4b97-9f4d-fee2a0062d9f - - - - -] record = None log_opt_values /usr/lib/python3/dist-packages/oslo_config/cfg.py:2602
2026-04-09 00:39:52.994 168273 DEBUG oslo_service.service [req-62567219-ecd9-4b97-9f4d-fee2a0062d9f - - - - -] report_interval = 10 log_opt_values /usr/lib/python3/dist-packages/oslo_config/cfg.py:2602
2026-04-09 00:39:52.994 168273 DEBUG oslo_service.service [req-62567219-ecd9-4b97-9f4d-fee2a0062d9f - - - - -] rescue_timeout = 0 log_opt_values /usr/lib/python3/dist-packages/oslo_config/cfg.py:2602
2026-04-09 00:39:52.994 168273 DEBUG oslo_service.service [req-62567219-ecd9-4b97-9f4d-fee2a0062d9f - - - - -] reserved_host_cpus = 0 log_opt_values /usr/lib/python3/dist-packages/oslo_config/cfg.py:2602
2026-04-09 00:39:52.994 168273 DEBUG oslo_service.service [req-62567219-ecd9-4b97-9f4d-fee2a0062d9f - - - - -] reserved_host_disk_mb = 0 log_opt_values /usr/lib/python3/dist-packages/oslo_config/cfg.py:2602
2026-04-09 00:39:52.995 168273 DEBUG oslo_service.service [req-62567219-ecd9-4b97-9f4d-fee2a0062d9f - - - - -] reserved_host_memory_mb = 512 log_opt_values /usr/lib/python3/dist-packages/oslo_config/cfg.py:2602
2026-04-09 00:39:52.995 168273 DEBUG oslo_service.service [req-62567219-ecd9-4b97-9f4d-fee2a0062d9f - - - - -] reserved_huge_pages = None log_opt_values /usr/lib/python3/dist-packages/oslo_config/cfg.py:2602
2026-04-09 00:39:52.995 168273 DEBUG oslo_service.service [req-62567219-ecd9-4b97-9f4d-fee2a0062d9f - - - - -] resize_confirm_window = 0 log_opt_values /usr/lib/python3/dist-packages/oslo_config/cfg.py:2602
2026-04-09 00:39:52.995 168273 DEBUG oslo_service.service [req-62567219-ecd9-4b97-9f4d-fee2a0062d9f - - - - -] resize_fs_using_block_device = False log_opt_values /usr/lib/python3/dist-packages/oslo_config/cfg.py:2602
2026-04-09 00:39:52.996 168273 DEBUG oslo_service.service [req-62567219-ecd9-4b97-9f4d-fee2a0062d9f - - - - -] resume_guests_state_on_host_boot = False log_opt_values /usr/lib/python3/dist-packages/oslo_config/cfg.py:2602
2026-04-09 00:39:52.997 168273 DEBUG oslo_service.service [req-62567219-ecd9-4b97-9f4d-fee2a0062d9f - - - - -] rootwrap_config = /etc/nova/rootwrap.conf log_opt_values /usr/lib/python3/dist-packages/oslo_config/cfg.py:2602
2026-04-09 00:39:52.997 168273 DEBUG oslo_service.service [req-62567219-ecd9-4b97-9f4d-fee2a0062d9f - - - - -] run_external_periodic_tasks = True log_opt_values /usr/lib/python3/dist-packages/oslo_config/cfg.py:2602
2026-04-09 00:39:52.998 168273 DEBUG oslo_service.service [req-62567219-ecd9-4b97-9f4d-fee2a0062d9f - - - - -] running_deleted_instance_action = reap log_opt_values /usr/lib/python3/dist-packages/oslo_config/cfg.py:2602
2026-04-09 00:39:52.998 168273 DEBUG oslo_service.service [req-62567219-ecd9-4b97-9f4d-fee2a0062d9f - - - - -] running_deleted_instance_poll_interval = 1800 log_opt_values /usr/lib/python3/dist-packages/oslo_config/cfg.py:2602
2026-04-09 00:39:52.998 168273 DEBUG oslo_service.service [req-62567219-ecd9-4b97-9f4d-fee2a0062d9f - - - - -] running_deleted_instance_timeout = 0 log_opt_values /usr/lib/python3/dist-packages/oslo_config/cfg.py:2602
2026-04-09 00:39:52.998 168273 DEBUG oslo_service.service [req-62567219-ecd9-4b97-9f4d-fee2a0062d9f - - - - -] scheduler_instance_sync_interval = 120 log_opt_values /usr/lib/python3/dist-packages/oslo_config/cfg.py:2602
2026-04-09 00:39:52.999 168273 DEBUG oslo_service.service [req-62567219-ecd9-4b97-9f4d-fee2a0062d9f - - - - -] service_down_time = 60 log_opt_values /usr/lib/python3/dist-packages/oslo_config/cfg.py:2602
2026-04-09 00:39:52.999 168273 DEBUG oslo_service.service [req-62567219-ecd9-4b97-9f4d-fee2a0062d9f - - - - -] servicegroup_driver = db log_opt_values /usr/lib/python3/dist-packages/oslo_config/cfg.py:2602
2026-04-09 00:39:53.000 168273 DEBUG oslo_service.service [req-62567219-ecd9-4b97-9f4d-fee2a0062d9f - - - - -] shelved_offload_time = 0 log_opt_values /usr/lib/python3/dist-packages/oslo_config/cfg.py:2602
2026-04-09 00:39:53.001 168273 DEBUG oslo_service.service [req-62567219-ecd9-4b97-9f4d-fee2a0062d9f - - - - -] shelved_poll_interval = 3600 log_opt_values /usr/lib/python3/dist-packages/oslo_config/cfg.py:2602
2026-04-09 00:39:53.001 168273 DEBUG oslo_service.service [req-62567219-ecd9-4b97-9f4d-fee2a0062d9f - - - - -] shutdown_timeout = 60 log_opt_values /usr/lib/python3/dist-packages/oslo_config/cfg.py:2602
2026-04-09 00:39:53.002 168273 DEBUG oslo_service.service [req-62567219-ecd9-4b97-9f4d-fee2a0062d9f - - - - -] source_is_ipv6 = False log_opt_values /usr/lib/python3/dist-packages/oslo_config/cfg.py:2602
2026-04-09 00:39:53.002 168273 DEBUG oslo_service.service [req-62567219-ecd9-4b97-9f4d-fee2a0062d9f - - - - -] ssl_only = False log_opt_values /usr/lib/python3/dist-packages/oslo_config/cfg.py:2602
2026-04-09 00:39:53.002 168273 DEBUG oslo_service.service [req-62567219-ecd9-4b97-9f4d-fee2a0062d9f - - - - -] state_path = /var/lib/nova log_opt_values /usr/lib/python3/dist-packages/oslo_config/cfg.py:2602
2026-04-09 00:39:53.003 168273 DEBUG oslo_service.service [req-62567219-ecd9-4b97-9f4d-fee2a0062d9f - - - - -] sync_power_state_interval = 600 log_opt_values /usr/lib/python3/dist-packages/oslo_config/cfg.py:2602
2026-04-09 00:39:53.003 168273 DEBUG oslo_service.service [req-62567219-ecd9-4b97-9f4d-fee2a0062d9f - - - - -] sync_power_state_pool_size = 1000 log_opt_values /usr/lib/python3/dist-packages/oslo_config/cfg.py:2602
2026-04-09 00:39:53.004 168273 DEBUG oslo_service.service [req-62567219-ecd9-4b97-9f4d-fee2a0062d9f - - - - -] syslog_log_facility = LOG_USER log_opt_values /usr/lib/python3/dist-packages/oslo_config/cfg.py:2602
2026-04-09 00:39:53.004 168273 DEBUG oslo_service.service [req-62567219-ecd9-4b97-9f4d-fee2a0062d9f - - - - -] tempdir = None log_opt_values /usr/lib/python3/dist-packages/oslo_config/cfg.py:2602
2026-04-09 00:39:53.004 168273 DEBUG oslo_service.service [req-62567219-ecd9-4b97-9f4d-fee2a0062d9f - - - - -] timeout_nbd = 10 log_opt_values /usr/lib/python3/dist-packages/oslo_config/cfg.py:2602
2026-04-09 00:39:53.004 168273 DEBUG oslo_service.service [req-62567219-ecd9-4b97-9f4d-fee2a0062d9f - - - - -] transport_url = **** log_opt_values /usr/lib/python3/dist-packages/oslo_config/cfg.py:2602
2026-04-09 00:39:53.003 168707 DEBUG oslo_messaging._drivers.amqpdriver [-] Listener is running poll /usr/lib/python3/dist-packages/oslo_messaging/_drivers/amqpdriver.py:343
2026-04-09 00:39:53.005 168707 DEBUG oslo_messaging._drivers.amqpdriver [-] AMQPListener connection consume poll /usr/lib/python3/dist-packages/oslo_messaging/_drivers/amqpdriver.py:357
2026-04-09 00:39:53.005 168707 DEBUG nova.service [req-6db3a1f3-b3a9-4951-8060-e87a9825d612 - - - - -] Join ServiceGroup membership for this service scheduler start /usr/lib/python3/dist-packages/nova/service.py:199
2026-04-09 00:39:53.004 168273 DEBUG oslo_service.service [req-62567219-ecd9-4b97-9f4d-fee2a0062d9f - - - - -] update_resources_interval = 0 log_opt_values /usr/lib/python3/dist-packages/oslo_config/cfg.py:2602
2026-04-09 00:39:53.006 168707 DEBUG nova.servicegroup.drivers.db [req-6db3a1f3-b3a9-4951-8060-e87a9825d612 - - - - -] DB_Driver: join new ServiceGroup member juju-bcfe63-0-lxd-7 to the scheduler group, service = join /usr/lib/python3/dist-packages/nova/servicegroup/drivers/db.py:44
2026-04-09 00:39:53.006 168273 DEBUG oslo_service.service [req-62567219-ecd9-4b97-9f4d-fee2a0062d9f - - - - -] use_cow_images = True log_opt_values /usr/lib/python3/dist-packages/oslo_config/cfg.py:2602
2026-04-09 00:39:53.006 168273 DEBUG oslo_service.service [req-62567219-ecd9-4b97-9f4d-fee2a0062d9f - - - - -] use_eventlog = False log_opt_values /usr/lib/python3/dist-packages/oslo_config/cfg.py:2602
2026-04-09 00:39:53.006 168708 DEBUG oslo_messaging._drivers.amqpdriver [-] Listener is running poll /usr/lib/python3/dist-packages/oslo_messaging/_drivers/amqpdriver.py:343
2026-04-09 00:39:53.006 168273 DEBUG oslo_service.service [req-62567219-ecd9-4b97-9f4d-fee2a0062d9f - - - - -] use_journal = False log_opt_values /usr/lib/python3/dist-packages/oslo_config/cfg.py:2602
2026-04-09 00:39:53.006 168708 DEBUG oslo_messaging._drivers.amqpdriver [-] AMQPListener connection consume poll /usr/lib/python3/dist-packages/oslo_messaging/_drivers/amqpdriver.py:357
2026-04-09 00:39:53.007 168273 DEBUG oslo_service.service [req-62567219-ecd9-4b97-9f4d-fee2a0062d9f - - - - -] use_json = False log_opt_values /usr/lib/python3/dist-packages/oslo_config/cfg.py:2602
2026-04-09 00:39:53.007 168273 DEBUG oslo_service.service [req-62567219-ecd9-4b97-9f4d-fee2a0062d9f - - - - -] use_rootwrap_daemon = False log_opt_values /usr/lib/python3/dist-packages/oslo_config/cfg.py:2602
2026-04-09 00:39:53.007 168708 DEBUG nova.service [req-83533c4e-138e-4d28-94b9-9a8d6dfd549c - - - - -] Join ServiceGroup membership for this service scheduler start /usr/lib/python3/dist-packages/nova/service.py:199
2026-04-09 00:39:53.007 168273 DEBUG oslo_service.service [req-62567219-ecd9-4b97-9f4d-fee2a0062d9f - - - - -] use_stderr = False log_opt_values /usr/lib/python3/dist-packages/oslo_config/cfg.py:2602
2026-04-09 00:39:53.008 168708 DEBUG nova.servicegroup.drivers.db [req-83533c4e-138e-4d28-94b9-9a8d6dfd549c - - - - -] DB_Driver: join new ServiceGroup member juju-bcfe63-0-lxd-7 to the scheduler group, service = join /usr/lib/python3/dist-packages/nova/servicegroup/drivers/db.py:44
2026-04-09 00:39:53.008 168273 DEBUG oslo_service.service [req-62567219-ecd9-4b97-9f4d-fee2a0062d9f - - - - -] use_syslog = False log_opt_values /usr/lib/python3/dist-packages/oslo_config/cfg.py:2602
2026-04-09 00:39:53.008 168273 DEBUG oslo_service.service [req-62567219-ecd9-4b97-9f4d-fee2a0062d9f - - - - -] vcpu_pin_set = None log_opt_values /usr/lib/python3/dist-packages/oslo_config/cfg.py:2602
2026-04-09 00:39:53.009 168273 DEBUG oslo_service.service [req-62567219-ecd9-4b97-9f4d-fee2a0062d9f - - - - -] vif_plugging_is_fatal = True log_opt_values /usr/lib/python3/dist-packages/oslo_config/cfg.py:2602
2026-04-09 00:39:53.009 168273 DEBUG oslo_service.service [req-62567219-ecd9-4b97-9f4d-fee2a0062d9f - - - - -] vif_plugging_timeout = 300 log_opt_values /usr/lib/python3/dist-packages/oslo_config/cfg.py:2602
2026-04-09 00:39:53.009 168273 DEBUG oslo_service.service [req-62567219-ecd9-4b97-9f4d-fee2a0062d9f - - - - -] virt_mkfs = [] log_opt_values /usr/lib/python3/dist-packages/oslo_config/cfg.py:2602
2026-04-09 00:39:53.010 168273 DEBUG oslo_service.service [req-62567219-ecd9-4b97-9f4d-fee2a0062d9f - - - - -] volume_usage_poll_interval = 0 log_opt_values /usr/lib/python3/dist-packages/oslo_config/cfg.py:2602
2026-04-09 00:39:53.009 168707 DEBUG oslo_messaging._drivers.amqpdriver [-] AMQPListener connection timeout poll /usr/lib/python3/dist-packages/oslo_messaging/_drivers/amqpdriver.py:360
2026-04-09 00:39:53.010 168273 DEBUG oslo_service.service [req-62567219-ecd9-4b97-9f4d-fee2a0062d9f - - - - -] watch_log_file = False log_opt_values /usr/lib/python3/dist-packages/oslo_config/cfg.py:2602
2026-04-09 00:39:53.010 168707 DEBUG oslo_messaging._drivers.amqpdriver [-] Listener is running poll /usr/lib/python3/dist-packages/oslo_messaging/_drivers/amqpdriver.py:343
2026-04-09 00:39:53.010 168708 DEBUG oslo_messaging._drivers.amqpdriver [-] AMQPListener connection timeout poll /usr/lib/python3/dist-packages/oslo_messaging/_drivers/amqpdriver.py:360
2026-04-09 00:39:53.010 168707 DEBUG oslo_messaging._drivers.amqpdriver [-] AMQPListener connection consume poll /usr/lib/python3/dist-packages/oslo_messaging/_drivers/amqpdriver.py:357
2026-04-09 00:39:53.010 168273 DEBUG oslo_service.service [req-62567219-ecd9-4b97-9f4d-fee2a0062d9f - - - - -] web = /usr/share/spice-html5 log_opt_values /usr/lib/python3/dist-packages/oslo_config/cfg.py:2602
2026-04-09 00:39:53.010 168708 DEBUG oslo_messaging._drivers.amqpdriver [-] Listener is running poll /usr/lib/python3/dist-packages/oslo_messaging/_drivers/amqpdriver.py:343
2026-04-09 00:39:53.010 168708 DEBUG oslo_messaging._drivers.amqpdriver [-] AMQPListener connection consume poll /usr/lib/python3/dist-packages/oslo_messaging/_drivers/amqpdriver.py:357
2026-04-09 00:39:53.011 168273 DEBUG oslo_service.service [req-62567219-ecd9-4b97-9f4d-fee2a0062d9f - - - - -] oslo_concurrency.disable_process_locking = False log_opt_values /usr/lib/python3/dist-packages/oslo_config/cfg.py:2609
2026-04-09 00:39:53.011 168273 DEBUG oslo_service.service [req-62567219-ecd9-4b97-9f4d-fee2a0062d9f - - - - -] oslo_concurrency.lock_path = /var/lock/nova log_opt_values /usr/lib/python3/dist-packages/oslo_config/cfg.py:2609
2026-04-09 00:39:53.010 168710 DEBUG nova.service [req-1baaba57-35c9-4334-bdcc-9a7e8fdabaf7 - - - - -] Creating RPC server for service scheduler start /usr/lib/python3/dist-packages/nova/service.py:182
2026-04-09 00:39:53.011 168273 WARNING oslo_config.cfg [req-62567219-ecd9-4b97-9f4d-fee2a0062d9f - - - - -] Deprecated: Option "auth_strategy" from group "api" is deprecated for removal ( The only non-default choice, ``noauth2``, is for internal development and testing purposes only and should not be used in deployments. This option and its middleware, NoAuthMiddleware[V2_18], will be removed in a future release. ). Its value may be silently ignored in the future.
2026-04-09 00:39:53.012 168273 DEBUG oslo_service.service [req-62567219-ecd9-4b97-9f4d-fee2a0062d9f - - - - -] api.auth_strategy = keystone log_opt_values /usr/lib/python3/dist-packages/oslo_config/cfg.py:2609
2026-04-09 00:39:53.012 168273 DEBUG oslo_service.service [req-62567219-ecd9-4b97-9f4d-fee2a0062d9f - - - - -] api.compute_link_prefix = None log_opt_values /usr/lib/python3/dist-packages/oslo_config/cfg.py:2609
2026-04-09 00:39:53.012 168273 DEBUG oslo_service.service [req-62567219-ecd9-4b97-9f4d-fee2a0062d9f - - - - -] api.config_drive_skip_versions = 1.0 2007-01-19 2007-03-01 2007-08-29 2007-10-10 2007-12-15 2008-02-01 2008-09-01 log_opt_values /usr/lib/python3/dist-packages/oslo_config/cfg.py:2609
2026-04-09 00:39:53.012 168273 DEBUG oslo_service.service [req-62567219-ecd9-4b97-9f4d-fee2a0062d9f - - - - -] api.dhcp_domain = novalocal log_opt_values /usr/lib/python3/dist-packages/oslo_config/cfg.py:2609
2026-04-09 00:39:53.012 168273 DEBUG oslo_service.service [req-62567219-ecd9-4b97-9f4d-fee2a0062d9f - - - - -] api.enable_instance_password = True log_opt_values /usr/lib/python3/dist-packages/oslo_config/cfg.py:2609
2026-04-09 00:39:53.013 168273 DEBUG oslo_service.service [req-62567219-ecd9-4b97-9f4d-fee2a0062d9f - - - - -] api.glance_link_prefix = None log_opt_values /usr/lib/python3/dist-packages/oslo_config/cfg.py:2609
2026-04-09 00:39:53.013 168273 DEBUG oslo_service.service [req-62567219-ecd9-4b97-9f4d-fee2a0062d9f - - - - -] api.instance_list_cells_batch_fixed_size = 100 log_opt_values /usr/lib/python3/dist-packages/oslo_config/cfg.py:2609
2026-04-09 00:39:53.013 168273 DEBUG oslo_service.service [req-62567219-ecd9-4b97-9f4d-fee2a0062d9f - - - - -] api.instance_list_cells_batch_strategy = distributed log_opt_values /usr/lib/python3/dist-packages/oslo_config/cfg.py:2609
2026-04-09 00:39:53.013 168273 DEBUG oslo_service.service [req-62567219-ecd9-4b97-9f4d-fee2a0062d9f - - - - -] api.instance_list_per_project_cells = False log_opt_values /usr/lib/python3/dist-packages/oslo_config/cfg.py:2609
2026-04-09 00:39:53.014 168273 DEBUG oslo_service.service [req-62567219-ecd9-4b97-9f4d-fee2a0062d9f - - - - -] api.list_records_by_skipping_down_cells = True log_opt_values /usr/lib/python3/dist-packages/oslo_config/cfg.py:2609
2026-04-09 00:39:53.014 168273 DEBUG oslo_service.service [req-62567219-ecd9-4b97-9f4d-fee2a0062d9f - - - - -] api.local_metadata_per_cell = False log_opt_values /usr/lib/python3/dist-packages/oslo_config/cfg.py:2609
2026-04-09 00:39:53.014 168273 DEBUG oslo_service.service [req-62567219-ecd9-4b97-9f4d-fee2a0062d9f - - - - -] api.max_limit = 1000 log_opt_values /usr/lib/python3/dist-packages/oslo_config/cfg.py:2609
2026-04-09 00:39:53.014 168273 DEBUG oslo_service.service [req-62567219-ecd9-4b97-9f4d-fee2a0062d9f - - - - -] api.metadata_cache_expiration = 15 log_opt_values /usr/lib/python3/dist-packages/oslo_config/cfg.py:2609
2026-04-09 00:39:53.014 168273 DEBUG oslo_service.service [req-62567219-ecd9-4b97-9f4d-fee2a0062d9f - - - - -] api.neutron_default_tenant_id = default log_opt_values /usr/lib/python3/dist-packages/oslo_config/cfg.py:2609
2026-04-09 00:39:53.015 168273 DEBUG oslo_service.service [req-62567219-ecd9-4b97-9f4d-fee2a0062d9f - - - - -] api.use_forwarded_for = False log_opt_values /usr/lib/python3/dist-packages/oslo_config/cfg.py:2609
2026-04-09 00:39:53.015 168273 DEBUG oslo_service.service [req-62567219-ecd9-4b97-9f4d-fee2a0062d9f - - - - -] api.use_neutron_default_nets = False log_opt_values /usr/lib/python3/dist-packages/oslo_config/cfg.py:2609
2026-04-09 00:39:53.015 168273 DEBUG oslo_service.service [req-62567219-ecd9-4b97-9f4d-fee2a0062d9f - - - - -] api.vendordata_dynamic_connect_timeout = 5 log_opt_values /usr/lib/python3/dist-packages/oslo_config/cfg.py:2609
2026-04-09 00:39:53.015 168273 DEBUG oslo_service.service [req-62567219-ecd9-4b97-9f4d-fee2a0062d9f - - - - -] api.vendordata_dynamic_failure_fatal = False log_opt_values /usr/lib/python3/dist-packages/oslo_config/cfg.py:2609
2026-04-09 00:39:53.015 168273 DEBUG oslo_service.service [req-62567219-ecd9-4b97-9f4d-fee2a0062d9f - - - - -] api.vendordata_dynamic_read_timeout = 5 log_opt_values /usr/lib/python3/dist-packages/oslo_config/cfg.py:2609
2026-04-09 00:39:53.015 168273 DEBUG oslo_service.service [req-62567219-ecd9-4b97-9f4d-fee2a0062d9f - - - - -] api.vendordata_dynamic_ssl_certfile = log_opt_values /usr/lib/python3/dist-packages/oslo_config/cfg.py:2609
2026-04-09 00:39:53.015 168709 DEBUG oslo_messaging._drivers.amqpdriver [-] Listener is running poll /usr/lib/python3/dist-packages/oslo_messaging/_drivers/amqpdriver.py:343
2026-04-09 00:39:53.016 168273 DEBUG oslo_service.service [req-62567219-ecd9-4b97-9f4d-fee2a0062d9f - - - - -] api.vendordata_dynamic_targets = [] log_opt_values /usr/lib/python3/dist-packages/oslo_config/cfg.py:2609
2026-04-09 00:39:53.016 168709 DEBUG oslo_messaging._drivers.amqpdriver [-] AMQPListener connection consume poll /usr/lib/python3/dist-packages/oslo_messaging/_drivers/amqpdriver.py:357
2026-04-09 00:39:53.016 168273 DEBUG oslo_service.service [req-62567219-ecd9-4b97-9f4d-fee2a0062d9f - - - - -] api.vendordata_jsonfile_path = None log_opt_values /usr/lib/python3/dist-packages/oslo_config/cfg.py:2609
2026-04-09 00:39:53.016 168273 DEBUG oslo_service.service [req-62567219-ecd9-4b97-9f4d-fee2a0062d9f - - - - -] api.vendordata_providers = ['StaticJSON'] log_opt_values /usr/lib/python3/dist-packages/oslo_config/cfg.py:2609
2026-04-09 00:39:53.016 168273 DEBUG oslo_service.service [req-62567219-ecd9-4b97-9f4d-fee2a0062d9f - - - - -] cache.backend = dogpile.cache.null log_opt_values /usr/lib/python3/dist-packages/oslo_config/cfg.py:2609
2026-04-09 00:39:53.016 168273 DEBUG oslo_service.service [req-62567219-ecd9-4b97-9f4d-fee2a0062d9f - - - - -] cache.backend_argument = **** log_opt_values /usr/lib/python3/dist-packages/oslo_config/cfg.py:2609
2026-04-09 00:39:53.016 168709 DEBUG nova.service [req-ec7f6d70-9c9d-4914-b084-e032d0f6a093 - - - - -] Join ServiceGroup membership for this service scheduler start /usr/lib/python3/dist-packages/nova/service.py:199
2026-04-09 00:39:53.017 168273 DEBUG oslo_service.service [req-62567219-ecd9-4b97-9f4d-fee2a0062d9f - - - - -] cache.config_prefix = cache.oslo log_opt_values /usr/lib/python3/dist-packages/oslo_config/cfg.py:2609
2026-04-09 00:39:53.017 168273 DEBUG oslo_service.service [req-62567219-ecd9-4b97-9f4d-fee2a0062d9f - - - - -] cache.debug_cache_backend = False log_opt_values /usr/lib/python3/dist-packages/oslo_config/cfg.py:2609
2026-04-09 00:39:53.017 168709 DEBUG nova.servicegroup.drivers.db [req-ec7f6d70-9c9d-4914-b084-e032d0f6a093 - - - - -] DB_Driver: join new ServiceGroup member juju-bcfe63-0-lxd-7 to the scheduler group, service = join /usr/lib/python3/dist-packages/nova/servicegroup/drivers/db.py:44
2026-04-09 00:39:53.017 168273 DEBUG oslo_service.service [req-62567219-ecd9-4b97-9f4d-fee2a0062d9f - - - - -] cache.enabled = False log_opt_values /usr/lib/python3/dist-packages/oslo_config/cfg.py:2609
2026-04-09 00:39:53.017 168273 DEBUG oslo_service.service [req-62567219-ecd9-4b97-9f4d-fee2a0062d9f - - - - -] cache.expiration_time = 600 log_opt_values /usr/lib/python3/dist-packages/oslo_config/cfg.py:2609
2026-04-09 00:39:53.017 168273 DEBUG oslo_service.service [req-62567219-ecd9-4b97-9f4d-fee2a0062d9f - - - - -] cache.memcache_dead_retry = 300 log_opt_values /usr/lib/python3/dist-packages/oslo_config/cfg.py:2609
2026-04-09 00:39:53.017 168273 DEBUG oslo_service.service [req-62567219-ecd9-4b97-9f4d-fee2a0062d9f - - - - -] cache.memcache_pool_connection_get_timeout = 10 log_opt_values /usr/lib/python3/dist-packages/oslo_config/cfg.py:2609
2026-04-09 00:39:53.018 168273 DEBUG oslo_service.service [req-62567219-ecd9-4b97-9f4d-fee2a0062d9f - - - - -] cache.memcache_pool_flush_on_reconnect = False log_opt_values /usr/lib/python3/dist-packages/oslo_config/cfg.py:2609
2026-04-09 00:39:53.018 168273 DEBUG oslo_service.service [req-62567219-ecd9-4b97-9f4d-fee2a0062d9f - - - - -] cache.memcache_pool_maxsize = 10 log_opt_values /usr/lib/python3/dist-packages/oslo_config/cfg.py:2609
