2026-04-09 00:39:12.768 153191 DEBUG oslo_service.service [req-7b9f542d-c215-45dc-a8ee-52694f1ee298 - - - - -] sync_power_state_pool_size = 1000 log_opt_values /usr/lib/python3/dist-packages/oslo_config/cfg.py:2602
2026-04-09 00:39:12.768 153191 DEBUG oslo_service.service [req-7b9f542d-c215-45dc-a8ee-52694f1ee298 - - - - -] syslog_log_facility = LOG_USER log_opt_values /usr/lib/python3/dist-packages/oslo_config/cfg.py:2602
2026-04-09 00:39:12.768 153191 DEBUG oslo_service.service [req-7b9f542d-c215-45dc-a8ee-52694f1ee298 - - - - -] tempdir = None log_opt_values /usr/lib/python3/dist-packages/oslo_config/cfg.py:2602
2026-04-09 00:39:12.768 153191 DEBUG oslo_service.service [req-7b9f542d-c215-45dc-a8ee-52694f1ee298 - - - - -] timeout_nbd = 10 log_opt_values /usr/lib/python3/dist-packages/oslo_config/cfg.py:2602
2026-04-09 00:39:12.769 153191 DEBUG oslo_service.service [req-7b9f542d-c215-45dc-a8ee-52694f1ee298 - - - - -] transport_url = **** log_opt_values /usr/lib/python3/dist-packages/oslo_config/cfg.py:2602
2026-04-09 00:39:12.769 153191 DEBUG oslo_service.service [req-7b9f542d-c215-45dc-a8ee-52694f1ee298 - - - - -] update_resources_interval = 0 log_opt_values /usr/lib/python3/dist-packages/oslo_config/cfg.py:2602
2026-04-09 00:39:12.771 153191 DEBUG oslo_service.service [req-7b9f542d-c215-45dc-a8ee-52694f1ee298 - - - - -] use_cow_images = True log_opt_values /usr/lib/python3/dist-packages/oslo_config/cfg.py:2602
2026-04-09 00:39:12.772 153593 DEBUG nova.service [req-77791fec-5306-461c-8596-41b73005a684 - - - - -] Creating RPC server for service scheduler start /usr/lib/python3/dist-packages/nova/service.py:182
2026-04-09 00:39:12.772 153191 DEBUG oslo_service.service [req-7b9f542d-c215-45dc-a8ee-52694f1ee298 - - - - -] use_eventlog = False log_opt_values /usr/lib/python3/dist-packages/oslo_config/cfg.py:2602
2026-04-09 00:39:12.778 153191 DEBUG oslo_service.service [req-7b9f542d-c215-45dc-a8ee-52694f1ee298 - - - - -] use_journal = False log_opt_values /usr/lib/python3/dist-packages/oslo_config/cfg.py:2602
2026-04-09 00:39:12.778 153191 DEBUG oslo_service.service [req-7b9f542d-c215-45dc-a8ee-52694f1ee298 - - - - -] use_json = False log_opt_values /usr/lib/python3/dist-packages/oslo_config/cfg.py:2602
2026-04-09 00:39:12.780 153592 DEBUG oslo_messaging._drivers.amqpdriver [-] Listener is running poll /usr/lib/python3/dist-packages/oslo_messaging/_drivers/amqpdriver.py:343
2026-04-09 00:39:12.781 153592 DEBUG oslo_messaging._drivers.amqpdriver [-] AMQPListener connection consume poll /usr/lib/python3/dist-packages/oslo_messaging/_drivers/amqpdriver.py:357
2026-04-09 00:39:12.781 153592 DEBUG nova.service [req-dba29a27-2bc3-400f-b458-d5d428676518 - - - - -] Join ServiceGroup membership for this service scheduler start /usr/lib/python3/dist-packages/nova/service.py:199
2026-04-09 00:39:12.782 153592 DEBUG nova.servicegroup.drivers.db [req-dba29a27-2bc3-400f-b458-d5d428676518 - - - - -] DB_Driver: join new ServiceGroup member juju-bcfe63-0-lxd-7 to the scheduler group, service = join /usr/lib/python3/dist-packages/nova/servicegroup/drivers/db.py:44
2026-04-09 00:39:12.782 153191 DEBUG oslo_service.service [req-7b9f542d-c215-45dc-a8ee-52694f1ee298 - - - - -] use_rootwrap_daemon = False log_opt_values /usr/lib/python3/dist-packages/oslo_config/cfg.py:2602
2026-04-09 00:39:12.784 153191 DEBUG oslo_service.service [req-7b9f542d-c215-45dc-a8ee-52694f1ee298 - - - - -] use_stderr = False log_opt_values /usr/lib/python3/dist-packages/oslo_config/cfg.py:2602
2026-04-09 00:39:12.784 153191 DEBUG oslo_service.service [req-7b9f542d-c215-45dc-a8ee-52694f1ee298 - - - - -] use_syslog = False log_opt_values /usr/lib/python3/dist-packages/oslo_config/cfg.py:2602
2026-04-09 00:39:12.784 153191 DEBUG oslo_service.service [req-7b9f542d-c215-45dc-a8ee-52694f1ee298 - - - - -] vcpu_pin_set = None log_opt_values /usr/lib/python3/dist-packages/oslo_config/cfg.py:2602
2026-04-09 00:39:12.785 153592 DEBUG oslo_messaging._drivers.amqpdriver [-] AMQPListener connection timeout poll /usr/lib/python3/dist-packages/oslo_messaging/_drivers/amqpdriver.py:360
2026-04-09 00:39:12.785 153592 DEBUG oslo_messaging._drivers.amqpdriver [-] Listener is running poll /usr/lib/python3/dist-packages/oslo_messaging/_drivers/amqpdriver.py:343
2026-04-09 00:39:12.785 153191 DEBUG oslo_service.service [req-7b9f542d-c215-45dc-a8ee-52694f1ee298 - - - - -] vif_plugging_is_fatal = True log_opt_values /usr/lib/python3/dist-packages/oslo_config/cfg.py:2602
2026-04-09 00:39:12.785 153592 DEBUG oslo_messaging._drivers.amqpdriver [-] AMQPListener connection consume poll /usr/lib/python3/dist-packages/oslo_messaging/_drivers/amqpdriver.py:357
2026-04-09 00:39:12.785 153591 DEBUG nova.service [req-a368a2f7-10e8-4f23-a2d0-80a5ad83d41b - - - - -] Creating RPC server for service scheduler start /usr/lib/python3/dist-packages/nova/service.py:182
2026-04-09 00:39:12.785 153191 DEBUG oslo_service.service [req-7b9f542d-c215-45dc-a8ee-52694f1ee298 - - - - -] vif_plugging_timeout = 300 log_opt_values /usr/lib/python3/dist-packages/oslo_config/cfg.py:2602
2026-04-09 00:39:12.787 153191 DEBUG oslo_service.service [req-7b9f542d-c215-45dc-a8ee-52694f1ee298 - - - - -] virt_mkfs = [] log_opt_values /usr/lib/python3/dist-packages/oslo_config/cfg.py:2602
2026-04-09 00:39:12.787 153191 DEBUG oslo_service.service [req-7b9f542d-c215-45dc-a8ee-52694f1ee298 - - - - -] volume_usage_poll_interval = 0 log_opt_values /usr/lib/python3/dist-packages/oslo_config/cfg.py:2602
2026-04-09 00:39:12.787 153191 DEBUG oslo_service.service [req-7b9f542d-c215-45dc-a8ee-52694f1ee298 - - - - -] watch_log_file = False log_opt_values /usr/lib/python3/dist-packages/oslo_config/cfg.py:2602
2026-04-09 00:39:12.788 153191 DEBUG oslo_service.service [req-7b9f542d-c215-45dc-a8ee-52694f1ee298 - - - - -] web = /usr/share/spice-html5 log_opt_values /usr/lib/python3/dist-packages/oslo_config/cfg.py:2602
2026-04-09 00:39:12.789 153191 DEBUG oslo_service.service [req-7b9f542d-c215-45dc-a8ee-52694f1ee298 - - - - -] oslo_concurrency.disable_process_locking = False log_opt_values /usr/lib/python3/dist-packages/oslo_config/cfg.py:2609
2026-04-09 00:39:12.789 153191 DEBUG oslo_service.service [req-7b9f542d-c215-45dc-a8ee-52694f1ee298 - - - - -] oslo_concurrency.lock_path = /var/lock/nova log_opt_values /usr/lib/python3/dist-packages/oslo_config/cfg.py:2609
2026-04-09 00:39:12.791 153191 WARNING oslo_config.cfg [req-7b9f542d-c215-45dc-a8ee-52694f1ee298 - - - - -] Deprecated: Option "auth_strategy" from group "api" is deprecated for removal ( The only non-default choice, ``noauth2``, is for internal development and testing purposes only and should not be used in deployments. This option and its middleware, NoAuthMiddleware[V2_18], will be removed in a future release. ). Its value may be silently ignored in the future.
2026-04-09 00:39:12.791 153191 DEBUG oslo_service.service [req-7b9f542d-c215-45dc-a8ee-52694f1ee298 - - - - -] api.auth_strategy = keystone log_opt_values /usr/lib/python3/dist-packages/oslo_config/cfg.py:2609
2026-04-09 00:39:12.791 153594 DEBUG oslo_messaging._drivers.amqpdriver [-] Listener is running poll /usr/lib/python3/dist-packages/oslo_messaging/_drivers/amqpdriver.py:343
2026-04-09 00:39:12.792 153594 DEBUG oslo_messaging._drivers.amqpdriver [-] AMQPListener connection consume poll /usr/lib/python3/dist-packages/oslo_messaging/_drivers/amqpdriver.py:357
2026-04-09 00:39:12.791 153191 DEBUG oslo_service.service [req-7b9f542d-c215-45dc-a8ee-52694f1ee298 - - - - -] api.compute_link_prefix = None log_opt_values /usr/lib/python3/dist-packages/oslo_config/cfg.py:2609
2026-04-09 00:39:12.792 153594 DEBUG nova.service [req-aaaa1701-833d-4856-bf93-1b7842457d75 - - - - -] Join ServiceGroup membership for this service scheduler start /usr/lib/python3/dist-packages/nova/service.py:199
2026-04-09 00:39:12.793 153191 DEBUG oslo_service.service [req-7b9f542d-c215-45dc-a8ee-52694f1ee298 - - - - -] api.config_drive_skip_versions = 1.0 2007-01-19 2007-03-01 2007-08-29 2007-10-10 2007-12-15 2008-02-01 2008-09-01 log_opt_values /usr/lib/python3/dist-packages/oslo_config/cfg.py:2609
2026-04-09 00:39:12.793 153594 DEBUG nova.servicegroup.drivers.db [req-aaaa1701-833d-4856-bf93-1b7842457d75 - - - - -] DB_Driver: join new ServiceGroup member juju-bcfe63-0-lxd-7 to the scheduler group, service = join /usr/lib/python3/dist-packages/nova/servicegroup/drivers/db.py:44
2026-04-09 00:39:12.793 153191 DEBUG oslo_service.service [req-7b9f542d-c215-45dc-a8ee-52694f1ee298 - - - - -] api.dhcp_domain = novalocal log_opt_values /usr/lib/python3/dist-packages/oslo_config/cfg.py:2609
2026-04-09 00:39:12.794 153191 DEBUG oslo_service.service [req-7b9f542d-c215-45dc-a8ee-52694f1ee298 - - - - -] api.enable_instance_password = True log_opt_values /usr/lib/python3/dist-packages/oslo_config/cfg.py:2609
2026-04-09 00:39:12.795 153191 DEBUG oslo_service.service [req-7b9f542d-c215-45dc-a8ee-52694f1ee298 - - - - -] api.glance_link_prefix = None log_opt_values /usr/lib/python3/dist-packages/oslo_config/cfg.py:2609
2026-04-09 00:39:12.796 153191 DEBUG oslo_service.service [req-7b9f542d-c215-45dc-a8ee-52694f1ee298 - - - - -] api.instance_list_cells_batch_fixed_size = 100 log_opt_values /usr/lib/python3/dist-packages/oslo_config/cfg.py:2609
2026-04-09 00:39:12.796 153191 DEBUG oslo_service.service [req-7b9f542d-c215-45dc-a8ee-52694f1ee298 - - - - -] api.instance_list_cells_batch_strategy = distributed log_opt_values /usr/lib/python3/dist-packages/oslo_config/cfg.py:2609
2026-04-09 00:39:12.796 153594 DEBUG oslo_messaging._drivers.amqpdriver [-] AMQPListener connection timeout poll /usr/lib/python3/dist-packages/oslo_messaging/_drivers/amqpdriver.py:360
2026-04-09 00:39:12.796 153191 DEBUG oslo_service.service [req-7b9f542d-c215-45dc-a8ee-52694f1ee298 - - - - -] api.instance_list_per_project_cells = False log_opt_values /usr/lib/python3/dist-packages/oslo_config/cfg.py:2609
2026-04-09 00:39:12.796 153594 DEBUG oslo_messaging._drivers.amqpdriver [-] Listener is running poll /usr/lib/python3/dist-packages/oslo_messaging/_drivers/amqpdriver.py:343
2026-04-09 00:39:12.797 153594 DEBUG oslo_messaging._drivers.amqpdriver [-] AMQPListener connection consume poll /usr/lib/python3/dist-packages/oslo_messaging/_drivers/amqpdriver.py:357
2026-04-09 00:39:12.797 153191 DEBUG oslo_service.service [req-7b9f542d-c215-45dc-a8ee-52694f1ee298 - - - - -] api.list_records_by_skipping_down_cells = True log_opt_values /usr/lib/python3/dist-packages/oslo_config/cfg.py:2609
2026-04-09 00:39:12.797 153191 DEBUG oslo_service.service [req-7b9f542d-c215-45dc-a8ee-52694f1ee298 - - - - -] api.local_metadata_per_cell = False log_opt_values /usr/lib/python3/dist-packages/oslo_config/cfg.py:2609
2026-04-09 00:39:12.798 153191 DEBUG oslo_service.service [req-7b9f542d-c215-45dc-a8ee-52694f1ee298 - - - - -] api.max_limit = 1000 log_opt_values /usr/lib/python3/dist-packages/oslo_config/cfg.py:2609
2026-04-09 00:39:12.799 153191 DEBUG oslo_service.service [req-7b9f542d-c215-45dc-a8ee-52694f1ee298 - - - - -] api.metadata_cache_expiration = 15 log_opt_values /usr/lib/python3/dist-packages/oslo_config/cfg.py:2609
2026-04-09 00:39:12.798 153593 DEBUG oslo_messaging._drivers.amqpdriver [-] Listener is running poll /usr/lib/python3/dist-packages/oslo_messaging/_drivers/amqpdriver.py:343
2026-04-09 00:39:12.799 153593 DEBUG oslo_messaging._drivers.amqpdriver [-] AMQPListener connection consume poll /usr/lib/python3/dist-packages/oslo_messaging/_drivers/amqpdriver.py:357
2026-04-09 00:39:12.799 153191 DEBUG oslo_service.service [req-7b9f542d-c215-45dc-a8ee-52694f1ee298 - - - - -] api.neutron_default_tenant_id = default log_opt_values /usr/lib/python3/dist-packages/oslo_config/cfg.py:2609
2026-04-09 00:39:12.800 153191 DEBUG oslo_service.service [req-7b9f542d-c215-45dc-a8ee-52694f1ee298 - - - - -] api.use_forwarded_for = False log_opt_values /usr/lib/python3/dist-packages/oslo_config/cfg.py:2609
2026-04-09 00:39:12.800 153191 DEBUG oslo_service.service [req-7b9f542d-c215-45dc-a8ee-52694f1ee298 - - - - -] api.use_neutron_default_nets = False log_opt_values /usr/lib/python3/dist-packages/oslo_config/cfg.py:2609
2026-04-09 00:39:12.800 153593 DEBUG nova.service [req-77791fec-5306-461c-8596-41b73005a684 - - - - -] Join ServiceGroup membership for this service scheduler start /usr/lib/python3/dist-packages/nova/service.py:199
2026-04-09 00:39:12.800 153593 DEBUG nova.servicegroup.drivers.db [req-77791fec-5306-461c-8596-41b73005a684 - - - - -] DB_Driver: join new ServiceGroup member juju-bcfe63-0-lxd-7 to the scheduler group, service = join /usr/lib/python3/dist-packages/nova/servicegroup/drivers/db.py:44
2026-04-09 00:39:12.801 153191 DEBUG oslo_service.service [req-7b9f542d-c215-45dc-a8ee-52694f1ee298 - - - - -] api.vendordata_dynamic_connect_timeout = 5 log_opt_values /usr/lib/python3/dist-packages/oslo_config/cfg.py:2609
2026-04-09 00:39:12.802 153191 DEBUG oslo_service.service [req-7b9f542d-c215-45dc-a8ee-52694f1ee298 - - - - -] api.vendordata_dynamic_failure_fatal = False log_opt_values /usr/lib/python3/dist-packages/oslo_config/cfg.py:2609
2026-04-09 00:39:12.802 153191 DEBUG oslo_service.service [req-7b9f542d-c215-45dc-a8ee-52694f1ee298 - - - - -] api.vendordata_dynamic_read_timeout = 5 log_opt_values /usr/lib/python3/dist-packages/oslo_config/cfg.py:2609
2026-04-09 00:39:12.803 153593 DEBUG oslo_messaging._drivers.amqpdriver [-] AMQPListener connection timeout poll /usr/lib/python3/dist-packages/oslo_messaging/_drivers/amqpdriver.py:360
2026-04-09 00:39:12.803 153191 DEBUG oslo_service.service [req-7b9f542d-c215-45dc-a8ee-52694f1ee298 - - - - -] api.vendordata_dynamic_ssl_certfile = log_opt_values /usr/lib/python3/dist-packages/oslo_config/cfg.py:2609
2026-04-09 00:39:12.803 153593 DEBUG oslo_messaging._drivers.amqpdriver [-] Listener is running poll /usr/lib/python3/dist-packages/oslo_messaging/_drivers/amqpdriver.py:343
2026-04-09 00:39:12.803 153593 DEBUG oslo_messaging._drivers.amqpdriver [-] AMQPListener connection consume poll /usr/lib/python3/dist-packages/oslo_messaging/_drivers/amqpdriver.py:357
2026-04-09 00:39:12.803 153191 DEBUG oslo_service.service [req-7b9f542d-c215-45dc-a8ee-52694f1ee298 - - - - -] api.vendordata_dynamic_targets = [] log_opt_values /usr/lib/python3/dist-packages/oslo_config/cfg.py:2609
2026-04-09 00:39:12.803 153191 DEBUG oslo_service.service [req-7b9f542d-c215-45dc-a8ee-52694f1ee298 - - - - -] api.vendordata_jsonfile_path = None log_opt_values /usr/lib/python3/dist-packages/oslo_config/cfg.py:2609
2026-04-09 00:39:12.806 153191 DEBUG oslo_service.service [req-7b9f542d-c215-45dc-a8ee-52694f1ee298 - - - - -] api.vendordata_providers = ['StaticJSON'] log_opt_values /usr/lib/python3/dist-packages/oslo_config/cfg.py:2609
2026-04-09 00:39:12.807 153191 DEBUG oslo_service.service [req-7b9f542d-c215-45dc-a8ee-52694f1ee298 - - - - -] cache.backend = dogpile.cache.null log_opt_values /usr/lib/python3/dist-packages/oslo_config/cfg.py:2609
2026-04-09 00:39:12.807 153191 DEBUG oslo_service.service [req-7b9f542d-c215-45dc-a8ee-52694f1ee298 - - - - -] cache.backend_argument = **** log_opt_values /usr/lib/python3/dist-packages/oslo_config/cfg.py:2609
2026-04-09 00:39:12.807 153191 DEBUG oslo_service.service [req-7b9f542d-c215-45dc-a8ee-52694f1ee298 - - - - -] cache.config_prefix = cache.oslo log_opt_values /usr/lib/python3/dist-packages/oslo_config/cfg.py:2609
2026-04-09 00:39:12.807 153191 DEBUG oslo_service.service [req-7b9f542d-c215-45dc-a8ee-52694f1ee298 - - - - -] cache.debug_cache_backend = False log_opt_values /usr/lib/python3/dist-packages/oslo_config/cfg.py:2609
2026-04-09 00:39:12.808 153191 DEBUG oslo_service.service [req-7b9f542d-c215-45dc-a8ee-52694f1ee298 - - - - -] cache.enabled = False log_opt_values /usr/lib/python3/dist-packages/oslo_config/cfg.py:2609
2026-04-09 00:39:12.808 153191 DEBUG oslo_service.service [req-7b9f542d-c215-45dc-a8ee-52694f1ee298 - - - - -] cache.expiration_time = 600 log_opt_values /usr/lib/python3/dist-packages/oslo_config/cfg.py:2609
2026-04-09 00:39:12.808 153191 DEBUG oslo_service.service [req-7b9f542d-c215-45dc-a8ee-52694f1ee298 - - - - -] cache.memcache_dead_retry = 300 log_opt_values /usr/lib/python3/dist-packages/oslo_config/cfg.py:2609
2026-04-09 00:39:12.809 153191 DEBUG oslo_service.service [req-7b9f542d-c215-45dc-a8ee-52694f1ee298 - - - - -] cache.memcache_pool_connection_get_timeout = 10 log_opt_values /usr/lib/python3/dist-packages/oslo_config/cfg.py:2609
2026-04-09 00:39:12.809 153191 DEBUG oslo_service.service [req-7b9f542d-c215-45dc-a8ee-52694f1ee298 - - - - -] cache.memcache_pool_flush_on_reconnect = False log_opt_values /usr/lib/python3/dist-packages/oslo_config/cfg.py:2609
2026-04-09 00:39:12.809 153191 DEBUG oslo_service.service [req-7b9f542d-c215-45dc-a8ee-52694f1ee298 - - - - -] cache.memcache_pool_maxsize = 10 log_opt_values /usr/lib/python3/dist-packages/oslo_config/cfg.py:2609
2026-04-09 00:39:12.810 153191 DEBUG oslo_service.service [req-7b9f542d-c215-45dc-a8ee-52694f1ee298 - - - - -] cache.memcache_pool_unused_timeout = 60 log_opt_values /usr/lib/python3/dist-packages/oslo_config/cfg.py:2609
2026-04-09 00:39:12.810 153191 DEBUG oslo_service.service [req-7b9f542d-c215-45dc-a8ee-52694f1ee298 - - - - -] cache.memcache_servers = ['localhost:11211'] log_opt_values /usr/lib/python3/dist-packages/oslo_config/cfg.py:2609
2026-04-09 00:39:12.810 153191 DEBUG oslo_service.service [req-7b9f542d-c215-45dc-a8ee-52694f1ee298 - - - - -] cache.memcache_socket_timeout = 1.0 log_opt_values /usr/lib/python3/dist-packages/oslo_config/cfg.py:2609
2026-04-09 00:39:12.811 153191 DEBUG oslo_service.service [req-7b9f542d-c215-45dc-a8ee-52694f1ee298 - - - - -] cache.proxies = [] log_opt_values /usr/lib/python3/dist-packages/oslo_config/cfg.py:2609
2026-04-09 00:39:12.811 153191 DEBUG oslo_service.service [req-7b9f542d-c215-45dc-a8ee-52694f1ee298 - - - - -] cache.tls_allowed_ciphers = None log_opt_values /usr/lib/python3/dist-packages/oslo_config/cfg.py:2609
2026-04-09 00:39:12.811 153191 DEBUG oslo_service.service [req-7b9f542d-c215-45dc-a8ee-52694f1ee298 - - - - -] cache.tls_cafile = None log_opt_values /usr/lib/python3/dist-packages/oslo_config/cfg.py:2609
2026-04-09 00:39:12.812 153191 DEBUG oslo_service.service [req-7b9f542d-c215-45dc-a8ee-52694f1ee298 - - - - -] cache.tls_certfile = None log_opt_values /usr/lib/python3/dist-packages/oslo_config/cfg.py:2609
2026-04-09 00:39:12.812 153191 DEBUG oslo_service.service [req-7b9f542d-c215-45dc-a8ee-52694f1ee298 - - - - -] cache.tls_enabled = False log_opt_values /usr/lib/python3/dist-packages/oslo_config/cfg.py:2609
2026-04-09 00:39:12.812 153191 DEBUG oslo_service.service [req-7b9f542d-c215-45dc-a8ee-52694f1ee298 - - - - -] cache.tls_keyfile = None log_opt_values /usr/lib/python3/dist-packages/oslo_config/cfg.py:2609
2026-04-09 00:39:12.813 153191 DEBUG oslo_service.service [req-7b9f542d-c215-45dc-a8ee-52694f1ee298 - - - - -] cinder.auth_section = None log_opt_values /usr/lib/python3/dist-packages/oslo_config/cfg.py:2609
2026-04-09 00:39:12.813 153191 DEBUG oslo_service.service [req-7b9f542d-c215-45dc-a8ee-52694f1ee298 - - - - -] cinder.auth_type = None log_opt_values /usr/lib/python3/dist-packages/oslo_config/cfg.py:2609
2026-04-09 00:39:12.813 153191 DEBUG oslo_service.service [req-7b9f542d-c215-45dc-a8ee-52694f1ee298 - - - - -] cinder.cafile = None log_opt_values /usr/lib/python3/dist-packages/oslo_config/cfg.py:2609
2026-04-09 00:39:12.814 153191 DEBUG oslo_service.service [req-7b9f542d-c215-45dc-a8ee-52694f1ee298 - - - - -] cinder.catalog_info = volumev3::publicURL log_opt_values /usr/lib/python3/dist-packages/oslo_config/cfg.py:2609
2026-04-09 00:39:12.814 153191 DEBUG oslo_service.service [req-7b9f542d-c215-45dc-a8ee-52694f1ee298 - - - - -] cinder.certfile = None log_opt_values /usr/lib/python3/dist-packages/oslo_config/cfg.py:2609
2026-04-09 00:39:12.814 153191 DEBUG oslo_service.service [req-7b9f542d-c215-45dc-a8ee-52694f1ee298 - - - - -] cinder.collect_timing = False log_opt_values /usr/lib/python3/dist-packages/oslo_config/cfg.py:2609
2026-04-09 00:39:12.815 153191 DEBUG oslo_service.service [req-7b9f542d-c215-45dc-a8ee-52694f1ee298 - - - - -] cinder.cross_az_attach = True log_opt_values /usr/lib/python3/dist-packages/oslo_config/cfg.py:2609
2026-04-09 00:39:12.815 153191 DEBUG oslo_service.service [req-7b9f542d-c215-45dc-a8ee-52694f1ee298 - - - - -] cinder.debug = False log_opt_values /usr/lib/python3/dist-packages/oslo_config/cfg.py:2609
2026-04-09 00:39:12.815 153191 DEBUG oslo_service.service [req-7b9f542d-c215-45dc-a8ee-52694f1ee298 - - - - -] cinder.endpoint_template = None log_opt_values /usr/lib/python3/dist-packages/oslo_config/cfg.py:2609
2026-04-09 00:39:12.816 153191 DEBUG oslo_service.service [req-7b9f542d-c215-45dc-a8ee-52694f1ee298 - - - - -] cinder.http_retries = 3 log_opt_values /usr/lib/python3/dist-packages/oslo_config/cfg.py:2609
2026-04-09 00:39:12.816 153191 DEBUG oslo_service.service [req-7b9f542d-c215-45dc-a8ee-52694f1ee298 - - - - -] cinder.insecure = False log_opt_values /usr/lib/python3/dist-packages/oslo_config/cfg.py:2609
2026-04-09 00:39:12.816 153191 DEBUG oslo_service.service [req-7b9f542d-c215-45dc-a8ee-52694f1ee298 - - - - -] cinder.keyfile = None log_opt_values /usr/lib/python3/dist-packages/oslo_config/cfg.py:2609
2026-04-09 00:39:12.817 153191 DEBUG oslo_service.service [req-7b9f542d-c215-45dc-a8ee-52694f1ee298 - - - - -] cinder.os_region_name = None log_opt_values /usr/lib/python3/dist-packages/oslo_config/cfg.py:2609
2026-04-09 00:39:12.817 153191 DEBUG oslo_service.service [req-7b9f542d-c215-45dc-a8ee-52694f1ee298 - - - - -] cinder.split_loggers = False log_opt_values /usr/lib/python3/dist-packages/oslo_config/cfg.py:2609
2026-04-09 00:39:12.817 153191 DEBUG oslo_service.service [req-7b9f542d-c215-45dc-a8ee-52694f1ee298 - - - - -] cinder.timeout = None log_opt_values /usr/lib/python3/dist-packages/oslo_config/cfg.py:2609
2026-04-09 00:39:12.817 153591 DEBUG oslo_messaging._drivers.amqpdriver [-] Listener is running poll /usr/lib/python3/dist-packages/oslo_messaging/_drivers/amqpdriver.py:343
2026-04-09 00:39:12.817 153191 DEBUG oslo_service.service [req-7b9f542d-c215-45dc-a8ee-52694f1ee298 - - - - -] compute.consecutive_build_service_disable_threshold = 10 log_opt_values /usr/lib/python3/dist-packages/oslo_config/cfg.py:2609
2026-04-09 00:39:12.817 153591 DEBUG oslo_messaging._drivers.amqpdriver [-] AMQPListener connection consume poll /usr/lib/python3/dist-packages/oslo_messaging/_drivers/amqpdriver.py:357
2026-04-09 00:39:12.817 153191 DEBUG oslo_service.service [req-7b9f542d-c215-45dc-a8ee-52694f1ee298 - - - - -] compute.cpu_dedicated_set = None log_opt_values /usr/lib/python3/dist-packages/oslo_config/cfg.py:2609
2026-04-09 00:39:12.817 153191 DEBUG oslo_service.service [req-7b9f542d-c215-45dc-a8ee-52694f1ee298 - - - - -] compute.cpu_shared_set = None log_opt_values /usr/lib/python3/dist-packages/oslo_config/cfg.py:2609
2026-04-09 00:39:12.818 153191 DEBUG oslo_service.service [req-7b9f542d-c215-45dc-a8ee-52694f1ee298 - - - - -] compute.image_type_exclude_list = [] log_opt_values /usr/lib/python3/dist-packages/oslo_config/cfg.py:2609
2026-04-09 00:39:12.818 153191 DEBUG oslo_service.service [req-7b9f542d-c215-45dc-a8ee-52694f1ee298 - - - - -] compute.live_migration_wait_for_vif_plug = True log_opt_values /usr/lib/python3/dist-packages/oslo_config/cfg.py:2609
2026-04-09 00:39:12.818 153591 DEBUG nova.service [req-a368a2f7-10e8-4f23-a2d0-80a5ad83d41b - - - - -] Join ServiceGroup membership for this service scheduler start /usr/lib/python3/dist-packages/nova/service.py:199
2026-04-09 00:39:12.818 153191 DEBUG oslo_service.service [req-7b9f542d-c215-45dc-a8ee-52694f1ee298 - - - - -] compute.max_concurrent_disk_ops = 0 log_opt_values /usr/lib/python3/dist-packages/oslo_config/cfg.py:2609
2026-04-09 00:39:12.818 153591 DEBUG nova.servicegroup.drivers.db [req-a368a2f7-10e8-4f23-a2d0-80a5ad83d41b - - - - -] DB_Driver: join new ServiceGroup member juju-bcfe63-0-lxd-7 to the scheduler group, service = join /usr/lib/python3/dist-packages/nova/servicegroup/drivers/db.py:44
2026-04-09 00:39:12.818 153191 DEBUG oslo_service.service [req-7b9f542d-c215-45dc-a8ee-52694f1ee298 - - - - -] compute.max_disk_devices_to_attach = -1 log_opt_values /usr/lib/python3/dist-packages/oslo_config/cfg.py:2609
2026-04-09 00:39:12.819 153191 DEBUG oslo_service.service [req-7b9f542d-c215-45dc-a8ee-52694f1ee298 - - - - -] compute.packing_host_numa_cells_allocation_strategy = True log_opt_values /usr/lib/python3/dist-packages/oslo_config/cfg.py:2609
2026-04-09 00:39:12.819 153191 DEBUG oslo_service.service [req-7b9f542d-c215-45dc-a8ee-52694f1ee298 - - - - -] compute.provider_config_location = /etc/nova/provider_config/ log_opt_values /usr/lib/python3/dist-packages/oslo_config/cfg.py:2609
2026-04-09 00:39:12.819 153191 DEBUG oslo_service.service [req-7b9f542d-c215-45dc-a8ee-52694f1ee298 - - - - -] compute.resource_provider_association_refresh = 300 log_opt_values /usr/lib/python3/dist-packages/oslo_config/cfg.py:2609
2026-04-09 00:39:12.819 153191 DEBUG oslo_service.service [req-7b9f542d-c215-45dc-a8ee-52694f1ee298 - - - - -] compute.shutdown_retry_interval = 10 log_opt_values /usr/lib/python3/dist-packages/oslo_config/cfg.py:2609
2026-04-09 00:39:12.820 153191 DEBUG oslo_service.service [req-7b9f542d-c215-45dc-a8ee-52694f1ee298 - - - - -] compute.vmdk_allowed_types = ['streamOptimized', 'monolithicSparse'] log_opt_values /usr/lib/python3/dist-packages/oslo_config/cfg.py:2609
2026-04-09 00:39:12.820 153191 DEBUG oslo_service.service [req-7b9f542d-c215-45dc-a8ee-52694f1ee298 - - - - -] conductor.workers = 4 log_opt_values /usr/lib/python3/dist-packages/oslo_config/cfg.py:2609
2026-04-09 00:39:12.820 153591 DEBUG oslo_messaging._drivers.amqpdriver [-] AMQPListener connection timeout poll /usr/lib/python3/dist-packages/oslo_messaging/_drivers/amqpdriver.py:360
2026-04-09 00:39:12.820 153191 DEBUG oslo_service.service [req-7b9f542d-c215-45dc-a8ee-52694f1ee298 - - - - -] console.allowed_origins = [] log_opt_values /usr/lib/python3/dist-packages/oslo_config/cfg.py:2609
2026-04-09 00:39:12.821 153591 DEBUG oslo_messaging._drivers.amqpdriver [-] Listener is running poll /usr/lib/python3/dist-packages/oslo_messaging/_drivers/amqpdriver.py:343
2026-04-09 00:39:12.821 153591 DEBUG oslo_messaging._drivers.amqpdriver [-] AMQPListener connection consume poll /usr/lib/python3/dist-packages/oslo_messaging/_drivers/amqpdriver.py:357
2026-04-09 00:39:12.821 153191 DEBUG oslo_service.service [req-7b9f542d-c215-45dc-a8ee-52694f1ee298 - - - - -] console.ssl_ciphers = None log_opt_values /usr/lib/python3/dist-packages/oslo_config/cfg.py:2609
2026-04-09 00:39:12.821 153191 DEBUG oslo_service.service [req-7b9f542d-c215-45dc-a8ee-52694f1ee298 - - - - -] console.ssl_minimum_version = default log_opt_values /usr/lib/python3/dist-packages/oslo_config/cfg.py:2609
2026-04-09 00:39:12.821 153191 DEBUG oslo_service.service [req-7b9f542d-c215-45dc-a8ee-52694f1ee298 - - - - -] consoleauth.token_ttl = 600 log_opt_values /usr/lib/python3/dist-packages/oslo_config/cfg.py:2609
2026-04-09 00:39:12.822 153191 DEBUG oslo_service.service [req-7b9f542d-c215-45dc-a8ee-52694f1ee298 - - - - -] cyborg.cafile = None log_opt_values /usr/lib/python3/dist-packages/oslo_config/cfg.py:2609
2026-04-09 00:39:12.822 153191 DEBUG oslo_service.service [req-7b9f542d-c215-45dc-a8ee-52694f1ee298 - - - - -] cyborg.certfile = None log_opt_values /usr/lib/python3/dist-packages/oslo_config/cfg.py:2609
2026-04-09 00:39:12.822 153191 DEBUG oslo_service.service [req-7b9f542d-c215-45dc-a8ee-52694f1ee298 - - - - -] cyborg.collect_timing = False log_opt_values /usr/lib/python3/dist-packages/oslo_config/cfg.py:2609
2026-04-09 00:39:12.823 153191 DEBUG oslo_service.service [req-7b9f542d-c215-45dc-a8ee-52694f1ee298 - - - - -] cyborg.connect_retries = None log_opt_values /usr/lib/python3/dist-packages/oslo_config/cfg.py:2609
2026-04-09 00:39:12.823 153191 DEBUG oslo_service.service [req-7b9f542d-c215-45dc-a8ee-52694f1ee298 - - - - -] cyborg.connect_retry_delay = None log_opt_values /usr/lib/python3/dist-packages/oslo_config/cfg.py:2609
2026-04-09 00:39:12.823 153191 DEBUG oslo_service.service [req-7b9f542d-c215-45dc-a8ee-52694f1ee298 - - - - -] cyborg.endpoint_override = None log_opt_values /usr/lib/python3/dist-packages/oslo_config/cfg.py:2609
2026-04-09 00:39:12.823 153191 DEBUG oslo_service.service [req-7b9f542d-c215-45dc-a8ee-52694f1ee298 - - - - -] cyborg.insecure = False log_opt_values /usr/lib/python3/dist-packages/oslo_config/cfg.py:2609
2026-04-09 00:39:12.824 153191 DEBUG oslo_service.service [req-7b9f542d-c215-45dc-a8ee-52694f1ee298 - - - - -] cyborg.keyfile = None log_opt_values /usr/lib/python3/dist-packages/oslo_config/cfg.py:2609
2026-04-09 00:39:12.824 153191 DEBUG oslo_service.service [req-7b9f542d-c215-45dc-a8ee-52694f1ee298 - - - - -] cyborg.max_version = None log_opt_values /usr/lib/python3/dist-packages/oslo_config/cfg.py:2609
2026-04-09 00:39:12.824 153191 DEBUG oslo_service.service [req-7b9f542d-c215-45dc-a8ee-52694f1ee298 - - - - -] cyborg.min_version = None log_opt_values /usr/lib/python3/dist-packages/oslo_config/cfg.py:2609
2026-04-09 00:39:12.824 153191 DEBUG oslo_service.service [req-7b9f542d-c215-45dc-a8ee-52694f1ee298 - - - - -] cyborg.region_name = None log_opt_values /usr/lib/python3/dist-packages/oslo_config/cfg.py:2609
2026-04-09 00:39:12.825 153191 DEBUG oslo_service.service [req-7b9f542d-c215-45dc-a8ee-52694f1ee298 - - - - -] cyborg.service_name = None log_opt_values /usr/lib/python3/dist-packages/oslo_config/cfg.py:2609
2026-04-09 00:39:12.825 153191 DEBUG oslo_service.service [req-7b9f542d-c215-45dc-a8ee-52694f1ee298 - - - - -] cyborg.service_type = accelerator log_opt_values /usr/lib/python3/dist-packages/oslo_config/cfg.py:2609
2026-04-09 00:39:12.825 153191 DEBUG oslo_service.service [req-7b9f542d-c215-45dc-a8ee-52694f1ee298 - - - - -] cyborg.split_loggers = False log_opt_values /usr/lib/python3/dist-packages/oslo_config/cfg.py:2609
2026-04-09 00:39:12.826 153191 DEBUG oslo_service.service [req-7b9f542d-c215-45dc-a8ee-52694f1ee298 - - - - -] cyborg.status_code_retries = None log_opt_values /usr/lib/python3/dist-packages/oslo_config/cfg.py:2609
2026-04-09 00:39:12.826 153191 DEBUG oslo_service.service [req-7b9f542d-c215-45dc-a8ee-52694f1ee298 - - - - -] cyborg.status_code_retry_delay = None log_opt_values /usr/lib/python3/dist-packages/oslo_config/cfg.py:2609
2026-04-09 00:39:12.826 153191 DEBUG oslo_service.service [req-7b9f542d-c215-45dc-a8ee-52694f1ee298 - - - - -] cyborg.timeout = None log_opt_values /usr/lib/python3/dist-packages/oslo_config/cfg.py:2609
2026-04-09 00:39:12.826 153191 DEBUG oslo_service.service [req-7b9f542d-c215-45dc-a8ee-52694f1ee298 - - - - -] cyborg.valid_interfaces = ['internal', 'public'] log_opt_values /usr/lib/python3/dist-packages/oslo_config/cfg.py:2609
2026-04-09 00:39:12.826 153191 DEBUG oslo_service.service [req-7b9f542d-c215-45dc-a8ee-52694f1ee298 - - - - -] cyborg.version = None log_opt_values /usr/lib/python3/dist-packages/oslo_config/cfg.py:2609
2026-04-09 00:39:12.827 153191 DEBUG oslo_service.service [req-7b9f542d-c215-45dc-a8ee-52694f1ee298 - - - - -] database.backend = sqlalchemy log_opt_values /usr/lib/python3/dist-packages/oslo_config/cfg.py:2609
2026-04-09 00:39:12.827 153191 DEBUG oslo_service.service [req-7b9f542d-c215-45dc-a8ee-52694f1ee298 - - - - -] database.connection = **** log_opt_values /usr/lib/python3/dist-packages/oslo_config/cfg.py:2609
2026-04-09 00:39:12.827 153191 DEBUG oslo_service.service [req-7b9f542d-c215-45dc-a8ee-52694f1ee298 - - - - -] database.connection_debug = 0 log_opt_values /usr/lib/python3/dist-packages/oslo_config/cfg.py:2609
2026-04-09 00:39:12.827 153191 DEBUG oslo_service.service [req-7b9f542d-c215-45dc-a8ee-52694f1ee298 - - - - -] database.connection_parameters = log_opt_values /usr/lib/python3/dist-packages/oslo_config/cfg.py:2609
2026-04-09 00:39:12.827 153191 DEBUG oslo_service.service [req-7b9f542d-c215-45dc-a8ee-52694f1ee298 - - - - -] database.connection_recycle_time = 3600 log_opt_values /usr/lib/python3/dist-packages/oslo_config/cfg.py:2609
2026-04-09 00:39:12.827 153191 DEBUG oslo_service.service [req-7b9f542d-c215-45dc-a8ee-52694f1ee298 - - - - -] database.connection_trace = False log_opt_values /usr/lib/python3/dist-packages/oslo_config/cfg.py:2609
2026-04-09 00:39:12.828 153191 DEBUG oslo_service.service [req-7b9f542d-c215-45dc-a8ee-52694f1ee298 - - - - -] database.db_inc_retry_interval = True log_opt_values /usr/lib/python3/dist-packages/oslo_config/cfg.py:2609
2026-04-09 00:39:12.828 153191 DEBUG oslo_service.service [req-7b9f542d-c215-45dc-a8ee-52694f1ee298 - - - - -] database.db_max_retries = 20 log_opt_values /usr/lib/python3/dist-packages/oslo_config/cfg.py:2609
2026-04-09 00:39:12.828 153191 DEBUG oslo_service.service [req-7b9f542d-c215-45dc-a8ee-52694f1ee298 - - - - -] database.db_max_retry_interval = 10 log_opt_values /usr/lib/python3/dist-packages/oslo_config/cfg.py:2609
2026-04-09 00:39:12.828 153191 DEBUG oslo_service.service [req-7b9f542d-c215-45dc-a8ee-52694f1ee298 - - - - -] database.db_retry_interval = 1 log_opt_values /usr/lib/python3/dist-packages/oslo_config/cfg.py:2609
2026-04-09 00:39:12.828 153191 DEBUG oslo_service.service [req-7b9f542d-c215-45dc-a8ee-52694f1ee298 - - - - -] database.max_overflow = 50 log_opt_values /usr/lib/python3/dist-packages/oslo_config/cfg.py:2609
2026-04-09 00:39:12.828 153191 DEBUG oslo_service.service [req-7b9f542d-c215-45dc-a8ee-52694f1ee298 - - - - -] database.max_pool_size = 4 log_opt_values /usr/lib/python3/dist-packages/oslo_config/cfg.py:2609
2026-04-09 00:39:12.829 153191 DEBUG oslo_service.service [req-7b9f542d-c215-45dc-a8ee-52694f1ee298 - - - - -] database.max_retries = 10 log_opt_values /usr/lib/python3/dist-packages/oslo_config/cfg.py:2609
2026-04-09 00:39:12.829 153191 DEBUG oslo_service.service [req-7b9f542d-c215-45dc-a8ee-52694f1ee298 - - - - -] database.mysql_enable_ndb = False log_opt_values /usr/lib/python3/dist-packages/oslo_config/cfg.py:2609
2026-04-09 00:39:12.829 153191 DEBUG oslo_service.service [req-7b9f542d-c215-45dc-a8ee-52694f1ee298 - - - - -] database.mysql_sql_mode = TRADITIONAL log_opt_values /usr/lib/python3/dist-packages/oslo_config/cfg.py:2609
2026-04-09 00:39:12.829 153191 DEBUG oslo_service.service [req-7b9f542d-c215-45dc-a8ee-52694f1ee298 - - - - -] database.pool_timeout = None log_opt_values /usr/lib/python3/dist-packages/oslo_config/cfg.py:2609
2026-04-09 00:39:12.829 153191 DEBUG oslo_service.service [req-7b9f542d-c215-45dc-a8ee-52694f1ee298 - - - - -] database.retry_interval = 10 log_opt_values /usr/lib/python3/dist-packages/oslo_config/cfg.py:2609
2026-04-09 00:39:12.829 153191 DEBUG oslo_service.service [req-7b9f542d-c215-45dc-a8ee-52694f1ee298 - - - - -] database.slave_connection = **** log_opt_values /usr/lib/python3/dist-packages/oslo_config/cfg.py:2609
2026-04-09 00:39:12.829 153191 DEBUG oslo_service.service [req-7b9f542d-c215-45dc-a8ee-52694f1ee298 - - - - -] database.sqlite_synchronous = True log_opt_values /usr/lib/python3/dist-packages/oslo_config/cfg.py:2609
2026-04-09 00:39:12.830 153191 DEBUG oslo_service.service [req-7b9f542d-c215-45dc-a8ee-52694f1ee298 - - - - -] database.use_db_reconnect = False log_opt_values /usr/lib/python3/dist-packages/oslo_config/cfg.py:2609
2026-04-09 00:39:12.830 153191 DEBUG oslo_service.service [req-7b9f542d-c215-45dc-a8ee-52694f1ee298 - - - - -] api_database.backend = sqlalchemy log_opt_values /usr/lib/python3/dist-packages/oslo_config/cfg.py:2609
2026-04-09 00:39:12.830 153191 DEBUG oslo_service.service [req-7b9f542d-c215-45dc-a8ee-52694f1ee298 - - - - -] api_database.connection = **** log_opt_values /usr/lib/python3/dist-packages/oslo_config/cfg.py:2609
2026-04-09 00:39:12.830 153191 DEBUG oslo_service.service [req-7b9f542d-c215-45dc-a8ee-52694f1ee298 - - - - -] api_database.connection_debug = 0 log_opt_values /usr/lib/python3/dist-packages/oslo_config/cfg.py:2609
2026-04-09 00:39:12.830 153191 DEBUG oslo_service.service [req-7b9f542d-c215-45dc-a8ee-52694f1ee298 - - - - -] api_database.connection_parameters = log_opt_values /usr/lib/python3/dist-packages/oslo_config/cfg.py:2609
2026-04-09 00:39:12.830 153191 DEBUG oslo_service.service [req-7b9f542d-c215-45dc-a8ee-52694f1ee298 - - - - -] api_database.connection_recycle_time = 3600 log_opt_values /usr/lib/python3/dist-packages/oslo_config/cfg.py:2609
2026-04-09 00:39:12.831 153191 DEBUG oslo_service.service [req-7b9f542d-c215-45dc-a8ee-52694f1ee298 - - - - -] api_database.connection_trace = False log_opt_values /usr/lib/python3/dist-packages/oslo_config/cfg.py:2609
2026-04-09 00:39:12.831 153191 DEBUG oslo_service.service [req-7b9f542d-c215-45dc-a8ee-52694f1ee298 - - - - -] api_database.db_inc_retry_interval = True log_opt_values /usr/lib/python3/dist-packages/oslo_config/cfg.py:2609
2026-04-09 00:39:12.831 153191 DEBUG oslo_service.service [req-7b9f542d-c215-45dc-a8ee-52694f1ee298 - - - - -] api_database.db_max_retries = 20 log_opt_values /usr/lib/python3/dist-packages/oslo_config/cfg.py:2609
2026-04-09 00:39:12.831 153191 DEBUG oslo_service.service [req-7b9f542d-c215-45dc-a8ee-52694f1ee298 - - - - -] api_database.db_max_retry_interval = 10 log_opt_values /usr/lib/python3/dist-packages/oslo_config/cfg.py:2609
2026-04-09 00:39:12.831 153191 DEBUG oslo_service.service [req-7b9f542d-c215-45dc-a8ee-52694f1ee298 - - - - -] api_database.db_retry_interval = 1 log_opt_values /usr/lib/python3/dist-packages/oslo_config/cfg.py:2609
2026-04-09 00:39:12.831 153191 DEBUG oslo_service.service [req-7b9f542d-c215-45dc-a8ee-52694f1ee298 - - - - -] api_database.max_overflow = 50 log_opt_values /usr/lib/python3/dist-packages/oslo_config/cfg.py:2609
2026-04-09 00:39:12.832 153191 DEBUG oslo_service.service [req-7b9f542d-c215-45dc-a8ee-52694f1ee298 - - - - -] api_database.max_pool_size = 4 log_opt_values /usr/lib/python3/dist-packages/oslo_config/cfg.py:2609
2026-04-09 00:39:12.832 153191 DEBUG oslo_service.service [req-7b9f542d-c215-45dc-a8ee-52694f1ee298 - - - - -] api_database.max_retries = 10 log_opt_values /usr/lib/python3/dist-packages/oslo_config/cfg.py:2609
2026-04-09 00:39:12.832 153191 DEBUG oslo_service.service [req-7b9f542d-c215-45dc-a8ee-52694f1ee298 - - - - -] api_database.mysql_enable_ndb = False log_opt_values /usr/lib/python3/dist-packages/oslo_config/cfg.py:2609
2026-04-09 00:39:12.832 153191 DEBUG oslo_service.service [req-7b9f542d-c215-45dc-a8ee-52694f1ee298 - - - - -] api_database.mysql_sql_mode = TRADITIONAL log_opt_values /usr/lib/python3/dist-packages/oslo_config/cfg.py:2609
2026-04-09 00:39:12.832 153191 DEBUG oslo_service.service [req-7b9f542d-c215-45dc-a8ee-52694f1ee298 - - - - -] api_database.pool_timeout = None log_opt_values /usr/lib/python3/dist-packages/oslo_config/cfg.py:2609
2026-04-09 00:39:12.832 153191 DEBUG oslo_service.service [req-7b9f542d-c215-45dc-a8ee-52694f1ee298 - - - - -] api_database.retry_interval = 10 log_opt_values /usr/lib/python3/dist-packages/oslo_config/cfg.py:2609
2026-04-09 00:39:12.833 153191 DEBUG oslo_service.service [req-7b9f542d-c215-45dc-a8ee-52694f1ee298 - - - - -] api_database.slave_connection = **** log_opt_values /usr/lib/python3/dist-packages/oslo_config/cfg.py:2609
2026-04-09 00:39:12.833 153191 DEBUG oslo_service.service [req-7b9f542d-c215-45dc-a8ee-52694f1ee298 - - - - -] api_database.sqlite_synchronous = True log_opt_values /usr/lib/python3/dist-packages/oslo_config/cfg.py:2609
2026-04-09 00:39:12.833 153191 DEBUG oslo_service.service [req-7b9f542d-c215-45dc-a8ee-52694f1ee298 - - - - -] devices.enabled_mdev_types = [] log_opt_values /usr/lib/python3/dist-packages/oslo_config/cfg.py:2609
2026-04-09 00:39:12.833 153191 DEBUG oslo_service.service [req-7b9f542d-c215-45dc-a8ee-52694f1ee298 - - - - -] ephemeral_storage_encryption.cipher = aes-xts-plain64 log_opt_values /usr/lib/python3/dist-packages/oslo_config/cfg.py:2609
2026-04-09 00:39:12.833 153191 DEBUG oslo_service.service [req-7b9f542d-c215-45dc-a8ee-52694f1ee298 - - - - -] ephemeral_storage_encryption.enabled = False log_opt_values /usr/lib/python3/dist-packages/oslo_config/cfg.py:2609
2026-04-09 00:39:12.833 153191 DEBUG oslo_service.service [req-7b9f542d-c215-45dc-a8ee-52694f1ee298 - - - - -] ephemeral_storage_encryption.key_size = 512 log_opt_values /usr/lib/python3/dist-packages/oslo_config/cfg.py:2609
2026-04-09 00:39:12.834 153191 WARNING oslo_config.cfg [req-7b9f542d-c215-45dc-a8ee-52694f1ee298 - - - - -] Deprecated: Option "api_servers" from group "glance" is deprecated for removal ( Support for image service configuration via standard keystoneauth1 Adapter options was added in the 17.0.0 Queens release. The api_servers option was retained temporarily to allow consumers time to cut over to a real load balancing solution. ). Its value may be silently ignored in the future.
2026-04-09 00:39:12.834 153191 DEBUG oslo_service.service [req-7b9f542d-c215-45dc-a8ee-52694f1ee298 - - - - -] glance.api_servers = ['http://252.129.249.251:9292'] log_opt_values /usr/lib/python3/dist-packages/oslo_config/cfg.py:2609
2026-04-09 00:39:12.834 153191 DEBUG oslo_service.service [req-7b9f542d-c215-45dc-a8ee-52694f1ee298 - - - - -] glance.cafile = None log_opt_values /usr/lib/python3/dist-packages/oslo_config/cfg.py:2609
2026-04-09 00:39:12.834 153191 DEBUG oslo_service.service [req-7b9f542d-c215-45dc-a8ee-52694f1ee298 - - - - -] glance.certfile = None log_opt_values /usr/lib/python3/dist-packages/oslo_config/cfg.py:2609
2026-04-09 00:39:12.834 153191 DEBUG oslo_service.service [req-7b9f542d-c215-45dc-a8ee-52694f1ee298 - - - - -] glance.collect_timing = False log_opt_values /usr/lib/python3/dist-packages/oslo_config/cfg.py:2609
2026-04-09 00:39:12.835 153191 DEBUG oslo_service.service [req-7b9f542d-c215-45dc-a8ee-52694f1ee298 - - - - -] glance.connect_retries = None log_opt_values /usr/lib/python3/dist-packages/oslo_config/cfg.py:2609
2026-04-09 00:39:12.835 153191 DEBUG oslo_service.service [req-7b9f542d-c215-45dc-a8ee-52694f1ee298 - - - - -] glance.connect_retry_delay = None log_opt_values /usr/lib/python3/dist-packages/oslo_config/cfg.py:2609
2026-04-09 00:39:12.835 153191 DEBUG oslo_service.service [req-7b9f542d-c215-45dc-a8ee-52694f1ee298 - - - - -] glance.debug = False log_opt_values /usr/lib/python3/dist-packages/oslo_config/cfg.py:2609
2026-04-09 00:39:12.835 153191 DEBUG oslo_service.service [req-7b9f542d-c215-45dc-a8ee-52694f1ee298 - - - - -] glance.default_trusted_certificate_ids = [] log_opt_values /usr/lib/python3/dist-packages/oslo_config/cfg.py:2609
2026-04-09 00:39:12.835 153191 DEBUG oslo_service.service [req-7b9f542d-c215-45dc-a8ee-52694f1ee298 - - - - -] glance.enable_certificate_validation = False log_opt_values /usr/lib/python3/dist-packages/oslo_config/cfg.py:2609
2026-04-09 00:39:12.836 153191 DEBUG oslo_service.service [req-7b9f542d-c215-45dc-a8ee-52694f1ee298 - - - - -] glance.enable_rbd_download = False log_opt_values /usr/lib/python3/dist-packages/oslo_config/cfg.py:2609
2026-04-09 00:39:12.836 153191 DEBUG oslo_service.service [req-7b9f542d-c215-45dc-a8ee-52694f1ee298 - - - - -] glance.endpoint_override = None log_opt_values /usr/lib/python3/dist-packages/oslo_config/cfg.py:2609
2026-04-09 00:39:12.836 153191 DEBUG oslo_service.service [req-7b9f542d-c215-45dc-a8ee-52694f1ee298 - - - - -] glance.insecure = False log_opt_values /usr/lib/python3/dist-packages/oslo_config/cfg.py:2609
2026-04-09 00:39:12.836 153191 DEBUG oslo_service.service [req-7b9f542d-c215-45dc-a8ee-52694f1ee298 - - - - -] glance.keyfile = None log_opt_values /usr/lib/python3/dist-packages/oslo_config/cfg.py:2609
2026-04-09 00:39:12.836 153191 DEBUG oslo_service.service [req-7b9f542d-c215-45dc-a8ee-52694f1ee298 - - - - -] glance.max_version = None log_opt_values /usr/lib/python3/dist-packages/oslo_config/cfg.py:2609
2026-04-09 00:39:12.836 153191 DEBUG oslo_service.service [req-7b9f542d-c215-45dc-a8ee-52694f1ee298 - - - - -] glance.min_version = None log_opt_values /usr/lib/python3/dist-packages/oslo_config/cfg.py:2609
2026-04-09 00:39:12.836 153191 DEBUG oslo_service.service [req-7b9f542d-c215-45dc-a8ee-52694f1ee298 - - - - -] glance.num_retries = 3 log_opt_values /usr/lib/python3/dist-packages/oslo_config/cfg.py:2609
2026-04-09 00:39:12.837 153191 DEBUG oslo_service.service [req-7b9f542d-c215-45dc-a8ee-52694f1ee298 - - - - -] glance.rbd_ceph_conf = log_opt_values /usr/lib/python3/dist-packages/oslo_config/cfg.py:2609
2026-04-09 00:39:12.837 153191 DEBUG oslo_service.service [req-7b9f542d-c215-45dc-a8ee-52694f1ee298 - - - - -] glance.rbd_connect_timeout = 5 log_opt_values /usr/lib/python3/dist-packages/oslo_config/cfg.py:2609
2026-04-09 00:39:12.837 153191 DEBUG oslo_service.service [req-7b9f542d-c215-45dc-a8ee-52694f1ee298 - - - - -] glance.rbd_pool = log_opt_values /usr/lib/python3/dist-packages/oslo_config/cfg.py:2609
2026-04-09 00:39:12.837 153191 DEBUG oslo_service.service [req-7b9f542d-c215-45dc-a8ee-52694f1ee298 - - - - -] glance.rbd_user = log_opt_values /usr/lib/python3/dist-packages/oslo_config/cfg.py:2609
2026-04-09 00:39:12.837 153191 DEBUG oslo_service.service [req-7b9f542d-c215-45dc-a8ee-52694f1ee298 - - - - -] glance.region_name = None log_opt_values /usr/lib/python3/dist-packages/oslo_config/cfg.py:2609
2026-04-09 00:39:12.838 153191 DEBUG oslo_service.service [req-7b9f542d-c215-45dc-a8ee-52694f1ee298 - - - - -] glance.service_name = None log_opt_values /usr/lib/python3/dist-packages/oslo_config/cfg.py:2609
2026-04-09 00:39:12.838 153191 DEBUG oslo_service.service [req-7b9f542d-c215-45dc-a8ee-52694f1ee298 - - - - -] glance.service_type = image log_opt_values /usr/lib/python3/dist-packages/oslo_config/cfg.py:2609
2026-04-09 00:39:12.838 153191 DEBUG oslo_service.service [req-7b9f542d-c215-45dc-a8ee-52694f1ee298 - - - - -] glance.split_loggers = False log_opt_values /usr/lib/python3/dist-packages/oslo_config/cfg.py:2609
2026-04-09 00:39:12.838 153191 DEBUG oslo_service.service [req-7b9f542d-c215-45dc-a8ee-52694f1ee298 - - - - -] glance.status_code_retries = None log_opt_values /usr/lib/python3/dist-packages/oslo_config/cfg.py:2609
2026-04-09 00:39:12.838 153191 DEBUG oslo_service.service [req-7b9f542d-c215-45dc-a8ee-52694f1ee298 - - - - -] glance.status_code_retry_delay = None log_opt_values /usr/lib/python3/dist-packages/oslo_config/cfg.py:2609
2026-04-09 00:39:12.838 153191 DEBUG oslo_service.service [req-7b9f542d-c215-45dc-a8ee-52694f1ee298 - - - - -] glance.timeout = None log_opt_values /usr/lib/python3/dist-packages/oslo_config/cfg.py:2609
2026-04-09 00:39:12.838 153191 DEBUG oslo_service.service [req-7b9f542d-c215-45dc-a8ee-52694f1ee298 - - - - -] glance.valid_interfaces = ['internal', 'public'] log_opt_values /usr/lib/python3/dist-packages/oslo_config/cfg.py:2609
2026-04-09 00:39:12.839 153191 DEBUG oslo_service.service [req-7b9f542d-c215-45dc-a8ee-52694f1ee298 - - - - -] glance.verify_glance_signatures = False log_opt_values /usr/lib/python3/dist-packages/oslo_config/cfg.py:2609
2026-04-09 00:39:12.839 153191 DEBUG oslo_service.service [req-7b9f542d-c215-45dc-a8ee-52694f1ee298 - - - - -] glance.version = None log_opt_values /usr/lib/python3/dist-packages/oslo_config/cfg.py:2609
2026-04-09 00:39:12.839 153191 DEBUG oslo_service.service [req-7b9f542d-c215-45dc-a8ee-52694f1ee298 - - - - -] guestfs.debug = False log_opt_values /usr/lib/python3/dist-packages/oslo_config/cfg.py:2609
2026-04-09 00:39:12.839 153191 DEBUG oslo_service.service [req-7b9f542d-c215-45dc-a8ee-52694f1ee298 - - - - -] hyperv.config_drive_cdrom = False log_opt_values /usr/lib/python3/dist-packages/oslo_config/cfg.py:2609
2026-04-09 00:39:12.839 153191 DEBUG oslo_service.service [req-7b9f542d-c215-45dc-a8ee-52694f1ee298 - - - - -] hyperv.config_drive_inject_password = False log_opt_values /usr/lib/python3/dist-packages/oslo_config/cfg.py:2609
2026-04-09 00:39:12.840 153191 DEBUG oslo_service.service [req-7b9f542d-c215-45dc-a8ee-52694f1ee298 - - - - -] hyperv.dynamic_memory_ratio = 1.0 log_opt_values /usr/lib/python3/dist-packages/oslo_config/cfg.py:2609
2026-04-09 00:39:12.840 153191 DEBUG oslo_service.service [req-7b9f542d-c215-45dc-a8ee-52694f1ee298 - - - - -] hyperv.enable_instance_metrics_collection = False log_opt_values /usr/lib/python3/dist-packages/oslo_config/cfg.py:2609
2026-04-09 00:39:12.840 153191 DEBUG oslo_service.service [req-7b9f542d-c215-45dc-a8ee-52694f1ee298 - - - - -] hyperv.enable_remotefx = False log_opt_values /usr/lib/python3/dist-packages/oslo_config/cfg.py:2609
2026-04-09 00:39:12.840 153191 DEBUG oslo_service.service [req-7b9f542d-c215-45dc-a8ee-52694f1ee298 - - - - -] hyperv.instances_path_share = log_opt_values /usr/lib/python3/dist-packages/oslo_config/cfg.py:2609
2026-04-09 00:39:12.840 153191 DEBUG oslo_service.service [req-7b9f542d-c215-45dc-a8ee-52694f1ee298 - - - - -] hyperv.iscsi_initiator_list = [] log_opt_values /usr/lib/python3/dist-packages/oslo_config/cfg.py:2609
2026-04-09 00:39:12.840 153191 DEBUG oslo_service.service [req-7b9f542d-c215-45dc-a8ee-52694f1ee298 - - - - -] hyperv.limit_cpu_features = False log_opt_values /usr/lib/python3/dist-packages/oslo_config/cfg.py:2609
2026-04-09 00:39:12.841 153191 DEBUG oslo_service.service [req-7b9f542d-c215-45dc-a8ee-52694f1ee298 - - - - -] hyperv.mounted_disk_query_retry_count = 10 log_opt_values /usr/lib/python3/dist-packages/oslo_config/cfg.py:2609
2026-04-09 00:39:12.841 153191 DEBUG oslo_service.service [req-7b9f542d-c215-45dc-a8ee-52694f1ee298 - - - - -] hyperv.mounted_disk_query_retry_interval = 5 log_opt_values /usr/lib/python3/dist-packages/oslo_config/cfg.py:2609
2026-04-09 00:39:12.841 153191 DEBUG oslo_service.service [req-7b9f542d-c215-45dc-a8ee-52694f1ee298 - - - - -] hyperv.power_state_check_timeframe = 60 log_opt_values /usr/lib/python3/dist-packages/oslo_config/cfg.py:2609
