2026-04-09 00:36:38.746 37632 DEBUG oslo_service.service [-] heat_api_cloudwatch.cert_file = None log_opt_values /usr/lib/python3/dist-packages/oslo_config/cfg.py:2609
2026-04-09 00:36:38.746 37632 DEBUG oslo_service.service [-] heat_api_cloudwatch.key_file = None log_opt_values /usr/lib/python3/dist-packages/oslo_config/cfg.py:2609
2026-04-09 00:36:38.746 37632 DEBUG oslo_service.service [-] heat_api_cloudwatch.max_header_line = 16384 log_opt_values /usr/lib/python3/dist-packages/oslo_config/cfg.py:2609
2026-04-09 00:36:38.746 37632 DEBUG oslo_service.service [-] heat_api_cloudwatch.tcp_keepidle = 600 log_opt_values /usr/lib/python3/dist-packages/oslo_config/cfg.py:2609
2026-04-09 00:36:38.746 37632 DEBUG oslo_service.service [-] heat_api_cloudwatch.workers = 1 log_opt_values /usr/lib/python3/dist-packages/oslo_config/cfg.py:2609
2026-04-09 00:36:38.750 37632 DEBUG oslo_service.service [-] eventlet_opts.client_socket_timeout = 900 log_opt_values /usr/lib/python3/dist-packages/oslo_config/cfg.py:2609
2026-04-09 00:36:38.750 37632 DEBUG oslo_service.service [-] eventlet_opts.wsgi_keep_alive = True log_opt_values /usr/lib/python3/dist-packages/oslo_config/cfg.py:2609
2026-04-09 00:36:38.750 37632 DEBUG oslo_service.service [-] paste_deploy.api_paste_config = /etc/heat/api-paste.ini log_opt_values /usr/lib/python3/dist-packages/oslo_config/cfg.py:2609
2026-04-09 00:36:38.751 37632 DEBUG oslo_service.service [-] paste_deploy.flavor = None log_opt_values /usr/lib/python3/dist-packages/oslo_config/cfg.py:2609
2026-04-09 00:36:38.751 37632 DEBUG oslo_service.service [-] auth_password.allowed_auth_uris = [] log_opt_values /usr/lib/python3/dist-packages/oslo_config/cfg.py:2609
2026-04-09 00:36:38.752 37632 DEBUG oslo_service.service [-] auth_password.multi_cloud = False log_opt_values /usr/lib/python3/dist-packages/oslo_config/cfg.py:2609
2026-04-09 00:36:38.752 37632 DEBUG oslo_service.service [-] revision.heat_revision = unknown log_opt_values /usr/lib/python3/dist-packages/oslo_config/cfg.py:2609
2026-04-09 00:36:38.752 37632 DEBUG oslo_service.service [-] volumes.backups_enabled = True log_opt_values /usr/lib/python3/dist-packages/oslo_config/cfg.py:2609
2026-04-09 00:36:38.752 37632 DEBUG oslo_service.service [-] noauth.token_response = log_opt_values /usr/lib/python3/dist-packages/oslo_config/cfg.py:2609
2026-04-09 00:36:38.754 37632 DEBUG oslo_service.service [-] clients.ca_file = None log_opt_values /usr/lib/python3/dist-packages/oslo_config/cfg.py:2609
2026-04-09 00:36:38.754 37632 DEBUG oslo_service.service [-] clients.cert_file = None log_opt_values /usr/lib/python3/dist-packages/oslo_config/cfg.py:2609
2026-04-09 00:36:38.754 37632 DEBUG oslo_service.service [-] clients.endpoint_type = publicURL log_opt_values /usr/lib/python3/dist-packages/oslo_config/cfg.py:2609
2026-04-09 00:36:38.754 37632 DEBUG oslo_service.service [-] clients.insecure = False log_opt_values /usr/lib/python3/dist-packages/oslo_config/cfg.py:2609
2026-04-09 00:36:38.754 37632 DEBUG oslo_service.service [-] clients.key_file = None log_opt_values /usr/lib/python3/dist-packages/oslo_config/cfg.py:2609
2026-04-09 00:36:38.754 37632 DEBUG oslo_service.service [-] clients_aodh.ca_file = None log_opt_values /usr/lib/python3/dist-packages/oslo_config/cfg.py:2609
2026-04-09 00:36:38.755 37632 DEBUG oslo_service.service [-] clients_aodh.cert_file = None log_opt_values /usr/lib/python3/dist-packages/oslo_config/cfg.py:2609
2026-04-09 00:36:38.755 37632 DEBUG oslo_service.service [-] clients_aodh.endpoint_type = None log_opt_values /usr/lib/python3/dist-packages/oslo_config/cfg.py:2609
2026-04-09 00:36:38.755 37632 DEBUG oslo_service.service [-] clients_aodh.insecure = None log_opt_values /usr/lib/python3/dist-packages/oslo_config/cfg.py:2609
2026-04-09 00:36:38.755 37632 DEBUG oslo_service.service [-] clients_aodh.key_file = None log_opt_values /usr/lib/python3/dist-packages/oslo_config/cfg.py:2609
2026-04-09 00:36:38.755 37632 DEBUG oslo_service.service [-] clients_barbican.ca_file = None log_opt_values /usr/lib/python3/dist-packages/oslo_config/cfg.py:2609
2026-04-09 00:36:38.755 37632 DEBUG oslo_service.service [-] clients_barbican.cert_file = None log_opt_values /usr/lib/python3/dist-packages/oslo_config/cfg.py:2609
2026-04-09 00:36:38.755 37632 DEBUG oslo_service.service [-] clients_barbican.endpoint_type = None log_opt_values /usr/lib/python3/dist-packages/oslo_config/cfg.py:2609
2026-04-09 00:36:38.755 37632 DEBUG oslo_service.service [-] clients_barbican.insecure = None log_opt_values /usr/lib/python3/dist-packages/oslo_config/cfg.py:2609
2026-04-09 00:36:38.756 37632 DEBUG oslo_service.service [-] clients_barbican.key_file = None log_opt_values /usr/lib/python3/dist-packages/oslo_config/cfg.py:2609
2026-04-09 00:36:38.756 37632 DEBUG oslo_service.service [-] clients_cinder.ca_file = None log_opt_values /usr/lib/python3/dist-packages/oslo_config/cfg.py:2609
2026-04-09 00:36:38.756 37632 DEBUG oslo_service.service [-] clients_cinder.cert_file = None log_opt_values /usr/lib/python3/dist-packages/oslo_config/cfg.py:2609
2026-04-09 00:36:38.756 37632 DEBUG oslo_service.service [-] clients_cinder.endpoint_type = None log_opt_values /usr/lib/python3/dist-packages/oslo_config/cfg.py:2609
2026-04-09 00:36:38.756 37632 DEBUG oslo_service.service [-] clients_cinder.http_log_debug = False log_opt_values /usr/lib/python3/dist-packages/oslo_config/cfg.py:2609
2026-04-09 00:36:38.756 37632 DEBUG oslo_service.service [-] clients_cinder.insecure = None log_opt_values /usr/lib/python3/dist-packages/oslo_config/cfg.py:2609
2026-04-09 00:36:38.756 37632 DEBUG oslo_service.service [-] clients_cinder.key_file = None log_opt_values /usr/lib/python3/dist-packages/oslo_config/cfg.py:2609
2026-04-09 00:36:38.756 37632 DEBUG oslo_service.service [-] clients_designate.ca_file = None log_opt_values /usr/lib/python3/dist-packages/oslo_config/cfg.py:2609
2026-04-09 00:36:38.756 37632 DEBUG oslo_service.service [-] clients_designate.cert_file = None log_opt_values /usr/lib/python3/dist-packages/oslo_config/cfg.py:2609
2026-04-09 00:36:38.757 37632 DEBUG oslo_service.service [-] clients_designate.endpoint_type = None log_opt_values /usr/lib/python3/dist-packages/oslo_config/cfg.py:2609
2026-04-09 00:36:38.757 37632 DEBUG oslo_service.service [-] clients_designate.insecure = None log_opt_values /usr/lib/python3/dist-packages/oslo_config/cfg.py:2609
2026-04-09 00:36:38.757 37632 DEBUG oslo_service.service [-] clients_designate.key_file = None log_opt_values /usr/lib/python3/dist-packages/oslo_config/cfg.py:2609
2026-04-09 00:36:38.757 37632 DEBUG oslo_service.service [-] clients_glance.ca_file = None log_opt_values /usr/lib/python3/dist-packages/oslo_config/cfg.py:2609
2026-04-09 00:36:38.757 37632 DEBUG oslo_service.service [-] clients_glance.cert_file = None log_opt_values /usr/lib/python3/dist-packages/oslo_config/cfg.py:2609
2026-04-09 00:36:38.757 37632 DEBUG oslo_service.service [-] clients_glance.endpoint_type = None log_opt_values /usr/lib/python3/dist-packages/oslo_config/cfg.py:2609
2026-04-09 00:36:38.757 37632 DEBUG oslo_service.service [-] clients_glance.insecure = None log_opt_values /usr/lib/python3/dist-packages/oslo_config/cfg.py:2609
2026-04-09 00:36:38.758 37632 DEBUG oslo_service.service [-] clients_glance.key_file = None log_opt_values /usr/lib/python3/dist-packages/oslo_config/cfg.py:2609
2026-04-09 00:36:38.752 37856 INFO heat.engine.worker [-] Starting engine_worker (1.4) in engine f1c3d68d-6422-4b05-9084-f3ffa76a63bb.
2026-04-09 00:36:38.769 37855 INFO heat.engine.worker [-] Starting engine_worker (1.4) in engine b9e9d154-6a97-4efd-be84-957e5088092c.
2026-04-09 00:36:38.758 37632 DEBUG oslo_service.service [-] clients_heat.ca_file = None log_opt_values /usr/lib/python3/dist-packages/oslo_config/cfg.py:2609
2026-04-09 00:36:38.773 37854 INFO heat.engine.worker [-] Starting engine_worker (1.4) in engine c8b7ebc5-5608-4fcb-9141-ce955b1d9df9.
2026-04-09 00:36:38.773 37632 DEBUG oslo_service.service [-] clients_heat.cert_file = None log_opt_values /usr/lib/python3/dist-packages/oslo_config/cfg.py:2609
2026-04-09 00:36:38.773 37632 DEBUG oslo_service.service [-] clients_heat.endpoint_type = None log_opt_values /usr/lib/python3/dist-packages/oslo_config/cfg.py:2609
2026-04-09 00:36:38.774 37632 DEBUG oslo_service.service [-] clients_heat.insecure = None log_opt_values /usr/lib/python3/dist-packages/oslo_config/cfg.py:2609
2026-04-09 00:36:38.774 37632 DEBUG oslo_service.service [-] clients_heat.key_file = None log_opt_values /usr/lib/python3/dist-packages/oslo_config/cfg.py:2609
2026-04-09 00:36:38.775 37632 DEBUG oslo_service.service [-] clients_heat.url = log_opt_values /usr/lib/python3/dist-packages/oslo_config/cfg.py:2609
2026-04-09 00:36:38.776 37632 DEBUG oslo_service.service [-] clients_keystone.auth_uri = http://252.129.0.93:5050 log_opt_values /usr/lib/python3/dist-packages/oslo_config/cfg.py:2609
2026-04-09 00:36:38.776 37632 DEBUG oslo_service.service [-] clients_keystone.ca_file = None log_opt_values /usr/lib/python3/dist-packages/oslo_config/cfg.py:2609
2026-04-09 00:36:38.776 37632 DEBUG oslo_service.service [-] clients_keystone.cert_file = None log_opt_values /usr/lib/python3/dist-packages/oslo_config/cfg.py:2609
2026-04-09 00:36:38.777 37632 DEBUG oslo_service.service [-] clients_keystone.endpoint_type = None log_opt_values /usr/lib/python3/dist-packages/oslo_config/cfg.py:2609
2026-04-09 00:36:38.777 37632 DEBUG oslo_service.service [-] clients_keystone.insecure = None log_opt_values /usr/lib/python3/dist-packages/oslo_config/cfg.py:2609
2026-04-09 00:36:38.784 37632 DEBUG oslo_service.service [-] clients_keystone.key_file = None log_opt_values /usr/lib/python3/dist-packages/oslo_config/cfg.py:2609
2026-04-09 00:36:38.785 37632 DEBUG oslo_service.service [-] clients_magnum.ca_file = None log_opt_values /usr/lib/python3/dist-packages/oslo_config/cfg.py:2609
2026-04-09 00:36:38.786 37632 DEBUG oslo_service.service [-] clients_magnum.cert_file = None log_opt_values /usr/lib/python3/dist-packages/oslo_config/cfg.py:2609
2026-04-09 00:36:38.786 37632 DEBUG oslo_service.service [-] clients_magnum.endpoint_type = None log_opt_values /usr/lib/python3/dist-packages/oslo_config/cfg.py:2609
2026-04-09 00:36:38.786 37632 DEBUG oslo_service.service [-] clients_magnum.insecure = None log_opt_values /usr/lib/python3/dist-packages/oslo_config/cfg.py:2609
2026-04-09 00:36:38.786 37632 DEBUG oslo_service.service [-] clients_magnum.key_file = None log_opt_values /usr/lib/python3/dist-packages/oslo_config/cfg.py:2609
2026-04-09 00:36:38.786 37632 DEBUG oslo_service.service [-] clients_manila.ca_file = None log_opt_values /usr/lib/python3/dist-packages/oslo_config/cfg.py:2609
2026-04-09 00:36:38.786 37632 DEBUG oslo_service.service [-] clients_manila.cert_file = None log_opt_values /usr/lib/python3/dist-packages/oslo_config/cfg.py:2609
2026-04-09 00:36:38.787 37632 DEBUG oslo_service.service [-] clients_manila.endpoint_type = None log_opt_values /usr/lib/python3/dist-packages/oslo_config/cfg.py:2609
2026-04-09 00:36:38.788 37632 DEBUG oslo_service.service [-] clients_manila.insecure = None log_opt_values /usr/lib/python3/dist-packages/oslo_config/cfg.py:2609
2026-04-09 00:36:38.789 37632 DEBUG oslo_service.service [-] clients_manila.key_file = None log_opt_values /usr/lib/python3/dist-packages/oslo_config/cfg.py:2609
2026-04-09 00:36:38.789 37632 DEBUG oslo_service.service [-] clients_mistral.ca_file = None log_opt_values /usr/lib/python3/dist-packages/oslo_config/cfg.py:2609
2026-04-09 00:36:38.789 37632 DEBUG oslo_service.service [-] clients_mistral.cert_file = None log_opt_values /usr/lib/python3/dist-packages/oslo_config/cfg.py:2609
2026-04-09 00:36:38.790 37632 DEBUG oslo_service.service [-] clients_mistral.endpoint_type = None log_opt_values /usr/lib/python3/dist-packages/oslo_config/cfg.py:2609
2026-04-09 00:36:38.790 37632 DEBUG oslo_service.service [-] clients_mistral.insecure = None log_opt_values /usr/lib/python3/dist-packages/oslo_config/cfg.py:2609
2026-04-09 00:36:38.791 37632 DEBUG oslo_service.service [-] clients_mistral.key_file = None log_opt_values /usr/lib/python3/dist-packages/oslo_config/cfg.py:2609
2026-04-09 00:36:38.791 37632 DEBUG oslo_service.service [-] clients_monasca.ca_file = None log_opt_values /usr/lib/python3/dist-packages/oslo_config/cfg.py:2609
2026-04-09 00:36:38.791 37632 DEBUG oslo_service.service [-] clients_monasca.cert_file = None log_opt_values /usr/lib/python3/dist-packages/oslo_config/cfg.py:2609
2026-04-09 00:36:38.792 37632 DEBUG oslo_service.service [-] clients_monasca.endpoint_type = None log_opt_values /usr/lib/python3/dist-packages/oslo_config/cfg.py:2609
2026-04-09 00:36:38.792 37632 DEBUG oslo_service.service [-] clients_monasca.insecure = None log_opt_values /usr/lib/python3/dist-packages/oslo_config/cfg.py:2609
2026-04-09 00:36:38.792 37632 DEBUG oslo_service.service [-] clients_monasca.key_file = None log_opt_values /usr/lib/python3/dist-packages/oslo_config/cfg.py:2609
2026-04-09 00:36:38.792 37632 DEBUG oslo_service.service [-] clients_neutron.ca_file = None log_opt_values /usr/lib/python3/dist-packages/oslo_config/cfg.py:2609
2026-04-09 00:36:38.792 37632 DEBUG oslo_service.service [-] clients_neutron.cert_file = None log_opt_values /usr/lib/python3/dist-packages/oslo_config/cfg.py:2609
2026-04-09 00:36:38.792 37632 DEBUG oslo_service.service [-] clients_neutron.endpoint_type = None log_opt_values /usr/lib/python3/dist-packages/oslo_config/cfg.py:2609
2026-04-09 00:36:38.792 37632 DEBUG oslo_service.service [-] clients_neutron.insecure = None log_opt_values /usr/lib/python3/dist-packages/oslo_config/cfg.py:2609
2026-04-09 00:36:38.792 37632 DEBUG oslo_service.service [-] clients_neutron.key_file = None log_opt_values /usr/lib/python3/dist-packages/oslo_config/cfg.py:2609
2026-04-09 00:36:38.792 37632 DEBUG oslo_service.service [-] clients_nova.ca_file = None log_opt_values /usr/lib/python3/dist-packages/oslo_config/cfg.py:2609
2026-04-09 00:36:38.793 37632 DEBUG oslo_service.service [-] clients_nova.cert_file = None log_opt_values /usr/lib/python3/dist-packages/oslo_config/cfg.py:2609
2026-04-09 00:36:38.793 37632 DEBUG oslo_service.service [-] clients_nova.endpoint_type = None log_opt_values /usr/lib/python3/dist-packages/oslo_config/cfg.py:2609
2026-04-09 00:36:38.793 37632 DEBUG oslo_service.service [-] clients_nova.http_log_debug = False log_opt_values /usr/lib/python3/dist-packages/oslo_config/cfg.py:2609
2026-04-09 00:36:38.793 37632 DEBUG oslo_service.service [-] clients_nova.insecure = None log_opt_values /usr/lib/python3/dist-packages/oslo_config/cfg.py:2609
2026-04-09 00:36:38.793 37632 DEBUG oslo_service.service [-] clients_nova.key_file = None log_opt_values /usr/lib/python3/dist-packages/oslo_config/cfg.py:2609
2026-04-09 00:36:38.793 37632 DEBUG oslo_service.service [-] clients_octavia.ca_file = None log_opt_values /usr/lib/python3/dist-packages/oslo_config/cfg.py:2609
2026-04-09 00:36:38.793 37632 DEBUG oslo_service.service [-] clients_octavia.cert_file = None log_opt_values /usr/lib/python3/dist-packages/oslo_config/cfg.py:2609
2026-04-09 00:36:38.793 37632 DEBUG oslo_service.service [-] clients_octavia.endpoint_type = None log_opt_values /usr/lib/python3/dist-packages/oslo_config/cfg.py:2609
2026-04-09 00:36:38.793 37632 DEBUG oslo_service.service [-] clients_octavia.insecure = None log_opt_values /usr/lib/python3/dist-packages/oslo_config/cfg.py:2609
2026-04-09 00:36:38.794 37632 DEBUG oslo_service.service [-] clients_octavia.key_file = None log_opt_values /usr/lib/python3/dist-packages/oslo_config/cfg.py:2609
2026-04-09 00:36:38.795 37632 DEBUG oslo_service.service [-] clients_sahara.ca_file = None log_opt_values /usr/lib/python3/dist-packages/oslo_config/cfg.py:2609
2026-04-09 00:36:38.795 37632 DEBUG oslo_service.service [-] clients_sahara.cert_file = None log_opt_values /usr/lib/python3/dist-packages/oslo_config/cfg.py:2609
2026-04-09 00:36:38.796 37632 DEBUG oslo_service.service [-] clients_sahara.endpoint_type = None log_opt_values /usr/lib/python3/dist-packages/oslo_config/cfg.py:2609
2026-04-09 00:36:38.796 37632 DEBUG oslo_service.service [-] clients_sahara.insecure = None log_opt_values /usr/lib/python3/dist-packages/oslo_config/cfg.py:2609
2026-04-09 00:36:38.796 37632 DEBUG oslo_service.service [-] clients_sahara.key_file = None log_opt_values /usr/lib/python3/dist-packages/oslo_config/cfg.py:2609
2026-04-09 00:36:38.796 37632 DEBUG oslo_service.service [-] clients_senlin.ca_file = None log_opt_values /usr/lib/python3/dist-packages/oslo_config/cfg.py:2609
2026-04-09 00:36:38.796 37632 DEBUG oslo_service.service [-] clients_senlin.cert_file = None log_opt_values /usr/lib/python3/dist-packages/oslo_config/cfg.py:2609
2026-04-09 00:36:38.797 37632 DEBUG oslo_service.service [-] clients_senlin.endpoint_type = None log_opt_values /usr/lib/python3/dist-packages/oslo_config/cfg.py:2609
2026-04-09 00:36:38.797 37632 DEBUG oslo_service.service [-] clients_senlin.insecure = None log_opt_values /usr/lib/python3/dist-packages/oslo_config/cfg.py:2609
2026-04-09 00:36:38.797 37632 DEBUG oslo_service.service [-] clients_senlin.key_file = None log_opt_values /usr/lib/python3/dist-packages/oslo_config/cfg.py:2609
2026-04-09 00:36:38.797 37632 DEBUG oslo_service.service [-] clients_swift.ca_file = None log_opt_values /usr/lib/python3/dist-packages/oslo_config/cfg.py:2609
2026-04-09 00:36:38.797 37632 DEBUG oslo_service.service [-] clients_swift.cert_file = None log_opt_values /usr/lib/python3/dist-packages/oslo_config/cfg.py:2609
2026-04-09 00:36:38.797 37632 DEBUG oslo_service.service [-] clients_swift.endpoint_type = None log_opt_values /usr/lib/python3/dist-packages/oslo_config/cfg.py:2609
2026-04-09 00:36:38.797 37632 DEBUG oslo_service.service [-] clients_swift.insecure = None log_opt_values /usr/lib/python3/dist-packages/oslo_config/cfg.py:2609
2026-04-09 00:36:38.797 37632 DEBUG oslo_service.service [-] clients_swift.key_file = None log_opt_values /usr/lib/python3/dist-packages/oslo_config/cfg.py:2609
2026-04-09 00:36:38.797 37632 DEBUG oslo_service.service [-] clients_trove.ca_file = None log_opt_values /usr/lib/python3/dist-packages/oslo_config/cfg.py:2609
2026-04-09 00:36:38.797 37632 DEBUG oslo_service.service [-] clients_trove.cert_file = None log_opt_values /usr/lib/python3/dist-packages/oslo_config/cfg.py:2609
2026-04-09 00:36:38.798 37632 DEBUG oslo_service.service [-] clients_trove.endpoint_type = None log_opt_values /usr/lib/python3/dist-packages/oslo_config/cfg.py:2609
2026-04-09 00:36:38.798 37632 DEBUG oslo_service.service [-] clients_trove.insecure = None log_opt_values /usr/lib/python3/dist-packages/oslo_config/cfg.py:2609
2026-04-09 00:36:38.798 37632 DEBUG oslo_service.service [-] clients_trove.key_file = None log_opt_values /usr/lib/python3/dist-packages/oslo_config/cfg.py:2609
2026-04-09 00:36:38.798 37632 DEBUG oslo_service.service [-] clients_vitrage.ca_file = None log_opt_values /usr/lib/python3/dist-packages/oslo_config/cfg.py:2609
2026-04-09 00:36:38.798 37632 DEBUG oslo_service.service [-] clients_vitrage.cert_file = None log_opt_values /usr/lib/python3/dist-packages/oslo_config/cfg.py:2609
2026-04-09 00:36:38.798 37632 DEBUG oslo_service.service [-] clients_vitrage.endpoint_type = None log_opt_values /usr/lib/python3/dist-packages/oslo_config/cfg.py:2609
2026-04-09 00:36:38.803 37632 DEBUG oslo_service.service [-] clients_vitrage.insecure = None log_opt_values /usr/lib/python3/dist-packages/oslo_config/cfg.py:2609
2026-04-09 00:36:38.803 37632 DEBUG oslo_service.service [-] clients_vitrage.key_file = None log_opt_values /usr/lib/python3/dist-packages/oslo_config/cfg.py:2609
2026-04-09 00:36:38.803 37632 DEBUG oslo_service.service [-] clients_zaqar.ca_file = None log_opt_values /usr/lib/python3/dist-packages/oslo_config/cfg.py:2609
2026-04-09 00:36:38.803 37632 DEBUG oslo_service.service [-] clients_zaqar.cert_file = None log_opt_values /usr/lib/python3/dist-packages/oslo_config/cfg.py:2609
2026-04-09 00:36:38.803 37632 DEBUG oslo_service.service [-] clients_zaqar.endpoint_type = None log_opt_values /usr/lib/python3/dist-packages/oslo_config/cfg.py:2609
2026-04-09 00:36:38.803 37632 DEBUG oslo_service.service [-] clients_zaqar.insecure = None log_opt_values /usr/lib/python3/dist-packages/oslo_config/cfg.py:2609
2026-04-09 00:36:38.803 37632 DEBUG oslo_service.service [-] clients_zaqar.key_file = None log_opt_values /usr/lib/python3/dist-packages/oslo_config/cfg.py:2609
2026-04-09 00:36:38.804 37632 DEBUG oslo_service.service [-] database.backend = sqlalchemy log_opt_values /usr/lib/python3/dist-packages/oslo_config/cfg.py:2609
2026-04-09 00:36:38.804 37632 DEBUG oslo_service.service [-] database.connection = **** log_opt_values /usr/lib/python3/dist-packages/oslo_config/cfg.py:2609
2026-04-09 00:36:38.804 37632 DEBUG oslo_service.service [-] database.connection_debug = 0 log_opt_values /usr/lib/python3/dist-packages/oslo_config/cfg.py:2609
2026-04-09 00:36:38.804 37632 DEBUG oslo_service.service [-] database.connection_parameters = log_opt_values /usr/lib/python3/dist-packages/oslo_config/cfg.py:2609
2026-04-09 00:36:38.804 37632 DEBUG oslo_service.service [-] database.connection_recycle_time = 3600 log_opt_values /usr/lib/python3/dist-packages/oslo_config/cfg.py:2609
2026-04-09 00:36:38.804 37632 DEBUG oslo_service.service [-] database.connection_trace = False log_opt_values /usr/lib/python3/dist-packages/oslo_config/cfg.py:2609
2026-04-09 00:36:38.804 37632 DEBUG oslo_service.service [-] database.db_inc_retry_interval = True log_opt_values /usr/lib/python3/dist-packages/oslo_config/cfg.py:2609
2026-04-09 00:36:38.805 37632 DEBUG oslo_service.service [-] database.db_max_retries = 20 log_opt_values /usr/lib/python3/dist-packages/oslo_config/cfg.py:2609
2026-04-09 00:36:38.805 37632 DEBUG oslo_service.service [-] database.db_max_retry_interval = 10 log_opt_values /usr/lib/python3/dist-packages/oslo_config/cfg.py:2609
2026-04-09 00:36:38.805 37632 DEBUG oslo_service.service [-] database.db_retry_interval = 1 log_opt_values /usr/lib/python3/dist-packages/oslo_config/cfg.py:2609
2026-04-09 00:36:38.805 37632 DEBUG oslo_service.service [-] database.max_overflow = 50 log_opt_values /usr/lib/python3/dist-packages/oslo_config/cfg.py:2609
2026-04-09 00:36:38.805 37632 DEBUG oslo_service.service [-] database.max_pool_size = 5 log_opt_values /usr/lib/python3/dist-packages/oslo_config/cfg.py:2609
2026-04-09 00:36:38.806 37632 DEBUG oslo_service.service [-] database.max_retries = 10 log_opt_values /usr/lib/python3/dist-packages/oslo_config/cfg.py:2609
2026-04-09 00:36:38.806 37632 DEBUG oslo_service.service [-] database.mysql_enable_ndb = False log_opt_values /usr/lib/python3/dist-packages/oslo_config/cfg.py:2609
2026-04-09 00:36:38.806 37632 DEBUG oslo_service.service [-] database.mysql_sql_mode = TRADITIONAL log_opt_values /usr/lib/python3/dist-packages/oslo_config/cfg.py:2609
2026-04-09 00:36:38.806 37632 DEBUG oslo_service.service [-] database.pool_timeout = None log_opt_values /usr/lib/python3/dist-packages/oslo_config/cfg.py:2609
2026-04-09 00:36:38.806 37632 DEBUG oslo_service.service [-] database.retry_interval = 10 log_opt_values /usr/lib/python3/dist-packages/oslo_config/cfg.py:2609
2026-04-09 00:36:38.806 37632 DEBUG oslo_service.service [-] database.slave_connection = **** log_opt_values /usr/lib/python3/dist-packages/oslo_config/cfg.py:2609
2026-04-09 00:36:38.806 37632 DEBUG oslo_service.service [-] database.sqlite_synchronous = True log_opt_values /usr/lib/python3/dist-packages/oslo_config/cfg.py:2609
2026-04-09 00:36:38.807 37632 DEBUG oslo_service.service [-] database.use_db_reconnect = False log_opt_values /usr/lib/python3/dist-packages/oslo_config/cfg.py:2609
2026-04-09 00:36:38.807 37632 DEBUG oslo_service.service [-] oslo_messaging_metrics.metrics_buffer_size = 1000 log_opt_values /usr/lib/python3/dist-packages/oslo_config/cfg.py:2609
2026-04-09 00:36:38.807 37632 DEBUG oslo_service.service [-] oslo_messaging_metrics.metrics_enabled = False log_opt_values /usr/lib/python3/dist-packages/oslo_config/cfg.py:2609
2026-04-09 00:36:38.807 37632 DEBUG oslo_service.service [-] oslo_messaging_metrics.metrics_process_name = log_opt_values /usr/lib/python3/dist-packages/oslo_config/cfg.py:2609
2026-04-09 00:36:38.807 37632 DEBUG oslo_service.service [-] oslo_messaging_metrics.metrics_socket_file = /var/tmp/metrics_collector.sock log_opt_values /usr/lib/python3/dist-packages/oslo_config/cfg.py:2609
2026-04-09 00:36:38.807 37632 DEBUG oslo_service.service [-] oslo_messaging_metrics.metrics_thread_stop_timeout = 10 log_opt_values /usr/lib/python3/dist-packages/oslo_config/cfg.py:2609
2026-04-09 00:36:38.807 37632 DEBUG oslo_service.service [-] oslo_policy.enforce_new_defaults = False log_opt_values /usr/lib/python3/dist-packages/oslo_config/cfg.py:2609
2026-04-09 00:36:38.808 37632 DEBUG oslo_service.service [-] oslo_policy.enforce_scope = False log_opt_values /usr/lib/python3/dist-packages/oslo_config/cfg.py:2609
2026-04-09 00:36:38.808 37632 DEBUG oslo_service.service [-] oslo_policy.policy_default_rule = default log_opt_values /usr/lib/python3/dist-packages/oslo_config/cfg.py:2609
2026-04-09 00:36:38.808 37632 DEBUG oslo_service.service [-] oslo_policy.policy_dirs = ['policy.d'] log_opt_values /usr/lib/python3/dist-packages/oslo_config/cfg.py:2609
2026-04-09 00:36:38.808 37632 DEBUG oslo_service.service [-] oslo_policy.policy_file = policy.yaml log_opt_values /usr/lib/python3/dist-packages/oslo_config/cfg.py:2609
2026-04-09 00:36:38.808 37632 DEBUG oslo_service.service [-] oslo_policy.remote_content_type = application/x-www-form-urlencoded log_opt_values /usr/lib/python3/dist-packages/oslo_config/cfg.py:2609
2026-04-09 00:36:38.808 37632 DEBUG oslo_service.service [-] oslo_policy.remote_ssl_ca_crt_file = None log_opt_values /usr/lib/python3/dist-packages/oslo_config/cfg.py:2609
2026-04-09 00:36:38.809 37632 DEBUG oslo_service.service [-] oslo_policy.remote_ssl_client_crt_file = None log_opt_values /usr/lib/python3/dist-packages/oslo_config/cfg.py:2609
2026-04-09 00:36:38.809 37632 DEBUG oslo_service.service [-] oslo_policy.remote_ssl_client_key_file = None log_opt_values /usr/lib/python3/dist-packages/oslo_config/cfg.py:2609
2026-04-09 00:36:38.809 37632 DEBUG oslo_service.service [-] oslo_policy.remote_ssl_verify_server_crt = False log_opt_values /usr/lib/python3/dist-packages/oslo_config/cfg.py:2609
2026-04-09 00:36:38.809 37632 DEBUG oslo_service.service [-] trustee.auth_section = None log_opt_values /usr/lib/python3/dist-packages/oslo_config/cfg.py:2609
2026-04-09 00:36:38.809 37632 WARNING oslo_config.cfg [-] Deprecated: Option "auth_plugin" from group "trustee" is deprecated. Use option "auth_type" from group "trustee".
2026-04-09 00:36:38.810 37632 DEBUG oslo_service.service [-] trustee.auth_type = password log_opt_values /usr/lib/python3/dist-packages/oslo_config/cfg.py:2609
2026-04-09 00:36:38.810 37632 DEBUG oslo_service.service [-] oslo_versionedobjects.fatal_exception_format_errors = False log_opt_values /usr/lib/python3/dist-packages/oslo_config/cfg.py:2609
2026-04-09 00:36:38.810 37632 DEBUG oslo_service.service [-] oslo_messaging_rabbit.amqp_auto_delete = False log_opt_values /usr/lib/python3/dist-packages/oslo_config/cfg.py:2609
2026-04-09 00:36:38.811 37632 DEBUG oslo_service.service [-] oslo_messaging_rabbit.amqp_durable_queues = False log_opt_values /usr/lib/python3/dist-packages/oslo_config/cfg.py:2609
2026-04-09 00:36:38.811 37632 DEBUG oslo_service.service [-] oslo_messaging_rabbit.conn_pool_min_size = 2 log_opt_values /usr/lib/python3/dist-packages/oslo_config/cfg.py:2609
2026-04-09 00:36:38.811 37632 DEBUG oslo_service.service [-] oslo_messaging_rabbit.conn_pool_ttl = 1200 log_opt_values /usr/lib/python3/dist-packages/oslo_config/cfg.py:2609
2026-04-09 00:36:38.811 37632 DEBUG oslo_service.service [-] oslo_messaging_rabbit.direct_mandatory_flag = True log_opt_values /usr/lib/python3/dist-packages/oslo_config/cfg.py:2609
2026-04-09 00:36:38.811 37632 DEBUG oslo_service.service [-] oslo_messaging_rabbit.enable_cancel_on_failover = False log_opt_values /usr/lib/python3/dist-packages/oslo_config/cfg.py:2609
2026-04-09 00:36:38.811 37632 DEBUG oslo_service.service [-] oslo_messaging_rabbit.heartbeat_in_pthread = False log_opt_values /usr/lib/python3/dist-packages/oslo_config/cfg.py:2609
2026-04-09 00:36:38.811 37632 DEBUG oslo_service.service [-] oslo_messaging_rabbit.heartbeat_rate = 2 log_opt_values /usr/lib/python3/dist-packages/oslo_config/cfg.py:2609
2026-04-09 00:36:38.811 37632 DEBUG oslo_service.service [-] oslo_messaging_rabbit.heartbeat_timeout_threshold = 60 log_opt_values /usr/lib/python3/dist-packages/oslo_config/cfg.py:2609
2026-04-09 00:36:38.812 37632 DEBUG oslo_service.service [-] oslo_messaging_rabbit.kombu_compression = None log_opt_values /usr/lib/python3/dist-packages/oslo_config/cfg.py:2609
2026-04-09 00:36:38.812 37632 DEBUG oslo_service.service [-] oslo_messaging_rabbit.kombu_failover_strategy = round-robin log_opt_values /usr/lib/python3/dist-packages/oslo_config/cfg.py:2609
2026-04-09 00:36:38.812 37632 DEBUG oslo_service.service [-] oslo_messaging_rabbit.kombu_missing_consumer_retry_timeout = 60 log_opt_values /usr/lib/python3/dist-packages/oslo_config/cfg.py:2609
2026-04-09 00:36:38.812 37632 DEBUG oslo_service.service [-] oslo_messaging_rabbit.kombu_reconnect_delay = 1.0 log_opt_values /usr/lib/python3/dist-packages/oslo_config/cfg.py:2609
2026-04-09 00:36:38.812 37632 DEBUG oslo_service.service [-] oslo_messaging_rabbit.rabbit_ha_queues = False log_opt_values /usr/lib/python3/dist-packages/oslo_config/cfg.py:2609
2026-04-09 00:36:38.812 37632 DEBUG oslo_service.service [-] oslo_messaging_rabbit.rabbit_interval_max = 30 log_opt_values /usr/lib/python3/dist-packages/oslo_config/cfg.py:2609
2026-04-09 00:36:38.812 37632 DEBUG oslo_service.service [-] oslo_messaging_rabbit.rabbit_login_method = AMQPLAIN log_opt_values /usr/lib/python3/dist-packages/oslo_config/cfg.py:2609
2026-04-09 00:36:38.812 37632 DEBUG oslo_service.service [-] oslo_messaging_rabbit.rabbit_qos_prefetch_count = 0 log_opt_values /usr/lib/python3/dist-packages/oslo_config/cfg.py:2609
2026-04-09 00:36:38.813 37632 DEBUG oslo_service.service [-] oslo_messaging_rabbit.rabbit_quorum_queue = False log_opt_values /usr/lib/python3/dist-packages/oslo_config/cfg.py:2609
2026-04-09 00:36:38.813 37632 DEBUG oslo_service.service [-] oslo_messaging_rabbit.rabbit_retry_backoff = 2 log_opt_values /usr/lib/python3/dist-packages/oslo_config/cfg.py:2609
2026-04-09 00:36:38.813 37632 DEBUG oslo_service.service [-] oslo_messaging_rabbit.rabbit_retry_interval = 1 log_opt_values /usr/lib/python3/dist-packages/oslo_config/cfg.py:2609
2026-04-09 00:36:38.813 37632 DEBUG oslo_service.service [-] oslo_messaging_rabbit.rabbit_transient_queues_ttl = 1800 log_opt_values /usr/lib/python3/dist-packages/oslo_config/cfg.py:2609
2026-04-09 00:36:38.813 37632 DEBUG oslo_service.service [-] oslo_messaging_rabbit.rpc_conn_pool_size = 30 log_opt_values /usr/lib/python3/dist-packages/oslo_config/cfg.py:2609
2026-04-09 00:36:38.813 37632 DEBUG oslo_service.service [-] oslo_messaging_rabbit.ssl = False log_opt_values /usr/lib/python3/dist-packages/oslo_config/cfg.py:2609
2026-04-09 00:36:38.813 37632 DEBUG oslo_service.service [-] oslo_messaging_rabbit.ssl_ca_file = log_opt_values /usr/lib/python3/dist-packages/oslo_config/cfg.py:2609
2026-04-09 00:36:38.814 37632 DEBUG oslo_service.service [-] oslo_messaging_rabbit.ssl_cert_file = log_opt_values /usr/lib/python3/dist-packages/oslo_config/cfg.py:2609
2026-04-09 00:36:38.814 37632 DEBUG oslo_service.service [-] oslo_messaging_rabbit.ssl_key_file = log_opt_values /usr/lib/python3/dist-packages/oslo_config/cfg.py:2609
2026-04-09 00:36:38.814 37632 DEBUG oslo_service.service [-] oslo_messaging_rabbit.ssl_version = log_opt_values /usr/lib/python3/dist-packages/oslo_config/cfg.py:2609
2026-04-09 00:36:38.814 37632 DEBUG oslo_service.service [-] oslo_messaging_notifications.driver = [] log_opt_values /usr/lib/python3/dist-packages/oslo_config/cfg.py:2609
2026-04-09 00:36:38.814 37632 DEBUG oslo_service.service [-] oslo_messaging_notifications.retry = -1 log_opt_values /usr/lib/python3/dist-packages/oslo_config/cfg.py:2609
2026-04-09 00:36:38.814 37632 DEBUG oslo_service.service [-] oslo_messaging_notifications.topics = ['notifications'] log_opt_values /usr/lib/python3/dist-packages/oslo_config/cfg.py:2609
2026-04-09 00:36:38.814 37632 DEBUG oslo_service.service [-] oslo_messaging_notifications.transport_url = **** log_opt_values /usr/lib/python3/dist-packages/oslo_config/cfg.py:2609
2026-04-09 00:36:38.815 37632 DEBUG oslo_service.service [-] cache.backend = dogpile.cache.null log_opt_values /usr/lib/python3/dist-packages/oslo_config/cfg.py:2609
2026-04-09 00:36:38.815 37632 DEBUG oslo_service.service [-] cache.backend_argument = **** log_opt_values /usr/lib/python3/dist-packages/oslo_config/cfg.py:2609
2026-04-09 00:36:38.815 37632 DEBUG oslo_service.service [-] cache.config_prefix = cache.oslo log_opt_values /usr/lib/python3/dist-packages/oslo_config/cfg.py:2609
2026-04-09 00:36:38.815 37632 DEBUG oslo_service.service [-] cache.debug_cache_backend = False log_opt_values /usr/lib/python3/dist-packages/oslo_config/cfg.py:2609
2026-04-09 00:36:38.815 37632 DEBUG oslo_service.service [-] cache.enabled = False log_opt_values /usr/lib/python3/dist-packages/oslo_config/cfg.py:2609
2026-04-09 00:36:38.815 37632 DEBUG oslo_service.service [-] cache.expiration_time = 600 log_opt_values /usr/lib/python3/dist-packages/oslo_config/cfg.py:2609
2026-04-09 00:36:38.815 37632 DEBUG oslo_service.service [-] cache.memcache_dead_retry = 300 log_opt_values /usr/lib/python3/dist-packages/oslo_config/cfg.py:2609
2026-04-09 00:36:38.816 37632 DEBUG oslo_service.service [-] cache.memcache_pool_connection_get_timeout = 10 log_opt_values /usr/lib/python3/dist-packages/oslo_config/cfg.py:2609
2026-04-09 00:36:38.816 37632 DEBUG oslo_service.service [-] cache.memcache_pool_flush_on_reconnect = False log_opt_values /usr/lib/python3/dist-packages/oslo_config/cfg.py:2609
2026-04-09 00:36:38.816 37632 DEBUG oslo_service.service [-] cache.memcache_pool_maxsize = 10 log_opt_values /usr/lib/python3/dist-packages/oslo_config/cfg.py:2609
2026-04-09 00:36:38.816 37632 DEBUG oslo_service.service [-] cache.memcache_pool_unused_timeout = 60 log_opt_values /usr/lib/python3/dist-packages/oslo_config/cfg.py:2609
2026-04-09 00:36:38.816 37632 DEBUG oslo_service.service [-] cache.memcache_servers = ['localhost:11211'] log_opt_values /usr/lib/python3/dist-packages/oslo_config/cfg.py:2609
2026-04-09 00:36:38.816 37632 DEBUG oslo_service.service [-] cache.memcache_socket_timeout = 1.0 log_opt_values /usr/lib/python3/dist-packages/oslo_config/cfg.py:2609
2026-04-09 00:36:38.816 37632 DEBUG oslo_service.service [-] cache.proxies = [] log_opt_values /usr/lib/python3/dist-packages/oslo_config/cfg.py:2609
2026-04-09 00:36:38.816 37632 DEBUG oslo_service.service [-] cache.tls_allowed_ciphers = None log_opt_values /usr/lib/python3/dist-packages/oslo_config/cfg.py:2609
2026-04-09 00:36:38.816 37632 DEBUG oslo_service.service [-] cache.tls_cafile = None log_opt_values /usr/lib/python3/dist-packages/oslo_config/cfg.py:2609
2026-04-09 00:36:38.817 37632 DEBUG oslo_service.service [-] cache.tls_certfile = None log_opt_values /usr/lib/python3/dist-packages/oslo_config/cfg.py:2609
2026-04-09 00:36:38.817 37632 DEBUG oslo_service.service [-] cache.tls_enabled = False log_opt_values /usr/lib/python3/dist-packages/oslo_config/cfg.py:2609
2026-04-09 00:36:38.817 37632 DEBUG oslo_service.service [-] cache.tls_keyfile = None log_opt_values /usr/lib/python3/dist-packages/oslo_config/cfg.py:2609
2026-04-09 00:36:38.817 37632 DEBUG oslo_service.service [-] constraint_validation_cache.caching = True log_opt_values /usr/lib/python3/dist-packages/oslo_config/cfg.py:2609
2026-04-09 00:36:38.817 37632 DEBUG oslo_service.service [-] constraint_validation_cache.expiration_time = 60 log_opt_values /usr/lib/python3/dist-packages/oslo_config/cfg.py:2609
2026-04-09 00:36:38.817 37632 DEBUG oslo_service.service [-] service_extension_cache.caching = True log_opt_values /usr/lib/python3/dist-packages/oslo_config/cfg.py:2609
2026-04-09 00:36:38.817 37632 DEBUG oslo_service.service [-] service_extension_cache.expiration_time = 3600 log_opt_values /usr/lib/python3/dist-packages/oslo_config/cfg.py:2609
2026-04-09 00:36:38.817 37632 DEBUG oslo_service.service [-] resource_finder_cache.caching = True log_opt_values /usr/lib/python3/dist-packages/oslo_config/cfg.py:2609
2026-04-09 00:36:38.818 37632 DEBUG oslo_service.service [-] resource_finder_cache.expiration_time = 3600 log_opt_values /usr/lib/python3/dist-packages/oslo_config/cfg.py:2609
2026-04-09 00:36:38.818 37632 DEBUG oslo_service.service [-] yaql.limit_iterators = 200 log_opt_values /usr/lib/python3/dist-packages/oslo_config/cfg.py:2609
2026-04-09 00:36:38.818 37632 DEBUG oslo_service.service [-] yaql.memory_quota = 10000 log_opt_values /usr/lib/python3/dist-packages/oslo_config/cfg.py:2609
2026-04-09 00:36:38.818 37632 DEBUG oslo_service.service [-] ******************************************************************************** log_opt_values /usr/lib/python3/dist-packages/oslo_config/cfg.py:2613
2026-04-09 00:36:38.869 37853 DEBUG oslo_db.sqlalchemy.engines [req-2d7934ce-0569-4d8d-8cad-4cd2d180ccd2 - - - - -] MySQL server mode set to STRICT_TRANS_TABLES,STRICT_ALL_TABLES,NO_ZERO_IN_DATE,NO_ZERO_DATE,ERROR_FOR_DIVISION_BY_ZERO,TRADITIONAL,NO_ENGINE_SUBSTITUTION _check_effective_sql_mode /usr/lib/python3/dist-packages/oslo_db/sqlalchemy/engines.py:314
2026-04-09 00:36:38.891 37854 DEBUG oslo_db.sqlalchemy.engines [req-95955ef4-89bc-4ead-a7ad-4e53bd3a5fe9 - - - - -] MySQL server mode set to STRICT_TRANS_TABLES,STRICT_ALL_TABLES,NO_ZERO_IN_DATE,NO_ZERO_DATE,ERROR_FOR_DIVISION_BY_ZERO,TRADITIONAL,NO_ENGINE_SUBSTITUTION _check_effective_sql_mode /usr/lib/python3/dist-packages/oslo_db/sqlalchemy/engines.py:314
2026-04-09 00:36:38.899 37856 DEBUG oslo_db.sqlalchemy.engines [req-792fbece-7fed-4499-9ca0-da798a347806 - - - - -] MySQL server mode set to STRICT_TRANS_TABLES,STRICT_ALL_TABLES,NO_ZERO_IN_DATE,NO_ZERO_DATE,ERROR_FOR_DIVISION_BY_ZERO,TRADITIONAL,NO_ENGINE_SUBSTITUTION _check_effective_sql_mode /usr/lib/python3/dist-packages/oslo_db/sqlalchemy/engines.py:314
2026-04-09 00:36:38.901 37855 DEBUG oslo_db.sqlalchemy.engines [req-58377548-4e89-4ff3-9b6c-0dec604da984 - - - - -] MySQL server mode set to STRICT_TRANS_TABLES,STRICT_ALL_TABLES,NO_ZERO_IN_DATE,NO_ZERO_DATE,ERROR_FOR_DIVISION_BY_ZERO,TRADITIONAL,NO_ENGINE_SUBSTITUTION _check_effective_sql_mode /usr/lib/python3/dist-packages/oslo_db/sqlalchemy/engines.py:314
2026-04-09 00:36:38.937 37853 DEBUG heat.engine.service [req-4f92a0f4-edb7-41c0-bcda-4022164b6384 - - - - -] Service 922a1652-eb17-429f-94b1-dbcb27699b14 is started service_manage_report /usr/lib/python3/dist-packages/heat/engine/service.py:2363
2026-04-09 00:36:38.960 37853 DEBUG heat.engine.service [req-4f92a0f4-edb7-41c0-bcda-4022164b6384 - - - - -] Service 922a1652-eb17-429f-94b1-dbcb27699b14 is updated service_manage_report /usr/lib/python3/dist-packages/heat/engine/service.py:2370
2026-04-09 00:36:38.974 37854 DEBUG heat.engine.service [req-cf9904e7-8fdd-4b72-ae23-947877240e00 - - - - -] Service 4b6f5d6e-99df-4598-98cc-9dd367122ae7 is started service_manage_report /usr/lib/python3/dist-packages/heat/engine/service.py:2363
2026-04-09 00:36:38.982 37856 DEBUG heat.engine.service [req-3b6a2e5e-fbb9-4dde-b3a7-15e7463a4e20 - - - - -] Service 0055c1e8-8ee6-4cb9-90cb-c9162a88446e is started service_manage_report /usr/lib/python3/dist-packages/heat/engine/service.py:2363
2026-04-09 00:36:38.999 37854 DEBUG heat.engine.service [req-cf9904e7-8fdd-4b72-ae23-947877240e00 - - - - -] Service 4b6f5d6e-99df-4598-98cc-9dd367122ae7 is updated service_manage_report /usr/lib/python3/dist-packages/heat/engine/service.py:2370
2026-04-09 00:36:39.000 37856 DEBUG heat.engine.service [req-3b6a2e5e-fbb9-4dde-b3a7-15e7463a4e20 - - - - -] Service 0055c1e8-8ee6-4cb9-90cb-c9162a88446e is updated service_manage_report /usr/lib/python3/dist-packages/heat/engine/service.py:2370
2026-04-09 00:36:39.002 37855 DEBUG heat.engine.service [req-a0681c3f-2bfb-44c5-a900-7de47dfdb76c - - - - -] Service bc7ca52d-f648-4e29-9452-508814362124 is started service_manage_report /usr/lib/python3/dist-packages/heat/engine/service.py:2363
2026-04-09 00:36:39.019 37855 DEBUG heat.engine.service [req-a0681c3f-2bfb-44c5-a900-7de47dfdb76c - - - - -] Service bc7ca52d-f648-4e29-9452-508814362124 is updated service_manage_report /usr/lib/python3/dist-packages/heat/engine/service.py:2370
2026-04-09 00:37:38.936 37853 DEBUG heat.engine.service [req-317243be-918a-4a5b-a783-44e092e68eaf - - - - -] Service 922a1652-eb17-429f-94b1-dbcb27699b14 is updated service_manage_report /usr/lib/python3/dist-packages/heat/engine/service.py:2370
2026-04-09 00:37:38.965 37854 DEBUG heat.engine.service [req-1f5c66a8-7024-417c-99b6-4d532bc15e98 - - - - -] Service 4b6f5d6e-99df-4598-98cc-9dd367122ae7 is updated service_manage_report /usr/lib/python3/dist-packages/heat/engine/service.py:2370
2026-04-09 00:37:38.966 37856 DEBUG heat.engine.service [req-3f2e9d96-25b0-4ac2-b728-44ec3a6264ba - - - - -] Service 0055c1e8-8ee6-4cb9-90cb-c9162a88446e is updated service_manage_report /usr/lib/python3/dist-packages/heat/engine/service.py:2370
2026-04-09 00:37:38.992 37855 DEBUG heat.engine.service [req-762cbdac-a083-4fbe-9fdb-66ae3c1e06e4 - - - - -] Service bc7ca52d-f648-4e29-9452-508814362124 is updated service_manage_report /usr/lib/python3/dist-packages/heat/engine/service.py:2370
2026-04-09 00:38:38.931 37853 DEBUG heat.engine.service [req-7917905b-2861-4a63-b0e8-00248f3c2b16 - - - - -] Service 922a1652-eb17-429f-94b1-dbcb27699b14 is updated service_manage_report /usr/lib/python3/dist-packages/heat/engine/service.py:2370
2026-04-09 00:38:38.958 37856 DEBUG heat.engine.service [req-4217cf27-71d4-4db0-9dcb-2219ff705e6f - - - - -] Service 0055c1e8-8ee6-4cb9-90cb-c9162a88446e is updated service_manage_report /usr/lib/python3/dist-packages/heat/engine/service.py:2370
2026-04-09 00:38:38.959 37854 DEBUG heat.engine.service [req-d2aa8655-42cd-4690-b9cf-ae8ac7d58540 - - - - -] Service 4b6f5d6e-99df-4598-98cc-9dd367122ae7 is updated service_manage_report /usr/lib/python3/dist-packages/heat/engine/service.py:2370
2026-04-09 00:38:38.993 37855 DEBUG heat.engine.service [req-e08d443e-2e7c-4f42-aa1a-7a08527bc382 - - - - -] Service bc7ca52d-f648-4e29-9452-508814362124 is updated service_manage_report /usr/lib/python3/dist-packages/heat/engine/service.py:2370
2026-04-09 00:39:38.934 37853 DEBUG heat.engine.service [req-3c1a4da0-4fde-457a-83f0-9ec35d69bcf9 - - - - -] Service 922a1652-eb17-429f-94b1-dbcb27699b14 is updated service_manage_report /usr/lib/python3/dist-packages/heat/engine/service.py:2370
2026-04-09 00:39:38.960 37856 DEBUG heat.engine.service [req-0321bbc5-1f5b-4b76-9c4f-be6b4ea23271 - - - - -] Service 0055c1e8-8ee6-4cb9-90cb-c9162a88446e is updated service_manage_report /usr/lib/python3/dist-packages/heat/engine/service.py:2370
2026-04-09 00:39:38.962 37854 DEBUG heat.engine.service [req-5200fb18-3095-437b-91e2-759fe9c95f11 - - - - -] Service 4b6f5d6e-99df-4598-98cc-9dd367122ae7 is updated service_manage_report /usr/lib/python3/dist-packages/heat/engine/service.py:2370
2026-04-09 00:39:38.995 37855 DEBUG heat.engine.service [req-2705a8fa-cf4d-4577-90f1-8adbd3913238 - - - - -] Service bc7ca52d-f648-4e29-9452-508814362124 is updated service_manage_report /usr/lib/python3/dist-packages/heat/engine/service.py:2370
2026-04-09 00:40:38.937 37853 DEBUG heat.engine.service [req-fb73ffa4-d2ff-4e0a-bdf8-984e12fe26b9 - - - - -] Service 922a1652-eb17-429f-94b1-dbcb27699b14 is updated service_manage_report /usr/lib/python3/dist-packages/heat/engine/service.py:2370
2026-04-09 00:40:38.963 37856 DEBUG heat.engine.service [req-41370102-6898-4e17-ba38-2851c2ab0210 - - - - -] Service 0055c1e8-8ee6-4cb9-90cb-c9162a88446e is updated service_manage_report /usr/lib/python3/dist-packages/heat/engine/service.py:2370
2026-04-09 00:40:38.965 37854 DEBUG heat.engine.service [req-1a5acc31-7604-42a3-8ea3-95e7a918fcf2 - - - - -] Service 4b6f5d6e-99df-4598-98cc-9dd367122ae7 is updated service_manage_report /usr/lib/python3/dist-packages/heat/engine/service.py:2370
2026-04-09 00:40:38.998 37855 DEBUG heat.engine.service [req-2b2d28b0-62e0-4767-abd0-7434b9268bc6 - - - - -] Service bc7ca52d-f648-4e29-9452-508814362124 is updated service_manage_report /usr/lib/python3/dist-packages/heat/engine/service.py:2370
2026-04-09 00:41:38.941 37853 DEBUG heat.engine.service [req-2bb08d1a-5348-4f69-8833-e59115d8a909 - - - - -] Service 922a1652-eb17-429f-94b1-dbcb27699b14 is updated service_manage_report /usr/lib/python3/dist-packages/heat/engine/service.py:2370
2026-04-09 00:41:38.966 37856 DEBUG heat.engine.service [req-d9f8c5e9-7ff7-40ee-a15c-bc2ece28d477 - - - - -] Service 0055c1e8-8ee6-4cb9-90cb-c9162a88446e is updated service_manage_report /usr/lib/python3/dist-packages/heat/engine/service.py:2370
2026-04-09 00:41:38.971 37854 DEBUG heat.engine.service [req-282bd976-03dd-4672-92bc-62bc143e2da7 - - - - -] Service 4b6f5d6e-99df-4598-98cc-9dd367122ae7 is updated service_manage_report /usr/lib/python3/dist-packages/heat/engine/service.py:2370
2026-04-09 00:41:39.002 37855 DEBUG heat.engine.service [req-89851577-7225-4f28-bcbc-db1b2a670a2c - - - - -] Service bc7ca52d-f648-4e29-9452-508814362124 is updated service_manage_report /usr/lib/python3/dist-packages/heat/engine/service.py:2370
2026-04-09 00:42:38.944 37853 DEBUG heat.engine.service [req-93cdc888-2cdb-40cb-884c-7fb6181d8033 - - - - -] Service 922a1652-eb17-429f-94b1-dbcb27699b14 is updated service_manage_report /usr/lib/python3/dist-packages/heat/engine/service.py:2370
2026-04-09 00:42:38.964 37854 DEBUG heat.engine.service [req-9b99f3f6-638a-408f-86e2-0c035fe8b9e0 - - - - -] Service 4b6f5d6e-99df-4598-98cc-9dd367122ae7 is updated service_manage_report /usr/lib/python3/dist-packages/heat/engine/service.py:2370
2026-04-09 00:42:38.968 37856 DEBUG heat.engine.service [req-b0980931-a97f-4561-be6a-910b4c2ef04b - - - - -] Service 0055c1e8-8ee6-4cb9-90cb-c9162a88446e is updated service_manage_report /usr/lib/python3/dist-packages/heat/engine/service.py:2370
2026-04-09 00:42:39.004 37855 DEBUG heat.engine.service [req-0eb38490-3749-40f8-bec3-8d914c043c32 - - - - -] Service bc7ca52d-f648-4e29-9452-508814362124 is updated service_manage_report /usr/lib/python3/dist-packages/heat/engine/service.py:2370
2026-04-09 00:43:38.949 37853 DEBUG heat.engine.service [req-da708cea-3569-48c7-9812-2002adab2895 - - - - -] Service 922a1652-eb17-429f-94b1-dbcb27699b14 is updated service_manage_report /usr/lib/python3/dist-packages/heat/engine/service.py:2370
2026-04-09 00:43:38.969 37854 DEBUG heat.engine.service [req-f293276c-110f-49e3-a783-c7570420df3c - - - - -] Service 4b6f5d6e-99df-4598-98cc-9dd367122ae7 is updated service_manage_report /usr/lib/python3/dist-packages/heat/engine/service.py:2370
2026-04-09 00:43:38.970 37856 DEBUG heat.engine.service [req-986d1db9-6eaa-4c4a-83bc-a0ef0f9cdcf8 - - - - -] Service 0055c1e8-8ee6-4cb9-90cb-c9162a88446e is updated service_manage_report /usr/lib/python3/dist-packages/heat/engine/service.py:2370
2026-04-09 00:43:39.009 37855 DEBUG heat.engine.service [req-a8740285-40c7-42e6-bbe2-eecb7bf2cbd7 - - - - -] Service bc7ca52d-f648-4e29-9452-508814362124 is updated service_manage_report /usr/lib/python3/dist-packages/heat/engine/service.py:2370
2026-04-09 00:44:38.953 37853 DEBUG heat.engine.service [req-1571e291-b44f-47f0-ba2d-2affeee6722b - - - - -] Service 922a1652-eb17-429f-94b1-dbcb27699b14 is updated service_manage_report /usr/lib/python3/dist-packages/heat/engine/service.py:2370
2026-04-09 00:44:38.973 37854 DEBUG heat.engine.service [req-e115499b-43d7-4fa4-8659-6df07e37931f - - - - -] Service 4b6f5d6e-99df-4598-98cc-9dd367122ae7 is updated service_manage_report /usr/lib/python3/dist-packages/heat/engine/service.py:2370
2026-04-09 00:44:38.975 37856 DEBUG heat.engine.service [req-62bb8a88-7cd4-44a9-bd64-bfe8af91b531 - - - - -] Service 0055c1e8-8ee6-4cb9-90cb-c9162a88446e is updated service_manage_report /usr/lib/python3/dist-packages/heat/engine/service.py:2370
2026-04-09 00:44:39.012 37855 DEBUG heat.engine.service [req-636b1644-e44c-43fb-89de-b4f751c03ad4 - - - - -] Service bc7ca52d-f648-4e29-9452-508814362124 is updated service_manage_report /usr/lib/python3/dist-packages/heat/engine/service.py:2370
2026-04-09 00:45:38.956 37853 DEBUG heat.engine.service [req-4ebee313-a41c-4d92-ac49-92a1d52761ea - - - - -] Service 922a1652-eb17-429f-94b1-dbcb27699b14 is updated service_manage_report /usr/lib/python3/dist-packages/heat/engine/service.py:2370
2026-04-09 00:45:38.977 37854 DEBUG heat.engine.service [req-fb4f1445-e477-45ac-aa8d-cd5a222947b0 - - - - -] Service 4b6f5d6e-99df-4598-98cc-9dd367122ae7 is updated service_manage_report /usr/lib/python3/dist-packages/heat/engine/service.py:2370
2026-04-09 00:45:38.979 37856 DEBUG heat.engine.service [req-970abbf0-6c9a-4ee2-9fbc-3c6be3cceb32 - - - - -] Service 0055c1e8-8ee6-4cb9-90cb-c9162a88446e is updated service_manage_report /usr/lib/python3/dist-packages/heat/engine/service.py:2370
2026-04-09 00:45:39.014 37855 DEBUG heat.engine.service [req-9e755aee-ded0-4319-a88b-9866c5d0948d - - - - -] Service bc7ca52d-f648-4e29-9452-508814362124 is updated service_manage_report /usr/lib/python3/dist-packages/heat/engine/service.py:2370
2026-04-09 00:46:38.959 37853 DEBUG heat.engine.service [req-83026a83-6a57-485a-bdf4-06488ff011b4 - - - - -] Service 922a1652-eb17-429f-94b1-dbcb27699b14 is updated service_manage_report /usr/lib/python3/dist-packages/heat/engine/service.py:2370
