2026-04-09 01:35:53.151 61697 DEBUG oslo_service.service [-] noauth.token_response = log_opt_values /usr/lib/python3/dist-packages/oslo_config/cfg.py:2609
2026-04-09 01:35:53.151 61697 DEBUG oslo_service.service [-] clients.ca_file = None log_opt_values /usr/lib/python3/dist-packages/oslo_config/cfg.py:2609
2026-04-09 01:35:53.151 61697 DEBUG oslo_service.service [-] clients.cert_file = None log_opt_values /usr/lib/python3/dist-packages/oslo_config/cfg.py:2609
2026-04-09 01:35:53.151 61697 DEBUG oslo_service.service [-] clients.endpoint_type = publicURL log_opt_values /usr/lib/python3/dist-packages/oslo_config/cfg.py:2609
2026-04-09 01:35:53.151 61697 DEBUG oslo_service.service [-] clients.insecure = False log_opt_values /usr/lib/python3/dist-packages/oslo_config/cfg.py:2609
2026-04-09 01:35:53.151 61697 DEBUG oslo_service.service [-] clients.key_file = None log_opt_values /usr/lib/python3/dist-packages/oslo_config/cfg.py:2609
2026-04-09 01:35:53.151 61697 DEBUG oslo_service.service [-] clients_aodh.ca_file = None log_opt_values /usr/lib/python3/dist-packages/oslo_config/cfg.py:2609
2026-04-09 01:35:53.151 61697 DEBUG oslo_service.service [-] clients_aodh.cert_file = None log_opt_values /usr/lib/python3/dist-packages/oslo_config/cfg.py:2609
2026-04-09 01:35:53.152 61697 DEBUG oslo_service.service [-] clients_aodh.endpoint_type = None log_opt_values /usr/lib/python3/dist-packages/oslo_config/cfg.py:2609
2026-04-09 01:35:53.152 61697 DEBUG oslo_service.service [-] clients_aodh.insecure = None log_opt_values /usr/lib/python3/dist-packages/oslo_config/cfg.py:2609
2026-04-09 01:35:53.152 61697 DEBUG oslo_service.service [-] clients_aodh.key_file = None log_opt_values /usr/lib/python3/dist-packages/oslo_config/cfg.py:2609
2026-04-09 01:35:53.152 61697 DEBUG oslo_service.service [-] clients_barbican.ca_file = None log_opt_values /usr/lib/python3/dist-packages/oslo_config/cfg.py:2609
2026-04-09 01:35:53.152 61697 DEBUG oslo_service.service [-] clients_barbican.cert_file = None log_opt_values /usr/lib/python3/dist-packages/oslo_config/cfg.py:2609
2026-04-09 01:35:53.152 61697 DEBUG oslo_service.service [-] clients_barbican.endpoint_type = None log_opt_values /usr/lib/python3/dist-packages/oslo_config/cfg.py:2609
2026-04-09 01:35:53.152 61697 DEBUG oslo_service.service [-] clients_barbican.insecure = None log_opt_values /usr/lib/python3/dist-packages/oslo_config/cfg.py:2609
2026-04-09 01:35:53.152 61697 DEBUG oslo_service.service [-] clients_barbican.key_file = None log_opt_values /usr/lib/python3/dist-packages/oslo_config/cfg.py:2609
2026-04-09 01:35:53.152 61697 DEBUG oslo_service.service [-] clients_cinder.ca_file = None log_opt_values /usr/lib/python3/dist-packages/oslo_config/cfg.py:2609
2026-04-09 01:35:53.153 61697 DEBUG oslo_service.service [-] clients_cinder.cert_file = None log_opt_values /usr/lib/python3/dist-packages/oslo_config/cfg.py:2609
2026-04-09 01:35:53.153 61697 DEBUG oslo_service.service [-] clients_cinder.endpoint_type = None log_opt_values /usr/lib/python3/dist-packages/oslo_config/cfg.py:2609
2026-04-09 01:35:53.153 61697 DEBUG oslo_service.service [-] clients_cinder.http_log_debug = False log_opt_values /usr/lib/python3/dist-packages/oslo_config/cfg.py:2609
2026-04-09 01:35:53.153 61697 DEBUG oslo_service.service [-] clients_cinder.insecure = None log_opt_values /usr/lib/python3/dist-packages/oslo_config/cfg.py:2609
2026-04-09 01:35:53.153 61697 DEBUG oslo_service.service [-] clients_cinder.key_file = None log_opt_values /usr/lib/python3/dist-packages/oslo_config/cfg.py:2609
2026-04-09 01:35:53.153 61697 DEBUG oslo_service.service [-] clients_designate.ca_file = None log_opt_values /usr/lib/python3/dist-packages/oslo_config/cfg.py:2609
2026-04-09 01:35:53.153 61697 DEBUG oslo_service.service [-] clients_designate.cert_file = None log_opt_values /usr/lib/python3/dist-packages/oslo_config/cfg.py:2609
2026-04-09 01:35:53.153 61697 DEBUG oslo_service.service [-] clients_designate.endpoint_type = None log_opt_values /usr/lib/python3/dist-packages/oslo_config/cfg.py:2609
2026-04-09 01:35:53.153 61697 DEBUG oslo_service.service [-] clients_designate.insecure = None log_opt_values /usr/lib/python3/dist-packages/oslo_config/cfg.py:2609
2026-04-09 01:35:53.153 61697 DEBUG oslo_service.service [-] clients_designate.key_file = None log_opt_values /usr/lib/python3/dist-packages/oslo_config/cfg.py:2609
2026-04-09 01:35:53.154 61697 DEBUG oslo_service.service [-] clients_glance.ca_file = None log_opt_values /usr/lib/python3/dist-packages/oslo_config/cfg.py:2609
2026-04-09 01:35:53.154 61697 DEBUG oslo_service.service [-] clients_glance.cert_file = None log_opt_values /usr/lib/python3/dist-packages/oslo_config/cfg.py:2609
2026-04-09 01:35:53.154 61697 DEBUG oslo_service.service [-] clients_glance.endpoint_type = None log_opt_values /usr/lib/python3/dist-packages/oslo_config/cfg.py:2609
2026-04-09 01:35:53.154 61697 DEBUG oslo_service.service [-] clients_glance.insecure = None log_opt_values /usr/lib/python3/dist-packages/oslo_config/cfg.py:2609
2026-04-09 01:35:53.154 61697 DEBUG oslo_service.service [-] clients_glance.key_file = None log_opt_values /usr/lib/python3/dist-packages/oslo_config/cfg.py:2609
2026-04-09 01:35:53.154 61697 DEBUG oslo_service.service [-] clients_heat.ca_file = None log_opt_values /usr/lib/python3/dist-packages/oslo_config/cfg.py:2609
2026-04-09 01:35:53.154 61697 DEBUG oslo_service.service [-] clients_heat.cert_file = None log_opt_values /usr/lib/python3/dist-packages/oslo_config/cfg.py:2609
2026-04-09 01:35:53.155 61697 DEBUG oslo_service.service [-] clients_heat.endpoint_type = None log_opt_values /usr/lib/python3/dist-packages/oslo_config/cfg.py:2609
2026-04-09 01:35:53.155 61697 DEBUG oslo_service.service [-] clients_heat.insecure = None log_opt_values /usr/lib/python3/dist-packages/oslo_config/cfg.py:2609
2026-04-09 01:35:53.155 61697 DEBUG oslo_service.service [-] clients_heat.key_file = None log_opt_values /usr/lib/python3/dist-packages/oslo_config/cfg.py:2609
2026-04-09 01:35:53.155 61697 DEBUG oslo_service.service [-] clients_heat.url = log_opt_values /usr/lib/python3/dist-packages/oslo_config/cfg.py:2609
2026-04-09 01:35:53.155 61697 DEBUG oslo_service.service [-] clients_keystone.auth_uri = http://252.129.0.93:5050 log_opt_values /usr/lib/python3/dist-packages/oslo_config/cfg.py:2609
2026-04-09 01:35:53.155 61697 DEBUG oslo_service.service [-] clients_keystone.ca_file = None log_opt_values /usr/lib/python3/dist-packages/oslo_config/cfg.py:2609
2026-04-09 01:35:53.155 61697 DEBUG oslo_service.service [-] clients_keystone.cert_file = None log_opt_values /usr/lib/python3/dist-packages/oslo_config/cfg.py:2609
2026-04-09 01:35:53.155 61697 DEBUG oslo_service.service [-] clients_keystone.endpoint_type = None log_opt_values /usr/lib/python3/dist-packages/oslo_config/cfg.py:2609
2026-04-09 01:35:53.155 61697 DEBUG oslo_service.service [-] clients_keystone.insecure = None log_opt_values /usr/lib/python3/dist-packages/oslo_config/cfg.py:2609
2026-04-09 01:35:53.155 61697 DEBUG oslo_service.service [-] clients_keystone.key_file = None log_opt_values /usr/lib/python3/dist-packages/oslo_config/cfg.py:2609
2026-04-09 01:35:53.156 61697 DEBUG oslo_service.service [-] clients_magnum.ca_file = None log_opt_values /usr/lib/python3/dist-packages/oslo_config/cfg.py:2609
2026-04-09 01:35:53.156 61697 DEBUG oslo_service.service [-] clients_magnum.cert_file = None log_opt_values /usr/lib/python3/dist-packages/oslo_config/cfg.py:2609
2026-04-09 01:35:53.156 61697 DEBUG oslo_service.service [-] clients_magnum.endpoint_type = None log_opt_values /usr/lib/python3/dist-packages/oslo_config/cfg.py:2609
2026-04-09 01:35:53.156 61697 DEBUG oslo_service.service [-] clients_magnum.insecure = None log_opt_values /usr/lib/python3/dist-packages/oslo_config/cfg.py:2609
2026-04-09 01:35:53.156 61697 DEBUG oslo_service.service [-] clients_magnum.key_file = None log_opt_values /usr/lib/python3/dist-packages/oslo_config/cfg.py:2609
2026-04-09 01:35:53.156 61697 DEBUG oslo_service.service [-] clients_manila.ca_file = None log_opt_values /usr/lib/python3/dist-packages/oslo_config/cfg.py:2609
2026-04-09 01:35:53.156 61697 DEBUG oslo_service.service [-] clients_manila.cert_file = None log_opt_values /usr/lib/python3/dist-packages/oslo_config/cfg.py:2609
2026-04-09 01:35:53.156 61697 DEBUG oslo_service.service [-] clients_manila.endpoint_type = None log_opt_values /usr/lib/python3/dist-packages/oslo_config/cfg.py:2609
2026-04-09 01:35:53.157 61697 DEBUG oslo_service.service [-] clients_manila.insecure = None log_opt_values /usr/lib/python3/dist-packages/oslo_config/cfg.py:2609
2026-04-09 01:35:53.157 61697 DEBUG oslo_service.service [-] clients_manila.key_file = None log_opt_values /usr/lib/python3/dist-packages/oslo_config/cfg.py:2609
2026-04-09 01:35:53.157 61697 DEBUG oslo_service.service [-] clients_mistral.ca_file = None log_opt_values /usr/lib/python3/dist-packages/oslo_config/cfg.py:2609
2026-04-09 01:35:53.157 61697 DEBUG oslo_service.service [-] clients_mistral.cert_file = None log_opt_values /usr/lib/python3/dist-packages/oslo_config/cfg.py:2609
2026-04-09 01:35:53.157 61697 DEBUG oslo_service.service [-] clients_mistral.endpoint_type = None log_opt_values /usr/lib/python3/dist-packages/oslo_config/cfg.py:2609
2026-04-09 01:35:53.157 61697 DEBUG oslo_service.service [-] clients_mistral.insecure = None log_opt_values /usr/lib/python3/dist-packages/oslo_config/cfg.py:2609
2026-04-09 01:35:53.157 61697 DEBUG oslo_service.service [-] clients_mistral.key_file = None log_opt_values /usr/lib/python3/dist-packages/oslo_config/cfg.py:2609
2026-04-09 01:35:53.157 61697 DEBUG oslo_service.service [-] clients_monasca.ca_file = None log_opt_values /usr/lib/python3/dist-packages/oslo_config/cfg.py:2609
2026-04-09 01:35:53.157 61697 DEBUG oslo_service.service [-] clients_monasca.cert_file = None log_opt_values /usr/lib/python3/dist-packages/oslo_config/cfg.py:2609
2026-04-09 01:35:53.158 61697 DEBUG oslo_service.service [-] clients_monasca.endpoint_type = None log_opt_values /usr/lib/python3/dist-packages/oslo_config/cfg.py:2609
2026-04-09 01:35:53.158 61697 DEBUG oslo_service.service [-] clients_monasca.insecure = None log_opt_values /usr/lib/python3/dist-packages/oslo_config/cfg.py:2609
2026-04-09 01:35:53.158 61697 DEBUG oslo_service.service [-] clients_monasca.key_file = None log_opt_values /usr/lib/python3/dist-packages/oslo_config/cfg.py:2609
2026-04-09 01:35:53.158 61697 DEBUG oslo_service.service [-] clients_neutron.ca_file = None log_opt_values /usr/lib/python3/dist-packages/oslo_config/cfg.py:2609
2026-04-09 01:35:53.158 61697 DEBUG oslo_service.service [-] clients_neutron.cert_file = None log_opt_values /usr/lib/python3/dist-packages/oslo_config/cfg.py:2609
2026-04-09 01:35:53.158 61697 DEBUG oslo_service.service [-] clients_neutron.endpoint_type = None log_opt_values /usr/lib/python3/dist-packages/oslo_config/cfg.py:2609
2026-04-09 01:35:53.158 61697 DEBUG oslo_service.service [-] clients_neutron.insecure = None log_opt_values /usr/lib/python3/dist-packages/oslo_config/cfg.py:2609
2026-04-09 01:35:53.158 61697 DEBUG oslo_service.service [-] clients_neutron.key_file = None log_opt_values /usr/lib/python3/dist-packages/oslo_config/cfg.py:2609
2026-04-09 01:35:53.158 61697 DEBUG oslo_service.service [-] clients_nova.ca_file = None log_opt_values /usr/lib/python3/dist-packages/oslo_config/cfg.py:2609
2026-04-09 01:35:53.158 61697 DEBUG oslo_service.service [-] clients_nova.cert_file = None log_opt_values /usr/lib/python3/dist-packages/oslo_config/cfg.py:2609
2026-04-09 01:35:53.159 61697 DEBUG oslo_service.service [-] clients_nova.endpoint_type = None log_opt_values /usr/lib/python3/dist-packages/oslo_config/cfg.py:2609
2026-04-09 01:35:53.159 61697 DEBUG oslo_service.service [-] clients_nova.http_log_debug = False log_opt_values /usr/lib/python3/dist-packages/oslo_config/cfg.py:2609
2026-04-09 01:35:53.159 61697 DEBUG oslo_service.service [-] clients_nova.insecure = None log_opt_values /usr/lib/python3/dist-packages/oslo_config/cfg.py:2609
2026-04-09 01:35:53.159 61697 DEBUG oslo_service.service [-] clients_nova.key_file = None log_opt_values /usr/lib/python3/dist-packages/oslo_config/cfg.py:2609
2026-04-09 01:35:53.159 61697 DEBUG oslo_service.service [-] clients_octavia.ca_file = None log_opt_values /usr/lib/python3/dist-packages/oslo_config/cfg.py:2609
2026-04-09 01:35:53.159 61697 DEBUG oslo_service.service [-] clients_octavia.cert_file = None log_opt_values /usr/lib/python3/dist-packages/oslo_config/cfg.py:2609
2026-04-09 01:35:53.159 61697 DEBUG oslo_service.service [-] clients_octavia.endpoint_type = None log_opt_values /usr/lib/python3/dist-packages/oslo_config/cfg.py:2609
2026-04-09 01:35:53.159 61697 DEBUG oslo_service.service [-] clients_octavia.insecure = None log_opt_values /usr/lib/python3/dist-packages/oslo_config/cfg.py:2609
2026-04-09 01:35:53.159 61697 DEBUG oslo_service.service [-] clients_octavia.key_file = None log_opt_values /usr/lib/python3/dist-packages/oslo_config/cfg.py:2609
2026-04-09 01:35:53.159 61697 DEBUG oslo_service.service [-] clients_sahara.ca_file = None log_opt_values /usr/lib/python3/dist-packages/oslo_config/cfg.py:2609
2026-04-09 01:35:53.160 61697 DEBUG oslo_service.service [-] clients_sahara.cert_file = None log_opt_values /usr/lib/python3/dist-packages/oslo_config/cfg.py:2609
2026-04-09 01:35:53.160 61697 DEBUG oslo_service.service [-] clients_sahara.endpoint_type = None log_opt_values /usr/lib/python3/dist-packages/oslo_config/cfg.py:2609
2026-04-09 01:35:53.160 61697 DEBUG oslo_service.service [-] clients_sahara.insecure = None log_opt_values /usr/lib/python3/dist-packages/oslo_config/cfg.py:2609
2026-04-09 01:35:53.160 61697 DEBUG oslo_service.service [-] clients_sahara.key_file = None log_opt_values /usr/lib/python3/dist-packages/oslo_config/cfg.py:2609
2026-04-09 01:35:53.160 61697 DEBUG oslo_service.service [-] clients_senlin.ca_file = None log_opt_values /usr/lib/python3/dist-packages/oslo_config/cfg.py:2609
2026-04-09 01:35:53.160 61697 DEBUG oslo_service.service [-] clients_senlin.cert_file = None log_opt_values /usr/lib/python3/dist-packages/oslo_config/cfg.py:2609
2026-04-09 01:35:53.160 61697 DEBUG oslo_service.service [-] clients_senlin.endpoint_type = None log_opt_values /usr/lib/python3/dist-packages/oslo_config/cfg.py:2609
2026-04-09 01:35:53.160 61697 DEBUG oslo_service.service [-] clients_senlin.insecure = None log_opt_values /usr/lib/python3/dist-packages/oslo_config/cfg.py:2609
2026-04-09 01:35:53.160 61697 DEBUG oslo_service.service [-] clients_senlin.key_file = None log_opt_values /usr/lib/python3/dist-packages/oslo_config/cfg.py:2609
2026-04-09 01:35:53.161 61697 DEBUG oslo_service.service [-] clients_swift.ca_file = None log_opt_values /usr/lib/python3/dist-packages/oslo_config/cfg.py:2609
2026-04-09 01:35:53.161 61697 DEBUG oslo_service.service [-] clients_swift.cert_file = None log_opt_values /usr/lib/python3/dist-packages/oslo_config/cfg.py:2609
2026-04-09 01:35:53.161 61697 DEBUG oslo_service.service [-] clients_swift.endpoint_type = None log_opt_values /usr/lib/python3/dist-packages/oslo_config/cfg.py:2609
2026-04-09 01:35:53.161 61697 DEBUG oslo_service.service [-] clients_swift.insecure = None log_opt_values /usr/lib/python3/dist-packages/oslo_config/cfg.py:2609
2026-04-09 01:35:53.161 61697 DEBUG oslo_service.service [-] clients_swift.key_file = None log_opt_values /usr/lib/python3/dist-packages/oslo_config/cfg.py:2609
2026-04-09 01:35:53.161 61697 DEBUG oslo_service.service [-] clients_trove.ca_file = None log_opt_values /usr/lib/python3/dist-packages/oslo_config/cfg.py:2609
2026-04-09 01:35:53.161 61697 DEBUG oslo_service.service [-] clients_trove.cert_file = None log_opt_values /usr/lib/python3/dist-packages/oslo_config/cfg.py:2609
2026-04-09 01:35:53.161 61697 DEBUG oslo_service.service [-] clients_trove.endpoint_type = None log_opt_values /usr/lib/python3/dist-packages/oslo_config/cfg.py:2609
2026-04-09 01:35:53.161 61697 DEBUG oslo_service.service [-] clients_trove.insecure = None log_opt_values /usr/lib/python3/dist-packages/oslo_config/cfg.py:2609
2026-04-09 01:35:53.161 61697 DEBUG oslo_service.service [-] clients_trove.key_file = None log_opt_values /usr/lib/python3/dist-packages/oslo_config/cfg.py:2609
2026-04-09 01:35:53.162 61697 DEBUG oslo_service.service [-] clients_vitrage.ca_file = None log_opt_values /usr/lib/python3/dist-packages/oslo_config/cfg.py:2609
2026-04-09 01:35:53.162 61697 DEBUG oslo_service.service [-] clients_vitrage.cert_file = None log_opt_values /usr/lib/python3/dist-packages/oslo_config/cfg.py:2609
2026-04-09 01:35:53.162 61697 DEBUG oslo_service.service [-] clients_vitrage.endpoint_type = None log_opt_values /usr/lib/python3/dist-packages/oslo_config/cfg.py:2609
2026-04-09 01:35:53.162 61697 DEBUG oslo_service.service [-] clients_vitrage.insecure = None log_opt_values /usr/lib/python3/dist-packages/oslo_config/cfg.py:2609
2026-04-09 01:35:53.162 61697 DEBUG oslo_service.service [-] clients_vitrage.key_file = None log_opt_values /usr/lib/python3/dist-packages/oslo_config/cfg.py:2609
2026-04-09 01:35:53.162 61697 DEBUG oslo_service.service [-] clients_zaqar.ca_file = None log_opt_values /usr/lib/python3/dist-packages/oslo_config/cfg.py:2609
2026-04-09 01:35:53.162 61697 DEBUG oslo_service.service [-] clients_zaqar.cert_file = None log_opt_values /usr/lib/python3/dist-packages/oslo_config/cfg.py:2609
2026-04-09 01:35:53.162 61697 DEBUG oslo_service.service [-] clients_zaqar.endpoint_type = None log_opt_values /usr/lib/python3/dist-packages/oslo_config/cfg.py:2609
2026-04-09 01:35:53.163 61697 DEBUG oslo_service.service [-] clients_zaqar.insecure = None log_opt_values /usr/lib/python3/dist-packages/oslo_config/cfg.py:2609
2026-04-09 01:35:53.163 61697 DEBUG oslo_service.service [-] clients_zaqar.key_file = None log_opt_values /usr/lib/python3/dist-packages/oslo_config/cfg.py:2609
2026-04-09 01:35:53.163 61697 DEBUG oslo_service.service [-] database.backend = sqlalchemy log_opt_values /usr/lib/python3/dist-packages/oslo_config/cfg.py:2609
2026-04-09 01:35:53.163 61697 DEBUG oslo_service.service [-] database.connection = **** log_opt_values /usr/lib/python3/dist-packages/oslo_config/cfg.py:2609
2026-04-09 01:35:53.163 61697 DEBUG oslo_service.service [-] database.connection_debug = 0 log_opt_values /usr/lib/python3/dist-packages/oslo_config/cfg.py:2609
2026-04-09 01:35:53.163 61697 DEBUG oslo_service.service [-] database.connection_parameters = log_opt_values /usr/lib/python3/dist-packages/oslo_config/cfg.py:2609
2026-04-09 01:35:53.163 61697 DEBUG oslo_service.service [-] database.connection_recycle_time = 3600 log_opt_values /usr/lib/python3/dist-packages/oslo_config/cfg.py:2609
2026-04-09 01:35:53.164 61697 DEBUG oslo_service.service [-] database.connection_trace = False log_opt_values /usr/lib/python3/dist-packages/oslo_config/cfg.py:2609
2026-04-09 01:35:53.164 61697 DEBUG oslo_service.service [-] database.db_inc_retry_interval = True log_opt_values /usr/lib/python3/dist-packages/oslo_config/cfg.py:2609
2026-04-09 01:35:53.164 61697 DEBUG oslo_service.service [-] database.db_max_retries = 20 log_opt_values /usr/lib/python3/dist-packages/oslo_config/cfg.py:2609
2026-04-09 01:35:53.164 61697 DEBUG oslo_service.service [-] database.db_max_retry_interval = 10 log_opt_values /usr/lib/python3/dist-packages/oslo_config/cfg.py:2609
2026-04-09 01:35:53.164 61697 DEBUG oslo_service.service [-] database.db_retry_interval = 1 log_opt_values /usr/lib/python3/dist-packages/oslo_config/cfg.py:2609
2026-04-09 01:35:53.164 61697 DEBUG oslo_service.service [-] database.max_overflow = 50 log_opt_values /usr/lib/python3/dist-packages/oslo_config/cfg.py:2609
2026-04-09 01:35:53.164 61697 DEBUG oslo_service.service [-] database.max_pool_size = 5 log_opt_values /usr/lib/python3/dist-packages/oslo_config/cfg.py:2609
2026-04-09 01:35:53.165 61697 DEBUG oslo_service.service [-] database.max_retries = 10 log_opt_values /usr/lib/python3/dist-packages/oslo_config/cfg.py:2609
2026-04-09 01:35:53.165 61697 DEBUG oslo_service.service [-] database.mysql_enable_ndb = False log_opt_values /usr/lib/python3/dist-packages/oslo_config/cfg.py:2609
2026-04-09 01:35:53.165 61697 DEBUG oslo_service.service [-] database.mysql_sql_mode = TRADITIONAL log_opt_values /usr/lib/python3/dist-packages/oslo_config/cfg.py:2609
2026-04-09 01:35:53.165 61697 DEBUG oslo_service.service [-] database.pool_timeout = None log_opt_values /usr/lib/python3/dist-packages/oslo_config/cfg.py:2609
2026-04-09 01:35:53.165 61697 DEBUG oslo_service.service [-] database.retry_interval = 10 log_opt_values /usr/lib/python3/dist-packages/oslo_config/cfg.py:2609
2026-04-09 01:35:53.165 61697 DEBUG oslo_service.service [-] database.slave_connection = **** log_opt_values /usr/lib/python3/dist-packages/oslo_config/cfg.py:2609
2026-04-09 01:35:53.165 61697 DEBUG oslo_service.service [-] database.sqlite_synchronous = True log_opt_values /usr/lib/python3/dist-packages/oslo_config/cfg.py:2609
2026-04-09 01:35:53.165 61697 DEBUG oslo_service.service [-] database.use_db_reconnect = False log_opt_values /usr/lib/python3/dist-packages/oslo_config/cfg.py:2609
2026-04-09 01:35:53.166 61697 DEBUG oslo_service.service [-] oslo_messaging_metrics.metrics_buffer_size = 1000 log_opt_values /usr/lib/python3/dist-packages/oslo_config/cfg.py:2609
2026-04-09 01:35:53.166 61697 DEBUG oslo_service.service [-] oslo_messaging_metrics.metrics_enabled = False log_opt_values /usr/lib/python3/dist-packages/oslo_config/cfg.py:2609
2026-04-09 01:35:53.166 61697 DEBUG oslo_service.service [-] oslo_messaging_metrics.metrics_process_name = log_opt_values /usr/lib/python3/dist-packages/oslo_config/cfg.py:2609
2026-04-09 01:35:53.166 61697 DEBUG oslo_service.service [-] oslo_messaging_metrics.metrics_socket_file = /var/tmp/metrics_collector.sock log_opt_values /usr/lib/python3/dist-packages/oslo_config/cfg.py:2609
2026-04-09 01:35:53.166 61697 DEBUG oslo_service.service [-] oslo_messaging_metrics.metrics_thread_stop_timeout = 10 log_opt_values /usr/lib/python3/dist-packages/oslo_config/cfg.py:2609
2026-04-09 01:35:53.166 61697 DEBUG oslo_service.service [-] oslo_policy.enforce_new_defaults = False log_opt_values /usr/lib/python3/dist-packages/oslo_config/cfg.py:2609
2026-04-09 01:35:53.166 61697 DEBUG oslo_service.service [-] oslo_policy.enforce_scope = False log_opt_values /usr/lib/python3/dist-packages/oslo_config/cfg.py:2609
2026-04-09 01:35:53.166 61697 DEBUG oslo_service.service [-] oslo_policy.policy_default_rule = default log_opt_values /usr/lib/python3/dist-packages/oslo_config/cfg.py:2609
2026-04-09 01:35:53.167 61697 DEBUG oslo_service.service [-] oslo_policy.policy_dirs = ['policy.d'] log_opt_values /usr/lib/python3/dist-packages/oslo_config/cfg.py:2609
2026-04-09 01:35:53.167 61697 DEBUG oslo_service.service [-] oslo_policy.policy_file = policy.yaml log_opt_values /usr/lib/python3/dist-packages/oslo_config/cfg.py:2609
2026-04-09 01:35:53.167 61697 DEBUG oslo_service.service [-] oslo_policy.remote_content_type = application/x-www-form-urlencoded log_opt_values /usr/lib/python3/dist-packages/oslo_config/cfg.py:2609
2026-04-09 01:35:53.167 61697 DEBUG oslo_service.service [-] oslo_policy.remote_ssl_ca_crt_file = None log_opt_values /usr/lib/python3/dist-packages/oslo_config/cfg.py:2609
2026-04-09 01:35:53.167 61697 DEBUG oslo_service.service [-] oslo_policy.remote_ssl_client_crt_file = None log_opt_values /usr/lib/python3/dist-packages/oslo_config/cfg.py:2609
2026-04-09 01:35:53.167 61697 DEBUG oslo_service.service [-] oslo_policy.remote_ssl_client_key_file = None log_opt_values /usr/lib/python3/dist-packages/oslo_config/cfg.py:2609
2026-04-09 01:35:53.167 61697 DEBUG oslo_service.service [-] oslo_policy.remote_ssl_verify_server_crt = False log_opt_values /usr/lib/python3/dist-packages/oslo_config/cfg.py:2609
2026-04-09 01:35:53.167 61697 DEBUG oslo_service.service [-] trustee.auth_section = None log_opt_values /usr/lib/python3/dist-packages/oslo_config/cfg.py:2609
2026-04-09 01:35:53.168 61697 WARNING oslo_config.cfg [-] Deprecated: Option "auth_plugin" from group "trustee" is deprecated. Use option "auth_type" from group "trustee".
2026-04-09 01:35:53.168 61697 DEBUG oslo_service.service [-] trustee.auth_type = password log_opt_values /usr/lib/python3/dist-packages/oslo_config/cfg.py:2609
2026-04-09 01:35:53.168 61697 DEBUG oslo_service.service [-] oslo_versionedobjects.fatal_exception_format_errors = False log_opt_values /usr/lib/python3/dist-packages/oslo_config/cfg.py:2609
2026-04-09 01:35:53.168 61697 DEBUG oslo_service.service [-] oslo_messaging_rabbit.amqp_auto_delete = False log_opt_values /usr/lib/python3/dist-packages/oslo_config/cfg.py:2609
2026-04-09 01:35:53.168 61697 DEBUG oslo_service.service [-] oslo_messaging_rabbit.amqp_durable_queues = False log_opt_values /usr/lib/python3/dist-packages/oslo_config/cfg.py:2609
2026-04-09 01:35:53.168 61697 DEBUG oslo_service.service [-] oslo_messaging_rabbit.conn_pool_min_size = 2 log_opt_values /usr/lib/python3/dist-packages/oslo_config/cfg.py:2609
2026-04-09 01:35:53.169 61697 DEBUG oslo_service.service [-] oslo_messaging_rabbit.conn_pool_ttl = 1200 log_opt_values /usr/lib/python3/dist-packages/oslo_config/cfg.py:2609
2026-04-09 01:35:53.169 61697 DEBUG oslo_service.service [-] oslo_messaging_rabbit.direct_mandatory_flag = True log_opt_values /usr/lib/python3/dist-packages/oslo_config/cfg.py:2609
2026-04-09 01:35:53.169 61697 DEBUG oslo_service.service [-] oslo_messaging_rabbit.enable_cancel_on_failover = False log_opt_values /usr/lib/python3/dist-packages/oslo_config/cfg.py:2609
2026-04-09 01:35:53.169 61697 DEBUG oslo_service.service [-] oslo_messaging_rabbit.heartbeat_in_pthread = False log_opt_values /usr/lib/python3/dist-packages/oslo_config/cfg.py:2609
2026-04-09 01:35:53.169 61697 DEBUG oslo_service.service [-] oslo_messaging_rabbit.heartbeat_rate = 2 log_opt_values /usr/lib/python3/dist-packages/oslo_config/cfg.py:2609
2026-04-09 01:35:53.169 61697 DEBUG oslo_service.service [-] oslo_messaging_rabbit.heartbeat_timeout_threshold = 60 log_opt_values /usr/lib/python3/dist-packages/oslo_config/cfg.py:2609
2026-04-09 01:35:53.169 61697 DEBUG oslo_service.service [-] oslo_messaging_rabbit.kombu_compression = None log_opt_values /usr/lib/python3/dist-packages/oslo_config/cfg.py:2609
2026-04-09 01:35:53.169 61697 DEBUG oslo_service.service [-] oslo_messaging_rabbit.kombu_failover_strategy = round-robin log_opt_values /usr/lib/python3/dist-packages/oslo_config/cfg.py:2609
2026-04-09 01:35:53.170 61697 DEBUG oslo_service.service [-] oslo_messaging_rabbit.kombu_missing_consumer_retry_timeout = 60 log_opt_values /usr/lib/python3/dist-packages/oslo_config/cfg.py:2609
2026-04-09 01:35:53.170 61697 DEBUG oslo_service.service [-] oslo_messaging_rabbit.kombu_reconnect_delay = 1.0 log_opt_values /usr/lib/python3/dist-packages/oslo_config/cfg.py:2609
2026-04-09 01:35:53.170 61697 DEBUG oslo_service.service [-] oslo_messaging_rabbit.rabbit_ha_queues = False log_opt_values /usr/lib/python3/dist-packages/oslo_config/cfg.py:2609
2026-04-09 01:35:53.170 61697 DEBUG oslo_service.service [-] oslo_messaging_rabbit.rabbit_interval_max = 30 log_opt_values /usr/lib/python3/dist-packages/oslo_config/cfg.py:2609
2026-04-09 01:35:53.170 61697 DEBUG oslo_service.service [-] oslo_messaging_rabbit.rabbit_login_method = AMQPLAIN log_opt_values /usr/lib/python3/dist-packages/oslo_config/cfg.py:2609
2026-04-09 01:35:53.170 61697 DEBUG oslo_service.service [-] oslo_messaging_rabbit.rabbit_qos_prefetch_count = 0 log_opt_values /usr/lib/python3/dist-packages/oslo_config/cfg.py:2609
2026-04-09 01:35:53.170 61697 DEBUG oslo_service.service [-] oslo_messaging_rabbit.rabbit_quorum_queue = False log_opt_values /usr/lib/python3/dist-packages/oslo_config/cfg.py:2609
2026-04-09 01:35:53.170 61697 DEBUG oslo_service.service [-] oslo_messaging_rabbit.rabbit_retry_backoff = 2 log_opt_values /usr/lib/python3/dist-packages/oslo_config/cfg.py:2609
2026-04-09 01:35:53.170 61697 DEBUG oslo_service.service [-] oslo_messaging_rabbit.rabbit_retry_interval = 1 log_opt_values /usr/lib/python3/dist-packages/oslo_config/cfg.py:2609
2026-04-09 01:35:53.171 61697 DEBUG oslo_service.service [-] oslo_messaging_rabbit.rabbit_transient_queues_ttl = 1800 log_opt_values /usr/lib/python3/dist-packages/oslo_config/cfg.py:2609
2026-04-09 01:35:53.171 61697 DEBUG oslo_service.service [-] oslo_messaging_rabbit.rpc_conn_pool_size = 30 log_opt_values /usr/lib/python3/dist-packages/oslo_config/cfg.py:2609
2026-04-09 01:35:53.171 61697 DEBUG oslo_service.service [-] oslo_messaging_rabbit.ssl = False log_opt_values /usr/lib/python3/dist-packages/oslo_config/cfg.py:2609
2026-04-09 01:35:53.171 61697 DEBUG oslo_service.service [-] oslo_messaging_rabbit.ssl_ca_file = log_opt_values /usr/lib/python3/dist-packages/oslo_config/cfg.py:2609
2026-04-09 01:35:53.171 61697 DEBUG oslo_service.service [-] oslo_messaging_rabbit.ssl_cert_file = log_opt_values /usr/lib/python3/dist-packages/oslo_config/cfg.py:2609
2026-04-09 01:35:53.171 61697 DEBUG oslo_service.service [-] oslo_messaging_rabbit.ssl_key_file = log_opt_values /usr/lib/python3/dist-packages/oslo_config/cfg.py:2609
2026-04-09 01:35:53.171 61697 DEBUG oslo_service.service [-] oslo_messaging_rabbit.ssl_version = log_opt_values /usr/lib/python3/dist-packages/oslo_config/cfg.py:2609
2026-04-09 01:35:53.172 61697 DEBUG oslo_service.service [-] oslo_messaging_notifications.driver = [] log_opt_values /usr/lib/python3/dist-packages/oslo_config/cfg.py:2609
2026-04-09 01:35:53.172 61697 DEBUG oslo_service.service [-] oslo_messaging_notifications.retry = -1 log_opt_values /usr/lib/python3/dist-packages/oslo_config/cfg.py:2609
2026-04-09 01:35:53.173 61697 DEBUG oslo_service.service [-] oslo_messaging_notifications.topics = ['notifications'] log_opt_values /usr/lib/python3/dist-packages/oslo_config/cfg.py:2609
2026-04-09 01:35:53.173 61697 DEBUG oslo_service.service [-] oslo_messaging_notifications.transport_url = **** log_opt_values /usr/lib/python3/dist-packages/oslo_config/cfg.py:2609
2026-04-09 01:35:53.173 61697 DEBUG oslo_service.service [-] cache.backend = dogpile.cache.null log_opt_values /usr/lib/python3/dist-packages/oslo_config/cfg.py:2609
2026-04-09 01:35:53.173 61697 DEBUG oslo_service.service [-] cache.backend_argument = **** log_opt_values /usr/lib/python3/dist-packages/oslo_config/cfg.py:2609
2026-04-09 01:35:53.173 61697 DEBUG oslo_service.service [-] cache.config_prefix = cache.oslo log_opt_values /usr/lib/python3/dist-packages/oslo_config/cfg.py:2609
2026-04-09 01:35:53.173 61697 DEBUG oslo_service.service [-] cache.debug_cache_backend = False log_opt_values /usr/lib/python3/dist-packages/oslo_config/cfg.py:2609
2026-04-09 01:35:53.173 61697 DEBUG oslo_service.service [-] cache.enabled = False log_opt_values /usr/lib/python3/dist-packages/oslo_config/cfg.py:2609
2026-04-09 01:35:53.174 61697 DEBUG oslo_service.service [-] cache.expiration_time = 600 log_opt_values /usr/lib/python3/dist-packages/oslo_config/cfg.py:2609
2026-04-09 01:35:53.174 61697 DEBUG oslo_service.service [-] cache.memcache_dead_retry = 300 log_opt_values /usr/lib/python3/dist-packages/oslo_config/cfg.py:2609
2026-04-09 01:35:53.174 61697 DEBUG oslo_service.service [-] cache.memcache_pool_connection_get_timeout = 10 log_opt_values /usr/lib/python3/dist-packages/oslo_config/cfg.py:2609
2026-04-09 01:35:53.174 61697 DEBUG oslo_service.service [-] cache.memcache_pool_flush_on_reconnect = False log_opt_values /usr/lib/python3/dist-packages/oslo_config/cfg.py:2609
2026-04-09 01:35:53.174 61697 DEBUG oslo_service.service [-] cache.memcache_pool_maxsize = 10 log_opt_values /usr/lib/python3/dist-packages/oslo_config/cfg.py:2609
2026-04-09 01:35:53.174 61697 DEBUG oslo_service.service [-] cache.memcache_pool_unused_timeout = 60 log_opt_values /usr/lib/python3/dist-packages/oslo_config/cfg.py:2609
2026-04-09 01:35:53.174 61697 DEBUG oslo_service.service [-] cache.memcache_servers = ['localhost:11211'] log_opt_values /usr/lib/python3/dist-packages/oslo_config/cfg.py:2609
2026-04-09 01:35:53.175 61697 DEBUG oslo_service.service [-] cache.memcache_socket_timeout = 1.0 log_opt_values /usr/lib/python3/dist-packages/oslo_config/cfg.py:2609
2026-04-09 01:35:53.175 61697 DEBUG oslo_service.service [-] cache.proxies = [] log_opt_values /usr/lib/python3/dist-packages/oslo_config/cfg.py:2609
2026-04-09 01:35:53.175 61697 DEBUG oslo_service.service [-] cache.tls_allowed_ciphers = None log_opt_values /usr/lib/python3/dist-packages/oslo_config/cfg.py:2609
2026-04-09 01:35:53.175 61697 DEBUG oslo_service.service [-] cache.tls_cafile = None log_opt_values /usr/lib/python3/dist-packages/oslo_config/cfg.py:2609
2026-04-09 01:35:53.175 61697 DEBUG oslo_service.service [-] cache.tls_certfile = None log_opt_values /usr/lib/python3/dist-packages/oslo_config/cfg.py:2609
2026-04-09 01:35:53.175 61697 DEBUG oslo_service.service [-] cache.tls_enabled = False log_opt_values /usr/lib/python3/dist-packages/oslo_config/cfg.py:2609
2026-04-09 01:35:53.175 61697 DEBUG oslo_service.service [-] cache.tls_keyfile = None log_opt_values /usr/lib/python3/dist-packages/oslo_config/cfg.py:2609
2026-04-09 01:35:53.175 61697 DEBUG oslo_service.service [-] constraint_validation_cache.caching = True log_opt_values /usr/lib/python3/dist-packages/oslo_config/cfg.py:2609
2026-04-09 01:35:53.175 61697 DEBUG oslo_service.service [-] constraint_validation_cache.expiration_time = 60 log_opt_values /usr/lib/python3/dist-packages/oslo_config/cfg.py:2609
2026-04-09 01:35:53.176 61697 DEBUG oslo_service.service [-] service_extension_cache.caching = True log_opt_values /usr/lib/python3/dist-packages/oslo_config/cfg.py:2609
2026-04-09 01:35:53.176 61697 DEBUG oslo_service.service [-] service_extension_cache.expiration_time = 3600 log_opt_values /usr/lib/python3/dist-packages/oslo_config/cfg.py:2609
2026-04-09 01:35:53.176 61697 DEBUG oslo_service.service [-] resource_finder_cache.caching = True log_opt_values /usr/lib/python3/dist-packages/oslo_config/cfg.py:2609
2026-04-09 01:35:53.176 61697 DEBUG oslo_service.service [-] resource_finder_cache.expiration_time = 3600 log_opt_values /usr/lib/python3/dist-packages/oslo_config/cfg.py:2609
2026-04-09 01:35:53.176 61697 DEBUG oslo_service.service [-] yaql.limit_iterators = 200 log_opt_values /usr/lib/python3/dist-packages/oslo_config/cfg.py:2609
2026-04-09 01:35:53.176 61697 DEBUG oslo_service.service [-] yaql.memory_quota = 10000 log_opt_values /usr/lib/python3/dist-packages/oslo_config/cfg.py:2609
2026-04-09 01:35:53.176 61697 DEBUG oslo_service.service [-] ******************************************************************************** log_opt_values /usr/lib/python3/dist-packages/oslo_config/cfg.py:2613
2026-04-09 01:35:53.181 61925 INFO heat.engine.worker [-] Starting engine_worker (1.4) in engine cf4d244c-1f35-48a9-9c04-68c85f9da46f.
2026-04-09 01:35:53.205 61922 DEBUG oslo_db.sqlalchemy.engines [req-1d5ca1a4-7402-428e-be1f-6190d1ed9956 - - - - -] MySQL server mode set to STRICT_TRANS_TABLES,STRICT_ALL_TABLES,NO_ZERO_IN_DATE,NO_ZERO_DATE,ERROR_FOR_DIVISION_BY_ZERO,TRADITIONAL,NO_ENGINE_SUBSTITUTION _check_effective_sql_mode /usr/lib/python3/dist-packages/oslo_db/sqlalchemy/engines.py:314
2026-04-09 01:35:53.209 61923 DEBUG oslo_db.sqlalchemy.engines [req-68163e23-747a-4dc3-ba22-436f6f642c24 - - - - -] MySQL server mode set to STRICT_TRANS_TABLES,STRICT_ALL_TABLES,NO_ZERO_IN_DATE,NO_ZERO_DATE,ERROR_FOR_DIVISION_BY_ZERO,TRADITIONAL,NO_ENGINE_SUBSTITUTION _check_effective_sql_mode /usr/lib/python3/dist-packages/oslo_db/sqlalchemy/engines.py:314
2026-04-09 01:35:53.226 61924 DEBUG oslo_db.sqlalchemy.engines [req-cfbbc4d9-91c1-4f07-9380-4bd52c1660a9 - - - - -] MySQL server mode set to STRICT_TRANS_TABLES,STRICT_ALL_TABLES,NO_ZERO_IN_DATE,NO_ZERO_DATE,ERROR_FOR_DIVISION_BY_ZERO,TRADITIONAL,NO_ENGINE_SUBSTITUTION _check_effective_sql_mode /usr/lib/python3/dist-packages/oslo_db/sqlalchemy/engines.py:314
2026-04-09 01:35:53.244 61925 DEBUG oslo_db.sqlalchemy.engines [req-7bdd4244-df24-4bed-87a2-2d9b7c9024f4 - - - - -] MySQL server mode set to STRICT_TRANS_TABLES,STRICT_ALL_TABLES,NO_ZERO_IN_DATE,NO_ZERO_DATE,ERROR_FOR_DIVISION_BY_ZERO,TRADITIONAL,NO_ENGINE_SUBSTITUTION _check_effective_sql_mode /usr/lib/python3/dist-packages/oslo_db/sqlalchemy/engines.py:314
2026-04-09 01:35:53.261 61923 DEBUG heat.engine.service [req-68163e23-747a-4dc3-ba22-436f6f642c24 - - - - -] Service 0055c1e8-8ee6-4cb9-90cb-c9162a88446e was aborted service_manage_cleanup /usr/lib/python3/dist-packages/heat/engine/service.py:2391
2026-04-09 01:35:53.264 61922 DEBUG heat.engine.service [req-1d5ca1a4-7402-428e-be1f-6190d1ed9956 - - - - -] Service 0055c1e8-8ee6-4cb9-90cb-c9162a88446e was aborted service_manage_cleanup /usr/lib/python3/dist-packages/heat/engine/service.py:2391
2026-04-09 01:35:53.278 61923 DEBUG heat.engine.service [req-68163e23-747a-4dc3-ba22-436f6f642c24 - - - - -] Service 1d9cebe3-4113-489e-ad3e-4acc32ebc4ec was aborted service_manage_cleanup /usr/lib/python3/dist-packages/heat/engine/service.py:2391
2026-04-09 01:35:53.280 61922 DEBUG heat.engine.service [req-1d5ca1a4-7402-428e-be1f-6190d1ed9956 - - - - -] Service 1d9cebe3-4113-489e-ad3e-4acc32ebc4ec was aborted service_manage_cleanup /usr/lib/python3/dist-packages/heat/engine/service.py:2391
2026-04-09 01:35:53.282 61924 DEBUG heat.engine.service [req-cfbbc4d9-91c1-4f07-9380-4bd52c1660a9 - - - - -] Service 0055c1e8-8ee6-4cb9-90cb-c9162a88446e was aborted service_manage_cleanup /usr/lib/python3/dist-packages/heat/engine/service.py:2391
2026-04-09 01:35:53.288 61923 DEBUG heat.engine.service [req-68163e23-747a-4dc3-ba22-436f6f642c24 - - - - -] Service 434b05d1-c2a6-4db1-891a-926727c232b2 was aborted service_manage_cleanup /usr/lib/python3/dist-packages/heat/engine/service.py:2391
2026-04-09 01:35:53.289 61922 DEBUG heat.engine.service [req-1d5ca1a4-7402-428e-be1f-6190d1ed9956 - - - - -] Service 434b05d1-c2a6-4db1-891a-926727c232b2 was aborted service_manage_cleanup /usr/lib/python3/dist-packages/heat/engine/service.py:2391
2026-04-09 01:35:53.293 61925 DEBUG heat.engine.service [req-7bdd4244-df24-4bed-87a2-2d9b7c9024f4 - - - - -] Service 434b05d1-c2a6-4db1-891a-926727c232b2 was aborted service_manage_cleanup /usr/lib/python3/dist-packages/heat/engine/service.py:2391
2026-04-09 01:35:53.295 61924 DEBUG heat.engine.service [req-cfbbc4d9-91c1-4f07-9380-4bd52c1660a9 - - - - -] Service 1d9cebe3-4113-489e-ad3e-4acc32ebc4ec was aborted service_manage_cleanup /usr/lib/python3/dist-packages/heat/engine/service.py:2391
2026-04-09 01:35:53.301 61923 DEBUG heat.engine.service [req-68163e23-747a-4dc3-ba22-436f6f642c24 - - - - -] Service 4878b7e1-6dd8-4949-9a7e-18e0cb903375 was aborted service_manage_cleanup /usr/lib/python3/dist-packages/heat/engine/service.py:2391
2026-04-09 01:35:53.301 61924 DEBUG heat.engine.service [req-cfbbc4d9-91c1-4f07-9380-4bd52c1660a9 - - - - -] Service 434b05d1-c2a6-4db1-891a-926727c232b2 was aborted service_manage_cleanup /usr/lib/python3/dist-packages/heat/engine/service.py:2391
2026-04-09 01:35:53.301 61922 DEBUG heat.engine.service [req-1d5ca1a4-7402-428e-be1f-6190d1ed9956 - - - - -] Service 4878b7e1-6dd8-4949-9a7e-18e0cb903375 was aborted service_manage_cleanup /usr/lib/python3/dist-packages/heat/engine/service.py:2391
2026-04-09 01:35:53.303 61925 DEBUG heat.engine.service [req-7bdd4244-df24-4bed-87a2-2d9b7c9024f4 - - - - -] Service 4878b7e1-6dd8-4949-9a7e-18e0cb903375 was aborted service_manage_cleanup /usr/lib/python3/dist-packages/heat/engine/service.py:2391
2026-04-09 01:35:53.306 61924 DEBUG heat.engine.service [req-cfbbc4d9-91c1-4f07-9380-4bd52c1660a9 - - - - -] Service 4878b7e1-6dd8-4949-9a7e-18e0cb903375 was aborted service_manage_cleanup /usr/lib/python3/dist-packages/heat/engine/service.py:2391
2026-04-09 01:35:53.314 61923 DEBUG heat.engine.service [req-68163e23-747a-4dc3-ba22-436f6f642c24 - - - - -] Service 4b6f5d6e-99df-4598-98cc-9dd367122ae7 was aborted service_manage_cleanup /usr/lib/python3/dist-packages/heat/engine/service.py:2391
2026-04-09 01:35:53.315 61922 DEBUG heat.engine.service [req-1d5ca1a4-7402-428e-be1f-6190d1ed9956 - - - - -] Service 4b6f5d6e-99df-4598-98cc-9dd367122ae7 was aborted service_manage_cleanup /usr/lib/python3/dist-packages/heat/engine/service.py:2391
2026-04-09 01:35:53.316 61924 DEBUG heat.engine.service [req-cfbbc4d9-91c1-4f07-9380-4bd52c1660a9 - - - - -] Service 4b6f5d6e-99df-4598-98cc-9dd367122ae7 was aborted service_manage_cleanup /usr/lib/python3/dist-packages/heat/engine/service.py:2391
2026-04-09 01:35:53.320 61925 DEBUG heat.engine.service [req-7bdd4244-df24-4bed-87a2-2d9b7c9024f4 - - - - -] Service 4b6f5d6e-99df-4598-98cc-9dd367122ae7 was aborted service_manage_cleanup /usr/lib/python3/dist-packages/heat/engine/service.py:2391
2026-04-09 01:35:53.328 61923 DEBUG heat.engine.service [req-68163e23-747a-4dc3-ba22-436f6f642c24 - - - - -] Service 67592f2a-b3a0-406f-ac79-c8829a55061f was aborted service_manage_cleanup /usr/lib/python3/dist-packages/heat/engine/service.py:2391
2026-04-09 01:35:53.328 61924 DEBUG heat.engine.service [req-cfbbc4d9-91c1-4f07-9380-4bd52c1660a9 - - - - -] Service 67592f2a-b3a0-406f-ac79-c8829a55061f was aborted service_manage_cleanup /usr/lib/python3/dist-packages/heat/engine/service.py:2391
2026-04-09 01:35:53.330 61922 DEBUG heat.engine.service [req-1d5ca1a4-7402-428e-be1f-6190d1ed9956 - - - - -] Service 67592f2a-b3a0-406f-ac79-c8829a55061f was aborted service_manage_cleanup /usr/lib/python3/dist-packages/heat/engine/service.py:2391
2026-04-09 01:35:53.330 61925 DEBUG heat.engine.service [req-7bdd4244-df24-4bed-87a2-2d9b7c9024f4 - - - - -] Service 67592f2a-b3a0-406f-ac79-c8829a55061f was aborted service_manage_cleanup /usr/lib/python3/dist-packages/heat/engine/service.py:2391
2026-04-09 01:35:53.339 61924 DEBUG heat.engine.service [req-cfbbc4d9-91c1-4f07-9380-4bd52c1660a9 - - - - -] Service 922a1652-eb17-429f-94b1-dbcb27699b14 was aborted service_manage_cleanup /usr/lib/python3/dist-packages/heat/engine/service.py:2391
2026-04-09 01:35:53.340 61923 DEBUG heat.engine.service [req-68163e23-747a-4dc3-ba22-436f6f642c24 - - - - -] Service 922a1652-eb17-429f-94b1-dbcb27699b14 was aborted service_manage_cleanup /usr/lib/python3/dist-packages/heat/engine/service.py:2391
2026-04-09 01:35:53.341 61922 DEBUG heat.engine.service [req-1d5ca1a4-7402-428e-be1f-6190d1ed9956 - - - - -] Service 922a1652-eb17-429f-94b1-dbcb27699b14 was aborted service_manage_cleanup /usr/lib/python3/dist-packages/heat/engine/service.py:2391
2026-04-09 01:35:53.341 61925 DEBUG heat.engine.service [req-7bdd4244-df24-4bed-87a2-2d9b7c9024f4 - - - - -] Service 922a1652-eb17-429f-94b1-dbcb27699b14 was aborted service_manage_cleanup /usr/lib/python3/dist-packages/heat/engine/service.py:2391
2026-04-09 01:35:53.350 61924 DEBUG heat.engine.service [req-cfbbc4d9-91c1-4f07-9380-4bd52c1660a9 - - - - -] Service a8c352a6-0386-42c4-a6a4-c4866e91241b was aborted service_manage_cleanup /usr/lib/python3/dist-packages/heat/engine/service.py:2391
2026-04-09 01:35:53.350 61923 DEBUG heat.engine.service [req-68163e23-747a-4dc3-ba22-436f6f642c24 - - - - -] Service a8c352a6-0386-42c4-a6a4-c4866e91241b was aborted service_manage_cleanup /usr/lib/python3/dist-packages/heat/engine/service.py:2391
2026-04-09 01:35:53.351 61925 DEBUG heat.engine.service [req-7bdd4244-df24-4bed-87a2-2d9b7c9024f4 - - - - -] Service a8c352a6-0386-42c4-a6a4-c4866e91241b was aborted service_manage_cleanup /usr/lib/python3/dist-packages/heat/engine/service.py:2391
2026-04-09 01:35:53.352 61922 DEBUG heat.engine.service [req-1d5ca1a4-7402-428e-be1f-6190d1ed9956 - - - - -] Service a8c352a6-0386-42c4-a6a4-c4866e91241b was aborted service_manage_cleanup /usr/lib/python3/dist-packages/heat/engine/service.py:2391
2026-04-09 01:35:53.362 61924 DEBUG heat.engine.service [req-cfbbc4d9-91c1-4f07-9380-4bd52c1660a9 - - - - -] Service bc7ca52d-f648-4e29-9452-508814362124 was aborted service_manage_cleanup /usr/lib/python3/dist-packages/heat/engine/service.py:2391
2026-04-09 01:35:53.362 61923 DEBUG heat.engine.service [req-68163e23-747a-4dc3-ba22-436f6f642c24 - - - - -] Service bc7ca52d-f648-4e29-9452-508814362124 was aborted service_manage_cleanup /usr/lib/python3/dist-packages/heat/engine/service.py:2391
2026-04-09 01:35:53.364 61925 DEBUG heat.engine.service [req-7bdd4244-df24-4bed-87a2-2d9b7c9024f4 - - - - -] Service bc7ca52d-f648-4e29-9452-508814362124 was aborted service_manage_cleanup /usr/lib/python3/dist-packages/heat/engine/service.py:2391
2026-04-09 01:35:53.364 61922 DEBUG heat.engine.service [req-1d5ca1a4-7402-428e-be1f-6190d1ed9956 - - - - -] Service bc7ca52d-f648-4e29-9452-508814362124 was aborted service_manage_cleanup /usr/lib/python3/dist-packages/heat/engine/service.py:2391
2026-04-09 01:35:53.373 61924 DEBUG heat.engine.service [req-cfbbc4d9-91c1-4f07-9380-4bd52c1660a9 - - - - -] Service bcef6bcf-45e4-4f11-accf-7aa83b241ddb was aborted service_manage_cleanup /usr/lib/python3/dist-packages/heat/engine/service.py:2391
2026-04-09 01:35:53.374 61923 DEBUG heat.engine.service [req-68163e23-747a-4dc3-ba22-436f6f642c24 - - - - -] Service bcef6bcf-45e4-4f11-accf-7aa83b241ddb was aborted service_manage_cleanup /usr/lib/python3/dist-packages/heat/engine/service.py:2391
2026-04-09 01:35:53.376 61925 DEBUG heat.engine.service [req-7bdd4244-df24-4bed-87a2-2d9b7c9024f4 - - - - -] Service bcef6bcf-45e4-4f11-accf-7aa83b241ddb was aborted service_manage_cleanup /usr/lib/python3/dist-packages/heat/engine/service.py:2391
2026-04-09 01:35:53.376 61922 DEBUG heat.engine.service [req-1d5ca1a4-7402-428e-be1f-6190d1ed9956 - - - - -] Service bcef6bcf-45e4-4f11-accf-7aa83b241ddb was aborted service_manage_cleanup /usr/lib/python3/dist-packages/heat/engine/service.py:2391
2026-04-09 01:35:53.385 61924 DEBUG heat.engine.service [req-cfbbc4d9-91c1-4f07-9380-4bd52c1660a9 - - - - -] Service f23f8945-f87a-4fb6-b5d5-638b5056f163 was aborted service_manage_cleanup /usr/lib/python3/dist-packages/heat/engine/service.py:2391
2026-04-09 01:35:53.386 61923 DEBUG heat.engine.service [req-68163e23-747a-4dc3-ba22-436f6f642c24 - - - - -] Service f23f8945-f87a-4fb6-b5d5-638b5056f163 was aborted service_manage_cleanup /usr/lib/python3/dist-packages/heat/engine/service.py:2391
2026-04-09 01:35:53.387 61925 DEBUG heat.engine.service [req-7bdd4244-df24-4bed-87a2-2d9b7c9024f4 - - - - -] Service f23f8945-f87a-4fb6-b5d5-638b5056f163 was aborted service_manage_cleanup /usr/lib/python3/dist-packages/heat/engine/service.py:2391
2026-04-09 01:35:53.389 61922 DEBUG heat.engine.service [req-1d5ca1a4-7402-428e-be1f-6190d1ed9956 - - - - -] Service f23f8945-f87a-4fb6-b5d5-638b5056f163 was aborted service_manage_cleanup /usr/lib/python3/dist-packages/heat/engine/service.py:2391
2026-04-09 01:35:53.396 61924 DEBUG heat.engine.service [req-cfbbc4d9-91c1-4f07-9380-4bd52c1660a9 - - - - -] Service f6892b9e-a325-492b-a9f4-ab27ee101483 was aborted service_manage_cleanup /usr/lib/python3/dist-packages/heat/engine/service.py:2391
2026-04-09 01:35:53.397 61925 DEBUG heat.engine.service [req-7bdd4244-df24-4bed-87a2-2d9b7c9024f4 - - - - -] Service f6892b9e-a325-492b-a9f4-ab27ee101483 was aborted service_manage_cleanup /usr/lib/python3/dist-packages/heat/engine/service.py:2391
2026-04-09 01:35:53.397 61923 DEBUG heat.engine.service [req-68163e23-747a-4dc3-ba22-436f6f642c24 - - - - -] Service f6892b9e-a325-492b-a9f4-ab27ee101483 was aborted service_manage_cleanup /usr/lib/python3/dist-packages/heat/engine/service.py:2391
2026-04-09 01:35:53.398 61922 DEBUG heat.engine.service [req-1d5ca1a4-7402-428e-be1f-6190d1ed9956 - - - - -] Service f6892b9e-a325-492b-a9f4-ab27ee101483 was aborted service_manage_cleanup /usr/lib/python3/dist-packages/heat/engine/service.py:2391
2026-04-09 01:35:53.422 61923 DEBUG heat.engine.service [req-1ea72de2-94c0-4cdd-aa22-9f13ee69724b - - - - -] Service ac7dfb59-d752-4bb7-b0bc-eb64c47ec8ef is started service_manage_report /usr/lib/python3/dist-packages/heat/engine/service.py:2363
2026-04-09 01:35:53.433 61924 DEBUG heat.engine.service [req-a59702b5-7119-4b62-b40b-32c61870e220 - - - - -] Service b081d3b7-f697-40b2-9aaa-f49ffc6bc60a is started service_manage_report /usr/lib/python3/dist-packages/heat/engine/service.py:2363
2026-04-09 01:35:53.434 61925 DEBUG heat.engine.service [req-d0b1ac59-a67c-4ca4-afb8-2fa2594a9c6f - - - - -] Service 8c48e48c-daea-4107-8b42-5d3b1585b316 is started service_manage_report /usr/lib/python3/dist-packages/heat/engine/service.py:2363
2026-04-09 01:35:53.436 61922 DEBUG heat.engine.service [req-f8e99c5f-1bc1-40db-adb7-3f166d7d96c7 - - - - -] Service 50b3a3ac-a708-46eb-b520-b997ff3d03fb is started service_manage_report /usr/lib/python3/dist-packages/heat/engine/service.py:2363
2026-04-09 01:35:53.436 61923 DEBUG heat.engine.service [req-1ea72de2-94c0-4cdd-aa22-9f13ee69724b - - - - -] Service ac7dfb59-d752-4bb7-b0bc-eb64c47ec8ef is updated service_manage_report /usr/lib/python3/dist-packages/heat/engine/service.py:2370
2026-04-09 01:35:53.458 61924 DEBUG heat.engine.service [req-a59702b5-7119-4b62-b40b-32c61870e220 - - - - -] Service b081d3b7-f697-40b2-9aaa-f49ffc6bc60a is updated service_manage_report /usr/lib/python3/dist-packages/heat/engine/service.py:2370
2026-04-09 01:35:53.466 61922 DEBUG heat.engine.service [req-f8e99c5f-1bc1-40db-adb7-3f166d7d96c7 - - - - -] Service 50b3a3ac-a708-46eb-b520-b997ff3d03fb is updated service_manage_report /usr/lib/python3/dist-packages/heat/engine/service.py:2370
2026-04-09 01:35:53.466 61925 DEBUG heat.engine.service [req-d0b1ac59-a67c-4ca4-afb8-2fa2594a9c6f - - - - -] Service 8c48e48c-daea-4107-8b42-5d3b1585b316 is updated service_manage_report /usr/lib/python3/dist-packages/heat/engine/service.py:2370
2026-04-09 01:36:53.452 61924 DEBUG heat.engine.service [req-c9e65062-cf56-4d5b-a165-35cb2a52ec34 - - - - -] Service b081d3b7-f697-40b2-9aaa-f49ffc6bc60a is updated service_manage_report /usr/lib/python3/dist-packages/heat/engine/service.py:2370
