2026-04-06 00:38:52.735 143175 DEBUG oslo_service.service [req-178dd742-56ea-485d-a5a7-dcb646fab4a1 - - - - -] compute.cpu_dedicated_set = None log_opt_values /usr/lib/python3/dist-packages/oslo_config/cfg.py:2609
2026-04-06 00:38:52.735 143175 DEBUG oslo_service.service [req-178dd742-56ea-485d-a5a7-dcb646fab4a1 - - - - -] compute.cpu_shared_set = None log_opt_values /usr/lib/python3/dist-packages/oslo_config/cfg.py:2609
2026-04-06 00:38:52.735 143175 DEBUG oslo_service.service [req-178dd742-56ea-485d-a5a7-dcb646fab4a1 - - - - -] compute.image_type_exclude_list = [] log_opt_values /usr/lib/python3/dist-packages/oslo_config/cfg.py:2609
2026-04-06 00:38:52.736 143175 DEBUG oslo_service.service [req-178dd742-56ea-485d-a5a7-dcb646fab4a1 - - - - -] compute.live_migration_wait_for_vif_plug = True log_opt_values /usr/lib/python3/dist-packages/oslo_config/cfg.py:2609
2026-04-06 00:38:52.736 143175 DEBUG oslo_service.service [req-178dd742-56ea-485d-a5a7-dcb646fab4a1 - - - - -] compute.max_concurrent_disk_ops = 0 log_opt_values /usr/lib/python3/dist-packages/oslo_config/cfg.py:2609
2026-04-06 00:38:52.736 143175 DEBUG oslo_service.service [req-178dd742-56ea-485d-a5a7-dcb646fab4a1 - - - - -] compute.max_disk_devices_to_attach = -1 log_opt_values /usr/lib/python3/dist-packages/oslo_config/cfg.py:2609
2026-04-06 00:38:52.736 143175 DEBUG oslo_service.service [req-178dd742-56ea-485d-a5a7-dcb646fab4a1 - - - - -] compute.packing_host_numa_cells_allocation_strategy = True log_opt_values /usr/lib/python3/dist-packages/oslo_config/cfg.py:2609
2026-04-06 00:38:52.736 143175 DEBUG oslo_service.service [req-178dd742-56ea-485d-a5a7-dcb646fab4a1 - - - - -] compute.provider_config_location = /etc/nova/provider_config/ log_opt_values /usr/lib/python3/dist-packages/oslo_config/cfg.py:2609
2026-04-06 00:38:52.737 143175 DEBUG oslo_service.service [req-178dd742-56ea-485d-a5a7-dcb646fab4a1 - - - - -] compute.resource_provider_association_refresh = 300 log_opt_values /usr/lib/python3/dist-packages/oslo_config/cfg.py:2609
2026-04-06 00:38:52.737 143175 DEBUG oslo_service.service [req-178dd742-56ea-485d-a5a7-dcb646fab4a1 - - - - -] compute.shutdown_retry_interval = 10 log_opt_values /usr/lib/python3/dist-packages/oslo_config/cfg.py:2609
2026-04-06 00:38:52.737 143175 DEBUG oslo_service.service [req-178dd742-56ea-485d-a5a7-dcb646fab4a1 - - - - -] compute.vmdk_allowed_types = ['streamOptimized', 'monolithicSparse'] log_opt_values /usr/lib/python3/dist-packages/oslo_config/cfg.py:2609
2026-04-06 00:38:52.737 143175 DEBUG oslo_service.service [req-178dd742-56ea-485d-a5a7-dcb646fab4a1 - - - - -] conductor.workers = 4 log_opt_values /usr/lib/python3/dist-packages/oslo_config/cfg.py:2609
2026-04-06 00:38:52.738 143175 DEBUG oslo_service.service [req-178dd742-56ea-485d-a5a7-dcb646fab4a1 - - - - -] console.allowed_origins = [] log_opt_values /usr/lib/python3/dist-packages/oslo_config/cfg.py:2609
2026-04-06 00:38:52.738 143175 DEBUG oslo_service.service [req-178dd742-56ea-485d-a5a7-dcb646fab4a1 - - - - -] console.ssl_ciphers = None log_opt_values /usr/lib/python3/dist-packages/oslo_config/cfg.py:2609
2026-04-06 00:38:52.738 143175 DEBUG oslo_service.service [req-178dd742-56ea-485d-a5a7-dcb646fab4a1 - - - - -] console.ssl_minimum_version = default log_opt_values /usr/lib/python3/dist-packages/oslo_config/cfg.py:2609
2026-04-06 00:38:52.738 143175 DEBUG oslo_service.service [req-178dd742-56ea-485d-a5a7-dcb646fab4a1 - - - - -] consoleauth.token_ttl = 600 log_opt_values /usr/lib/python3/dist-packages/oslo_config/cfg.py:2609
2026-04-06 00:38:52.739 143175 DEBUG oslo_service.service [req-178dd742-56ea-485d-a5a7-dcb646fab4a1 - - - - -] cyborg.cafile = None log_opt_values /usr/lib/python3/dist-packages/oslo_config/cfg.py:2609
2026-04-06 00:38:52.739 143175 DEBUG oslo_service.service [req-178dd742-56ea-485d-a5a7-dcb646fab4a1 - - - - -] cyborg.certfile = None log_opt_values /usr/lib/python3/dist-packages/oslo_config/cfg.py:2609
2026-04-06 00:38:52.739 143175 DEBUG oslo_service.service [req-178dd742-56ea-485d-a5a7-dcb646fab4a1 - - - - -] cyborg.collect_timing = False log_opt_values /usr/lib/python3/dist-packages/oslo_config/cfg.py:2609
2026-04-06 00:38:52.739 143175 DEBUG oslo_service.service [req-178dd742-56ea-485d-a5a7-dcb646fab4a1 - - - - -] cyborg.connect_retries = None log_opt_values /usr/lib/python3/dist-packages/oslo_config/cfg.py:2609
2026-04-06 00:38:52.740 143175 DEBUG oslo_service.service [req-178dd742-56ea-485d-a5a7-dcb646fab4a1 - - - - -] cyborg.connect_retry_delay = None log_opt_values /usr/lib/python3/dist-packages/oslo_config/cfg.py:2609
2026-04-06 00:38:52.740 143175 DEBUG oslo_service.service [req-178dd742-56ea-485d-a5a7-dcb646fab4a1 - - - - -] cyborg.endpoint_override = None log_opt_values /usr/lib/python3/dist-packages/oslo_config/cfg.py:2609
2026-04-06 00:38:52.740 143175 DEBUG oslo_service.service [req-178dd742-56ea-485d-a5a7-dcb646fab4a1 - - - - -] cyborg.insecure = False log_opt_values /usr/lib/python3/dist-packages/oslo_config/cfg.py:2609
2026-04-06 00:38:52.740 143175 DEBUG oslo_service.service [req-178dd742-56ea-485d-a5a7-dcb646fab4a1 - - - - -] cyborg.keyfile = None log_opt_values /usr/lib/python3/dist-packages/oslo_config/cfg.py:2609
2026-04-06 00:38:52.741 143175 DEBUG oslo_service.service [req-178dd742-56ea-485d-a5a7-dcb646fab4a1 - - - - -] cyborg.max_version = None log_opt_values /usr/lib/python3/dist-packages/oslo_config/cfg.py:2609
2026-04-06 00:38:52.741 143175 DEBUG oslo_service.service [req-178dd742-56ea-485d-a5a7-dcb646fab4a1 - - - - -] cyborg.min_version = None log_opt_values /usr/lib/python3/dist-packages/oslo_config/cfg.py:2609
2026-04-06 00:38:52.741 143175 DEBUG oslo_service.service [req-178dd742-56ea-485d-a5a7-dcb646fab4a1 - - - - -] cyborg.region_name = None log_opt_values /usr/lib/python3/dist-packages/oslo_config/cfg.py:2609
2026-04-06 00:38:52.741 143175 DEBUG oslo_service.service [req-178dd742-56ea-485d-a5a7-dcb646fab4a1 - - - - -] cyborg.service_name = None log_opt_values /usr/lib/python3/dist-packages/oslo_config/cfg.py:2609
2026-04-06 00:38:52.742 143175 DEBUG oslo_service.service [req-178dd742-56ea-485d-a5a7-dcb646fab4a1 - - - - -] cyborg.service_type = accelerator log_opt_values /usr/lib/python3/dist-packages/oslo_config/cfg.py:2609
2026-04-06 00:38:52.742 143175 DEBUG oslo_service.service [req-178dd742-56ea-485d-a5a7-dcb646fab4a1 - - - - -] cyborg.split_loggers = False log_opt_values /usr/lib/python3/dist-packages/oslo_config/cfg.py:2609
2026-04-06 00:38:52.742 143175 DEBUG oslo_service.service [req-178dd742-56ea-485d-a5a7-dcb646fab4a1 - - - - -] cyborg.status_code_retries = None log_opt_values /usr/lib/python3/dist-packages/oslo_config/cfg.py:2609
2026-04-06 00:38:52.742 143175 DEBUG oslo_service.service [req-178dd742-56ea-485d-a5a7-dcb646fab4a1 - - - - -] cyborg.status_code_retry_delay = None log_opt_values /usr/lib/python3/dist-packages/oslo_config/cfg.py:2609
2026-04-06 00:38:52.742 143175 DEBUG oslo_service.service [req-178dd742-56ea-485d-a5a7-dcb646fab4a1 - - - - -] cyborg.timeout = None log_opt_values /usr/lib/python3/dist-packages/oslo_config/cfg.py:2609
2026-04-06 00:38:52.742 143490 DEBUG oslo_messaging._drivers.amqpdriver [-] Listener is running poll /usr/lib/python3/dist-packages/oslo_messaging/_drivers/amqpdriver.py:343
2026-04-06 00:38:52.743 143490 DEBUG oslo_messaging._drivers.amqpdriver [-] AMQPListener connection consume poll /usr/lib/python3/dist-packages/oslo_messaging/_drivers/amqpdriver.py:357
2026-04-06 00:38:52.743 143175 DEBUG oslo_service.service [req-178dd742-56ea-485d-a5a7-dcb646fab4a1 - - - - -] cyborg.valid_interfaces = ['internal', 'public'] log_opt_values /usr/lib/python3/dist-packages/oslo_config/cfg.py:2609
2026-04-06 00:38:52.743 143175 DEBUG oslo_service.service [req-178dd742-56ea-485d-a5a7-dcb646fab4a1 - - - - -] cyborg.version = None log_opt_values /usr/lib/python3/dist-packages/oslo_config/cfg.py:2609
2026-04-06 00:38:52.743 143175 DEBUG oslo_service.service [req-178dd742-56ea-485d-a5a7-dcb646fab4a1 - - - - -] database.backend = sqlalchemy log_opt_values /usr/lib/python3/dist-packages/oslo_config/cfg.py:2609
2026-04-06 00:38:52.743 143490 DEBUG nova.service [req-38c51052-699c-4e7c-bf9d-59cf5f7b7b23 - - - - -] Join ServiceGroup membership for this service scheduler start /usr/lib/python3/dist-packages/nova/service.py:199
2026-04-06 00:38:52.744 143175 DEBUG oslo_service.service [req-178dd742-56ea-485d-a5a7-dcb646fab4a1 - - - - -] database.connection = **** log_opt_values /usr/lib/python3/dist-packages/oslo_config/cfg.py:2609
2026-04-06 00:38:52.744 143490 DEBUG nova.servicegroup.drivers.db [req-38c51052-699c-4e7c-bf9d-59cf5f7b7b23 - - - - -] DB_Driver: join new ServiceGroup member juju-f042a9-0-lxd-7 to the scheduler group, service = join /usr/lib/python3/dist-packages/nova/servicegroup/drivers/db.py:44
2026-04-06 00:38:52.744 143175 DEBUG oslo_service.service [req-178dd742-56ea-485d-a5a7-dcb646fab4a1 - - - - -] database.connection_debug = 0 log_opt_values /usr/lib/python3/dist-packages/oslo_config/cfg.py:2609
2026-04-06 00:38:52.745 143175 DEBUG oslo_service.service [req-178dd742-56ea-485d-a5a7-dcb646fab4a1 - - - - -] database.connection_parameters = log_opt_values /usr/lib/python3/dist-packages/oslo_config/cfg.py:2609
2026-04-06 00:38:52.745 143175 DEBUG oslo_service.service [req-178dd742-56ea-485d-a5a7-dcb646fab4a1 - - - - -] database.connection_recycle_time = 3600 log_opt_values /usr/lib/python3/dist-packages/oslo_config/cfg.py:2609
2026-04-06 00:38:52.745 143175 DEBUG oslo_service.service [req-178dd742-56ea-485d-a5a7-dcb646fab4a1 - - - - -] database.connection_trace = False log_opt_values /usr/lib/python3/dist-packages/oslo_config/cfg.py:2609
2026-04-06 00:38:52.746 143175 DEBUG oslo_service.service [req-178dd742-56ea-485d-a5a7-dcb646fab4a1 - - - - -] database.db_inc_retry_interval = True log_opt_values /usr/lib/python3/dist-packages/oslo_config/cfg.py:2609
2026-04-06 00:38:52.746 143175 DEBUG oslo_service.service [req-178dd742-56ea-485d-a5a7-dcb646fab4a1 - - - - -] database.db_max_retries = 20 log_opt_values /usr/lib/python3/dist-packages/oslo_config/cfg.py:2609
2026-04-06 00:38:52.746 143175 DEBUG oslo_service.service [req-178dd742-56ea-485d-a5a7-dcb646fab4a1 - - - - -] database.db_max_retry_interval = 10 log_opt_values /usr/lib/python3/dist-packages/oslo_config/cfg.py:2609
2026-04-06 00:38:52.746 143490 DEBUG oslo_messaging._drivers.amqpdriver [-] AMQPListener connection timeout poll /usr/lib/python3/dist-packages/oslo_messaging/_drivers/amqpdriver.py:360
2026-04-06 00:38:52.746 143175 DEBUG oslo_service.service [req-178dd742-56ea-485d-a5a7-dcb646fab4a1 - - - - -] database.db_retry_interval = 1 log_opt_values /usr/lib/python3/dist-packages/oslo_config/cfg.py:2609
2026-04-06 00:38:52.746 143490 DEBUG oslo_messaging._drivers.amqpdriver [-] Listener is running poll /usr/lib/python3/dist-packages/oslo_messaging/_drivers/amqpdriver.py:343
2026-04-06 00:38:52.746 143490 DEBUG oslo_messaging._drivers.amqpdriver [-] AMQPListener connection consume poll /usr/lib/python3/dist-packages/oslo_messaging/_drivers/amqpdriver.py:357
2026-04-06 00:38:52.746 143175 DEBUG oslo_service.service [req-178dd742-56ea-485d-a5a7-dcb646fab4a1 - - - - -] database.max_overflow = 50 log_opt_values /usr/lib/python3/dist-packages/oslo_config/cfg.py:2609
2026-04-06 00:38:52.747 143175 DEBUG oslo_service.service [req-178dd742-56ea-485d-a5a7-dcb646fab4a1 - - - - -] database.max_pool_size = 4 log_opt_values /usr/lib/python3/dist-packages/oslo_config/cfg.py:2609
2026-04-06 00:38:52.747 143175 DEBUG oslo_service.service [req-178dd742-56ea-485d-a5a7-dcb646fab4a1 - - - - -] database.max_retries = 10 log_opt_values /usr/lib/python3/dist-packages/oslo_config/cfg.py:2609
2026-04-06 00:38:52.747 143175 DEBUG oslo_service.service [req-178dd742-56ea-485d-a5a7-dcb646fab4a1 - - - - -] database.mysql_enable_ndb = False log_opt_values /usr/lib/python3/dist-packages/oslo_config/cfg.py:2609
2026-04-06 00:38:52.748 143175 DEBUG oslo_service.service [req-178dd742-56ea-485d-a5a7-dcb646fab4a1 - - - - -] database.mysql_sql_mode = TRADITIONAL log_opt_values /usr/lib/python3/dist-packages/oslo_config/cfg.py:2609
2026-04-06 00:38:52.748 143175 DEBUG oslo_service.service [req-178dd742-56ea-485d-a5a7-dcb646fab4a1 - - - - -] database.pool_timeout = None log_opt_values /usr/lib/python3/dist-packages/oslo_config/cfg.py:2609
2026-04-06 00:38:52.748 143175 DEBUG oslo_service.service [req-178dd742-56ea-485d-a5a7-dcb646fab4a1 - - - - -] database.retry_interval = 10 log_opt_values /usr/lib/python3/dist-packages/oslo_config/cfg.py:2609
2026-04-06 00:38:52.749 143175 DEBUG oslo_service.service [req-178dd742-56ea-485d-a5a7-dcb646fab4a1 - - - - -] database.slave_connection = **** log_opt_values /usr/lib/python3/dist-packages/oslo_config/cfg.py:2609
2026-04-06 00:38:52.749 143175 DEBUG oslo_service.service [req-178dd742-56ea-485d-a5a7-dcb646fab4a1 - - - - -] database.sqlite_synchronous = True log_opt_values /usr/lib/python3/dist-packages/oslo_config/cfg.py:2609
2026-04-06 00:38:52.749 143175 DEBUG oslo_service.service [req-178dd742-56ea-485d-a5a7-dcb646fab4a1 - - - - -] database.use_db_reconnect = False log_opt_values /usr/lib/python3/dist-packages/oslo_config/cfg.py:2609
2026-04-06 00:38:52.750 143175 DEBUG oslo_service.service [req-178dd742-56ea-485d-a5a7-dcb646fab4a1 - - - - -] api_database.backend = sqlalchemy log_opt_values /usr/lib/python3/dist-packages/oslo_config/cfg.py:2609
2026-04-06 00:38:52.750 143175 DEBUG oslo_service.service [req-178dd742-56ea-485d-a5a7-dcb646fab4a1 - - - - -] api_database.connection = **** log_opt_values /usr/lib/python3/dist-packages/oslo_config/cfg.py:2609
2026-04-06 00:38:52.750 143175 DEBUG oslo_service.service [req-178dd742-56ea-485d-a5a7-dcb646fab4a1 - - - - -] api_database.connection_debug = 0 log_opt_values /usr/lib/python3/dist-packages/oslo_config/cfg.py:2609
2026-04-06 00:38:52.750 143175 DEBUG oslo_service.service [req-178dd742-56ea-485d-a5a7-dcb646fab4a1 - - - - -] api_database.connection_parameters = log_opt_values /usr/lib/python3/dist-packages/oslo_config/cfg.py:2609
2026-04-06 00:38:52.750 143175 DEBUG oslo_service.service [req-178dd742-56ea-485d-a5a7-dcb646fab4a1 - - - - -] api_database.connection_recycle_time = 3600 log_opt_values /usr/lib/python3/dist-packages/oslo_config/cfg.py:2609
2026-04-06 00:38:52.751 143175 DEBUG oslo_service.service [req-178dd742-56ea-485d-a5a7-dcb646fab4a1 - - - - -] api_database.connection_trace = False log_opt_values /usr/lib/python3/dist-packages/oslo_config/cfg.py:2609
2026-04-06 00:38:52.751 143175 DEBUG oslo_service.service [req-178dd742-56ea-485d-a5a7-dcb646fab4a1 - - - - -] api_database.db_inc_retry_interval = True log_opt_values /usr/lib/python3/dist-packages/oslo_config/cfg.py:2609
2026-04-06 00:38:52.751 143175 DEBUG oslo_service.service [req-178dd742-56ea-485d-a5a7-dcb646fab4a1 - - - - -] api_database.db_max_retries = 20 log_opt_values /usr/lib/python3/dist-packages/oslo_config/cfg.py:2609
2026-04-06 00:38:52.751 143175 DEBUG oslo_service.service [req-178dd742-56ea-485d-a5a7-dcb646fab4a1 - - - - -] api_database.db_max_retry_interval = 10 log_opt_values /usr/lib/python3/dist-packages/oslo_config/cfg.py:2609
2026-04-06 00:38:52.751 143175 DEBUG oslo_service.service [req-178dd742-56ea-485d-a5a7-dcb646fab4a1 - - - - -] api_database.db_retry_interval = 1 log_opt_values /usr/lib/python3/dist-packages/oslo_config/cfg.py:2609
2026-04-06 00:38:52.752 143175 DEBUG oslo_service.service [req-178dd742-56ea-485d-a5a7-dcb646fab4a1 - - - - -] api_database.max_overflow = 50 log_opt_values /usr/lib/python3/dist-packages/oslo_config/cfg.py:2609
2026-04-06 00:38:52.752 143175 DEBUG oslo_service.service [req-178dd742-56ea-485d-a5a7-dcb646fab4a1 - - - - -] api_database.max_pool_size = 4 log_opt_values /usr/lib/python3/dist-packages/oslo_config/cfg.py:2609
2026-04-06 00:38:52.752 143175 DEBUG oslo_service.service [req-178dd742-56ea-485d-a5a7-dcb646fab4a1 - - - - -] api_database.max_retries = 10 log_opt_values /usr/lib/python3/dist-packages/oslo_config/cfg.py:2609
2026-04-06 00:38:52.752 143175 DEBUG oslo_service.service [req-178dd742-56ea-485d-a5a7-dcb646fab4a1 - - - - -] api_database.mysql_enable_ndb = False log_opt_values /usr/lib/python3/dist-packages/oslo_config/cfg.py:2609
2026-04-06 00:38:52.753 143175 DEBUG oslo_service.service [req-178dd742-56ea-485d-a5a7-dcb646fab4a1 - - - - -] api_database.mysql_sql_mode = TRADITIONAL log_opt_values /usr/lib/python3/dist-packages/oslo_config/cfg.py:2609
2026-04-06 00:38:52.753 143175 DEBUG oslo_service.service [req-178dd742-56ea-485d-a5a7-dcb646fab4a1 - - - - -] api_database.pool_timeout = None log_opt_values /usr/lib/python3/dist-packages/oslo_config/cfg.py:2609
2026-04-06 00:38:52.753 143175 DEBUG oslo_service.service [req-178dd742-56ea-485d-a5a7-dcb646fab4a1 - - - - -] api_database.retry_interval = 10 log_opt_values /usr/lib/python3/dist-packages/oslo_config/cfg.py:2609
2026-04-06 00:38:52.753 143175 DEBUG oslo_service.service [req-178dd742-56ea-485d-a5a7-dcb646fab4a1 - - - - -] api_database.slave_connection = **** log_opt_values /usr/lib/python3/dist-packages/oslo_config/cfg.py:2609
2026-04-06 00:38:52.754 143175 DEBUG oslo_service.service [req-178dd742-56ea-485d-a5a7-dcb646fab4a1 - - - - -] api_database.sqlite_synchronous = True log_opt_values /usr/lib/python3/dist-packages/oslo_config/cfg.py:2609
2026-04-06 00:38:52.754 143489 DEBUG nova.service [req-f0cc822c-b5bc-41b5-9d6c-6a5663227835 - - - - -] Creating RPC server for service scheduler start /usr/lib/python3/dist-packages/nova/service.py:182
2026-04-06 00:38:52.754 143175 DEBUG oslo_service.service [req-178dd742-56ea-485d-a5a7-dcb646fab4a1 - - - - -] devices.enabled_mdev_types = [] log_opt_values /usr/lib/python3/dist-packages/oslo_config/cfg.py:2609
2026-04-06 00:38:52.754 143175 DEBUG oslo_service.service [req-178dd742-56ea-485d-a5a7-dcb646fab4a1 - - - - -] ephemeral_storage_encryption.cipher = aes-xts-plain64 log_opt_values /usr/lib/python3/dist-packages/oslo_config/cfg.py:2609
2026-04-06 00:38:52.754 143175 DEBUG oslo_service.service [req-178dd742-56ea-485d-a5a7-dcb646fab4a1 - - - - -] ephemeral_storage_encryption.enabled = False log_opt_values /usr/lib/python3/dist-packages/oslo_config/cfg.py:2609
2026-04-06 00:38:52.755 143175 DEBUG oslo_service.service [req-178dd742-56ea-485d-a5a7-dcb646fab4a1 - - - - -] ephemeral_storage_encryption.key_size = 512 log_opt_values /usr/lib/python3/dist-packages/oslo_config/cfg.py:2609
2026-04-06 00:38:52.755 143175 WARNING oslo_config.cfg [req-178dd742-56ea-485d-a5a7-dcb646fab4a1 - - - - -] Deprecated: Option "api_servers" from group "glance" is deprecated for removal ( Support for image service configuration via standard keystoneauth1 Adapter options was added in the 17.0.0 Queens release. The api_servers option was retained temporarily to allow consumers time to cut over to a real load balancing solution. ). Its value may be silently ignored in the future.
2026-04-06 00:38:52.755 143175 DEBUG oslo_service.service [req-178dd742-56ea-485d-a5a7-dcb646fab4a1 - - - - -] glance.api_servers = ['http://252.129.207.27:9292'] log_opt_values /usr/lib/python3/dist-packages/oslo_config/cfg.py:2609
2026-04-06 00:38:52.755 143175 DEBUG oslo_service.service [req-178dd742-56ea-485d-a5a7-dcb646fab4a1 - - - - -] glance.cafile = None log_opt_values /usr/lib/python3/dist-packages/oslo_config/cfg.py:2609
2026-04-06 00:38:52.755 143488 DEBUG oslo_messaging._drivers.amqpdriver [-] Listener is running poll /usr/lib/python3/dist-packages/oslo_messaging/_drivers/amqpdriver.py:343
2026-04-06 00:38:52.756 143488 DEBUG oslo_messaging._drivers.amqpdriver [-] AMQPListener connection consume poll /usr/lib/python3/dist-packages/oslo_messaging/_drivers/amqpdriver.py:357
2026-04-06 00:38:52.756 143175 DEBUG oslo_service.service [req-178dd742-56ea-485d-a5a7-dcb646fab4a1 - - - - -] glance.certfile = None log_opt_values /usr/lib/python3/dist-packages/oslo_config/cfg.py:2609
2026-04-06 00:38:52.756 143175 DEBUG oslo_service.service [req-178dd742-56ea-485d-a5a7-dcb646fab4a1 - - - - -] glance.collect_timing = False log_opt_values /usr/lib/python3/dist-packages/oslo_config/cfg.py:2609
2026-04-06 00:38:52.756 143175 DEBUG oslo_service.service [req-178dd742-56ea-485d-a5a7-dcb646fab4a1 - - - - -] glance.connect_retries = None log_opt_values /usr/lib/python3/dist-packages/oslo_config/cfg.py:2609
2026-04-06 00:38:52.756 143175 DEBUG oslo_service.service [req-178dd742-56ea-485d-a5a7-dcb646fab4a1 - - - - -] glance.connect_retry_delay = None log_opt_values /usr/lib/python3/dist-packages/oslo_config/cfg.py:2609
2026-04-06 00:38:52.756 143488 DEBUG nova.service [req-94e9b2c3-be4d-4ab8-b0fb-09c5ae71a32b - - - - -] Join ServiceGroup membership for this service scheduler start /usr/lib/python3/dist-packages/nova/service.py:199
2026-04-06 00:38:52.756 143175 DEBUG oslo_service.service [req-178dd742-56ea-485d-a5a7-dcb646fab4a1 - - - - -] glance.debug = False log_opt_values /usr/lib/python3/dist-packages/oslo_config/cfg.py:2609
2026-04-06 00:38:52.757 143488 DEBUG nova.servicegroup.drivers.db [req-94e9b2c3-be4d-4ab8-b0fb-09c5ae71a32b - - - - -] DB_Driver: join new ServiceGroup member juju-f042a9-0-lxd-7 to the scheduler group, service = join /usr/lib/python3/dist-packages/nova/servicegroup/drivers/db.py:44
2026-04-06 00:38:52.757 143175 DEBUG oslo_service.service [req-178dd742-56ea-485d-a5a7-dcb646fab4a1 - - - - -] glance.default_trusted_certificate_ids = [] log_opt_values /usr/lib/python3/dist-packages/oslo_config/cfg.py:2609
2026-04-06 00:38:52.757 143175 DEBUG oslo_service.service [req-178dd742-56ea-485d-a5a7-dcb646fab4a1 - - - - -] glance.enable_certificate_validation = False log_opt_values /usr/lib/python3/dist-packages/oslo_config/cfg.py:2609
2026-04-06 00:38:52.757 143175 DEBUG oslo_service.service [req-178dd742-56ea-485d-a5a7-dcb646fab4a1 - - - - -] glance.enable_rbd_download = False log_opt_values /usr/lib/python3/dist-packages/oslo_config/cfg.py:2609
2026-04-06 00:38:52.757 143175 DEBUG oslo_service.service [req-178dd742-56ea-485d-a5a7-dcb646fab4a1 - - - - -] glance.endpoint_override = None log_opt_values /usr/lib/python3/dist-packages/oslo_config/cfg.py:2609
2026-04-06 00:38:52.757 143491 DEBUG oslo_messaging._drivers.amqpdriver [-] Listener is running poll /usr/lib/python3/dist-packages/oslo_messaging/_drivers/amqpdriver.py:343
2026-04-06 00:38:52.758 143175 DEBUG oslo_service.service [req-178dd742-56ea-485d-a5a7-dcb646fab4a1 - - - - -] glance.insecure = False log_opt_values /usr/lib/python3/dist-packages/oslo_config/cfg.py:2609
2026-04-06 00:38:52.758 143491 DEBUG oslo_messaging._drivers.amqpdriver [-] AMQPListener connection consume poll /usr/lib/python3/dist-packages/oslo_messaging/_drivers/amqpdriver.py:357
2026-04-06 00:38:52.758 143175 DEBUG oslo_service.service [req-178dd742-56ea-485d-a5a7-dcb646fab4a1 - - - - -] glance.keyfile = None log_opt_values /usr/lib/python3/dist-packages/oslo_config/cfg.py:2609
2026-04-06 00:38:52.758 143175 DEBUG oslo_service.service [req-178dd742-56ea-485d-a5a7-dcb646fab4a1 - - - - -] glance.max_version = None log_opt_values /usr/lib/python3/dist-packages/oslo_config/cfg.py:2609
2026-04-06 00:38:52.758 143175 DEBUG oslo_service.service [req-178dd742-56ea-485d-a5a7-dcb646fab4a1 - - - - -] glance.min_version = None log_opt_values /usr/lib/python3/dist-packages/oslo_config/cfg.py:2609
2026-04-06 00:38:52.758 143491 DEBUG nova.service [req-050c4a27-9100-45ff-bb39-b613c1b31c43 - - - - -] Join ServiceGroup membership for this service scheduler start /usr/lib/python3/dist-packages/nova/service.py:199
2026-04-06 00:38:52.758 143491 DEBUG nova.servicegroup.drivers.db [req-050c4a27-9100-45ff-bb39-b613c1b31c43 - - - - -] DB_Driver: join new ServiceGroup member juju-f042a9-0-lxd-7 to the scheduler group, service = join /usr/lib/python3/dist-packages/nova/servicegroup/drivers/db.py:44
2026-04-06 00:38:52.758 143175 DEBUG oslo_service.service [req-178dd742-56ea-485d-a5a7-dcb646fab4a1 - - - - -] glance.num_retries = 3 log_opt_values /usr/lib/python3/dist-packages/oslo_config/cfg.py:2609
2026-04-06 00:38:52.759 143175 DEBUG oslo_service.service [req-178dd742-56ea-485d-a5a7-dcb646fab4a1 - - - - -] glance.rbd_ceph_conf = log_opt_values /usr/lib/python3/dist-packages/oslo_config/cfg.py:2609
2026-04-06 00:38:52.759 143175 DEBUG oslo_service.service [req-178dd742-56ea-485d-a5a7-dcb646fab4a1 - - - - -] glance.rbd_connect_timeout = 5 log_opt_values /usr/lib/python3/dist-packages/oslo_config/cfg.py:2609
2026-04-06 00:38:52.759 143175 DEBUG oslo_service.service [req-178dd742-56ea-485d-a5a7-dcb646fab4a1 - - - - -] glance.rbd_pool = log_opt_values /usr/lib/python3/dist-packages/oslo_config/cfg.py:2609
2026-04-06 00:38:52.759 143488 DEBUG oslo_messaging._drivers.amqpdriver [-] AMQPListener connection timeout poll /usr/lib/python3/dist-packages/oslo_messaging/_drivers/amqpdriver.py:360
2026-04-06 00:38:52.759 143488 DEBUG oslo_messaging._drivers.amqpdriver [-] Listener is running poll /usr/lib/python3/dist-packages/oslo_messaging/_drivers/amqpdriver.py:343
2026-04-06 00:38:52.759 143175 DEBUG oslo_service.service [req-178dd742-56ea-485d-a5a7-dcb646fab4a1 - - - - -] glance.rbd_user = log_opt_values /usr/lib/python3/dist-packages/oslo_config/cfg.py:2609
2026-04-06 00:38:52.760 143488 DEBUG oslo_messaging._drivers.amqpdriver [-] AMQPListener connection consume poll /usr/lib/python3/dist-packages/oslo_messaging/_drivers/amqpdriver.py:357
2026-04-06 00:38:52.760 143175 DEBUG oslo_service.service [req-178dd742-56ea-485d-a5a7-dcb646fab4a1 - - - - -] glance.region_name = None log_opt_values /usr/lib/python3/dist-packages/oslo_config/cfg.py:2609
2026-04-06 00:38:52.760 143175 DEBUG oslo_service.service [req-178dd742-56ea-485d-a5a7-dcb646fab4a1 - - - - -] glance.service_name = None log_opt_values /usr/lib/python3/dist-packages/oslo_config/cfg.py:2609
2026-04-06 00:38:52.760 143175 DEBUG oslo_service.service [req-178dd742-56ea-485d-a5a7-dcb646fab4a1 - - - - -] glance.service_type = image log_opt_values /usr/lib/python3/dist-packages/oslo_config/cfg.py:2609
2026-04-06 00:38:52.760 143175 DEBUG oslo_service.service [req-178dd742-56ea-485d-a5a7-dcb646fab4a1 - - - - -] glance.split_loggers = False log_opt_values /usr/lib/python3/dist-packages/oslo_config/cfg.py:2609
2026-04-06 00:38:52.760 143175 DEBUG oslo_service.service [req-178dd742-56ea-485d-a5a7-dcb646fab4a1 - - - - -] glance.status_code_retries = None log_opt_values /usr/lib/python3/dist-packages/oslo_config/cfg.py:2609
2026-04-06 00:38:52.761 143175 DEBUG oslo_service.service [req-178dd742-56ea-485d-a5a7-dcb646fab4a1 - - - - -] glance.status_code_retry_delay = None log_opt_values /usr/lib/python3/dist-packages/oslo_config/cfg.py:2609
2026-04-06 00:38:52.761 143175 DEBUG oslo_service.service [req-178dd742-56ea-485d-a5a7-dcb646fab4a1 - - - - -] glance.timeout = None log_opt_values /usr/lib/python3/dist-packages/oslo_config/cfg.py:2609
2026-04-06 00:38:52.761 143175 DEBUG oslo_service.service [req-178dd742-56ea-485d-a5a7-dcb646fab4a1 - - - - -] glance.valid_interfaces = ['internal', 'public'] log_opt_values /usr/lib/python3/dist-packages/oslo_config/cfg.py:2609
2026-04-06 00:38:52.761 143175 DEBUG oslo_service.service [req-178dd742-56ea-485d-a5a7-dcb646fab4a1 - - - - -] glance.verify_glance_signatures = False log_opt_values /usr/lib/python3/dist-packages/oslo_config/cfg.py:2609
2026-04-06 00:38:52.761 143491 DEBUG oslo_messaging._drivers.amqpdriver [-] AMQPListener connection timeout poll /usr/lib/python3/dist-packages/oslo_messaging/_drivers/amqpdriver.py:360
2026-04-06 00:38:52.762 143491 DEBUG oslo_messaging._drivers.amqpdriver [-] Listener is running poll /usr/lib/python3/dist-packages/oslo_messaging/_drivers/amqpdriver.py:343
2026-04-06 00:38:52.762 143175 DEBUG oslo_service.service [req-178dd742-56ea-485d-a5a7-dcb646fab4a1 - - - - -] glance.version = None log_opt_values /usr/lib/python3/dist-packages/oslo_config/cfg.py:2609
2026-04-06 00:38:52.762 143491 DEBUG oslo_messaging._drivers.amqpdriver [-] AMQPListener connection consume poll /usr/lib/python3/dist-packages/oslo_messaging/_drivers/amqpdriver.py:357
2026-04-06 00:38:52.762 143175 DEBUG oslo_service.service [req-178dd742-56ea-485d-a5a7-dcb646fab4a1 - - - - -] guestfs.debug = False log_opt_values /usr/lib/python3/dist-packages/oslo_config/cfg.py:2609
2026-04-06 00:38:52.762 143175 DEBUG oslo_service.service [req-178dd742-56ea-485d-a5a7-dcb646fab4a1 - - - - -] hyperv.config_drive_cdrom = False log_opt_values /usr/lib/python3/dist-packages/oslo_config/cfg.py:2609
2026-04-06 00:38:52.762 143175 DEBUG oslo_service.service [req-178dd742-56ea-485d-a5a7-dcb646fab4a1 - - - - -] hyperv.config_drive_inject_password = False log_opt_values /usr/lib/python3/dist-packages/oslo_config/cfg.py:2609
2026-04-06 00:38:52.763 143175 DEBUG oslo_service.service [req-178dd742-56ea-485d-a5a7-dcb646fab4a1 - - - - -] hyperv.dynamic_memory_ratio = 1.0 log_opt_values /usr/lib/python3/dist-packages/oslo_config/cfg.py:2609
2026-04-06 00:38:52.763 143175 DEBUG oslo_service.service [req-178dd742-56ea-485d-a5a7-dcb646fab4a1 - - - - -] hyperv.enable_instance_metrics_collection = False log_opt_values /usr/lib/python3/dist-packages/oslo_config/cfg.py:2609
2026-04-06 00:38:52.763 143175 DEBUG oslo_service.service [req-178dd742-56ea-485d-a5a7-dcb646fab4a1 - - - - -] hyperv.enable_remotefx = False log_opt_values /usr/lib/python3/dist-packages/oslo_config/cfg.py:2609
2026-04-06 00:38:52.763 143175 DEBUG oslo_service.service [req-178dd742-56ea-485d-a5a7-dcb646fab4a1 - - - - -] hyperv.instances_path_share = log_opt_values /usr/lib/python3/dist-packages/oslo_config/cfg.py:2609
2026-04-06 00:38:52.763 143175 DEBUG oslo_service.service [req-178dd742-56ea-485d-a5a7-dcb646fab4a1 - - - - -] hyperv.iscsi_initiator_list = [] log_opt_values /usr/lib/python3/dist-packages/oslo_config/cfg.py:2609
2026-04-06 00:38:52.764 143175 DEBUG oslo_service.service [req-178dd742-56ea-485d-a5a7-dcb646fab4a1 - - - - -] hyperv.limit_cpu_features = False log_opt_values /usr/lib/python3/dist-packages/oslo_config/cfg.py:2609
2026-04-06 00:38:52.764 143175 DEBUG oslo_service.service [req-178dd742-56ea-485d-a5a7-dcb646fab4a1 - - - - -] hyperv.mounted_disk_query_retry_count = 10 log_opt_values /usr/lib/python3/dist-packages/oslo_config/cfg.py:2609
2026-04-06 00:38:52.764 143175 DEBUG oslo_service.service [req-178dd742-56ea-485d-a5a7-dcb646fab4a1 - - - - -] hyperv.mounted_disk_query_retry_interval = 5 log_opt_values /usr/lib/python3/dist-packages/oslo_config/cfg.py:2609
2026-04-06 00:38:52.764 143175 DEBUG oslo_service.service [req-178dd742-56ea-485d-a5a7-dcb646fab4a1 - - - - -] hyperv.power_state_check_timeframe = 60 log_opt_values /usr/lib/python3/dist-packages/oslo_config/cfg.py:2609
2026-04-06 00:38:52.764 143175 DEBUG oslo_service.service [req-178dd742-56ea-485d-a5a7-dcb646fab4a1 - - - - -] hyperv.power_state_event_polling_interval = 2 log_opt_values /usr/lib/python3/dist-packages/oslo_config/cfg.py:2609
2026-04-06 00:38:52.765 143175 DEBUG oslo_service.service [req-178dd742-56ea-485d-a5a7-dcb646fab4a1 - - - - -] hyperv.qemu_img_cmd = qemu-img.exe log_opt_values /usr/lib/python3/dist-packages/oslo_config/cfg.py:2609
2026-04-06 00:38:52.765 143175 DEBUG oslo_service.service [req-178dd742-56ea-485d-a5a7-dcb646fab4a1 - - - - -] hyperv.use_multipath_io = False log_opt_values /usr/lib/python3/dist-packages/oslo_config/cfg.py:2609
2026-04-06 00:38:52.765 143175 DEBUG oslo_service.service [req-178dd742-56ea-485d-a5a7-dcb646fab4a1 - - - - -] hyperv.volume_attach_retry_count = 10 log_opt_values /usr/lib/python3/dist-packages/oslo_config/cfg.py:2609
2026-04-06 00:38:52.766 143175 DEBUG oslo_service.service [req-178dd742-56ea-485d-a5a7-dcb646fab4a1 - - - - -] hyperv.volume_attach_retry_interval = 5 log_opt_values /usr/lib/python3/dist-packages/oslo_config/cfg.py:2609
2026-04-06 00:38:52.766 143175 DEBUG oslo_service.service [req-178dd742-56ea-485d-a5a7-dcb646fab4a1 - - - - -] hyperv.vswitch_name = None log_opt_values /usr/lib/python3/dist-packages/oslo_config/cfg.py:2609
2026-04-06 00:38:52.766 143175 DEBUG oslo_service.service [req-178dd742-56ea-485d-a5a7-dcb646fab4a1 - - - - -] hyperv.wait_soft_reboot_seconds = 60 log_opt_values /usr/lib/python3/dist-packages/oslo_config/cfg.py:2609
2026-04-06 00:38:52.766 143175 DEBUG oslo_service.service [req-178dd742-56ea-485d-a5a7-dcb646fab4a1 - - - - -] mks.enabled = False log_opt_values /usr/lib/python3/dist-packages/oslo_config/cfg.py:2609
2026-04-06 00:38:52.767 143175 DEBUG oslo_service.service [req-178dd742-56ea-485d-a5a7-dcb646fab4a1 - - - - -] mks.mksproxy_base_url = http://127.0.0.1:6090/ log_opt_values /usr/lib/python3/dist-packages/oslo_config/cfg.py:2609
2026-04-06 00:38:52.767 143175 DEBUG oslo_service.service [req-178dd742-56ea-485d-a5a7-dcb646fab4a1 - - - - -] image_cache.manager_interval = 2400 log_opt_values /usr/lib/python3/dist-packages/oslo_config/cfg.py:2609
2026-04-06 00:38:52.767 143175 DEBUG oslo_service.service [req-178dd742-56ea-485d-a5a7-dcb646fab4a1 - - - - -] image_cache.precache_concurrency = 1 log_opt_values /usr/lib/python3/dist-packages/oslo_config/cfg.py:2609
2026-04-06 00:38:52.768 143175 DEBUG oslo_service.service [req-178dd742-56ea-485d-a5a7-dcb646fab4a1 - - - - -] image_cache.remove_unused_base_images = True log_opt_values /usr/lib/python3/dist-packages/oslo_config/cfg.py:2609
2026-04-06 00:38:52.768 143175 DEBUG oslo_service.service [req-178dd742-56ea-485d-a5a7-dcb646fab4a1 - - - - -] image_cache.remove_unused_original_minimum_age_seconds = 86400 log_opt_values /usr/lib/python3/dist-packages/oslo_config/cfg.py:2609
2026-04-06 00:38:52.768 143175 DEBUG oslo_service.service [req-178dd742-56ea-485d-a5a7-dcb646fab4a1 - - - - -] image_cache.remove_unused_resized_minimum_age_seconds = 3600 log_opt_values /usr/lib/python3/dist-packages/oslo_config/cfg.py:2609
2026-04-06 00:38:52.768 143175 DEBUG oslo_service.service [req-178dd742-56ea-485d-a5a7-dcb646fab4a1 - - - - -] image_cache.subdirectory_name = _base log_opt_values /usr/lib/python3/dist-packages/oslo_config/cfg.py:2609
2026-04-06 00:38:52.769 143175 DEBUG oslo_service.service [req-178dd742-56ea-485d-a5a7-dcb646fab4a1 - - - - -] ironic.api_max_retries = 60 log_opt_values /usr/lib/python3/dist-packages/oslo_config/cfg.py:2609
2026-04-06 00:38:52.769 143175 DEBUG oslo_service.service [req-178dd742-56ea-485d-a5a7-dcb646fab4a1 - - - - -] ironic.api_retry_interval = 2 log_opt_values /usr/lib/python3/dist-packages/oslo_config/cfg.py:2609
2026-04-06 00:38:52.769 143175 DEBUG oslo_service.service [req-178dd742-56ea-485d-a5a7-dcb646fab4a1 - - - - -] ironic.auth_section = None log_opt_values /usr/lib/python3/dist-packages/oslo_config/cfg.py:2609
2026-04-06 00:38:52.769 143175 DEBUG oslo_service.service [req-178dd742-56ea-485d-a5a7-dcb646fab4a1 - - - - -] ironic.auth_type = None log_opt_values /usr/lib/python3/dist-packages/oslo_config/cfg.py:2609
2026-04-06 00:38:52.770 143175 DEBUG oslo_service.service [req-178dd742-56ea-485d-a5a7-dcb646fab4a1 - - - - -] ironic.cafile = None log_opt_values /usr/lib/python3/dist-packages/oslo_config/cfg.py:2609
2026-04-06 00:38:52.770 143175 DEBUG oslo_service.service [req-178dd742-56ea-485d-a5a7-dcb646fab4a1 - - - - -] ironic.certfile = None log_opt_values /usr/lib/python3/dist-packages/oslo_config/cfg.py:2609
2026-04-06 00:38:52.770 143175 DEBUG oslo_service.service [req-178dd742-56ea-485d-a5a7-dcb646fab4a1 - - - - -] ironic.collect_timing = False log_opt_values /usr/lib/python3/dist-packages/oslo_config/cfg.py:2609
2026-04-06 00:38:52.770 143175 DEBUG oslo_service.service [req-178dd742-56ea-485d-a5a7-dcb646fab4a1 - - - - -] ironic.connect_retries = None log_opt_values /usr/lib/python3/dist-packages/oslo_config/cfg.py:2609
2026-04-06 00:38:52.770 143175 DEBUG oslo_service.service [req-178dd742-56ea-485d-a5a7-dcb646fab4a1 - - - - -] ironic.connect_retry_delay = None log_opt_values /usr/lib/python3/dist-packages/oslo_config/cfg.py:2609
2026-04-06 00:38:52.771 143175 DEBUG oslo_service.service [req-178dd742-56ea-485d-a5a7-dcb646fab4a1 - - - - -] ironic.endpoint_override = None log_opt_values /usr/lib/python3/dist-packages/oslo_config/cfg.py:2609
2026-04-06 00:38:52.771 143175 DEBUG oslo_service.service [req-178dd742-56ea-485d-a5a7-dcb646fab4a1 - - - - -] ironic.insecure = False log_opt_values /usr/lib/python3/dist-packages/oslo_config/cfg.py:2609
2026-04-06 00:38:52.771 143175 DEBUG oslo_service.service [req-178dd742-56ea-485d-a5a7-dcb646fab4a1 - - - - -] ironic.keyfile = None log_opt_values /usr/lib/python3/dist-packages/oslo_config/cfg.py:2609
2026-04-06 00:38:52.771 143175 DEBUG oslo_service.service [req-178dd742-56ea-485d-a5a7-dcb646fab4a1 - - - - -] ironic.max_version = None log_opt_values /usr/lib/python3/dist-packages/oslo_config/cfg.py:2609
2026-04-06 00:38:52.772 143175 DEBUG oslo_service.service [req-178dd742-56ea-485d-a5a7-dcb646fab4a1 - - - - -] ironic.min_version = None log_opt_values /usr/lib/python3/dist-packages/oslo_config/cfg.py:2609
2026-04-06 00:38:52.772 143175 DEBUG oslo_service.service [req-178dd742-56ea-485d-a5a7-dcb646fab4a1 - - - - -] ironic.partition_key = None log_opt_values /usr/lib/python3/dist-packages/oslo_config/cfg.py:2609
2026-04-06 00:38:52.772 143175 DEBUG oslo_service.service [req-178dd742-56ea-485d-a5a7-dcb646fab4a1 - - - - -] ironic.peer_list = [] log_opt_values /usr/lib/python3/dist-packages/oslo_config/cfg.py:2609
2026-04-06 00:38:52.772 143175 DEBUG oslo_service.service [req-178dd742-56ea-485d-a5a7-dcb646fab4a1 - - - - -] ironic.region_name = None log_opt_values /usr/lib/python3/dist-packages/oslo_config/cfg.py:2609
2026-04-06 00:38:52.773 143175 DEBUG oslo_service.service [req-178dd742-56ea-485d-a5a7-dcb646fab4a1 - - - - -] ironic.serial_console_state_timeout = 10 log_opt_values /usr/lib/python3/dist-packages/oslo_config/cfg.py:2609
2026-04-06 00:38:52.773 143175 DEBUG oslo_service.service [req-178dd742-56ea-485d-a5a7-dcb646fab4a1 - - - - -] ironic.service_name = None log_opt_values /usr/lib/python3/dist-packages/oslo_config/cfg.py:2609
2026-04-06 00:38:52.773 143175 DEBUG oslo_service.service [req-178dd742-56ea-485d-a5a7-dcb646fab4a1 - - - - -] ironic.service_type = baremetal log_opt_values /usr/lib/python3/dist-packages/oslo_config/cfg.py:2609
2026-04-06 00:38:52.773 143175 DEBUG oslo_service.service [req-178dd742-56ea-485d-a5a7-dcb646fab4a1 - - - - -] ironic.split_loggers = False log_opt_values /usr/lib/python3/dist-packages/oslo_config/cfg.py:2609
2026-04-06 00:38:52.773 143175 DEBUG oslo_service.service [req-178dd742-56ea-485d-a5a7-dcb646fab4a1 - - - - -] ironic.status_code_retries = None log_opt_values /usr/lib/python3/dist-packages/oslo_config/cfg.py:2609
2026-04-06 00:38:52.774 143175 DEBUG oslo_service.service [req-178dd742-56ea-485d-a5a7-dcb646fab4a1 - - - - -] ironic.status_code_retry_delay = None log_opt_values /usr/lib/python3/dist-packages/oslo_config/cfg.py:2609
2026-04-06 00:38:52.774 143175 DEBUG oslo_service.service [req-178dd742-56ea-485d-a5a7-dcb646fab4a1 - - - - -] ironic.timeout = None log_opt_values /usr/lib/python3/dist-packages/oslo_config/cfg.py:2609
2026-04-06 00:38:52.774 143175 DEBUG oslo_service.service [req-178dd742-56ea-485d-a5a7-dcb646fab4a1 - - - - -] ironic.valid_interfaces = ['internal', 'public'] log_opt_values /usr/lib/python3/dist-packages/oslo_config/cfg.py:2609
2026-04-06 00:38:52.774 143175 DEBUG oslo_service.service [req-178dd742-56ea-485d-a5a7-dcb646fab4a1 - - - - -] ironic.version = None log_opt_values /usr/lib/python3/dist-packages/oslo_config/cfg.py:2609
2026-04-06 00:38:52.774 143175 DEBUG oslo_service.service [req-178dd742-56ea-485d-a5a7-dcb646fab4a1 - - - - -] key_manager.backend = barbican log_opt_values /usr/lib/python3/dist-packages/oslo_config/cfg.py:2609
2026-04-06 00:38:52.775 143175 DEBUG oslo_service.service [req-178dd742-56ea-485d-a5a7-dcb646fab4a1 - - - - -] key_manager.fixed_key = **** log_opt_values /usr/lib/python3/dist-packages/oslo_config/cfg.py:2609
2026-04-06 00:38:52.775 143175 DEBUG oslo_service.service [req-178dd742-56ea-485d-a5a7-dcb646fab4a1 - - - - -] barbican.auth_endpoint = http://localhost/identity/v3 log_opt_values /usr/lib/python3/dist-packages/oslo_config/cfg.py:2609
2026-04-06 00:38:52.775 143175 DEBUG oslo_service.service [req-178dd742-56ea-485d-a5a7-dcb646fab4a1 - - - - -] barbican.barbican_api_version = None log_opt_values /usr/lib/python3/dist-packages/oslo_config/cfg.py:2609
2026-04-06 00:38:52.775 143175 DEBUG oslo_service.service [req-178dd742-56ea-485d-a5a7-dcb646fab4a1 - - - - -] barbican.barbican_endpoint = None log_opt_values /usr/lib/python3/dist-packages/oslo_config/cfg.py:2609
2026-04-06 00:38:52.776 143175 DEBUG oslo_service.service [req-178dd742-56ea-485d-a5a7-dcb646fab4a1 - - - - -] barbican.barbican_endpoint_type = public log_opt_values /usr/lib/python3/dist-packages/oslo_config/cfg.py:2609
2026-04-06 00:38:52.776 143175 DEBUG oslo_service.service [req-178dd742-56ea-485d-a5a7-dcb646fab4a1 - - - - -] barbican.barbican_region_name = None log_opt_values /usr/lib/python3/dist-packages/oslo_config/cfg.py:2609
2026-04-06 00:38:52.776 143175 DEBUG oslo_service.service [req-178dd742-56ea-485d-a5a7-dcb646fab4a1 - - - - -] barbican.cafile = None log_opt_values /usr/lib/python3/dist-packages/oslo_config/cfg.py:2609
2026-04-06 00:38:52.777 143175 DEBUG oslo_service.service [req-178dd742-56ea-485d-a5a7-dcb646fab4a1 - - - - -] barbican.certfile = None log_opt_values /usr/lib/python3/dist-packages/oslo_config/cfg.py:2609
2026-04-06 00:38:52.777 143175 DEBUG oslo_service.service [req-178dd742-56ea-485d-a5a7-dcb646fab4a1 - - - - -] barbican.collect_timing = False log_opt_values /usr/lib/python3/dist-packages/oslo_config/cfg.py:2609
2026-04-06 00:38:52.777 143175 DEBUG oslo_service.service [req-178dd742-56ea-485d-a5a7-dcb646fab4a1 - - - - -] barbican.insecure = False log_opt_values /usr/lib/python3/dist-packages/oslo_config/cfg.py:2609
2026-04-06 00:38:52.777 143175 DEBUG oslo_service.service [req-178dd742-56ea-485d-a5a7-dcb646fab4a1 - - - - -] barbican.keyfile = None log_opt_values /usr/lib/python3/dist-packages/oslo_config/cfg.py:2609
2026-04-06 00:38:52.777 143175 DEBUG oslo_service.service [req-178dd742-56ea-485d-a5a7-dcb646fab4a1 - - - - -] barbican.number_of_retries = 60 log_opt_values /usr/lib/python3/dist-packages/oslo_config/cfg.py:2609
2026-04-06 00:38:52.778 143175 DEBUG oslo_service.service [req-178dd742-56ea-485d-a5a7-dcb646fab4a1 - - - - -] barbican.retry_delay = 1 log_opt_values /usr/lib/python3/dist-packages/oslo_config/cfg.py:2609
2026-04-06 00:38:52.778 143175 DEBUG oslo_service.service [req-178dd742-56ea-485d-a5a7-dcb646fab4a1 - - - - -] barbican.send_service_user_token = False log_opt_values /usr/lib/python3/dist-packages/oslo_config/cfg.py:2609
2026-04-06 00:38:52.778 143175 DEBUG oslo_service.service [req-178dd742-56ea-485d-a5a7-dcb646fab4a1 - - - - -] barbican.split_loggers = False log_opt_values /usr/lib/python3/dist-packages/oslo_config/cfg.py:2609
2026-04-06 00:38:52.778 143175 DEBUG oslo_service.service [req-178dd742-56ea-485d-a5a7-dcb646fab4a1 - - - - -] barbican.timeout = None log_opt_values /usr/lib/python3/dist-packages/oslo_config/cfg.py:2609
2026-04-06 00:38:52.779 143175 DEBUG oslo_service.service [req-178dd742-56ea-485d-a5a7-dcb646fab4a1 - - - - -] barbican.verify_ssl = True log_opt_values /usr/lib/python3/dist-packages/oslo_config/cfg.py:2609
2026-04-06 00:38:52.779 143175 DEBUG oslo_service.service [req-178dd742-56ea-485d-a5a7-dcb646fab4a1 - - - - -] barbican.verify_ssl_path = None log_opt_values /usr/lib/python3/dist-packages/oslo_config/cfg.py:2609
2026-04-06 00:38:52.779 143175 DEBUG oslo_service.service [req-178dd742-56ea-485d-a5a7-dcb646fab4a1 - - - - -] barbican_service_user.auth_section = None log_opt_values /usr/lib/python3/dist-packages/oslo_config/cfg.py:2609
2026-04-06 00:38:52.779 143175 DEBUG oslo_service.service [req-178dd742-56ea-485d-a5a7-dcb646fab4a1 - - - - -] barbican_service_user.auth_type = None log_opt_values /usr/lib/python3/dist-packages/oslo_config/cfg.py:2609
2026-04-06 00:38:52.779 143175 DEBUG oslo_service.service [req-178dd742-56ea-485d-a5a7-dcb646fab4a1 - - - - -] barbican_service_user.cafile = None log_opt_values /usr/lib/python3/dist-packages/oslo_config/cfg.py:2609
2026-04-06 00:38:52.780 143175 DEBUG oslo_service.service [req-178dd742-56ea-485d-a5a7-dcb646fab4a1 - - - - -] barbican_service_user.certfile = None log_opt_values /usr/lib/python3/dist-packages/oslo_config/cfg.py:2609
2026-04-06 00:38:52.780 143175 DEBUG oslo_service.service [req-178dd742-56ea-485d-a5a7-dcb646fab4a1 - - - - -] barbican_service_user.collect_timing = False log_opt_values /usr/lib/python3/dist-packages/oslo_config/cfg.py:2609
2026-04-06 00:38:52.780 143489 DEBUG oslo_messaging._drivers.amqpdriver [-] Listener is running poll /usr/lib/python3/dist-packages/oslo_messaging/_drivers/amqpdriver.py:343
2026-04-06 00:38:52.780 143489 DEBUG oslo_messaging._drivers.amqpdriver [-] AMQPListener connection consume poll /usr/lib/python3/dist-packages/oslo_messaging/_drivers/amqpdriver.py:357
2026-04-06 00:38:52.780 143175 DEBUG oslo_service.service [req-178dd742-56ea-485d-a5a7-dcb646fab4a1 - - - - -] barbican_service_user.insecure = False log_opt_values /usr/lib/python3/dist-packages/oslo_config/cfg.py:2609
2026-04-06 00:38:52.780 143175 DEBUG oslo_service.service [req-178dd742-56ea-485d-a5a7-dcb646fab4a1 - - - - -] barbican_service_user.keyfile = None log_opt_values /usr/lib/python3/dist-packages/oslo_config/cfg.py:2609
2026-04-06 00:38:52.781 143175 DEBUG oslo_service.service [req-178dd742-56ea-485d-a5a7-dcb646fab4a1 - - - - -] barbican_service_user.split_loggers = False log_opt_values /usr/lib/python3/dist-packages/oslo_config/cfg.py:2609
2026-04-06 00:38:52.781 143175 DEBUG oslo_service.service [req-178dd742-56ea-485d-a5a7-dcb646fab4a1 - - - - -] barbican_service_user.timeout = None log_opt_values /usr/lib/python3/dist-packages/oslo_config/cfg.py:2609
2026-04-06 00:38:52.781 143489 DEBUG nova.service [req-f0cc822c-b5bc-41b5-9d6c-6a5663227835 - - - - -] Join ServiceGroup membership for this service scheduler start /usr/lib/python3/dist-packages/nova/service.py:199
2026-04-06 00:38:52.781 143175 DEBUG oslo_service.service [req-178dd742-56ea-485d-a5a7-dcb646fab4a1 - - - - -] vault.approle_role_id = None log_opt_values /usr/lib/python3/dist-packages/oslo_config/cfg.py:2609
2026-04-06 00:38:52.781 143489 DEBUG nova.servicegroup.drivers.db [req-f0cc822c-b5bc-41b5-9d6c-6a5663227835 - - - - -] DB_Driver: join new ServiceGroup member juju-f042a9-0-lxd-7 to the scheduler group, service = join /usr/lib/python3/dist-packages/nova/servicegroup/drivers/db.py:44
2026-04-06 00:38:52.781 143175 DEBUG oslo_service.service [req-178dd742-56ea-485d-a5a7-dcb646fab4a1 - - - - -] vault.approle_secret_id = None log_opt_values /usr/lib/python3/dist-packages/oslo_config/cfg.py:2609
2026-04-06 00:38:52.781 143175 DEBUG oslo_service.service [req-178dd742-56ea-485d-a5a7-dcb646fab4a1 - - - - -] vault.cafile = None log_opt_values /usr/lib/python3/dist-packages/oslo_config/cfg.py:2609
2026-04-06 00:38:52.781 143175 DEBUG oslo_service.service [req-178dd742-56ea-485d-a5a7-dcb646fab4a1 - - - - -] vault.certfile = None log_opt_values /usr/lib/python3/dist-packages/oslo_config/cfg.py:2609
2026-04-06 00:38:52.782 143175 DEBUG oslo_service.service [req-178dd742-56ea-485d-a5a7-dcb646fab4a1 - - - - -] vault.collect_timing = False log_opt_values /usr/lib/python3/dist-packages/oslo_config/cfg.py:2609
2026-04-06 00:38:52.782 143175 DEBUG oslo_service.service [req-178dd742-56ea-485d-a5a7-dcb646fab4a1 - - - - -] vault.insecure = False log_opt_values /usr/lib/python3/dist-packages/oslo_config/cfg.py:2609
2026-04-06 00:38:52.782 143175 DEBUG oslo_service.service [req-178dd742-56ea-485d-a5a7-dcb646fab4a1 - - - - -] vault.keyfile = None log_opt_values /usr/lib/python3/dist-packages/oslo_config/cfg.py:2609
2026-04-06 00:38:52.782 143175 DEBUG oslo_service.service [req-178dd742-56ea-485d-a5a7-dcb646fab4a1 - - - - -] vault.kv_mountpoint = secret log_opt_values /usr/lib/python3/dist-packages/oslo_config/cfg.py:2609
2026-04-06 00:38:52.783 143175 DEBUG oslo_service.service [req-178dd742-56ea-485d-a5a7-dcb646fab4a1 - - - - -] vault.kv_version = 2 log_opt_values /usr/lib/python3/dist-packages/oslo_config/cfg.py:2609
2026-04-06 00:38:52.783 143175 DEBUG oslo_service.service [req-178dd742-56ea-485d-a5a7-dcb646fab4a1 - - - - -] vault.namespace = None log_opt_values /usr/lib/python3/dist-packages/oslo_config/cfg.py:2609
2026-04-06 00:38:52.783 143175 DEBUG oslo_service.service [req-178dd742-56ea-485d-a5a7-dcb646fab4a1 - - - - -] vault.root_token_id = None log_opt_values /usr/lib/python3/dist-packages/oslo_config/cfg.py:2609
2026-04-06 00:38:52.783 143175 DEBUG oslo_service.service [req-178dd742-56ea-485d-a5a7-dcb646fab4a1 - - - - -] vault.split_loggers = False log_opt_values /usr/lib/python3/dist-packages/oslo_config/cfg.py:2609
2026-04-06 00:38:52.783 143175 DEBUG oslo_service.service [req-178dd742-56ea-485d-a5a7-dcb646fab4a1 - - - - -] vault.ssl_ca_crt_file = None log_opt_values /usr/lib/python3/dist-packages/oslo_config/cfg.py:2609
2026-04-06 00:38:52.784 143175 DEBUG oslo_service.service [req-178dd742-56ea-485d-a5a7-dcb646fab4a1 - - - - -] vault.timeout = None log_opt_values /usr/lib/python3/dist-packages/oslo_config/cfg.py:2609
2026-04-06 00:38:52.784 143489 DEBUG oslo_messaging._drivers.amqpdriver [-] AMQPListener connection timeout poll /usr/lib/python3/dist-packages/oslo_messaging/_drivers/amqpdriver.py:360
2026-04-06 00:38:52.784 143175 DEBUG oslo_service.service [req-178dd742-56ea-485d-a5a7-dcb646fab4a1 - - - - -] vault.use_ssl = False log_opt_values /usr/lib/python3/dist-packages/oslo_config/cfg.py:2609
2026-04-06 00:38:52.784 143489 DEBUG oslo_messaging._drivers.amqpdriver [-] Listener is running poll /usr/lib/python3/dist-packages/oslo_messaging/_drivers/amqpdriver.py:343
2026-04-06 00:38:52.784 143175 DEBUG oslo_service.service [req-178dd742-56ea-485d-a5a7-dcb646fab4a1 - - - - -] vault.vault_url = http://127.0.0.1:8200 log_opt_values /usr/lib/python3/dist-packages/oslo_config/cfg.py:2609
