2026-04-06 00:37:37.888 137231 DEBUG oslo_service.service [req-40fc8413-7a88-49b6-8a3b-e335fe95c15e - - - - -] glance.min_version = None log_opt_values /usr/lib/python3/dist-packages/oslo_config/cfg.py:2609
2026-04-06 00:37:37.888 137231 DEBUG oslo_service.service [req-40fc8413-7a88-49b6-8a3b-e335fe95c15e - - - - -] glance.num_retries = 3 log_opt_values /usr/lib/python3/dist-packages/oslo_config/cfg.py:2609
2026-04-06 00:37:37.888 137231 DEBUG oslo_service.service [req-40fc8413-7a88-49b6-8a3b-e335fe95c15e - - - - -] glance.rbd_ceph_conf = log_opt_values /usr/lib/python3/dist-packages/oslo_config/cfg.py:2609
2026-04-06 00:37:37.888 137231 DEBUG oslo_service.service [req-40fc8413-7a88-49b6-8a3b-e335fe95c15e - - - - -] glance.rbd_connect_timeout = 5 log_opt_values /usr/lib/python3/dist-packages/oslo_config/cfg.py:2609
2026-04-06 00:37:37.888 138774 DEBUG nova.service [req-dcce650d-e67b-45df-9a97-e8f1ff6fc02d - - - - -] Join ServiceGroup membership for this service scheduler start /usr/lib/python3/dist-packages/nova/service.py:199
2026-04-06 00:37:37.889 137231 DEBUG oslo_service.service [req-40fc8413-7a88-49b6-8a3b-e335fe95c15e - - - - -] glance.rbd_pool = log_opt_values /usr/lib/python3/dist-packages/oslo_config/cfg.py:2609
2026-04-06 00:37:37.889 137231 DEBUG oslo_service.service [req-40fc8413-7a88-49b6-8a3b-e335fe95c15e - - - - -] glance.rbd_user = log_opt_values /usr/lib/python3/dist-packages/oslo_config/cfg.py:2609
2026-04-06 00:37:37.889 137231 DEBUG oslo_service.service [req-40fc8413-7a88-49b6-8a3b-e335fe95c15e - - - - -] glance.region_name = None log_opt_values /usr/lib/python3/dist-packages/oslo_config/cfg.py:2609
2026-04-06 00:37:37.890 137231 DEBUG oslo_service.service [req-40fc8413-7a88-49b6-8a3b-e335fe95c15e - - - - -] glance.service_name = None log_opt_values /usr/lib/python3/dist-packages/oslo_config/cfg.py:2609
2026-04-06 00:37:37.890 137231 DEBUG oslo_service.service [req-40fc8413-7a88-49b6-8a3b-e335fe95c15e - - - - -] glance.service_type = image log_opt_values /usr/lib/python3/dist-packages/oslo_config/cfg.py:2609
2026-04-06 00:37:37.890 137231 DEBUG oslo_service.service [req-40fc8413-7a88-49b6-8a3b-e335fe95c15e - - - - -] glance.split_loggers = False log_opt_values /usr/lib/python3/dist-packages/oslo_config/cfg.py:2609
2026-04-06 00:37:37.890 138774 DEBUG nova.servicegroup.drivers.db [req-dcce650d-e67b-45df-9a97-e8f1ff6fc02d - - - - -] DB_Driver: join new ServiceGroup member juju-f042a9-0-lxd-7 to the scheduler group, service = join /usr/lib/python3/dist-packages/nova/servicegroup/drivers/db.py:44
2026-04-06 00:37:37.890 137231 DEBUG oslo_service.service [req-40fc8413-7a88-49b6-8a3b-e335fe95c15e - - - - -] glance.status_code_retries = None log_opt_values /usr/lib/python3/dist-packages/oslo_config/cfg.py:2609
2026-04-06 00:37:37.890 137231 DEBUG oslo_service.service [req-40fc8413-7a88-49b6-8a3b-e335fe95c15e - - - - -] glance.status_code_retry_delay = None log_opt_values /usr/lib/python3/dist-packages/oslo_config/cfg.py:2609
2026-04-06 00:37:37.891 137231 DEBUG oslo_service.service [req-40fc8413-7a88-49b6-8a3b-e335fe95c15e - - - - -] glance.timeout = None log_opt_values /usr/lib/python3/dist-packages/oslo_config/cfg.py:2609
2026-04-06 00:37:37.891 137231 DEBUG oslo_service.service [req-40fc8413-7a88-49b6-8a3b-e335fe95c15e - - - - -] glance.valid_interfaces = ['internal', 'public'] log_opt_values /usr/lib/python3/dist-packages/oslo_config/cfg.py:2609
2026-04-06 00:37:37.891 137231 DEBUG oslo_service.service [req-40fc8413-7a88-49b6-8a3b-e335fe95c15e - - - - -] glance.verify_glance_signatures = False log_opt_values /usr/lib/python3/dist-packages/oslo_config/cfg.py:2609
2026-04-06 00:37:37.891 137231 DEBUG oslo_service.service [req-40fc8413-7a88-49b6-8a3b-e335fe95c15e - - - - -] glance.version = None log_opt_values /usr/lib/python3/dist-packages/oslo_config/cfg.py:2609
2026-04-06 00:37:37.891 138780 DEBUG oslo_messaging._drivers.amqpdriver [-] Listener is running poll /usr/lib/python3/dist-packages/oslo_messaging/_drivers/amqpdriver.py:343
2026-04-06 00:37:37.891 137231 DEBUG oslo_service.service [req-40fc8413-7a88-49b6-8a3b-e335fe95c15e - - - - -] guestfs.debug = False log_opt_values /usr/lib/python3/dist-packages/oslo_config/cfg.py:2609
2026-04-06 00:37:37.892 137231 DEBUG oslo_service.service [req-40fc8413-7a88-49b6-8a3b-e335fe95c15e - - - - -] hyperv.config_drive_cdrom = False log_opt_values /usr/lib/python3/dist-packages/oslo_config/cfg.py:2609
2026-04-06 00:37:37.892 137231 DEBUG oslo_service.service [req-40fc8413-7a88-49b6-8a3b-e335fe95c15e - - - - -] hyperv.config_drive_inject_password = False log_opt_values /usr/lib/python3/dist-packages/oslo_config/cfg.py:2609
2026-04-06 00:37:37.892 137231 DEBUG oslo_service.service [req-40fc8413-7a88-49b6-8a3b-e335fe95c15e - - - - -] hyperv.dynamic_memory_ratio = 1.0 log_opt_values /usr/lib/python3/dist-packages/oslo_config/cfg.py:2609
2026-04-06 00:37:37.892 137231 DEBUG oslo_service.service [req-40fc8413-7a88-49b6-8a3b-e335fe95c15e - - - - -] hyperv.enable_instance_metrics_collection = False log_opt_values /usr/lib/python3/dist-packages/oslo_config/cfg.py:2609
2026-04-06 00:37:37.892 137231 DEBUG oslo_service.service [req-40fc8413-7a88-49b6-8a3b-e335fe95c15e - - - - -] hyperv.enable_remotefx = False log_opt_values /usr/lib/python3/dist-packages/oslo_config/cfg.py:2609
2026-04-06 00:37:37.892 137231 DEBUG oslo_service.service [req-40fc8413-7a88-49b6-8a3b-e335fe95c15e - - - - -] hyperv.instances_path_share = log_opt_values /usr/lib/python3/dist-packages/oslo_config/cfg.py:2609
2026-04-06 00:37:37.893 137231 DEBUG oslo_service.service [req-40fc8413-7a88-49b6-8a3b-e335fe95c15e - - - - -] hyperv.iscsi_initiator_list = [] log_opt_values /usr/lib/python3/dist-packages/oslo_config/cfg.py:2609
2026-04-06 00:37:37.893 137231 DEBUG oslo_service.service [req-40fc8413-7a88-49b6-8a3b-e335fe95c15e - - - - -] hyperv.limit_cpu_features = False log_opt_values /usr/lib/python3/dist-packages/oslo_config/cfg.py:2609
2026-04-06 00:37:37.893 137231 DEBUG oslo_service.service [req-40fc8413-7a88-49b6-8a3b-e335fe95c15e - - - - -] hyperv.mounted_disk_query_retry_count = 10 log_opt_values /usr/lib/python3/dist-packages/oslo_config/cfg.py:2609
2026-04-06 00:37:37.893 137231 DEBUG oslo_service.service [req-40fc8413-7a88-49b6-8a3b-e335fe95c15e - - - - -] hyperv.mounted_disk_query_retry_interval = 5 log_opt_values /usr/lib/python3/dist-packages/oslo_config/cfg.py:2609
2026-04-06 00:37:37.893 137231 DEBUG oslo_service.service [req-40fc8413-7a88-49b6-8a3b-e335fe95c15e - - - - -] hyperv.power_state_check_timeframe = 60 log_opt_values /usr/lib/python3/dist-packages/oslo_config/cfg.py:2609
2026-04-06 00:37:37.893 138779 DEBUG oslo_messaging._drivers.amqpdriver [-] Listener is running poll /usr/lib/python3/dist-packages/oslo_messaging/_drivers/amqpdriver.py:343
2026-04-06 00:37:37.893 137231 DEBUG oslo_service.service [req-40fc8413-7a88-49b6-8a3b-e335fe95c15e - - - - -] hyperv.power_state_event_polling_interval = 2 log_opt_values /usr/lib/python3/dist-packages/oslo_config/cfg.py:2609
2026-04-06 00:37:37.893 138780 DEBUG oslo_messaging._drivers.amqpdriver [-] AMQPListener connection consume poll /usr/lib/python3/dist-packages/oslo_messaging/_drivers/amqpdriver.py:357
2026-04-06 00:37:37.894 138779 DEBUG oslo_messaging._drivers.amqpdriver [-] AMQPListener connection consume poll /usr/lib/python3/dist-packages/oslo_messaging/_drivers/amqpdriver.py:357
2026-04-06 00:37:37.894 137231 DEBUG oslo_service.service [req-40fc8413-7a88-49b6-8a3b-e335fe95c15e - - - - -] hyperv.qemu_img_cmd = qemu-img.exe log_opt_values /usr/lib/python3/dist-packages/oslo_config/cfg.py:2609
2026-04-06 00:37:37.894 137231 DEBUG oslo_service.service [req-40fc8413-7a88-49b6-8a3b-e335fe95c15e - - - - -] hyperv.use_multipath_io = False log_opt_values /usr/lib/python3/dist-packages/oslo_config/cfg.py:2609
2026-04-06 00:37:37.894 137231 DEBUG oslo_service.service [req-40fc8413-7a88-49b6-8a3b-e335fe95c15e - - - - -] hyperv.volume_attach_retry_count = 10 log_opt_values /usr/lib/python3/dist-packages/oslo_config/cfg.py:2609
2026-04-06 00:37:37.894 137231 DEBUG oslo_service.service [req-40fc8413-7a88-49b6-8a3b-e335fe95c15e - - - - -] hyperv.volume_attach_retry_interval = 5 log_opt_values /usr/lib/python3/dist-packages/oslo_config/cfg.py:2609
2026-04-06 00:37:37.894 137231 DEBUG oslo_service.service [req-40fc8413-7a88-49b6-8a3b-e335fe95c15e - - - - -] hyperv.vswitch_name = None log_opt_values /usr/lib/python3/dist-packages/oslo_config/cfg.py:2609
2026-04-06 00:37:37.894 138779 DEBUG nova.service [req-0d1c7d37-e71a-4c72-ae30-dd5e3784b032 - - - - -] Join ServiceGroup membership for this service scheduler start /usr/lib/python3/dist-packages/nova/service.py:199
2026-04-06 00:37:37.894 137231 DEBUG oslo_service.service [req-40fc8413-7a88-49b6-8a3b-e335fe95c15e - - - - -] hyperv.wait_soft_reboot_seconds = 60 log_opt_values /usr/lib/python3/dist-packages/oslo_config/cfg.py:2609
2026-04-06 00:37:37.895 138779 DEBUG nova.servicegroup.drivers.db [req-0d1c7d37-e71a-4c72-ae30-dd5e3784b032 - - - - -] DB_Driver: join new ServiceGroup member juju-f042a9-0-lxd-7 to the scheduler group, service = join /usr/lib/python3/dist-packages/nova/servicegroup/drivers/db.py:44
2026-04-06 00:37:37.895 137231 DEBUG oslo_service.service [req-40fc8413-7a88-49b6-8a3b-e335fe95c15e - - - - -] mks.enabled = False log_opt_values /usr/lib/python3/dist-packages/oslo_config/cfg.py:2609
2026-04-06 00:37:37.895 138774 DEBUG oslo_messaging._drivers.amqpdriver [-] AMQPListener connection timeout poll /usr/lib/python3/dist-packages/oslo_messaging/_drivers/amqpdriver.py:360
2026-04-06 00:37:37.895 138780 DEBUG nova.service [req-6a97fa0e-0a6b-4b53-8725-f4f2d46b7e29 - - - - -] Join ServiceGroup membership for this service scheduler start /usr/lib/python3/dist-packages/nova/service.py:199
2026-04-06 00:37:37.895 137231 DEBUG oslo_service.service [req-40fc8413-7a88-49b6-8a3b-e335fe95c15e - - - - -] mks.mksproxy_base_url = http://127.0.0.1:6090/ log_opt_values /usr/lib/python3/dist-packages/oslo_config/cfg.py:2609
2026-04-06 00:37:37.895 138774 DEBUG oslo_messaging._drivers.amqpdriver [-] Listener is running poll /usr/lib/python3/dist-packages/oslo_messaging/_drivers/amqpdriver.py:343
2026-04-06 00:37:37.895 138774 DEBUG oslo_messaging._drivers.amqpdriver [-] AMQPListener connection consume poll /usr/lib/python3/dist-packages/oslo_messaging/_drivers/amqpdriver.py:357
2026-04-06 00:37:37.896 137231 DEBUG oslo_service.service [req-40fc8413-7a88-49b6-8a3b-e335fe95c15e - - - - -] image_cache.manager_interval = 2400 log_opt_values /usr/lib/python3/dist-packages/oslo_config/cfg.py:2609
2026-04-06 00:37:37.896 137231 DEBUG oslo_service.service [req-40fc8413-7a88-49b6-8a3b-e335fe95c15e - - - - -] image_cache.precache_concurrency = 1 log_opt_values /usr/lib/python3/dist-packages/oslo_config/cfg.py:2609
2026-04-06 00:37:37.896 137231 DEBUG oslo_service.service [req-40fc8413-7a88-49b6-8a3b-e335fe95c15e - - - - -] image_cache.remove_unused_base_images = True log_opt_values /usr/lib/python3/dist-packages/oslo_config/cfg.py:2609
2026-04-06 00:37:37.896 138780 DEBUG nova.servicegroup.drivers.db [req-6a97fa0e-0a6b-4b53-8725-f4f2d46b7e29 - - - - -] DB_Driver: join new ServiceGroup member juju-f042a9-0-lxd-7 to the scheduler group, service = join /usr/lib/python3/dist-packages/nova/servicegroup/drivers/db.py:44
2026-04-06 00:37:37.896 137231 DEBUG oslo_service.service [req-40fc8413-7a88-49b6-8a3b-e335fe95c15e - - - - -] image_cache.remove_unused_original_minimum_age_seconds = 86400 log_opt_values /usr/lib/python3/dist-packages/oslo_config/cfg.py:2609
2026-04-06 00:37:37.896 137231 DEBUG oslo_service.service [req-40fc8413-7a88-49b6-8a3b-e335fe95c15e - - - - -] image_cache.remove_unused_resized_minimum_age_seconds = 3600 log_opt_values /usr/lib/python3/dist-packages/oslo_config/cfg.py:2609
2026-04-06 00:37:37.897 137231 DEBUG oslo_service.service [req-40fc8413-7a88-49b6-8a3b-e335fe95c15e - - - - -] image_cache.subdirectory_name = _base log_opt_values /usr/lib/python3/dist-packages/oslo_config/cfg.py:2609
2026-04-06 00:37:37.897 137231 DEBUG oslo_service.service [req-40fc8413-7a88-49b6-8a3b-e335fe95c15e - - - - -] ironic.api_max_retries = 60 log_opt_values /usr/lib/python3/dist-packages/oslo_config/cfg.py:2609
2026-04-06 00:37:37.897 137231 DEBUG oslo_service.service [req-40fc8413-7a88-49b6-8a3b-e335fe95c15e - - - - -] ironic.api_retry_interval = 2 log_opt_values /usr/lib/python3/dist-packages/oslo_config/cfg.py:2609
2026-04-06 00:37:37.897 137231 DEBUG oslo_service.service [req-40fc8413-7a88-49b6-8a3b-e335fe95c15e - - - - -] ironic.auth_section = None log_opt_values /usr/lib/python3/dist-packages/oslo_config/cfg.py:2609
2026-04-06 00:37:37.897 137231 DEBUG oslo_service.service [req-40fc8413-7a88-49b6-8a3b-e335fe95c15e - - - - -] ironic.auth_type = None log_opt_values /usr/lib/python3/dist-packages/oslo_config/cfg.py:2609
2026-04-06 00:37:37.897 137231 DEBUG oslo_service.service [req-40fc8413-7a88-49b6-8a3b-e335fe95c15e - - - - -] ironic.cafile = None log_opt_values /usr/lib/python3/dist-packages/oslo_config/cfg.py:2609
2026-04-06 00:37:37.897 138779 DEBUG oslo_messaging._drivers.amqpdriver [-] AMQPListener connection timeout poll /usr/lib/python3/dist-packages/oslo_messaging/_drivers/amqpdriver.py:360
2026-04-06 00:37:37.898 137231 DEBUG oslo_service.service [req-40fc8413-7a88-49b6-8a3b-e335fe95c15e - - - - -] ironic.certfile = None log_opt_values /usr/lib/python3/dist-packages/oslo_config/cfg.py:2609
2026-04-06 00:37:37.898 138779 DEBUG oslo_messaging._drivers.amqpdriver [-] Listener is running poll /usr/lib/python3/dist-packages/oslo_messaging/_drivers/amqpdriver.py:343
2026-04-06 00:37:37.898 138780 DEBUG oslo_messaging._drivers.amqpdriver [-] AMQPListener connection timeout poll /usr/lib/python3/dist-packages/oslo_messaging/_drivers/amqpdriver.py:360
2026-04-06 00:37:37.898 137231 DEBUG oslo_service.service [req-40fc8413-7a88-49b6-8a3b-e335fe95c15e - - - - -] ironic.collect_timing = False log_opt_values /usr/lib/python3/dist-packages/oslo_config/cfg.py:2609
2026-04-06 00:37:37.898 138779 DEBUG oslo_messaging._drivers.amqpdriver [-] AMQPListener connection consume poll /usr/lib/python3/dist-packages/oslo_messaging/_drivers/amqpdriver.py:357
2026-04-06 00:37:37.898 138780 DEBUG oslo_messaging._drivers.amqpdriver [-] Listener is running poll /usr/lib/python3/dist-packages/oslo_messaging/_drivers/amqpdriver.py:343
2026-04-06 00:37:37.898 137231 DEBUG oslo_service.service [req-40fc8413-7a88-49b6-8a3b-e335fe95c15e - - - - -] ironic.connect_retries = None log_opt_values /usr/lib/python3/dist-packages/oslo_config/cfg.py:2609
2026-04-06 00:37:37.898 138780 DEBUG oslo_messaging._drivers.amqpdriver [-] AMQPListener connection consume poll /usr/lib/python3/dist-packages/oslo_messaging/_drivers/amqpdriver.py:357
2026-04-06 00:37:37.898 137231 DEBUG oslo_service.service [req-40fc8413-7a88-49b6-8a3b-e335fe95c15e - - - - -] ironic.connect_retry_delay = None log_opt_values /usr/lib/python3/dist-packages/oslo_config/cfg.py:2609
2026-04-06 00:37:37.898 137231 DEBUG oslo_service.service [req-40fc8413-7a88-49b6-8a3b-e335fe95c15e - - - - -] ironic.endpoint_override = None log_opt_values /usr/lib/python3/dist-packages/oslo_config/cfg.py:2609
2026-04-06 00:37:37.898 137231 DEBUG oslo_service.service [req-40fc8413-7a88-49b6-8a3b-e335fe95c15e - - - - -] ironic.insecure = False log_opt_values /usr/lib/python3/dist-packages/oslo_config/cfg.py:2609
2026-04-06 00:37:37.899 137231 DEBUG oslo_service.service [req-40fc8413-7a88-49b6-8a3b-e335fe95c15e - - - - -] ironic.keyfile = None log_opt_values /usr/lib/python3/dist-packages/oslo_config/cfg.py:2609
2026-04-06 00:37:37.899 137231 DEBUG oslo_service.service [req-40fc8413-7a88-49b6-8a3b-e335fe95c15e - - - - -] ironic.max_version = None log_opt_values /usr/lib/python3/dist-packages/oslo_config/cfg.py:2609
2026-04-06 00:37:37.899 137231 DEBUG oslo_service.service [req-40fc8413-7a88-49b6-8a3b-e335fe95c15e - - - - -] ironic.min_version = None log_opt_values /usr/lib/python3/dist-packages/oslo_config/cfg.py:2609
2026-04-06 00:37:37.899 137231 DEBUG oslo_service.service [req-40fc8413-7a88-49b6-8a3b-e335fe95c15e - - - - -] ironic.partition_key = None log_opt_values /usr/lib/python3/dist-packages/oslo_config/cfg.py:2609
2026-04-06 00:37:37.899 137231 DEBUG oslo_service.service [req-40fc8413-7a88-49b6-8a3b-e335fe95c15e - - - - -] ironic.peer_list = [] log_opt_values /usr/lib/python3/dist-packages/oslo_config/cfg.py:2609
2026-04-06 00:37:37.899 137231 DEBUG oslo_service.service [req-40fc8413-7a88-49b6-8a3b-e335fe95c15e - - - - -] ironic.region_name = None log_opt_values /usr/lib/python3/dist-packages/oslo_config/cfg.py:2609
2026-04-06 00:37:37.900 137231 DEBUG oslo_service.service [req-40fc8413-7a88-49b6-8a3b-e335fe95c15e - - - - -] ironic.serial_console_state_timeout = 10 log_opt_values /usr/lib/python3/dist-packages/oslo_config/cfg.py:2609
2026-04-06 00:37:37.900 137231 DEBUG oslo_service.service [req-40fc8413-7a88-49b6-8a3b-e335fe95c15e - - - - -] ironic.service_name = None log_opt_values /usr/lib/python3/dist-packages/oslo_config/cfg.py:2609
2026-04-06 00:37:37.900 137231 DEBUG oslo_service.service [req-40fc8413-7a88-49b6-8a3b-e335fe95c15e - - - - -] ironic.service_type = baremetal log_opt_values /usr/lib/python3/dist-packages/oslo_config/cfg.py:2609
2026-04-06 00:37:37.900 137231 DEBUG oslo_service.service [req-40fc8413-7a88-49b6-8a3b-e335fe95c15e - - - - -] ironic.split_loggers = False log_opt_values /usr/lib/python3/dist-packages/oslo_config/cfg.py:2609
2026-04-06 00:37:37.900 137231 DEBUG oslo_service.service [req-40fc8413-7a88-49b6-8a3b-e335fe95c15e - - - - -] ironic.status_code_retries = None log_opt_values /usr/lib/python3/dist-packages/oslo_config/cfg.py:2609
2026-04-06 00:37:37.900 138772 DEBUG oslo_messaging._drivers.amqpdriver [-] Listener is running poll /usr/lib/python3/dist-packages/oslo_messaging/_drivers/amqpdriver.py:343
2026-04-06 00:37:37.900 137231 DEBUG oslo_service.service [req-40fc8413-7a88-49b6-8a3b-e335fe95c15e - - - - -] ironic.status_code_retry_delay = None log_opt_values /usr/lib/python3/dist-packages/oslo_config/cfg.py:2609
2026-04-06 00:37:37.900 138772 DEBUG oslo_messaging._drivers.amqpdriver [-] AMQPListener connection consume poll /usr/lib/python3/dist-packages/oslo_messaging/_drivers/amqpdriver.py:357
2026-04-06 00:37:37.900 137231 DEBUG oslo_service.service [req-40fc8413-7a88-49b6-8a3b-e335fe95c15e - - - - -] ironic.timeout = None log_opt_values /usr/lib/python3/dist-packages/oslo_config/cfg.py:2609
2026-04-06 00:37:37.901 137231 DEBUG oslo_service.service [req-40fc8413-7a88-49b6-8a3b-e335fe95c15e - - - - -] ironic.valid_interfaces = ['internal', 'public'] log_opt_values /usr/lib/python3/dist-packages/oslo_config/cfg.py:2609
2026-04-06 00:37:37.901 137231 DEBUG oslo_service.service [req-40fc8413-7a88-49b6-8a3b-e335fe95c15e - - - - -] ironic.version = None log_opt_values /usr/lib/python3/dist-packages/oslo_config/cfg.py:2609
2026-04-06 00:37:37.901 137231 DEBUG oslo_service.service [req-40fc8413-7a88-49b6-8a3b-e335fe95c15e - - - - -] key_manager.backend = barbican log_opt_values /usr/lib/python3/dist-packages/oslo_config/cfg.py:2609
2026-04-06 00:37:37.901 137231 DEBUG oslo_service.service [req-40fc8413-7a88-49b6-8a3b-e335fe95c15e - - - - -] key_manager.fixed_key = **** log_opt_values /usr/lib/python3/dist-packages/oslo_config/cfg.py:2609
2026-04-06 00:37:37.901 137231 DEBUG oslo_service.service [req-40fc8413-7a88-49b6-8a3b-e335fe95c15e - - - - -] barbican.auth_endpoint = http://localhost/identity/v3 log_opt_values /usr/lib/python3/dist-packages/oslo_config/cfg.py:2609
2026-04-06 00:37:37.901 138772 DEBUG nova.service [req-2db96e6c-6338-43ad-9030-1d9581a8e78a - - - - -] Join ServiceGroup membership for this service scheduler start /usr/lib/python3/dist-packages/nova/service.py:199
2026-04-06 00:37:37.901 137231 DEBUG oslo_service.service [req-40fc8413-7a88-49b6-8a3b-e335fe95c15e - - - - -] barbican.barbican_api_version = None log_opt_values /usr/lib/python3/dist-packages/oslo_config/cfg.py:2609
2026-04-06 00:37:37.902 137231 DEBUG oslo_service.service [req-40fc8413-7a88-49b6-8a3b-e335fe95c15e - - - - -] barbican.barbican_endpoint = None log_opt_values /usr/lib/python3/dist-packages/oslo_config/cfg.py:2609
2026-04-06 00:37:37.901 138772 DEBUG nova.servicegroup.drivers.db [req-2db96e6c-6338-43ad-9030-1d9581a8e78a - - - - -] DB_Driver: join new ServiceGroup member juju-f042a9-0-lxd-7 to the scheduler group, service = join /usr/lib/python3/dist-packages/nova/servicegroup/drivers/db.py:44
2026-04-06 00:37:37.902 137231 DEBUG oslo_service.service [req-40fc8413-7a88-49b6-8a3b-e335fe95c15e - - - - -] barbican.barbican_endpoint_type = public log_opt_values /usr/lib/python3/dist-packages/oslo_config/cfg.py:2609
2026-04-06 00:37:37.902 137231 DEBUG oslo_service.service [req-40fc8413-7a88-49b6-8a3b-e335fe95c15e - - - - -] barbican.barbican_region_name = None log_opt_values /usr/lib/python3/dist-packages/oslo_config/cfg.py:2609
2026-04-06 00:37:37.902 137231 DEBUG oslo_service.service [req-40fc8413-7a88-49b6-8a3b-e335fe95c15e - - - - -] barbican.cafile = None log_opt_values /usr/lib/python3/dist-packages/oslo_config/cfg.py:2609
2026-04-06 00:37:37.902 137231 DEBUG oslo_service.service [req-40fc8413-7a88-49b6-8a3b-e335fe95c15e - - - - -] barbican.certfile = None log_opt_values /usr/lib/python3/dist-packages/oslo_config/cfg.py:2609
2026-04-06 00:37:37.902 137231 DEBUG oslo_service.service [req-40fc8413-7a88-49b6-8a3b-e335fe95c15e - - - - -] barbican.collect_timing = False log_opt_values /usr/lib/python3/dist-packages/oslo_config/cfg.py:2609
2026-04-06 00:37:37.903 137231 DEBUG oslo_service.service [req-40fc8413-7a88-49b6-8a3b-e335fe95c15e - - - - -] barbican.insecure = False log_opt_values /usr/lib/python3/dist-packages/oslo_config/cfg.py:2609
2026-04-06 00:37:37.903 137231 DEBUG oslo_service.service [req-40fc8413-7a88-49b6-8a3b-e335fe95c15e - - - - -] barbican.keyfile = None log_opt_values /usr/lib/python3/dist-packages/oslo_config/cfg.py:2609
2026-04-06 00:37:37.904 137231 DEBUG oslo_service.service [req-40fc8413-7a88-49b6-8a3b-e335fe95c15e - - - - -] barbican.number_of_retries = 60 log_opt_values /usr/lib/python3/dist-packages/oslo_config/cfg.py:2609
2026-04-06 00:37:37.904 137231 DEBUG oslo_service.service [req-40fc8413-7a88-49b6-8a3b-e335fe95c15e - - - - -] barbican.retry_delay = 1 log_opt_values /usr/lib/python3/dist-packages/oslo_config/cfg.py:2609
2026-04-06 00:37:37.904 137231 DEBUG oslo_service.service [req-40fc8413-7a88-49b6-8a3b-e335fe95c15e - - - - -] barbican.send_service_user_token = False log_opt_values /usr/lib/python3/dist-packages/oslo_config/cfg.py:2609
2026-04-06 00:37:37.904 137231 DEBUG oslo_service.service [req-40fc8413-7a88-49b6-8a3b-e335fe95c15e - - - - -] barbican.split_loggers = False log_opt_values /usr/lib/python3/dist-packages/oslo_config/cfg.py:2609
2026-04-06 00:37:37.904 138772 DEBUG oslo_messaging._drivers.amqpdriver [-] AMQPListener connection timeout poll /usr/lib/python3/dist-packages/oslo_messaging/_drivers/amqpdriver.py:360
2026-04-06 00:37:37.904 137231 DEBUG oslo_service.service [req-40fc8413-7a88-49b6-8a3b-e335fe95c15e - - - - -] barbican.timeout = None log_opt_values /usr/lib/python3/dist-packages/oslo_config/cfg.py:2609
2026-04-06 00:37:37.904 138772 DEBUG oslo_messaging._drivers.amqpdriver [-] Listener is running poll /usr/lib/python3/dist-packages/oslo_messaging/_drivers/amqpdriver.py:343
2026-04-06 00:37:37.904 137231 DEBUG oslo_service.service [req-40fc8413-7a88-49b6-8a3b-e335fe95c15e - - - - -] barbican.verify_ssl = True log_opt_values /usr/lib/python3/dist-packages/oslo_config/cfg.py:2609
2026-04-06 00:37:37.904 138772 DEBUG oslo_messaging._drivers.amqpdriver [-] AMQPListener connection consume poll /usr/lib/python3/dist-packages/oslo_messaging/_drivers/amqpdriver.py:357
2026-04-06 00:37:37.905 137231 DEBUG oslo_service.service [req-40fc8413-7a88-49b6-8a3b-e335fe95c15e - - - - -] barbican.verify_ssl_path = None log_opt_values /usr/lib/python3/dist-packages/oslo_config/cfg.py:2609
2026-04-06 00:37:37.905 137231 DEBUG oslo_service.service [req-40fc8413-7a88-49b6-8a3b-e335fe95c15e - - - - -] barbican_service_user.auth_section = None log_opt_values /usr/lib/python3/dist-packages/oslo_config/cfg.py:2609
2026-04-06 00:37:37.905 137231 DEBUG oslo_service.service [req-40fc8413-7a88-49b6-8a3b-e335fe95c15e - - - - -] barbican_service_user.auth_type = None log_opt_values /usr/lib/python3/dist-packages/oslo_config/cfg.py:2609
2026-04-06 00:37:37.905 137231 DEBUG oslo_service.service [req-40fc8413-7a88-49b6-8a3b-e335fe95c15e - - - - -] barbican_service_user.cafile = None log_opt_values /usr/lib/python3/dist-packages/oslo_config/cfg.py:2609
2026-04-06 00:37:37.905 137231 DEBUG oslo_service.service [req-40fc8413-7a88-49b6-8a3b-e335fe95c15e - - - - -] barbican_service_user.certfile = None log_opt_values /usr/lib/python3/dist-packages/oslo_config/cfg.py:2609
2026-04-06 00:37:37.905 137231 DEBUG oslo_service.service [req-40fc8413-7a88-49b6-8a3b-e335fe95c15e - - - - -] barbican_service_user.collect_timing = False log_opt_values /usr/lib/python3/dist-packages/oslo_config/cfg.py:2609
2026-04-06 00:37:37.905 137231 DEBUG oslo_service.service [req-40fc8413-7a88-49b6-8a3b-e335fe95c15e - - - - -] barbican_service_user.insecure = False log_opt_values /usr/lib/python3/dist-packages/oslo_config/cfg.py:2609
2026-04-06 00:37:37.906 137231 DEBUG oslo_service.service [req-40fc8413-7a88-49b6-8a3b-e335fe95c15e - - - - -] barbican_service_user.keyfile = None log_opt_values /usr/lib/python3/dist-packages/oslo_config/cfg.py:2609
2026-04-06 00:37:37.906 137231 DEBUG oslo_service.service [req-40fc8413-7a88-49b6-8a3b-e335fe95c15e - - - - -] barbican_service_user.split_loggers = False log_opt_values /usr/lib/python3/dist-packages/oslo_config/cfg.py:2609
2026-04-06 00:37:37.906 137231 DEBUG oslo_service.service [req-40fc8413-7a88-49b6-8a3b-e335fe95c15e - - - - -] barbican_service_user.timeout = None log_opt_values /usr/lib/python3/dist-packages/oslo_config/cfg.py:2609
2026-04-06 00:37:37.906 137231 DEBUG oslo_service.service [req-40fc8413-7a88-49b6-8a3b-e335fe95c15e - - - - -] vault.approle_role_id = None log_opt_values /usr/lib/python3/dist-packages/oslo_config/cfg.py:2609
2026-04-06 00:37:37.906 137231 DEBUG oslo_service.service [req-40fc8413-7a88-49b6-8a3b-e335fe95c15e - - - - -] vault.approle_secret_id = None log_opt_values /usr/lib/python3/dist-packages/oslo_config/cfg.py:2609
2026-04-06 00:37:37.906 137231 DEBUG oslo_service.service [req-40fc8413-7a88-49b6-8a3b-e335fe95c15e - - - - -] vault.cafile = None log_opt_values /usr/lib/python3/dist-packages/oslo_config/cfg.py:2609
2026-04-06 00:37:37.906 137231 DEBUG oslo_service.service [req-40fc8413-7a88-49b6-8a3b-e335fe95c15e - - - - -] vault.certfile = None log_opt_values /usr/lib/python3/dist-packages/oslo_config/cfg.py:2609
2026-04-06 00:37:37.907 137231 DEBUG oslo_service.service [req-40fc8413-7a88-49b6-8a3b-e335fe95c15e - - - - -] vault.collect_timing = False log_opt_values /usr/lib/python3/dist-packages/oslo_config/cfg.py:2609
2026-04-06 00:37:37.907 137231 DEBUG oslo_service.service [req-40fc8413-7a88-49b6-8a3b-e335fe95c15e - - - - -] vault.insecure = False log_opt_values /usr/lib/python3/dist-packages/oslo_config/cfg.py:2609
2026-04-06 00:37:37.907 137231 DEBUG oslo_service.service [req-40fc8413-7a88-49b6-8a3b-e335fe95c15e - - - - -] vault.keyfile = None log_opt_values /usr/lib/python3/dist-packages/oslo_config/cfg.py:2609
2026-04-06 00:37:37.907 137231 DEBUG oslo_service.service [req-40fc8413-7a88-49b6-8a3b-e335fe95c15e - - - - -] vault.kv_mountpoint = secret log_opt_values /usr/lib/python3/dist-packages/oslo_config/cfg.py:2609
2026-04-06 00:37:37.907 137231 DEBUG oslo_service.service [req-40fc8413-7a88-49b6-8a3b-e335fe95c15e - - - - -] vault.kv_version = 2 log_opt_values /usr/lib/python3/dist-packages/oslo_config/cfg.py:2609
2026-04-06 00:37:37.908 137231 DEBUG oslo_service.service [req-40fc8413-7a88-49b6-8a3b-e335fe95c15e - - - - -] vault.namespace = None log_opt_values /usr/lib/python3/dist-packages/oslo_config/cfg.py:2609
2026-04-06 00:37:37.908 137231 DEBUG oslo_service.service [req-40fc8413-7a88-49b6-8a3b-e335fe95c15e - - - - -] vault.root_token_id = None log_opt_values /usr/lib/python3/dist-packages/oslo_config/cfg.py:2609
2026-04-06 00:37:37.908 137231 DEBUG oslo_service.service [req-40fc8413-7a88-49b6-8a3b-e335fe95c15e - - - - -] vault.split_loggers = False log_opt_values /usr/lib/python3/dist-packages/oslo_config/cfg.py:2609
2026-04-06 00:37:37.908 137231 DEBUG oslo_service.service [req-40fc8413-7a88-49b6-8a3b-e335fe95c15e - - - - -] vault.ssl_ca_crt_file = None log_opt_values /usr/lib/python3/dist-packages/oslo_config/cfg.py:2609
2026-04-06 00:37:37.908 137231 DEBUG oslo_service.service [req-40fc8413-7a88-49b6-8a3b-e335fe95c15e - - - - -] vault.timeout = None log_opt_values /usr/lib/python3/dist-packages/oslo_config/cfg.py:2609
2026-04-06 00:37:37.908 137231 DEBUG oslo_service.service [req-40fc8413-7a88-49b6-8a3b-e335fe95c15e - - - - -] vault.use_ssl = False log_opt_values /usr/lib/python3/dist-packages/oslo_config/cfg.py:2609
2026-04-06 00:37:37.908 137231 DEBUG oslo_service.service [req-40fc8413-7a88-49b6-8a3b-e335fe95c15e - - - - -] vault.vault_url = http://127.0.0.1:8200 log_opt_values /usr/lib/python3/dist-packages/oslo_config/cfg.py:2609
2026-04-06 00:37:37.909 137231 DEBUG oslo_service.service [req-40fc8413-7a88-49b6-8a3b-e335fe95c15e - - - - -] keystone.cafile = None log_opt_values /usr/lib/python3/dist-packages/oslo_config/cfg.py:2609
2026-04-06 00:37:37.909 137231 DEBUG oslo_service.service [req-40fc8413-7a88-49b6-8a3b-e335fe95c15e - - - - -] keystone.certfile = None log_opt_values /usr/lib/python3/dist-packages/oslo_config/cfg.py:2609
2026-04-06 00:37:37.909 137231 DEBUG oslo_service.service [req-40fc8413-7a88-49b6-8a3b-e335fe95c15e - - - - -] keystone.collect_timing = False log_opt_values /usr/lib/python3/dist-packages/oslo_config/cfg.py:2609
2026-04-06 00:37:37.909 137231 DEBUG oslo_service.service [req-40fc8413-7a88-49b6-8a3b-e335fe95c15e - - - - -] keystone.connect_retries = None log_opt_values /usr/lib/python3/dist-packages/oslo_config/cfg.py:2609
2026-04-06 00:37:37.909 137231 DEBUG oslo_service.service [req-40fc8413-7a88-49b6-8a3b-e335fe95c15e - - - - -] keystone.connect_retry_delay = None log_opt_values /usr/lib/python3/dist-packages/oslo_config/cfg.py:2609
2026-04-06 00:37:37.909 137231 DEBUG oslo_service.service [req-40fc8413-7a88-49b6-8a3b-e335fe95c15e - - - - -] keystone.endpoint_override = None log_opt_values /usr/lib/python3/dist-packages/oslo_config/cfg.py:2609
2026-04-06 00:37:37.910 137231 DEBUG oslo_service.service [req-40fc8413-7a88-49b6-8a3b-e335fe95c15e - - - - -] keystone.insecure = False log_opt_values /usr/lib/python3/dist-packages/oslo_config/cfg.py:2609
2026-04-06 00:37:37.910 137231 DEBUG oslo_service.service [req-40fc8413-7a88-49b6-8a3b-e335fe95c15e - - - - -] keystone.keyfile = None log_opt_values /usr/lib/python3/dist-packages/oslo_config/cfg.py:2609
2026-04-06 00:37:37.910 137231 DEBUG oslo_service.service [req-40fc8413-7a88-49b6-8a3b-e335fe95c15e - - - - -] keystone.max_version = None log_opt_values /usr/lib/python3/dist-packages/oslo_config/cfg.py:2609
2026-04-06 00:37:37.910 137231 DEBUG oslo_service.service [req-40fc8413-7a88-49b6-8a3b-e335fe95c15e - - - - -] keystone.min_version = None log_opt_values /usr/lib/python3/dist-packages/oslo_config/cfg.py:2609
2026-04-06 00:37:37.910 137231 DEBUG oslo_service.service [req-40fc8413-7a88-49b6-8a3b-e335fe95c15e - - - - -] keystone.region_name = None log_opt_values /usr/lib/python3/dist-packages/oslo_config/cfg.py:2609
2026-04-06 00:37:37.911 137231 DEBUG oslo_service.service [req-40fc8413-7a88-49b6-8a3b-e335fe95c15e - - - - -] keystone.service_name = None log_opt_values /usr/lib/python3/dist-packages/oslo_config/cfg.py:2609
2026-04-06 00:37:37.911 137231 DEBUG oslo_service.service [req-40fc8413-7a88-49b6-8a3b-e335fe95c15e - - - - -] keystone.service_type = identity log_opt_values /usr/lib/python3/dist-packages/oslo_config/cfg.py:2609
2026-04-06 00:37:37.911 137231 DEBUG oslo_service.service [req-40fc8413-7a88-49b6-8a3b-e335fe95c15e - - - - -] keystone.split_loggers = False log_opt_values /usr/lib/python3/dist-packages/oslo_config/cfg.py:2609
2026-04-06 00:37:37.911 137231 DEBUG oslo_service.service [req-40fc8413-7a88-49b6-8a3b-e335fe95c15e - - - - -] keystone.status_code_retries = None log_opt_values /usr/lib/python3/dist-packages/oslo_config/cfg.py:2609
2026-04-06 00:37:37.911 137231 DEBUG oslo_service.service [req-40fc8413-7a88-49b6-8a3b-e335fe95c15e - - - - -] keystone.status_code_retry_delay = None log_opt_values /usr/lib/python3/dist-packages/oslo_config/cfg.py:2609
2026-04-06 00:37:37.911 137231 DEBUG oslo_service.service [req-40fc8413-7a88-49b6-8a3b-e335fe95c15e - - - - -] keystone.timeout = None log_opt_values /usr/lib/python3/dist-packages/oslo_config/cfg.py:2609
2026-04-06 00:37:37.912 137231 DEBUG oslo_service.service [req-40fc8413-7a88-49b6-8a3b-e335fe95c15e - - - - -] keystone.valid_interfaces = ['internal', 'public'] log_opt_values /usr/lib/python3/dist-packages/oslo_config/cfg.py:2609
2026-04-06 00:37:37.912 137231 DEBUG oslo_service.service [req-40fc8413-7a88-49b6-8a3b-e335fe95c15e - - - - -] keystone.version = None log_opt_values /usr/lib/python3/dist-packages/oslo_config/cfg.py:2609
2026-04-06 00:37:37.912 137231 DEBUG oslo_service.service [req-40fc8413-7a88-49b6-8a3b-e335fe95c15e - - - - -] libvirt.connection_uri = log_opt_values /usr/lib/python3/dist-packages/oslo_config/cfg.py:2609
2026-04-06 00:37:37.912 137231 DEBUG oslo_service.service [req-40fc8413-7a88-49b6-8a3b-e335fe95c15e - - - - -] libvirt.cpu_mode = None log_opt_values /usr/lib/python3/dist-packages/oslo_config/cfg.py:2609
2026-04-06 00:37:37.913 137231 DEBUG oslo_service.service [req-40fc8413-7a88-49b6-8a3b-e335fe95c15e - - - - -] libvirt.cpu_model_extra_flags = [] log_opt_values /usr/lib/python3/dist-packages/oslo_config/cfg.py:2609
2026-04-06 00:37:37.913 137231 DEBUG oslo_service.service [req-40fc8413-7a88-49b6-8a3b-e335fe95c15e - - - - -] libvirt.cpu_models = [] log_opt_values /usr/lib/python3/dist-packages/oslo_config/cfg.py:2609
2026-04-06 00:37:37.913 137231 DEBUG oslo_service.service [req-40fc8413-7a88-49b6-8a3b-e335fe95c15e - - - - -] libvirt.device_detach_attempts = 8 log_opt_values /usr/lib/python3/dist-packages/oslo_config/cfg.py:2609
2026-04-06 00:37:37.913 137231 DEBUG oslo_service.service [req-40fc8413-7a88-49b6-8a3b-e335fe95c15e - - - - -] libvirt.device_detach_timeout = 20 log_opt_values /usr/lib/python3/dist-packages/oslo_config/cfg.py:2609
2026-04-06 00:37:37.913 137231 DEBUG oslo_service.service [req-40fc8413-7a88-49b6-8a3b-e335fe95c15e - - - - -] libvirt.disk_cachemodes = [] log_opt_values /usr/lib/python3/dist-packages/oslo_config/cfg.py:2609
2026-04-06 00:37:37.914 137231 DEBUG oslo_service.service [req-40fc8413-7a88-49b6-8a3b-e335fe95c15e - - - - -] libvirt.disk_prefix = None log_opt_values /usr/lib/python3/dist-packages/oslo_config/cfg.py:2609
2026-04-06 00:37:37.914 137231 DEBUG oslo_service.service [req-40fc8413-7a88-49b6-8a3b-e335fe95c15e - - - - -] libvirt.enabled_perf_events = [] log_opt_values /usr/lib/python3/dist-packages/oslo_config/cfg.py:2609
2026-04-06 00:37:37.914 137231 DEBUG oslo_service.service [req-40fc8413-7a88-49b6-8a3b-e335fe95c15e - - - - -] libvirt.file_backed_memory = 0 log_opt_values /usr/lib/python3/dist-packages/oslo_config/cfg.py:2609
2026-04-06 00:37:37.914 137231 DEBUG oslo_service.service [req-40fc8413-7a88-49b6-8a3b-e335fe95c15e - - - - -] libvirt.gid_maps = [] log_opt_values /usr/lib/python3/dist-packages/oslo_config/cfg.py:2609
2026-04-06 00:37:37.914 137231 DEBUG oslo_service.service [req-40fc8413-7a88-49b6-8a3b-e335fe95c15e - - - - -] libvirt.hw_disk_discard = None log_opt_values /usr/lib/python3/dist-packages/oslo_config/cfg.py:2609
2026-04-06 00:37:37.914 137231 DEBUG oslo_service.service [req-40fc8413-7a88-49b6-8a3b-e335fe95c15e - - - - -] libvirt.hw_machine_type = None log_opt_values /usr/lib/python3/dist-packages/oslo_config/cfg.py:2609
2026-04-06 00:37:37.915 137231 DEBUG oslo_service.service [req-40fc8413-7a88-49b6-8a3b-e335fe95c15e - - - - -] libvirt.images_rbd_ceph_conf = log_opt_values /usr/lib/python3/dist-packages/oslo_config/cfg.py:2609
2026-04-06 00:37:37.915 137231 DEBUG oslo_service.service [req-40fc8413-7a88-49b6-8a3b-e335fe95c15e - - - - -] libvirt.images_rbd_glance_copy_poll_interval = 15 log_opt_values /usr/lib/python3/dist-packages/oslo_config/cfg.py:2609
2026-04-06 00:37:37.915 137231 DEBUG oslo_service.service [req-40fc8413-7a88-49b6-8a3b-e335fe95c15e - - - - -] libvirt.images_rbd_glance_copy_timeout = 600 log_opt_values /usr/lib/python3/dist-packages/oslo_config/cfg.py:2609
2026-04-06 00:37:37.915 137231 DEBUG oslo_service.service [req-40fc8413-7a88-49b6-8a3b-e335fe95c15e - - - - -] libvirt.images_rbd_glance_store_name = log_opt_values /usr/lib/python3/dist-packages/oslo_config/cfg.py:2609
2026-04-06 00:37:37.915 137231 DEBUG oslo_service.service [req-40fc8413-7a88-49b6-8a3b-e335fe95c15e - - - - -] libvirt.images_rbd_pool = rbd log_opt_values /usr/lib/python3/dist-packages/oslo_config/cfg.py:2609
2026-04-06 00:37:37.916 137231 DEBUG oslo_service.service [req-40fc8413-7a88-49b6-8a3b-e335fe95c15e - - - - -] libvirt.images_type = default log_opt_values /usr/lib/python3/dist-packages/oslo_config/cfg.py:2609
2026-04-06 00:37:37.916 137231 DEBUG oslo_service.service [req-40fc8413-7a88-49b6-8a3b-e335fe95c15e - - - - -] libvirt.images_volume_group = None log_opt_values /usr/lib/python3/dist-packages/oslo_config/cfg.py:2609
2026-04-06 00:37:37.916 137231 DEBUG oslo_service.service [req-40fc8413-7a88-49b6-8a3b-e335fe95c15e - - - - -] libvirt.inject_key = False log_opt_values /usr/lib/python3/dist-packages/oslo_config/cfg.py:2609
2026-04-06 00:37:37.916 137231 DEBUG oslo_service.service [req-40fc8413-7a88-49b6-8a3b-e335fe95c15e - - - - -] libvirt.inject_partition = -2 log_opt_values /usr/lib/python3/dist-packages/oslo_config/cfg.py:2609
2026-04-06 00:37:37.916 137231 DEBUG oslo_service.service [req-40fc8413-7a88-49b6-8a3b-e335fe95c15e - - - - -] libvirt.inject_password = False log_opt_values /usr/lib/python3/dist-packages/oslo_config/cfg.py:2609
2026-04-06 00:37:37.916 137231 DEBUG oslo_service.service [req-40fc8413-7a88-49b6-8a3b-e335fe95c15e - - - - -] libvirt.iscsi_iface = None log_opt_values /usr/lib/python3/dist-packages/oslo_config/cfg.py:2609
2026-04-06 00:37:37.917 137231 DEBUG oslo_service.service [req-40fc8413-7a88-49b6-8a3b-e335fe95c15e - - - - -] libvirt.iser_use_multipath = False log_opt_values /usr/lib/python3/dist-packages/oslo_config/cfg.py:2609
2026-04-06 00:37:37.917 137231 DEBUG oslo_service.service [req-40fc8413-7a88-49b6-8a3b-e335fe95c15e - - - - -] libvirt.live_migration_bandwidth = 0 log_opt_values /usr/lib/python3/dist-packages/oslo_config/cfg.py:2609
2026-04-06 00:37:37.917 137231 DEBUG oslo_service.service [req-40fc8413-7a88-49b6-8a3b-e335fe95c15e - - - - -] libvirt.live_migration_completion_timeout = 800 log_opt_values /usr/lib/python3/dist-packages/oslo_config/cfg.py:2609
2026-04-06 00:37:37.917 137231 DEBUG oslo_service.service [req-40fc8413-7a88-49b6-8a3b-e335fe95c15e - - - - -] libvirt.live_migration_downtime = 500 log_opt_values /usr/lib/python3/dist-packages/oslo_config/cfg.py:2609
2026-04-06 00:37:37.917 137231 DEBUG oslo_service.service [req-40fc8413-7a88-49b6-8a3b-e335fe95c15e - - - - -] libvirt.live_migration_downtime_delay = 75 log_opt_values /usr/lib/python3/dist-packages/oslo_config/cfg.py:2609
2026-04-06 00:37:37.917 137231 DEBUG oslo_service.service [req-40fc8413-7a88-49b6-8a3b-e335fe95c15e - - - - -] libvirt.live_migration_downtime_steps = 10 log_opt_values /usr/lib/python3/dist-packages/oslo_config/cfg.py:2609
2026-04-06 00:37:37.918 137231 DEBUG oslo_service.service [req-40fc8413-7a88-49b6-8a3b-e335fe95c15e - - - - -] libvirt.live_migration_inbound_addr = None log_opt_values /usr/lib/python3/dist-packages/oslo_config/cfg.py:2609
2026-04-06 00:37:37.918 137231 DEBUG oslo_service.service [req-40fc8413-7a88-49b6-8a3b-e335fe95c15e - - - - -] libvirt.live_migration_permit_auto_converge = False log_opt_values /usr/lib/python3/dist-packages/oslo_config/cfg.py:2609
2026-04-06 00:37:37.918 137231 DEBUG oslo_service.service [req-40fc8413-7a88-49b6-8a3b-e335fe95c15e - - - - -] libvirt.live_migration_permit_post_copy = False log_opt_values /usr/lib/python3/dist-packages/oslo_config/cfg.py:2609
2026-04-06 00:37:37.918 137231 DEBUG oslo_service.service [req-40fc8413-7a88-49b6-8a3b-e335fe95c15e - - - - -] libvirt.live_migration_scheme = None log_opt_values /usr/lib/python3/dist-packages/oslo_config/cfg.py:2609
2026-04-06 00:37:37.918 137231 DEBUG oslo_service.service [req-40fc8413-7a88-49b6-8a3b-e335fe95c15e - - - - -] libvirt.live_migration_timeout_action = abort log_opt_values /usr/lib/python3/dist-packages/oslo_config/cfg.py:2609
2026-04-06 00:37:37.918 137231 DEBUG oslo_service.service [req-40fc8413-7a88-49b6-8a3b-e335fe95c15e - - - - -] libvirt.live_migration_tunnelled = False log_opt_values /usr/lib/python3/dist-packages/oslo_config/cfg.py:2609
2026-04-06 00:37:37.919 137231 DEBUG oslo_service.service [req-40fc8413-7a88-49b6-8a3b-e335fe95c15e - - - - -] libvirt.live_migration_uri = None log_opt_values /usr/lib/python3/dist-packages/oslo_config/cfg.py:2609
2026-04-06 00:37:37.919 137231 DEBUG oslo_service.service [req-40fc8413-7a88-49b6-8a3b-e335fe95c15e - - - - -] libvirt.live_migration_with_native_tls = False log_opt_values /usr/lib/python3/dist-packages/oslo_config/cfg.py:2609
2026-04-06 00:37:37.919 137231 DEBUG oslo_service.service [req-40fc8413-7a88-49b6-8a3b-e335fe95c15e - - - - -] libvirt.max_queues = None log_opt_values /usr/lib/python3/dist-packages/oslo_config/cfg.py:2609
2026-04-06 00:37:37.919 137231 DEBUG oslo_service.service [req-40fc8413-7a88-49b6-8a3b-e335fe95c15e - - - - -] libvirt.mem_stats_period_seconds = 10 log_opt_values /usr/lib/python3/dist-packages/oslo_config/cfg.py:2609
2026-04-06 00:37:37.919 137231 DEBUG oslo_service.service [req-40fc8413-7a88-49b6-8a3b-e335fe95c15e - - - - -] libvirt.nfs_mount_options = None log_opt_values /usr/lib/python3/dist-packages/oslo_config/cfg.py:2609
2026-04-06 00:37:37.919 137231 DEBUG oslo_service.service [req-40fc8413-7a88-49b6-8a3b-e335fe95c15e - - - - -] libvirt.nfs_mount_point_base = /var/lib/nova/mnt log_opt_values /usr/lib/python3/dist-packages/oslo_config/cfg.py:2609
2026-04-06 00:37:37.920 137231 DEBUG oslo_service.service [req-40fc8413-7a88-49b6-8a3b-e335fe95c15e - - - - -] libvirt.num_aoe_discover_tries = 3 log_opt_values /usr/lib/python3/dist-packages/oslo_config/cfg.py:2609
2026-04-06 00:37:37.920 137231 DEBUG oslo_service.service [req-40fc8413-7a88-49b6-8a3b-e335fe95c15e - - - - -] libvirt.num_iser_scan_tries = 5 log_opt_values /usr/lib/python3/dist-packages/oslo_config/cfg.py:2609
2026-04-06 00:37:37.920 137231 DEBUG oslo_service.service [req-40fc8413-7a88-49b6-8a3b-e335fe95c15e - - - - -] libvirt.num_memory_encrypted_guests = None log_opt_values /usr/lib/python3/dist-packages/oslo_config/cfg.py:2609
2026-04-06 00:37:37.920 137231 DEBUG oslo_service.service [req-40fc8413-7a88-49b6-8a3b-e335fe95c15e - - - - -] libvirt.num_nvme_discover_tries = 5 log_opt_values /usr/lib/python3/dist-packages/oslo_config/cfg.py:2609
2026-04-06 00:37:37.920 137231 DEBUG oslo_service.service [req-40fc8413-7a88-49b6-8a3b-e335fe95c15e - - - - -] libvirt.num_pcie_ports = 0 log_opt_values /usr/lib/python3/dist-packages/oslo_config/cfg.py:2609
2026-04-06 00:37:37.920 137231 DEBUG oslo_service.service [req-40fc8413-7a88-49b6-8a3b-e335fe95c15e - - - - -] libvirt.num_volume_scan_tries = 5 log_opt_values /usr/lib/python3/dist-packages/oslo_config/cfg.py:2609
2026-04-06 00:37:37.921 137231 DEBUG oslo_service.service [req-40fc8413-7a88-49b6-8a3b-e335fe95c15e - - - - -] libvirt.pmem_namespaces = [] log_opt_values /usr/lib/python3/dist-packages/oslo_config/cfg.py:2609
2026-04-06 00:37:37.921 137231 DEBUG oslo_service.service [req-40fc8413-7a88-49b6-8a3b-e335fe95c15e - - - - -] libvirt.quobyte_client_cfg = None log_opt_values /usr/lib/python3/dist-packages/oslo_config/cfg.py:2609
2026-04-06 00:37:37.921 137231 DEBUG oslo_service.service [req-40fc8413-7a88-49b6-8a3b-e335fe95c15e - - - - -] libvirt.quobyte_mount_point_base = /var/lib/nova/mnt log_opt_values /usr/lib/python3/dist-packages/oslo_config/cfg.py:2609
2026-04-06 00:37:37.921 137231 DEBUG oslo_service.service [req-40fc8413-7a88-49b6-8a3b-e335fe95c15e - - - - -] libvirt.rbd_connect_timeout = 5 log_opt_values /usr/lib/python3/dist-packages/oslo_config/cfg.py:2609
2026-04-06 00:37:37.921 137231 DEBUG oslo_service.service [req-40fc8413-7a88-49b6-8a3b-e335fe95c15e - - - - -] libvirt.rbd_destroy_volume_retries = 12 log_opt_values /usr/lib/python3/dist-packages/oslo_config/cfg.py:2609
2026-04-06 00:37:37.921 137231 DEBUG oslo_service.service [req-40fc8413-7a88-49b6-8a3b-e335fe95c15e - - - - -] libvirt.rbd_destroy_volume_retry_interval = 5 log_opt_values /usr/lib/python3/dist-packages/oslo_config/cfg.py:2609
2026-04-06 00:37:37.922 137231 DEBUG oslo_service.service [req-40fc8413-7a88-49b6-8a3b-e335fe95c15e - - - - -] libvirt.rbd_secret_uuid = None log_opt_values /usr/lib/python3/dist-packages/oslo_config/cfg.py:2609
2026-04-06 00:37:37.922 137231 DEBUG oslo_service.service [req-40fc8413-7a88-49b6-8a3b-e335fe95c15e - - - - -] libvirt.rbd_user = None log_opt_values /usr/lib/python3/dist-packages/oslo_config/cfg.py:2609
2026-04-06 00:37:37.922 137231 DEBUG oslo_service.service [req-40fc8413-7a88-49b6-8a3b-e335fe95c15e - - - - -] libvirt.realtime_scheduler_priority = 1 log_opt_values /usr/lib/python3/dist-packages/oslo_config/cfg.py:2609
2026-04-06 00:37:37.922 137231 DEBUG oslo_service.service [req-40fc8413-7a88-49b6-8a3b-e335fe95c15e - - - - -] libvirt.remote_filesystem_transport = ssh log_opt_values /usr/lib/python3/dist-packages/oslo_config/cfg.py:2609
2026-04-06 00:37:37.922 137231 DEBUG oslo_service.service [req-40fc8413-7a88-49b6-8a3b-e335fe95c15e - - - - -] libvirt.rescue_image_id = None log_opt_values /usr/lib/python3/dist-packages/oslo_config/cfg.py:2609
2026-04-06 00:37:37.922 137231 DEBUG oslo_service.service [req-40fc8413-7a88-49b6-8a3b-e335fe95c15e - - - - -] libvirt.rescue_kernel_id = None log_opt_values /usr/lib/python3/dist-packages/oslo_config/cfg.py:2609
2026-04-06 00:37:37.923 137231 DEBUG oslo_service.service [req-40fc8413-7a88-49b6-8a3b-e335fe95c15e - - - - -] libvirt.rescue_ramdisk_id = None log_opt_values /usr/lib/python3/dist-packages/oslo_config/cfg.py:2609
2026-04-06 00:37:37.923 137231 DEBUG oslo_service.service [req-40fc8413-7a88-49b6-8a3b-e335fe95c15e - - - - -] libvirt.rng_dev_path = /dev/urandom log_opt_values /usr/lib/python3/dist-packages/oslo_config/cfg.py:2609
2026-04-06 00:37:37.923 137231 DEBUG oslo_service.service [req-40fc8413-7a88-49b6-8a3b-e335fe95c15e - - - - -] libvirt.rx_queue_size = None log_opt_values /usr/lib/python3/dist-packages/oslo_config/cfg.py:2609
2026-04-06 00:37:37.923 137231 DEBUG oslo_service.service [req-40fc8413-7a88-49b6-8a3b-e335fe95c15e - - - - -] libvirt.smbfs_mount_options = log_opt_values /usr/lib/python3/dist-packages/oslo_config/cfg.py:2609
2026-04-06 00:37:37.924 137231 DEBUG oslo_service.service [req-40fc8413-7a88-49b6-8a3b-e335fe95c15e - - - - -] libvirt.smbfs_mount_point_base = /var/lib/nova/mnt log_opt_values /usr/lib/python3/dist-packages/oslo_config/cfg.py:2609
2026-04-06 00:37:37.924 137231 DEBUG oslo_service.service [req-40fc8413-7a88-49b6-8a3b-e335fe95c15e - - - - -] libvirt.snapshot_compression = False log_opt_values /usr/lib/python3/dist-packages/oslo_config/cfg.py:2609
2026-04-06 00:37:37.924 137231 DEBUG oslo_service.service [req-40fc8413-7a88-49b6-8a3b-e335fe95c15e - - - - -] libvirt.snapshot_image_format = None log_opt_values /usr/lib/python3/dist-packages/oslo_config/cfg.py:2609
2026-04-06 00:37:37.924 137231 DEBUG oslo_service.service [req-40fc8413-7a88-49b6-8a3b-e335fe95c15e - - - - -] libvirt.snapshots_directory = /var/lib/nova/instances/snapshots log_opt_values /usr/lib/python3/dist-packages/oslo_config/cfg.py:2609
2026-04-06 00:37:37.924 137231 DEBUG oslo_service.service [req-40fc8413-7a88-49b6-8a3b-e335fe95c15e - - - - -] libvirt.sparse_logical_volumes = False log_opt_values /usr/lib/python3/dist-packages/oslo_config/cfg.py:2609
2026-04-06 00:37:37.925 137231 DEBUG oslo_service.service [req-40fc8413-7a88-49b6-8a3b-e335fe95c15e - - - - -] libvirt.swtpm_enabled = False log_opt_values /usr/lib/python3/dist-packages/oslo_config/cfg.py:2609
2026-04-06 00:37:37.925 137231 DEBUG oslo_service.service [req-40fc8413-7a88-49b6-8a3b-e335fe95c15e - - - - -] libvirt.swtpm_group = tss log_opt_values /usr/lib/python3/dist-packages/oslo_config/cfg.py:2609
2026-04-06 00:37:37.925 137231 DEBUG oslo_service.service [req-40fc8413-7a88-49b6-8a3b-e335fe95c15e - - - - -] libvirt.swtpm_user = tss log_opt_values /usr/lib/python3/dist-packages/oslo_config/cfg.py:2609
2026-04-06 00:37:37.925 137231 DEBUG oslo_service.service [req-40fc8413-7a88-49b6-8a3b-e335fe95c15e - - - - -] libvirt.sysinfo_serial = unique log_opt_values /usr/lib/python3/dist-packages/oslo_config/cfg.py:2609
2026-04-06 00:37:37.925 137231 DEBUG oslo_service.service [req-40fc8413-7a88-49b6-8a3b-e335fe95c15e - - - - -] libvirt.tx_queue_size = None log_opt_values /usr/lib/python3/dist-packages/oslo_config/cfg.py:2609
2026-04-06 00:37:37.926 137231 DEBUG oslo_service.service [req-40fc8413-7a88-49b6-8a3b-e335fe95c15e - - - - -] libvirt.uid_maps = [] log_opt_values /usr/lib/python3/dist-packages/oslo_config/cfg.py:2609
2026-04-06 00:37:37.926 137231 DEBUG oslo_service.service [req-40fc8413-7a88-49b6-8a3b-e335fe95c15e - - - - -] libvirt.use_virtio_for_bridges = True log_opt_values /usr/lib/python3/dist-packages/oslo_config/cfg.py:2609
