2026-04-06 01:47:46.012 7 DEBUG oslo_service.service [-] ml2_type_vlan.network_vlan_ranges = [] log_opt_values /var/lib/kolla/venv/lib/python3.6/site-packages/oslo_config/cfg.py:2611
2026-04-06 01:47:46.012 7 DEBUG oslo_service.service [-] ml2_type_vxlan.vni_ranges = [] log_opt_values /var/lib/kolla/venv/lib/python3.6/site-packages/oslo_config/cfg.py:2611
2026-04-06 01:47:46.012 7 DEBUG oslo_service.service [-] ml2_type_vxlan.vxlan_group = None log_opt_values /var/lib/kolla/venv/lib/python3.6/site-packages/oslo_config/cfg.py:2611
2026-04-06 01:47:46.012 7 DEBUG oslo_service.service [-] database.backend = sqlalchemy log_opt_values /var/lib/kolla/venv/lib/python3.6/site-packages/oslo_config/cfg.py:2611
2026-04-06 01:47:46.012 7 DEBUG oslo_service.service [-] database.connection = **** log_opt_values /var/lib/kolla/venv/lib/python3.6/site-packages/oslo_config/cfg.py:2611
2026-04-06 01:47:46.012 7 DEBUG oslo_service.service [-] database.connection_debug = 0 log_opt_values /var/lib/kolla/venv/lib/python3.6/site-packages/oslo_config/cfg.py:2611
2026-04-06 01:47:46.012 7 DEBUG oslo_service.service [-] database.connection_parameters = log_opt_values /var/lib/kolla/venv/lib/python3.6/site-packages/oslo_config/cfg.py:2611
2026-04-06 01:47:46.012 7 DEBUG oslo_service.service [-] database.connection_recycle_time = 10 log_opt_values /var/lib/kolla/venv/lib/python3.6/site-packages/oslo_config/cfg.py:2611
2026-04-06 01:47:46.012 7 DEBUG oslo_service.service [-] database.connection_trace = False log_opt_values /var/lib/kolla/venv/lib/python3.6/site-packages/oslo_config/cfg.py:2611
2026-04-06 01:47:46.012 7 DEBUG oslo_service.service [-] database.db_inc_retry_interval = True log_opt_values /var/lib/kolla/venv/lib/python3.6/site-packages/oslo_config/cfg.py:2611
2026-04-06 01:47:46.013 7 DEBUG oslo_service.service [-] database.db_max_retries = 20 log_opt_values /var/lib/kolla/venv/lib/python3.6/site-packages/oslo_config/cfg.py:2611
2026-04-06 01:47:46.013 7 DEBUG oslo_service.service [-] database.db_max_retry_interval = 10 log_opt_values /var/lib/kolla/venv/lib/python3.6/site-packages/oslo_config/cfg.py:2611
2026-04-06 01:47:46.013 7 DEBUG oslo_service.service [-] database.db_retry_interval = 1 log_opt_values /var/lib/kolla/venv/lib/python3.6/site-packages/oslo_config/cfg.py:2611
2026-04-06 01:47:46.013 7 DEBUG oslo_service.service [-] database.max_overflow = 50 log_opt_values /var/lib/kolla/venv/lib/python3.6/site-packages/oslo_config/cfg.py:2611
2026-04-06 01:47:46.013 7 DEBUG oslo_service.service [-] database.max_pool_size = 1 log_opt_values /var/lib/kolla/venv/lib/python3.6/site-packages/oslo_config/cfg.py:2611
2026-04-06 01:47:46.013 7 DEBUG oslo_service.service [-] database.max_retries = -1 log_opt_values /var/lib/kolla/venv/lib/python3.6/site-packages/oslo_config/cfg.py:2611
2026-04-06 01:47:46.013 7 DEBUG oslo_service.service [-] database.mysql_enable_ndb = False log_opt_values /var/lib/kolla/venv/lib/python3.6/site-packages/oslo_config/cfg.py:2611
2026-04-06 01:47:46.013 7 DEBUG oslo_service.service [-] database.mysql_sql_mode = TRADITIONAL log_opt_values /var/lib/kolla/venv/lib/python3.6/site-packages/oslo_config/cfg.py:2611
2026-04-06 01:47:46.013 7 DEBUG oslo_service.service [-] database.pool_timeout = None log_opt_values /var/lib/kolla/venv/lib/python3.6/site-packages/oslo_config/cfg.py:2611
2026-04-06 01:47:46.013 7 DEBUG oslo_service.service [-] database.retry_interval = 10 log_opt_values /var/lib/kolla/venv/lib/python3.6/site-packages/oslo_config/cfg.py:2611
2026-04-06 01:47:46.013 7 DEBUG oslo_service.service [-] database.slave_connection = **** log_opt_values /var/lib/kolla/venv/lib/python3.6/site-packages/oslo_config/cfg.py:2611
2026-04-06 01:47:46.013 7 DEBUG oslo_service.service [-] database.sqlite_synchronous = True log_opt_values /var/lib/kolla/venv/lib/python3.6/site-packages/oslo_config/cfg.py:2611
2026-04-06 01:47:46.013 7 DEBUG oslo_service.service [-] database.use_db_reconnect = False log_opt_values /var/lib/kolla/venv/lib/python3.6/site-packages/oslo_config/cfg.py:2611
2026-04-06 01:47:46.013 7 DEBUG oslo_service.service [-] ******************************************************************************** log_opt_values /var/lib/kolla/venv/lib/python3.6/site-packages/oslo_config/cfg.py:2613
2026-04-06 01:47:47.877 22 DEBUG neutron.wsgi [-] (22) accepted ('10.0.0.41', 50884) server /var/lib/kolla/venv/lib/python3.6/site-packages/eventlet/wsgi.py:1004
2026-04-06 01:47:47.883 22 INFO neutron.wsgi [-] 10.0.0.41 "GET / HTTP/1.1" status: 200 len: 227 time: 0.0046628
2026-04-06 01:47:49.511 24 DEBUG neutron.api.rpc.handlers.dhcp_rpc [req-110e68b5-7003-47f4-8454-d7f6307a6604 - - - - -] get_active_networks_info from cn-jenkins-deploy-platform-ansible-os-5595-1 get_active_networks_info /var/lib/kolla/venv/lib/python3.6/site-packages/neutron/api/rpc/handlers/dhcp_rpc.py:159
2026-04-06 01:47:49.532 26 DEBUG neutron_lib.callbacks.manager [req-e4f9cd98-c001-429f-8178-d92043de9d9e - - - - -] Publish callbacks ['neutron.services.segments.db._update_segment_host_mapping_for_agent-8751755900992', 'neutron.services.l3_router.l3_router_plugin.DVRResourceOperationHandler.create_fip_agent_gw_ports-649661'] for agent (2bb452cb-68a1-444f-a11f-2d07d31ee0e1), after_create _notify_loop /var/lib/kolla/venv/lib/python3.6/site-packages/neutron_lib/callbacks/manager.py:177
2026-04-06 01:47:49.546 24 DEBUG neutron.scheduler.dhcp_agent_scheduler [req-110e68b5-7003-47f4-8454-d7f6307a6604 - - - - -] No non-hosted networks auto_schedule_networks /var/lib/kolla/venv/lib/python3.6/site-packages/neutron/scheduler/dhcp_agent_scheduler.py:60
2026-04-06 01:48:00.445 27 DEBUG neutron_lib.callbacks.manager [req-1dad203d-e120-4d25-83e4-80443adfa107 - - - - -] Publish callbacks ['neutron.services.segments.db._update_segment_host_mapping_for_agent-8751755900992', 'neutron.services.l3_router.l3_router_plugin.DVRResourceOperationHandler.create_fip_agent_gw_ports-649661'] for agent (dc06700a-264b-4dfa-b44a-dfaac11af944), after_create _notify_loop /var/lib/kolla/venv/lib/python3.6/site-packages/neutron_lib/callbacks/manager.py:177
2026-04-06 01:48:17.923 22 DEBUG neutron.wsgi [-] (22) accepted ('10.0.0.41', 57236) server /var/lib/kolla/venv/lib/python3.6/site-packages/eventlet/wsgi.py:1004
2026-04-06 01:48:17.927 22 INFO neutron.wsgi [-] 10.0.0.41 "GET / HTTP/1.1" status: 200 len: 227 time: 0.0029678
2026-04-06 01:48:19.527 28 DEBUG neutron_lib.callbacks.manager [req-8b89edba-0dc7-4dd5-a963-5543252375f0 - - - - -] Publish callbacks ['neutron.services.segments.db._update_segment_host_mapping_for_agent-8751755900992', 'neutron.plugins.ml2.plugin.Ml2Plugin._retry_binding_revived_agents-1845267'] for agent (2bb452cb-68a1-444f-a11f-2d07d31ee0e1), after_update _notify_loop /var/lib/kolla/venv/lib/python3.6/site-packages/neutron_lib/callbacks/manager.py:177
2026-04-06 01:48:30.431 23 DEBUG neutron_lib.callbacks.manager [req-1dad203d-e120-4d25-83e4-80443adfa107 - - - - -] Publish callbacks ['neutron.services.segments.db._update_segment_host_mapping_for_agent-8751755900992', 'neutron.plugins.ml2.plugin.Ml2Plugin._retry_binding_revived_agents-1845267'] for agent (dc06700a-264b-4dfa-b44a-dfaac11af944), after_update _notify_loop /var/lib/kolla/venv/lib/python3.6/site-packages/neutron_lib/callbacks/manager.py:177
2026-04-06 01:48:31.943 29 DEBUG neutron.db.agents_db [req-90250f61-7614-412e-a7d2-e39b829e5c40 - - - - -] Agent healthcheck: found 2 active agents agent_health_check /var/lib/kolla/venv/lib/python3.6/site-packages/neutron/db/agents_db.py:318
2026-04-06 01:48:47.964 22 DEBUG neutron.wsgi [-] (22) accepted ('10.0.0.41', 52892) server /var/lib/kolla/venv/lib/python3.6/site-packages/eventlet/wsgi.py:1004
2026-04-06 01:48:47.967 22 INFO neutron.wsgi [-] 10.0.0.41 "GET / HTTP/1.1" status: 200 len: 227 time: 0.0025678
2026-04-06 01:48:49.532 25 DEBUG neutron_lib.callbacks.manager [req-3399ed86-0f5d-4e54-8e9f-ea134c5540cb - - - - -] Publish callbacks ['neutron.services.segments.db._update_segment_host_mapping_for_agent-8751755900992', 'neutron.plugins.ml2.plugin.Ml2Plugin._retry_binding_revived_agents-1845267'] for agent (2bb452cb-68a1-444f-a11f-2d07d31ee0e1), after_update _notify_loop /var/lib/kolla/venv/lib/python3.6/site-packages/neutron_lib/callbacks/manager.py:177
2026-04-06 01:49:00.424 24 DEBUG neutron_lib.callbacks.manager [req-1dad203d-e120-4d25-83e4-80443adfa107 - - - - -] Publish callbacks ['neutron.services.segments.db._update_segment_host_mapping_for_agent-8751755900992', 'neutron.plugins.ml2.plugin.Ml2Plugin._retry_binding_revived_agents-1845267'] for agent (dc06700a-264b-4dfa-b44a-dfaac11af944), after_update _notify_loop /var/lib/kolla/venv/lib/python3.6/site-packages/neutron_lib/callbacks/manager.py:177
2026-04-06 01:49:08.940 29 DEBUG neutron.db.agents_db [req-90250f61-7614-412e-a7d2-e39b829e5c40 - - - - -] Agent healthcheck: found 2 active agents agent_health_check /var/lib/kolla/venv/lib/python3.6/site-packages/neutron/db/agents_db.py:318
2026-04-06 01:49:18.008 22 DEBUG neutron.wsgi [-] (22) accepted ('10.0.0.41', 53206) server /var/lib/kolla/venv/lib/python3.6/site-packages/eventlet/wsgi.py:1004
2026-04-06 01:49:18.012 22 INFO neutron.wsgi [-] 10.0.0.41 "GET / HTTP/1.1" status: 200 len: 227 time: 0.0025752
2026-04-06 01:49:19.526 26 DEBUG neutron_lib.callbacks.manager [req-c4318789-d151-439f-8456-827b54d13e78 - - - - -] Publish callbacks ['neutron.services.segments.db._update_segment_host_mapping_for_agent-8751755900992', 'neutron.plugins.ml2.plugin.Ml2Plugin._retry_binding_revived_agents-1845267'] for agent (2bb452cb-68a1-444f-a11f-2d07d31ee0e1), after_update _notify_loop /var/lib/kolla/venv/lib/python3.6/site-packages/neutron_lib/callbacks/manager.py:177
2026-04-06 01:49:30.422 27 DEBUG neutron_lib.callbacks.manager [req-1dad203d-e120-4d25-83e4-80443adfa107 - - - - -] Publish callbacks ['neutron.services.segments.db._update_segment_host_mapping_for_agent-8751755900992', 'neutron.plugins.ml2.plugin.Ml2Plugin._retry_binding_revived_agents-1845267'] for agent (dc06700a-264b-4dfa-b44a-dfaac11af944), after_update _notify_loop /var/lib/kolla/venv/lib/python3.6/site-packages/neutron_lib/callbacks/manager.py:177
2026-04-06 01:49:45.943 29 DEBUG neutron.db.agents_db [req-90250f61-7614-412e-a7d2-e39b829e5c40 - - - - -] Agent healthcheck: found 2 active agents agent_health_check /var/lib/kolla/venv/lib/python3.6/site-packages/neutron/db/agents_db.py:318
2026-04-06 01:49:48.050 22 DEBUG neutron.wsgi [-] (22) accepted ('10.0.0.41', 50460) server /var/lib/kolla/venv/lib/python3.6/site-packages/eventlet/wsgi.py:1004
2026-04-06 01:49:48.053 22 INFO neutron.wsgi [-] 10.0.0.41 "GET / HTTP/1.1" status: 200 len: 227 time: 0.0025270
2026-04-06 01:49:49.521 28 DEBUG neutron_lib.callbacks.manager [req-d31eb4c6-09b0-4dac-b89a-b48dcf669640 - - - - -] Publish callbacks ['neutron.services.segments.db._update_segment_host_mapping_for_agent-8751755900992', 'neutron.plugins.ml2.plugin.Ml2Plugin._retry_binding_revived_agents-1845267'] for agent (2bb452cb-68a1-444f-a11f-2d07d31ee0e1), after_update _notify_loop /var/lib/kolla/venv/lib/python3.6/site-packages/neutron_lib/callbacks/manager.py:177
2026-04-06 01:50:00.423 23 DEBUG neutron_lib.callbacks.manager [req-1dad203d-e120-4d25-83e4-80443adfa107 - - - - -] Publish callbacks ['neutron.services.segments.db._update_segment_host_mapping_for_agent-8751755900992', 'neutron.plugins.ml2.plugin.Ml2Plugin._retry_binding_revived_agents-1845267'] for agent (dc06700a-264b-4dfa-b44a-dfaac11af944), after_update _notify_loop /var/lib/kolla/venv/lib/python3.6/site-packages/neutron_lib/callbacks/manager.py:177
2026-04-06 01:50:18.096 22 DEBUG neutron.wsgi [-] (22) accepted ('10.0.0.41', 37276) server /var/lib/kolla/venv/lib/python3.6/site-packages/eventlet/wsgi.py:1004
2026-04-06 01:50:18.101 22 INFO neutron.wsgi [-] 10.0.0.41 "GET / HTTP/1.1" status: 200 len: 227 time: 0.0046456
2026-04-06 01:50:19.525 25 DEBUG neutron_lib.callbacks.manager [req-3fbfa076-ca83-45dc-93bf-08f944a3f5f6 - - - - -] Publish callbacks ['neutron.services.segments.db._update_segment_host_mapping_for_agent-8751755900992', 'neutron.plugins.ml2.plugin.Ml2Plugin._retry_binding_revived_agents-1845267'] for agent (2bb452cb-68a1-444f-a11f-2d07d31ee0e1), after_update _notify_loop /var/lib/kolla/venv/lib/python3.6/site-packages/neutron_lib/callbacks/manager.py:177
2026-04-06 01:50:22.950 29 DEBUG neutron.db.agents_db [req-90250f61-7614-412e-a7d2-e39b829e5c40 - - - - -] Agent healthcheck: found 2 active agents agent_health_check /var/lib/kolla/venv/lib/python3.6/site-packages/neutron/db/agents_db.py:318
2026-04-06 01:50:30.424 24 DEBUG neutron_lib.callbacks.manager [req-1dad203d-e120-4d25-83e4-80443adfa107 - - - - -] Publish callbacks ['neutron.services.segments.db._update_segment_host_mapping_for_agent-8751755900992', 'neutron.plugins.ml2.plugin.Ml2Plugin._retry_binding_revived_agents-1845267'] for agent (dc06700a-264b-4dfa-b44a-dfaac11af944), after_update _notify_loop /var/lib/kolla/venv/lib/python3.6/site-packages/neutron_lib/callbacks/manager.py:177
2026-04-06 01:50:48.143 22 DEBUG neutron.wsgi [-] (22) accepted ('10.0.0.41', 53538) server /var/lib/kolla/venv/lib/python3.6/site-packages/eventlet/wsgi.py:1004
2026-04-06 01:50:48.146 22 INFO neutron.wsgi [-] 10.0.0.41 "GET / HTTP/1.1" status: 200 len: 227 time: 0.0023837
2026-04-06 01:50:49.531 26 DEBUG neutron_lib.callbacks.manager [req-9f0d8952-9987-454a-b734-8920e8a7b27f - - - - -] Publish callbacks ['neutron.services.segments.db._update_segment_host_mapping_for_agent-8751755900992', 'neutron.plugins.ml2.plugin.Ml2Plugin._retry_binding_revived_agents-1845267'] for agent (2bb452cb-68a1-444f-a11f-2d07d31ee0e1), after_update _notify_loop /var/lib/kolla/venv/lib/python3.6/site-packages/neutron_lib/callbacks/manager.py:177
2026-04-06 01:50:59.961 29 DEBUG neutron.db.agents_db [req-90250f61-7614-412e-a7d2-e39b829e5c40 - - - - -] Agent healthcheck: found 2 active agents agent_health_check /var/lib/kolla/venv/lib/python3.6/site-packages/neutron/db/agents_db.py:318
2026-04-06 01:51:00.427 27 DEBUG neutron_lib.callbacks.manager [req-1dad203d-e120-4d25-83e4-80443adfa107 - - - - -] Publish callbacks ['neutron.services.segments.db._update_segment_host_mapping_for_agent-8751755900992', 'neutron.plugins.ml2.plugin.Ml2Plugin._retry_binding_revived_agents-1845267'] for agent (dc06700a-264b-4dfa-b44a-dfaac11af944), after_update _notify_loop /var/lib/kolla/venv/lib/python3.6/site-packages/neutron_lib/callbacks/manager.py:177
2026-04-06 01:51:18.186 22 DEBUG neutron.wsgi [-] (22) accepted ('10.0.0.41', 60322) server /var/lib/kolla/venv/lib/python3.6/site-packages/eventlet/wsgi.py:1004
2026-04-06 01:51:18.189 22 INFO neutron.wsgi [-] 10.0.0.41 "GET / HTTP/1.1" status: 200 len: 227 time: 0.0023341
2026-04-06 01:51:19.526 28 DEBUG neutron_lib.callbacks.manager [req-c79828aa-34bc-4d6d-9847-d5fd8a846ba2 - - - - -] Publish callbacks ['neutron.services.segments.db._update_segment_host_mapping_for_agent-8751755900992', 'neutron.plugins.ml2.plugin.Ml2Plugin._retry_binding_revived_agents-1845267'] for agent (2bb452cb-68a1-444f-a11f-2d07d31ee0e1), after_update _notify_loop /var/lib/kolla/venv/lib/python3.6/site-packages/neutron_lib/callbacks/manager.py:177
2026-04-06 01:51:30.428 23 DEBUG neutron_lib.callbacks.manager [req-1dad203d-e120-4d25-83e4-80443adfa107 - - - - -] Publish callbacks ['neutron.services.segments.db._update_segment_host_mapping_for_agent-8751755900992', 'neutron.plugins.ml2.plugin.Ml2Plugin._retry_binding_revived_agents-1845267'] for agent (dc06700a-264b-4dfa-b44a-dfaac11af944), after_update _notify_loop /var/lib/kolla/venv/lib/python3.6/site-packages/neutron_lib/callbacks/manager.py:177
2026-04-06 01:51:36.958 29 DEBUG neutron.db.agents_db [req-90250f61-7614-412e-a7d2-e39b829e5c40 - - - - -] Agent healthcheck: found 2 active agents agent_health_check /var/lib/kolla/venv/lib/python3.6/site-packages/neutron/db/agents_db.py:318
2026-04-06 01:51:48.229 22 DEBUG neutron.wsgi [-] (22) accepted ('10.0.0.41', 53540) server /var/lib/kolla/venv/lib/python3.6/site-packages/eventlet/wsgi.py:1004
2026-04-06 01:51:48.232 22 INFO neutron.wsgi [-] 10.0.0.41 "GET / HTTP/1.1" status: 200 len: 227 time: 0.0024140
2026-04-06 01:51:49.531 25 DEBUG neutron_lib.callbacks.manager [req-e5250990-eda7-4060-9b89-45f2fa65d25f - - - - -] Publish callbacks ['neutron.services.segments.db._update_segment_host_mapping_for_agent-8751755900992', 'neutron.plugins.ml2.plugin.Ml2Plugin._retry_binding_revived_agents-1845267'] for agent (2bb452cb-68a1-444f-a11f-2d07d31ee0e1), after_update _notify_loop /var/lib/kolla/venv/lib/python3.6/site-packages/neutron_lib/callbacks/manager.py:177
2026-04-06 01:52:00.431 24 DEBUG neutron_lib.callbacks.manager [req-1dad203d-e120-4d25-83e4-80443adfa107 - - - - -] Publish callbacks ['neutron.services.segments.db._update_segment_host_mapping_for_agent-8751755900992', 'neutron.plugins.ml2.plugin.Ml2Plugin._retry_binding_revived_agents-1845267'] for agent (dc06700a-264b-4dfa-b44a-dfaac11af944), after_update _notify_loop /var/lib/kolla/venv/lib/python3.6/site-packages/neutron_lib/callbacks/manager.py:177
2026-04-06 01:52:13.955 29 DEBUG neutron.db.agents_db [req-90250f61-7614-412e-a7d2-e39b829e5c40 - - - - -] Agent healthcheck: found 2 active agents agent_health_check /var/lib/kolla/venv/lib/python3.6/site-packages/neutron/db/agents_db.py:318
2026-04-06 01:52:18.274 22 DEBUG neutron.wsgi [-] (22) accepted ('10.0.0.41', 48710) server /var/lib/kolla/venv/lib/python3.6/site-packages/eventlet/wsgi.py:1004
2026-04-06 01:52:18.278 22 INFO neutron.wsgi [-] 10.0.0.41 "GET / HTTP/1.1" status: 200 len: 227 time: 0.0023854
2026-04-06 01:52:19.535 26 DEBUG neutron_lib.callbacks.manager [req-4de661a8-5b10-4800-85a5-7b51f46caf54 - - - - -] Publish callbacks ['neutron.services.segments.db._update_segment_host_mapping_for_agent-8751755900992', 'neutron.plugins.ml2.plugin.Ml2Plugin._retry_binding_revived_agents-1845267'] for agent (2bb452cb-68a1-444f-a11f-2d07d31ee0e1), after_update _notify_loop /var/lib/kolla/venv/lib/python3.6/site-packages/neutron_lib/callbacks/manager.py:177
2026-04-06 01:52:30.434 27 DEBUG neutron_lib.callbacks.manager [req-1dad203d-e120-4d25-83e4-80443adfa107 - - - - -] Publish callbacks ['neutron.services.segments.db._update_segment_host_mapping_for_agent-8751755900992', 'neutron.plugins.ml2.plugin.Ml2Plugin._retry_binding_revived_agents-1845267'] for agent (dc06700a-264b-4dfa-b44a-dfaac11af944), after_update _notify_loop /var/lib/kolla/venv/lib/python3.6/site-packages/neutron_lib/callbacks/manager.py:177
2026-04-06 01:52:48.318 22 DEBUG neutron.wsgi [-] (22) accepted ('10.0.0.41', 37780) server /var/lib/kolla/venv/lib/python3.6/site-packages/eventlet/wsgi.py:1004
2026-04-06 01:52:48.321 22 INFO neutron.wsgi [-] 10.0.0.41 "GET / HTTP/1.1" status: 200 len: 227 time: 0.0028448
2026-04-06 01:52:49.542 28 DEBUG neutron_lib.callbacks.manager [req-be3f5e2d-3d9b-4b6f-8934-5271f176c2f1 - - - - -] Publish callbacks ['neutron.services.segments.db._update_segment_host_mapping_for_agent-8751755900992', 'neutron.plugins.ml2.plugin.Ml2Plugin._retry_binding_revived_agents-1845267'] for agent (2bb452cb-68a1-444f-a11f-2d07d31ee0e1), after_update _notify_loop /var/lib/kolla/venv/lib/python3.6/site-packages/neutron_lib/callbacks/manager.py:177
2026-04-06 01:52:50.961 29 DEBUG neutron.db.agents_db [req-90250f61-7614-412e-a7d2-e39b829e5c40 - - - - -] Agent healthcheck: found 2 active agents agent_health_check /var/lib/kolla/venv/lib/python3.6/site-packages/neutron/db/agents_db.py:318
2026-04-06 01:53:00.437 23 DEBUG neutron_lib.callbacks.manager [req-1dad203d-e120-4d25-83e4-80443adfa107 - - - - -] Publish callbacks ['neutron.services.segments.db._update_segment_host_mapping_for_agent-8751755900992', 'neutron.plugins.ml2.plugin.Ml2Plugin._retry_binding_revived_agents-1845267'] for agent (dc06700a-264b-4dfa-b44a-dfaac11af944), after_update _notify_loop /var/lib/kolla/venv/lib/python3.6/site-packages/neutron_lib/callbacks/manager.py:177
2026-04-06 01:53:18.362 22 DEBUG neutron.wsgi [-] (22) accepted ('10.0.0.41', 53714) server /var/lib/kolla/venv/lib/python3.6/site-packages/eventlet/wsgi.py:1004
2026-04-06 01:53:18.365 22 INFO neutron.wsgi [-] 10.0.0.41 "GET / HTTP/1.1" status: 200 len: 227 time: 0.0024638
2026-04-06 01:53:19.538 25 DEBUG neutron_lib.callbacks.manager [req-d35a06f2-2061-4f3b-9031-915478c78056 - - - - -] Publish callbacks ['neutron.services.segments.db._update_segment_host_mapping_for_agent-8751755900992', 'neutron.plugins.ml2.plugin.Ml2Plugin._retry_binding_revived_agents-1845267'] for agent (2bb452cb-68a1-444f-a11f-2d07d31ee0e1), after_update _notify_loop /var/lib/kolla/venv/lib/python3.6/site-packages/neutron_lib/callbacks/manager.py:177
2026-04-06 01:53:27.956 29 DEBUG neutron.db.agents_db [req-90250f61-7614-412e-a7d2-e39b829e5c40 - - - - -] Agent healthcheck: found 2 active agents agent_health_check /var/lib/kolla/venv/lib/python3.6/site-packages/neutron/db/agents_db.py:318
2026-04-06 01:53:30.437 24 DEBUG neutron_lib.callbacks.manager [req-1dad203d-e120-4d25-83e4-80443adfa107 - - - - -] Publish callbacks ['neutron.services.segments.db._update_segment_host_mapping_for_agent-8751755900992', 'neutron.plugins.ml2.plugin.Ml2Plugin._retry_binding_revived_agents-1845267'] for agent (dc06700a-264b-4dfa-b44a-dfaac11af944), after_update _notify_loop /var/lib/kolla/venv/lib/python3.6/site-packages/neutron_lib/callbacks/manager.py:177
2026-04-06 01:53:48.411 22 DEBUG neutron.wsgi [-] (22) accepted ('10.0.0.41', 42262) server /var/lib/kolla/venv/lib/python3.6/site-packages/eventlet/wsgi.py:1004
2026-04-06 01:53:48.414 22 INFO neutron.wsgi [-] 10.0.0.41 "GET / HTTP/1.1" status: 200 len: 227 time: 0.0024431
2026-04-06 01:53:49.543 26 DEBUG neutron_lib.callbacks.manager [req-59f4ebeb-b476-4003-954c-f66dc071cd65 - - - - -] Publish callbacks ['neutron.services.segments.db._update_segment_host_mapping_for_agent-8751755900992', 'neutron.plugins.ml2.plugin.Ml2Plugin._retry_binding_revived_agents-1845267'] for agent (2bb452cb-68a1-444f-a11f-2d07d31ee0e1), after_update _notify_loop /var/lib/kolla/venv/lib/python3.6/site-packages/neutron_lib/callbacks/manager.py:177
2026-04-06 01:54:00.439 27 DEBUG neutron_lib.callbacks.manager [req-1dad203d-e120-4d25-83e4-80443adfa107 - - - - -] Publish callbacks ['neutron.services.segments.db._update_segment_host_mapping_for_agent-8751755900992', 'neutron.plugins.ml2.plugin.Ml2Plugin._retry_binding_revived_agents-1845267'] for agent (dc06700a-264b-4dfa-b44a-dfaac11af944), after_update _notify_loop /var/lib/kolla/venv/lib/python3.6/site-packages/neutron_lib/callbacks/manager.py:177
2026-04-06 01:54:04.962 29 DEBUG neutron.db.agents_db [req-90250f61-7614-412e-a7d2-e39b829e5c40 - - - - -] Agent healthcheck: found 2 active agents agent_health_check /var/lib/kolla/venv/lib/python3.6/site-packages/neutron/db/agents_db.py:318
2026-04-06 01:54:18.454 22 DEBUG neutron.wsgi [-] (22) accepted ('10.0.0.41', 49878) server /var/lib/kolla/venv/lib/python3.6/site-packages/eventlet/wsgi.py:1004
2026-04-06 01:54:18.457 22 INFO neutron.wsgi [-] 10.0.0.41 "GET / HTTP/1.1" status: 200 len: 227 time: 0.0025203
2026-04-06 01:54:19.547 28 DEBUG neutron_lib.callbacks.manager [req-745b4fa8-9330-4c3d-a6d2-8e0094c4f28a - - - - -] Publish callbacks ['neutron.services.segments.db._update_segment_host_mapping_for_agent-8751755900992', 'neutron.plugins.ml2.plugin.Ml2Plugin._retry_binding_revived_agents-1845267'] for agent (2bb452cb-68a1-444f-a11f-2d07d31ee0e1), after_update _notify_loop /var/lib/kolla/venv/lib/python3.6/site-packages/neutron_lib/callbacks/manager.py:177
2026-04-06 01:54:30.442 23 DEBUG neutron_lib.callbacks.manager [req-1dad203d-e120-4d25-83e4-80443adfa107 - - - - -] Publish callbacks ['neutron.services.segments.db._update_segment_host_mapping_for_agent-8751755900992', 'neutron.plugins.ml2.plugin.Ml2Plugin._retry_binding_revived_agents-1845267'] for agent (dc06700a-264b-4dfa-b44a-dfaac11af944), after_update _notify_loop /var/lib/kolla/venv/lib/python3.6/site-packages/neutron_lib/callbacks/manager.py:177
2026-04-06 01:54:41.969 29 DEBUG neutron.db.agents_db [req-90250f61-7614-412e-a7d2-e39b829e5c40 - - - - -] Agent healthcheck: found 2 active agents agent_health_check /var/lib/kolla/venv/lib/python3.6/site-packages/neutron/db/agents_db.py:318
2026-04-06 01:54:48.498 22 DEBUG neutron.wsgi [-] (22) accepted ('10.0.0.41', 44638) server /var/lib/kolla/venv/lib/python3.6/site-packages/eventlet/wsgi.py:1004
2026-04-06 01:54:48.501 22 INFO neutron.wsgi [-] 10.0.0.41 "GET / HTTP/1.1" status: 200 len: 227 time: 0.0024357
2026-04-06 01:54:49.551 25 DEBUG neutron_lib.callbacks.manager [req-06a92356-9501-4751-bed4-43709bf3321d - - - - -] Publish callbacks ['neutron.services.segments.db._update_segment_host_mapping_for_agent-8751755900992', 'neutron.plugins.ml2.plugin.Ml2Plugin._retry_binding_revived_agents-1845267'] for agent (2bb452cb-68a1-444f-a11f-2d07d31ee0e1), after_update _notify_loop /var/lib/kolla/venv/lib/python3.6/site-packages/neutron_lib/callbacks/manager.py:177
2026-04-06 01:55:00.444 24 DEBUG neutron_lib.callbacks.manager [req-1dad203d-e120-4d25-83e4-80443adfa107 - - - - -] Publish callbacks ['neutron.services.segments.db._update_segment_host_mapping_for_agent-8751755900992', 'neutron.plugins.ml2.plugin.Ml2Plugin._retry_binding_revived_agents-1845267'] for agent (dc06700a-264b-4dfa-b44a-dfaac11af944), after_update _notify_loop /var/lib/kolla/venv/lib/python3.6/site-packages/neutron_lib/callbacks/manager.py:177
2026-04-06 01:55:18.555 22 DEBUG neutron.wsgi [-] (22) accepted ('10.0.0.41', 45752) server /var/lib/kolla/venv/lib/python3.6/site-packages/eventlet/wsgi.py:1004
2026-04-06 01:55:18.559 22 INFO neutron.wsgi [-] 10.0.0.41 "GET / HTTP/1.1" status: 200 len: 227 time: 0.0035105
2026-04-06 01:55:18.964 29 DEBUG neutron.db.agents_db [req-90250f61-7614-412e-a7d2-e39b829e5c40 - - - - -] Agent healthcheck: found 2 active agents agent_health_check /var/lib/kolla/venv/lib/python3.6/site-packages/neutron/db/agents_db.py:318
2026-04-06 01:55:19.555 26 DEBUG neutron_lib.callbacks.manager [req-ec3095ce-c1f4-4388-b427-c58a976e8c8e - - - - -] Publish callbacks ['neutron.services.segments.db._update_segment_host_mapping_for_agent-8751755900992', 'neutron.plugins.ml2.plugin.Ml2Plugin._retry_binding_revived_agents-1845267'] for agent (2bb452cb-68a1-444f-a11f-2d07d31ee0e1), after_update _notify_loop /var/lib/kolla/venv/lib/python3.6/site-packages/neutron_lib/callbacks/manager.py:177
2026-04-06 01:55:30.445 27 DEBUG neutron_lib.callbacks.manager [req-1dad203d-e120-4d25-83e4-80443adfa107 - - - - -] Publish callbacks ['neutron.services.segments.db._update_segment_host_mapping_for_agent-8751755900992', 'neutron.plugins.ml2.plugin.Ml2Plugin._retry_binding_revived_agents-1845267'] for agent (dc06700a-264b-4dfa-b44a-dfaac11af944), after_update _notify_loop /var/lib/kolla/venv/lib/python3.6/site-packages/neutron_lib/callbacks/manager.py:177
2026-04-06 01:55:48.607 22 DEBUG neutron.wsgi [-] (22) accepted ('10.0.0.41', 46188) server /var/lib/kolla/venv/lib/python3.6/site-packages/eventlet/wsgi.py:1004
2026-04-06 01:55:48.610 22 INFO neutron.wsgi [-] 10.0.0.41 "GET / HTTP/1.1" status: 200 len: 227 time: 0.0024335
2026-04-06 01:55:49.559 28 DEBUG neutron_lib.callbacks.manager [req-4e4315bd-321f-4646-b583-42d6662e4968 - - - - -] Publish callbacks ['neutron.services.segments.db._update_segment_host_mapping_for_agent-8751755900992', 'neutron.plugins.ml2.plugin.Ml2Plugin._retry_binding_revived_agents-1845267'] for agent (2bb452cb-68a1-444f-a11f-2d07d31ee0e1), after_update _notify_loop /var/lib/kolla/venv/lib/python3.6/site-packages/neutron_lib/callbacks/manager.py:177
2026-04-06 01:55:52.194 7 INFO oslo_service.service [-] Caught SIGTERM, stopping children
2026-04-06 01:55:52.194 7 DEBUG oslo_concurrency.lockutils [-] Acquired lock "singleton_lock" lock /var/lib/kolla/venv/lib/python3.6/site-packages/oslo_concurrency/lockutils.py:294
2026-04-06 01:55:52.194 7 DEBUG oslo_concurrency.lockutils [-] Releasing lock "singleton_lock" lock /var/lib/kolla/venv/lib/python3.6/site-packages/oslo_concurrency/lockutils.py:312
2026-04-06 01:55:52.195 7 DEBUG oslo_service.service [-] Stop services. stop /var/lib/kolla/venv/lib/python3.6/site-packages/oslo_service/service.py:695
2026-04-06 01:55:52.195 7 DEBUG neutron.service [-] calling RpcWorker stop() stop /var/lib/kolla/venv/lib/python3.6/site-packages/neutron/service.py:138
2026-04-06 01:55:52.195 7 DEBUG neutron.service [-] calling RpcWorker stop() stop /var/lib/kolla/venv/lib/python3.6/site-packages/neutron/service.py:138
2026-04-06 01:55:52.195 7 DEBUG oslo_service.service [-] Killing children. stop /var/lib/kolla/venv/lib/python3.6/site-packages/oslo_service/service.py:700
2026-04-06 01:55:52.195 7 INFO oslo_service.service [-] Waiting on 8 children to exit
2026-04-06 01:55:52.196 22 INFO neutron.wsgi [-] (22) wsgi exited, is_accepting=True
2026-04-06 01:55:52.195 24 DEBUG neutron.service [-] calling RpcWorker stop() stop /var/lib/kolla/venv/lib/python3.6/site-packages/neutron/service.py:138
2026-04-06 01:55:52.195 23 DEBUG neutron.service [-] calling RpcWorker stop() stop /var/lib/kolla/venv/lib/python3.6/site-packages/neutron/service.py:138
2026-04-06 01:55:52.196 25 DEBUG neutron.service [-] calling RpcWorker stop() stop /var/lib/kolla/venv/lib/python3.6/site-packages/neutron/service.py:138
2026-04-06 01:55:52.196 24 DEBUG neutron.service [-] calling stop on stop /var/lib/kolla/venv/lib/python3.6/site-packages/neutron/service.py:141
2026-04-06 01:55:52.196 22 DEBUG oslo_concurrency.lockutils [req-ec637eac-7987-4405-9fcb-54881eb822f6 - - - - -] Acquired lock "singleton_lock" lock /var/lib/kolla/venv/lib/python3.6/site-packages/oslo_concurrency/lockutils.py:294
2026-04-06 01:55:52.197 22 DEBUG oslo_concurrency.lockutils [req-ec637eac-7987-4405-9fcb-54881eb822f6 - - - - -] Releasing lock "singleton_lock" lock /var/lib/kolla/venv/lib/python3.6/site-packages/oslo_concurrency/lockutils.py:312
2026-04-06 01:55:52.196 25 DEBUG neutron.service [-] calling stop on stop /var/lib/kolla/venv/lib/python3.6/site-packages/neutron/service.py:141
2026-04-06 01:55:52.196 23 DEBUG neutron.service [-] calling stop on stop /var/lib/kolla/venv/lib/python3.6/site-packages/neutron/service.py:141
2026-04-06 01:55:52.198 26 DEBUG neutron.service [-] calling RpcWorker stop() stop /var/lib/kolla/venv/lib/python3.6/site-packages/neutron/service.py:138
2026-04-06 01:55:52.199 27 DEBUG neutron.service [-] calling RpcWorker stop() stop /var/lib/kolla/venv/lib/python3.6/site-packages/neutron/service.py:138
2026-04-06 01:55:52.199 26 DEBUG neutron.service [-] calling stop on stop /var/lib/kolla/venv/lib/python3.6/site-packages/neutron/service.py:141
2026-04-06 01:55:52.201 7 INFO oslo_service.service [-] Child 22 exited with status 0
2026-04-06 01:55:52.199 27 DEBUG neutron.service [-] calling stop on stop /var/lib/kolla/venv/lib/python3.6/site-packages/neutron/service.py:141
2026-04-06 01:55:52.202 28 DEBUG neutron.service [-] calling RpcWorker stop() stop /var/lib/kolla/venv/lib/python3.6/site-packages/neutron/service.py:138
2026-04-06 01:55:52.203 29 DEBUG neutron.service [-] calling RpcWorker stop() stop /var/lib/kolla/venv/lib/python3.6/site-packages/neutron/service.py:138
2026-04-06 01:55:52.203 29 DEBUG neutron.service [-] calling stop on stop /var/lib/kolla/venv/lib/python3.6/site-packages/neutron/service.py:141
2026-04-06 01:55:52.202 28 DEBUG neutron.service [-] calling stop on stop /var/lib/kolla/venv/lib/python3.6/site-packages/neutron/service.py:141
2026-04-06 01:55:52.752 26 DEBUG oslo_concurrency.lockutils [req-ec637eac-7987-4405-9fcb-54881eb822f6 - - - - -] Acquired lock "singleton_lock" lock /var/lib/kolla/venv/lib/python3.6/site-packages/oslo_concurrency/lockutils.py:294
2026-04-06 01:55:52.753 26 DEBUG oslo_concurrency.lockutils [req-ec637eac-7987-4405-9fcb-54881eb822f6 - - - - -] Releasing lock "singleton_lock" lock /var/lib/kolla/venv/lib/python3.6/site-packages/oslo_concurrency/lockutils.py:312
2026-04-06 01:55:52.753 26 DEBUG neutron.service [req-ec637eac-7987-4405-9fcb-54881eb822f6 - - - - -] calling RpcWorker wait() _wait /var/lib/kolla/venv/lib/python3.6/site-packages/neutron/service.py:128
2026-04-06 01:55:52.753 26 DEBUG neutron.service [req-ec637eac-7987-4405-9fcb-54881eb822f6 - - - - -] calling wait on _wait /var/lib/kolla/venv/lib/python3.6/site-packages/neutron/service.py:131
2026-04-06 01:55:52.760 26 WARNING amqp [req-ec637eac-7987-4405-9fcb-54881eb822f6 - - - - -] Received method (60, 30) during closing channel 1. This method will be ignored
2026-04-06 01:55:52.761 26 DEBUG neutron.service [req-ec637eac-7987-4405-9fcb-54881eb822f6 - - - - -] returning from RpcWorker wait() _wait /var/lib/kolla/venv/lib/python3.6/site-packages/neutron/service.py:135
2026-04-06 01:55:52.766 7 INFO oslo_service.service [-] Child 26 exited with status 0
2026-04-06 01:55:53.640 27 DEBUG oslo_concurrency.lockutils [req-ec637eac-7987-4405-9fcb-54881eb822f6 - - - - -] Acquired lock "singleton_lock" lock /var/lib/kolla/venv/lib/python3.6/site-packages/oslo_concurrency/lockutils.py:294
2026-04-06 01:55:53.640 27 DEBUG oslo_concurrency.lockutils [req-ec637eac-7987-4405-9fcb-54881eb822f6 - - - - -] Releasing lock "singleton_lock" lock /var/lib/kolla/venv/lib/python3.6/site-packages/oslo_concurrency/lockutils.py:312
2026-04-06 01:55:53.641 27 DEBUG neutron.service [req-ec637eac-7987-4405-9fcb-54881eb822f6 - - - - -] calling RpcWorker wait() _wait /var/lib/kolla/venv/lib/python3.6/site-packages/neutron/service.py:128
2026-04-06 01:55:53.641 27 DEBUG neutron.service [req-ec637eac-7987-4405-9fcb-54881eb822f6 - - - - -] calling wait on _wait /var/lib/kolla/venv/lib/python3.6/site-packages/neutron/service.py:131
2026-04-06 01:55:53.647 27 WARNING amqp [req-ec637eac-7987-4405-9fcb-54881eb822f6 - - - - -] Received method (60, 30) during closing channel 1. This method will be ignored
2026-04-06 01:55:53.647 27 DEBUG neutron.service [req-ec637eac-7987-4405-9fcb-54881eb822f6 - - - - -] returning from RpcWorker wait() _wait /var/lib/kolla/venv/lib/python3.6/site-packages/neutron/service.py:135
2026-04-06 01:55:53.652 7 INFO oslo_service.service [-] Child 27 exited with status 0
2026-04-06 01:55:53.656 28 DEBUG oslo_concurrency.lockutils [req-ec637eac-7987-4405-9fcb-54881eb822f6 - - - - -] Acquired lock "singleton_lock" lock /var/lib/kolla/venv/lib/python3.6/site-packages/oslo_concurrency/lockutils.py:294
2026-04-06 01:55:53.657 28 DEBUG oslo_concurrency.lockutils [req-ec637eac-7987-4405-9fcb-54881eb822f6 - - - - -] Releasing lock "singleton_lock" lock /var/lib/kolla/venv/lib/python3.6/site-packages/oslo_concurrency/lockutils.py:312
2026-04-06 01:55:53.657 28 DEBUG neutron.service [req-ec637eac-7987-4405-9fcb-54881eb822f6 - - - - -] calling RpcWorker wait() _wait /var/lib/kolla/venv/lib/python3.6/site-packages/neutron/service.py:128
2026-04-06 01:55:53.657 28 DEBUG neutron.service [req-ec637eac-7987-4405-9fcb-54881eb822f6 - - - - -] calling wait on _wait /var/lib/kolla/venv/lib/python3.6/site-packages/neutron/service.py:131
2026-04-06 01:55:53.662 28 WARNING amqp [req-ec637eac-7987-4405-9fcb-54881eb822f6 - - - - -] Received method (60, 30) during closing channel 1. This method will be ignored
2026-04-06 01:55:53.663 28 DEBUG neutron.service [req-ec637eac-7987-4405-9fcb-54881eb822f6 - - - - -] returning from RpcWorker wait() _wait /var/lib/kolla/venv/lib/python3.6/site-packages/neutron/service.py:135
2026-04-06 01:55:53.667 7 INFO oslo_service.service [-] Child 28 exited with status 0
2026-04-06 01:55:55.928 24 DEBUG neutron.service [-] calling stop on stop /var/lib/kolla/venv/lib/python3.6/site-packages/neutron/service.py:141
2026-04-06 01:55:55.932 25 DEBUG neutron.service [-] calling stop on stop /var/lib/kolla/venv/lib/python3.6/site-packages/neutron/service.py:141
2026-04-06 01:55:55.936 23 DEBUG neutron.service [-] calling stop on stop /var/lib/kolla/venv/lib/python3.6/site-packages/neutron/service.py:141
2026-04-06 01:55:55.940 23 DEBUG neutron.service [-] calling stop on stop /var/lib/kolla/venv/lib/python3.6/site-packages/neutron/service.py:141
2026-04-06 01:55:55.944 25 DEBUG neutron.service [-] calling stop on stop /var/lib/kolla/venv/lib/python3.6/site-packages/neutron/service.py:141
2026-04-06 01:55:55.947 24 DEBUG neutron.service [-] calling stop on stop /var/lib/kolla/venv/lib/python3.6/site-packages/neutron/service.py:141
2026-04-06 01:55:55.948 29 DEBUG oslo_concurrency.lockutils [req-ec637eac-7987-4405-9fcb-54881eb822f6 - - - - -] Acquired lock "singleton_lock" lock /var/lib/kolla/venv/lib/python3.6/site-packages/oslo_concurrency/lockutils.py:294
2026-04-06 01:55:55.948 29 DEBUG oslo_concurrency.lockutils [req-ec637eac-7987-4405-9fcb-54881eb822f6 - - - - -] Releasing lock "singleton_lock" lock /var/lib/kolla/venv/lib/python3.6/site-packages/oslo_concurrency/lockutils.py:312
2026-04-06 01:55:55.949 29 DEBUG neutron.service [req-ec637eac-7987-4405-9fcb-54881eb822f6 - - - - -] calling RpcWorker wait() _wait /var/lib/kolla/venv/lib/python3.6/site-packages/neutron/service.py:128
2026-04-06 01:55:55.949 29 DEBUG neutron.service [req-ec637eac-7987-4405-9fcb-54881eb822f6 - - - - -] calling wait on _wait /var/lib/kolla/venv/lib/python3.6/site-packages/neutron/service.py:131
2026-04-06 01:55:55.955 29 WARNING amqp [req-ec637eac-7987-4405-9fcb-54881eb822f6 - - - - -] Received method (60, 30) during closing channel 1. This method will be ignored
2026-04-06 01:55:55.955 29 DEBUG neutron.service [req-ec637eac-7987-4405-9fcb-54881eb822f6 - - - - -] returning from RpcWorker wait() _wait /var/lib/kolla/venv/lib/python3.6/site-packages/neutron/service.py:135
2026-04-06 01:55:55.958 25 DEBUG neutron.service [-] calling stop on stop /var/lib/kolla/venv/lib/python3.6/site-packages/neutron/service.py:141
2026-04-06 01:55:55.959 23 DEBUG neutron.service [-] calling stop on stop /var/lib/kolla/venv/lib/python3.6/site-packages/neutron/service.py:141
2026-04-06 01:55:55.960 7 INFO oslo_service.service [-] Child 29 exited with status 0
2026-04-06 01:55:55.968 24 DEBUG neutron.service [-] calling stop on stop /var/lib/kolla/venv/lib/python3.6/site-packages/neutron/service.py:141
2026-04-06 01:55:55.972 23 DEBUG oslo_concurrency.lockutils [req-ec637eac-7987-4405-9fcb-54881eb822f6 - - - - -] Acquired lock "singleton_lock" lock /var/lib/kolla/venv/lib/python3.6/site-packages/oslo_concurrency/lockutils.py:294
2026-04-06 01:55:55.972 23 DEBUG oslo_concurrency.lockutils [req-ec637eac-7987-4405-9fcb-54881eb822f6 - - - - -] Releasing lock "singleton_lock" lock /var/lib/kolla/venv/lib/python3.6/site-packages/oslo_concurrency/lockutils.py:312
2026-04-06 01:55:55.972 23 DEBUG neutron.service [req-ec637eac-7987-4405-9fcb-54881eb822f6 - - - - -] calling RpcWorker wait() _wait /var/lib/kolla/venv/lib/python3.6/site-packages/neutron/service.py:128
2026-04-06 01:55:55.972 23 DEBUG neutron.service [req-ec637eac-7987-4405-9fcb-54881eb822f6 - - - - -] calling wait on _wait /var/lib/kolla/venv/lib/python3.6/site-packages/neutron/service.py:131
2026-04-06 01:55:55.977 25 DEBUG oslo_concurrency.lockutils [req-ec637eac-7987-4405-9fcb-54881eb822f6 - - - - -] Acquired lock "singleton_lock" lock /var/lib/kolla/venv/lib/python3.6/site-packages/oslo_concurrency/lockutils.py:294
2026-04-06 01:55:55.977 25 DEBUG oslo_concurrency.lockutils [req-ec637eac-7987-4405-9fcb-54881eb822f6 - - - - -] Releasing lock "singleton_lock" lock /var/lib/kolla/venv/lib/python3.6/site-packages/oslo_concurrency/lockutils.py:312
2026-04-06 01:55:55.978 25 DEBUG neutron.service [req-ec637eac-7987-4405-9fcb-54881eb822f6 - - - - -] calling RpcWorker wait() _wait /var/lib/kolla/venv/lib/python3.6/site-packages/neutron/service.py:128
2026-04-06 01:55:55.978 25 DEBUG neutron.service [req-ec637eac-7987-4405-9fcb-54881eb822f6 - - - - -] calling wait on _wait /var/lib/kolla/venv/lib/python3.6/site-packages/neutron/service.py:131
2026-04-06 01:55:55.979 23 WARNING amqp [req-ec637eac-7987-4405-9fcb-54881eb822f6 - - - - -] Received method (60, 30) during closing channel 1. This method will be ignored
2026-04-06 01:55:55.980 23 DEBUG neutron.service [req-ec637eac-7987-4405-9fcb-54881eb822f6 - - - - -] calling wait on _wait /var/lib/kolla/venv/lib/python3.6/site-packages/neutron/service.py:131
2026-04-06 01:55:55.982 25 WARNING amqp [req-ec637eac-7987-4405-9fcb-54881eb822f6 - - - - -] Received method (60, 30) during closing channel 1. This method will be ignored
2026-04-06 01:55:55.983 25 DEBUG neutron.service [req-ec637eac-7987-4405-9fcb-54881eb822f6 - - - - -] calling wait on _wait /var/lib/kolla/venv/lib/python3.6/site-packages/neutron/service.py:131
2026-04-06 01:55:55.984 24 DEBUG oslo_concurrency.lockutils [req-ec637eac-7987-4405-9fcb-54881eb822f6 - - - - -] Acquired lock "singleton_lock" lock /var/lib/kolla/venv/lib/python3.6/site-packages/oslo_concurrency/lockutils.py:294
2026-04-06 01:55:55.984 24 DEBUG oslo_concurrency.lockutils [req-ec637eac-7987-4405-9fcb-54881eb822f6 - - - - -] Releasing lock "singleton_lock" lock /var/lib/kolla/venv/lib/python3.6/site-packages/oslo_concurrency/lockutils.py:312
2026-04-06 01:55:55.984 24 DEBUG neutron.service [req-ec637eac-7987-4405-9fcb-54881eb822f6 - - - - -] calling RpcWorker wait() _wait /var/lib/kolla/venv/lib/python3.6/site-packages/neutron/service.py:128
2026-04-06 01:55:55.984 24 DEBUG neutron.service [req-ec637eac-7987-4405-9fcb-54881eb822f6 - - - - -] calling wait on _wait /var/lib/kolla/venv/lib/python3.6/site-packages/neutron/service.py:131
2026-04-06 01:55:55.984 23 WARNING amqp [req-ec637eac-7987-4405-9fcb-54881eb822f6 - - - - -] Received method (60, 30) during closing channel 1. This method will be ignored
2026-04-06 01:55:55.985 23 DEBUG neutron.service [req-ec637eac-7987-4405-9fcb-54881eb822f6 - - - - -] calling wait on _wait /var/lib/kolla/venv/lib/python3.6/site-packages/neutron/service.py:131
2026-04-06 01:55:55.988 25 WARNING amqp [req-ec637eac-7987-4405-9fcb-54881eb822f6 - - - - -] Received method (60, 30) during closing channel 1. This method will be ignored
2026-04-06 01:55:55.988 25 DEBUG neutron.service [req-ec637eac-7987-4405-9fcb-54881eb822f6 - - - - -] calling wait on _wait /var/lib/kolla/venv/lib/python3.6/site-packages/neutron/service.py:131
2026-04-06 01:55:55.990 23 WARNING amqp [req-ec637eac-7987-4405-9fcb-54881eb822f6 - - - - -] Received method (60, 30) during closing channel 1. This method will be ignored
2026-04-06 01:55:55.990 24 WARNING amqp [req-ec637eac-7987-4405-9fcb-54881eb822f6 - - - - -] Received method (60, 30) during closing channel 1. This method will be ignored
2026-04-06 01:55:55.991 23 DEBUG neutron.service [req-ec637eac-7987-4405-9fcb-54881eb822f6 - - - - -] calling wait on _wait /var/lib/kolla/venv/lib/python3.6/site-packages/neutron/service.py:131
2026-04-06 01:55:55.991 24 DEBUG neutron.service [req-ec637eac-7987-4405-9fcb-54881eb822f6 - - - - -] calling wait on _wait /var/lib/kolla/venv/lib/python3.6/site-packages/neutron/service.py:131
2026-04-06 01:55:55.993 25 WARNING amqp [req-ec637eac-7987-4405-9fcb-54881eb822f6 - - - - -] Received method (60, 30) during closing channel 1. This method will be ignored
2026-04-06 01:55:55.993 25 DEBUG neutron.service [req-ec637eac-7987-4405-9fcb-54881eb822f6 - - - - -] calling wait on _wait /var/lib/kolla/venv/lib/python3.6/site-packages/neutron/service.py:131
2026-04-06 01:55:55.995 23 WARNING amqp [req-ec637eac-7987-4405-9fcb-54881eb822f6 - - - - -] Received method (60, 30) during closing channel 1. This method will be ignored
2026-04-06 01:55:55.995 23 DEBUG neutron.service [req-ec637eac-7987-4405-9fcb-54881eb822f6 - - - - -] returning from RpcWorker wait() _wait /var/lib/kolla/venv/lib/python3.6/site-packages/neutron/service.py:135
2026-04-06 01:55:55.997 24 WARNING amqp [req-ec637eac-7987-4405-9fcb-54881eb822f6 - - - - -] Received method (60, 30) during closing channel 1. This method will be ignored
2026-04-06 01:55:55.998 24 DEBUG neutron.service [req-ec637eac-7987-4405-9fcb-54881eb822f6 - - - - -] calling wait on _wait /var/lib/kolla/venv/lib/python3.6/site-packages/neutron/service.py:131
2026-04-06 01:55:55.999 25 WARNING amqp [req-ec637eac-7987-4405-9fcb-54881eb822f6 - - - - -] Received method (60, 30) during closing channel 1. This method will be ignored
2026-04-06 01:55:56.000 25 DEBUG neutron.service [req-ec637eac-7987-4405-9fcb-54881eb822f6 - - - - -] returning from RpcWorker wait() _wait /var/lib/kolla/venv/lib/python3.6/site-packages/neutron/service.py:135
2026-04-06 01:55:56.000 7 INFO oslo_service.service [-] Child 23 exited with status 0
2026-04-06 01:55:56.002 24 WARNING amqp [req-ec637eac-7987-4405-9fcb-54881eb822f6 - - - - -] Received method (60, 30) during closing channel 1. This method will be ignored
2026-04-06 01:55:56.004 7 INFO oslo_service.service [-] Child 25 exited with status 0
2026-04-06 01:55:56.005 24 DEBUG neutron.service [req-ec637eac-7987-4405-9fcb-54881eb822f6 - - - - -] calling wait on _wait /var/lib/kolla/venv/lib/python3.6/site-packages/neutron/service.py:131
2026-04-06 01:55:56.009 24 WARNING amqp [req-ec637eac-7987-4405-9fcb-54881eb822f6 - - - - -] Received method (60, 30) during closing channel 1. This method will be ignored
2026-04-06 01:55:56.009 24 DEBUG neutron.service [req-ec637eac-7987-4405-9fcb-54881eb822f6 - - - - -] returning from RpcWorker wait() _wait /var/lib/kolla/venv/lib/python3.6/site-packages/neutron/service.py:135
2026-04-06 01:55:56.014 7 INFO oslo_service.service [-] Child 24 exited with status 0
2026-04-06 01:55:56.014 7 INFO oslo_service.service [-] Wait called after thread killed. Cleaning up.
2026-04-06 01:55:56.014 7 DEBUG oslo_service.service [-] Stop services. stop /var/lib/kolla/venv/lib/python3.6/site-packages/oslo_service/service.py:695
2026-04-06 01:55:56.014 7 DEBUG oslo_service.service [-] Killing children. stop /var/lib/kolla/venv/lib/python3.6/site-packages/oslo_service/service.py:700
2026-04-06 01:55:59.653 7 INFO neutron.common.config [-] Logging enabled!
2026-04-06 01:55:59.653 7 INFO neutron.common.config [-] /var/lib/kolla/venv/bin/neutron-server version 20.5.1.dev23
2026-04-06 01:55:59.654 7 DEBUG neutron.common.config [-] command line: /var/lib/kolla/venv/bin/neutron-server --config-file /etc/neutron/neutron.conf --config-file /etc/neutron/ContrailPlugin.ini --config-file /etc/neutron/api-paste.ini setup_logging /var/lib/kolla/venv/lib/python3.6/site-packages/neutron/common/config.py:115
2026-04-06 01:55:59.657 7 INFO neutron.common.config [-] Logging enabled!
2026-04-06 01:55:59.657 7 INFO neutron.common.config [-] /var/lib/kolla/venv/bin/neutron-server version 20.5.1.dev23
2026-04-06 01:55:59.657 7 DEBUG neutron.common.config [-] command line: /var/lib/kolla/venv/bin/neutron-server --config-file /etc/neutron/neutron.conf --config-file /etc/neutron/ContrailPlugin.ini --config-file /etc/neutron/api-paste.ini setup_logging /var/lib/kolla/venv/lib/python3.6/site-packages/neutron/common/config.py:115
2026-04-06 01:55:59.658 7 DEBUG neutron.common.config [-] ******************************************************************************** log_opt_values /var/lib/kolla/venv/lib/python3.6/site-packages/oslo_config/cfg.py:2589
2026-04-06 01:55:59.658 7 DEBUG neutron.common.config [-] Configuration options gathered from: log_opt_values /var/lib/kolla/venv/lib/python3.6/site-packages/oslo_config/cfg.py:2590
2026-04-06 01:55:59.658 7 DEBUG neutron.common.config [-] command line args: ['--config-file', '/etc/neutron/neutron.conf', '--config-file', '/etc/neutron/ContrailPlugin.ini', '--config-file', '/etc/neutron/api-paste.ini'] log_opt_values /var/lib/kolla/venv/lib/python3.6/site-packages/oslo_config/cfg.py:2591
2026-04-06 01:55:59.659 7 DEBUG neutron.common.config [-] config files: ['/etc/neutron/neutron.conf', '/etc/neutron/ContrailPlugin.ini', '/etc/neutron/api-paste.ini'] log_opt_values /var/lib/kolla/venv/lib/python3.6/site-packages/oslo_config/cfg.py:2593
2026-04-06 01:55:59.659 7 DEBUG neutron.common.config [-] ================================================================================ log_opt_values /var/lib/kolla/venv/lib/python3.6/site-packages/oslo_config/cfg.py:2594
2026-04-06 01:55:59.659 7 DEBUG neutron.common.config [-] allow_bulk = True log_opt_values /var/lib/kolla/venv/lib/python3.6/site-packages/oslo_config/cfg.py:2603
2026-04-06 01:55:59.659 7 WARNING oslo_config.cfg [-] Deprecated: Option "allow_overlapping_ips" from group "DEFAULT" is deprecated for removal. Its value may be silently ignored in the future.
2026-04-06 01:55:59.659 7 DEBUG neutron.common.config [-] allow_overlapping_ips = True log_opt_values /var/lib/kolla/venv/lib/python3.6/site-packages/oslo_config/cfg.py:2603
2026-04-06 01:55:59.660 7 DEBUG neutron.common.config [-] api_extensions_path = /opt/plugin/site-packages/neutron_plugin_contrail/extensions:/opt/plugin/site-packages/neutron_lbaas/extensions log_opt_values /var/lib/kolla/venv/lib/python3.6/site-packages/oslo_config/cfg.py:2603
2026-04-06 01:55:59.661 7 DEBUG neutron.common.config [-] api_paste_config = /etc/neutron/api-paste.ini log_opt_values /var/lib/kolla/venv/lib/python3.6/site-packages/oslo_config/cfg.py:2603
2026-04-06 01:55:59.661 7 DEBUG neutron.common.config [-] api_workers = 1 log_opt_values /var/lib/kolla/venv/lib/python3.6/site-packages/oslo_config/cfg.py:2603
2026-04-06 01:55:59.661 7 DEBUG neutron.common.config [-] auth_strategy = keystone log_opt_values /var/lib/kolla/venv/lib/python3.6/site-packages/oslo_config/cfg.py:2603
2026-04-06 01:55:59.661 7 DEBUG neutron.common.config [-] backlog = 4096 log_opt_values /var/lib/kolla/venv/lib/python3.6/site-packages/oslo_config/cfg.py:2603
2026-04-06 01:55:59.661 7 DEBUG neutron.common.config [-] base_mac = fa:16:3e:00:00:00 log_opt_values /var/lib/kolla/venv/lib/python3.6/site-packages/oslo_config/cfg.py:2603
2026-04-06 01:55:59.661 7 DEBUG neutron.common.config [-] bind_host = 10.0.0.41 log_opt_values /var/lib/kolla/venv/lib/python3.6/site-packages/oslo_config/cfg.py:2603
