2025-12-11 01:58:11.673 7 DEBUG oslo_service.service [-] ml2_type_gre.tunnel_id_ranges = [] log_opt_values /var/lib/kolla/venv/lib/python3.6/site-packages/oslo_config/cfg.py:2611
2025-12-11 01:58:11.673 7 DEBUG oslo_service.service [-] ml2_type_vlan.network_vlan_ranges = [] log_opt_values /var/lib/kolla/venv/lib/python3.6/site-packages/oslo_config/cfg.py:2611
2025-12-11 01:58:11.674 7 DEBUG oslo_service.service [-] ml2_type_vxlan.vni_ranges = [] log_opt_values /var/lib/kolla/venv/lib/python3.6/site-packages/oslo_config/cfg.py:2611
2025-12-11 01:58:11.674 7 DEBUG oslo_service.service [-] ml2_type_vxlan.vxlan_group = None log_opt_values /var/lib/kolla/venv/lib/python3.6/site-packages/oslo_config/cfg.py:2611
2025-12-11 01:58:11.674 7 DEBUG oslo_service.service [-] database.backend = sqlalchemy log_opt_values /var/lib/kolla/venv/lib/python3.6/site-packages/oslo_config/cfg.py:2611
2025-12-11 01:58:11.674 7 DEBUG oslo_service.service [-] database.connection = **** log_opt_values /var/lib/kolla/venv/lib/python3.6/site-packages/oslo_config/cfg.py:2611
2025-12-11 01:58:11.674 7 DEBUG oslo_service.service [-] database.connection_debug = 0 log_opt_values /var/lib/kolla/venv/lib/python3.6/site-packages/oslo_config/cfg.py:2611
2025-12-11 01:58:11.674 7 DEBUG oslo_service.service [-] database.connection_parameters = log_opt_values /var/lib/kolla/venv/lib/python3.6/site-packages/oslo_config/cfg.py:2611
2025-12-11 01:58:11.674 7 DEBUG oslo_service.service [-] database.connection_recycle_time = 10 log_opt_values /var/lib/kolla/venv/lib/python3.6/site-packages/oslo_config/cfg.py:2611
2025-12-11 01:58:11.674 7 DEBUG oslo_service.service [-] database.connection_trace = False log_opt_values /var/lib/kolla/venv/lib/python3.6/site-packages/oslo_config/cfg.py:2611
2025-12-11 01:58:11.674 7 DEBUG oslo_service.service [-] database.db_inc_retry_interval = True log_opt_values /var/lib/kolla/venv/lib/python3.6/site-packages/oslo_config/cfg.py:2611
2025-12-11 01:58:11.674 7 DEBUG oslo_service.service [-] database.db_max_retries = 20 log_opt_values /var/lib/kolla/venv/lib/python3.6/site-packages/oslo_config/cfg.py:2611
2025-12-11 01:58:11.674 7 DEBUG oslo_service.service [-] database.db_max_retry_interval = 10 log_opt_values /var/lib/kolla/venv/lib/python3.6/site-packages/oslo_config/cfg.py:2611
2025-12-11 01:58:11.674 7 DEBUG oslo_service.service [-] database.db_retry_interval = 1 log_opt_values /var/lib/kolla/venv/lib/python3.6/site-packages/oslo_config/cfg.py:2611
2025-12-11 01:58:11.674 7 DEBUG oslo_service.service [-] database.max_overflow = 50 log_opt_values /var/lib/kolla/venv/lib/python3.6/site-packages/oslo_config/cfg.py:2611
2025-12-11 01:58:11.674 7 DEBUG oslo_service.service [-] database.max_pool_size = 1 log_opt_values /var/lib/kolla/venv/lib/python3.6/site-packages/oslo_config/cfg.py:2611
2025-12-11 01:58:11.674 7 DEBUG oslo_service.service [-] database.max_retries = -1 log_opt_values /var/lib/kolla/venv/lib/python3.6/site-packages/oslo_config/cfg.py:2611
2025-12-11 01:58:11.674 7 DEBUG oslo_service.service [-] database.mysql_enable_ndb = False log_opt_values /var/lib/kolla/venv/lib/python3.6/site-packages/oslo_config/cfg.py:2611
2025-12-11 01:58:11.674 7 DEBUG oslo_service.service [-] database.mysql_sql_mode = TRADITIONAL log_opt_values /var/lib/kolla/venv/lib/python3.6/site-packages/oslo_config/cfg.py:2611
2025-12-11 01:58:11.675 7 DEBUG oslo_service.service [-] database.pool_timeout = None log_opt_values /var/lib/kolla/venv/lib/python3.6/site-packages/oslo_config/cfg.py:2611
2025-12-11 01:58:11.675 7 DEBUG oslo_service.service [-] database.retry_interval = 10 log_opt_values /var/lib/kolla/venv/lib/python3.6/site-packages/oslo_config/cfg.py:2611
2025-12-11 01:58:11.675 7 DEBUG oslo_service.service [-] database.slave_connection = **** log_opt_values /var/lib/kolla/venv/lib/python3.6/site-packages/oslo_config/cfg.py:2611
2025-12-11 01:58:11.675 7 DEBUG oslo_service.service [-] database.sqlite_synchronous = True log_opt_values /var/lib/kolla/venv/lib/python3.6/site-packages/oslo_config/cfg.py:2611
2025-12-11 01:58:11.675 7 DEBUG oslo_service.service [-] database.use_db_reconnect = False log_opt_values /var/lib/kolla/venv/lib/python3.6/site-packages/oslo_config/cfg.py:2611
2025-12-11 01:58:11.675 7 DEBUG oslo_service.service [-] ******************************************************************************** log_opt_values /var/lib/kolla/venv/lib/python3.6/site-packages/oslo_config/cfg.py:2613
2025-12-11 01:58:13.259 22 DEBUG neutron.wsgi [-] (22) accepted ('10.0.0.56', 53430) server /var/lib/kolla/venv/lib/python3.6/site-packages/eventlet/wsgi.py:1004
2025-12-11 01:58:13.266 22 INFO neutron.wsgi [-] 10.0.0.56 "GET / HTTP/1.1" status: 200 len: 227 time: 0.0049877
2025-12-11 01:58:15.596 24 DEBUG neutron.api.rpc.handlers.dhcp_rpc [req-b6e0677d-438a-4b63-b4bd-e63a16be5381 - - - - -] get_active_networks_info from cn-jenkins-deploy-platform-ansible-os-4882-1 get_active_networks_info /var/lib/kolla/venv/lib/python3.6/site-packages/neutron/api/rpc/handlers/dhcp_rpc.py:159
2025-12-11 01:58:15.605 27 DEBUG neutron_lib.callbacks.manager [req-8bbaaadb-a8d6-42cf-ae85-641499fab01c - - - - -] Publish callbacks ['neutron.services.segments.db._update_segment_host_mapping_for_agent-8740142591040', 'neutron.services.l3_router.l3_router_plugin.DVRResourceOperationHandler.create_fip_agent_gw_ports-491197'] for agent (724a26cc-5c88-4eca-9bd2-22e73edc4038), after_create _notify_loop /var/lib/kolla/venv/lib/python3.6/site-packages/neutron_lib/callbacks/manager.py:177
2025-12-11 01:58:15.634 24 DEBUG neutron.scheduler.dhcp_agent_scheduler [req-b6e0677d-438a-4b63-b4bd-e63a16be5381 - - - - -] No non-hosted networks auto_schedule_networks /var/lib/kolla/venv/lib/python3.6/site-packages/neutron/scheduler/dhcp_agent_scheduler.py:60
2025-12-11 01:58:33.593 26 DEBUG neutron_lib.callbacks.manager [req-dcdbffb5-612c-4571-8432-f859a05df9c9 - - - - -] Publish callbacks ['neutron.services.segments.db._update_segment_host_mapping_for_agent-8740142591040', 'neutron.services.l3_router.l3_router_plugin.DVRResourceOperationHandler.create_fip_agent_gw_ports-491197'] for agent (79c1e997-295e-4b86-882f-6d939f02e845), after_create _notify_loop /var/lib/kolla/venv/lib/python3.6/site-packages/neutron_lib/callbacks/manager.py:177
2025-12-11 01:58:43.319 22 DEBUG neutron.wsgi [-] (22) accepted ('10.0.0.56', 34830) server /var/lib/kolla/venv/lib/python3.6/site-packages/eventlet/wsgi.py:1004
2025-12-11 01:58:43.324 22 INFO neutron.wsgi [-] 10.0.0.56 "GET / HTTP/1.1" status: 200 len: 227 time: 0.0047665
2025-12-11 01:58:45.593 28 DEBUG neutron_lib.callbacks.manager [req-22cd03e0-2911-4972-bbef-c99501e3c5f8 - - - - -] Publish callbacks ['neutron.services.segments.db._update_segment_host_mapping_for_agent-8740142591040', 'neutron.plugins.ml2.plugin.Ml2Plugin._retry_binding_revived_agents--9223372036851357253'] for agent (724a26cc-5c88-4eca-9bd2-22e73edc4038), after_update _notify_loop /var/lib/kolla/venv/lib/python3.6/site-packages/neutron_lib/callbacks/manager.py:177
2025-12-11 01:58:53.651 29 DEBUG neutron.db.agents_db [req-96c34f5e-906b-4ec9-8824-49de8734cdf7 - - - - -] Agent healthcheck: found 2 active agents agent_health_check /var/lib/kolla/venv/lib/python3.6/site-packages/neutron/db/agents_db.py:318
2025-12-11 01:59:03.573 25 DEBUG neutron_lib.callbacks.manager [req-dcdbffb5-612c-4571-8432-f859a05df9c9 - - - - -] Publish callbacks ['neutron.services.segments.db._update_segment_host_mapping_for_agent-8740142591040', 'neutron.plugins.ml2.plugin.Ml2Plugin._retry_binding_revived_agents--9223372036851357253'] for agent (79c1e997-295e-4b86-882f-6d939f02e845), after_update _notify_loop /var/lib/kolla/venv/lib/python3.6/site-packages/neutron_lib/callbacks/manager.py:177
2025-12-11 01:59:13.371 22 DEBUG neutron.wsgi [-] (22) accepted ('10.0.0.56', 59190) server /var/lib/kolla/venv/lib/python3.6/site-packages/eventlet/wsgi.py:1004
2025-12-11 01:59:13.375 22 INFO neutron.wsgi [-] 10.0.0.56 "GET / HTTP/1.1" status: 200 len: 227 time: 0.0025401
2025-12-11 01:59:15.584 24 DEBUG neutron_lib.callbacks.manager [req-3bda14d8-14dd-41ad-b538-978918eca90f - - - - -] Publish callbacks ['neutron.services.segments.db._update_segment_host_mapping_for_agent-8740142591040', 'neutron.plugins.ml2.plugin.Ml2Plugin._retry_binding_revived_agents--9223372036851357253'] for agent (724a26cc-5c88-4eca-9bd2-22e73edc4038), after_update _notify_loop /var/lib/kolla/venv/lib/python3.6/site-packages/neutron_lib/callbacks/manager.py:177
2025-12-11 01:59:30.643 29 DEBUG neutron.db.agents_db [req-96c34f5e-906b-4ec9-8824-49de8734cdf7 - - - - -] Agent healthcheck: found 2 active agents agent_health_check /var/lib/kolla/venv/lib/python3.6/site-packages/neutron/db/agents_db.py:318
2025-12-11 01:59:33.576 23 DEBUG neutron_lib.callbacks.manager [req-dcdbffb5-612c-4571-8432-f859a05df9c9 - - - - -] Publish callbacks ['neutron.services.segments.db._update_segment_host_mapping_for_agent-8740142591040', 'neutron.plugins.ml2.plugin.Ml2Plugin._retry_binding_revived_agents--9223372036851357253'] for agent (79c1e997-295e-4b86-882f-6d939f02e845), after_update _notify_loop /var/lib/kolla/venv/lib/python3.6/site-packages/neutron_lib/callbacks/manager.py:177
2025-12-11 01:59:43.422 22 DEBUG neutron.wsgi [-] (22) accepted ('10.0.0.56', 42328) server /var/lib/kolla/venv/lib/python3.6/site-packages/eventlet/wsgi.py:1004
2025-12-11 01:59:43.425 22 INFO neutron.wsgi [-] 10.0.0.56 "GET / HTTP/1.1" status: 200 len: 227 time: 0.0026467
2025-12-11 01:59:45.582 27 DEBUG neutron_lib.callbacks.manager [req-c3372055-8b1a-4fb3-b841-ba5c91834505 - - - - -] Publish callbacks ['neutron.services.segments.db._update_segment_host_mapping_for_agent-8740142591040', 'neutron.plugins.ml2.plugin.Ml2Plugin._retry_binding_revived_agents--9223372036851357253'] for agent (724a26cc-5c88-4eca-9bd2-22e73edc4038), after_update _notify_loop /var/lib/kolla/venv/lib/python3.6/site-packages/neutron_lib/callbacks/manager.py:177
2025-12-11 02:00:03.568 26 DEBUG neutron_lib.callbacks.manager [req-dcdbffb5-612c-4571-8432-f859a05df9c9 - - - - -] Publish callbacks ['neutron.services.segments.db._update_segment_host_mapping_for_agent-8740142591040', 'neutron.plugins.ml2.plugin.Ml2Plugin._retry_binding_revived_agents--9223372036851357253'] for agent (79c1e997-295e-4b86-882f-6d939f02e845), after_update _notify_loop /var/lib/kolla/venv/lib/python3.6/site-packages/neutron_lib/callbacks/manager.py:177
2025-12-11 02:00:07.642 29 DEBUG neutron.db.agents_db [req-96c34f5e-906b-4ec9-8824-49de8734cdf7 - - - - -] Agent healthcheck: found 2 active agents agent_health_check /var/lib/kolla/venv/lib/python3.6/site-packages/neutron/db/agents_db.py:318
2025-12-11 02:00:13.469 22 DEBUG neutron.wsgi [-] (22) accepted ('10.0.0.56', 59194) server /var/lib/kolla/venv/lib/python3.6/site-packages/eventlet/wsgi.py:1004
2025-12-11 02:00:13.473 22 INFO neutron.wsgi [-] 10.0.0.56 "GET / HTTP/1.1" status: 200 len: 227 time: 0.0025959
2025-12-11 02:00:15.581 28 DEBUG neutron_lib.callbacks.manager [req-0e61640e-27f0-4f79-86f5-08c891f98d05 - - - - -] Publish callbacks ['neutron.services.segments.db._update_segment_host_mapping_for_agent-8740142591040', 'neutron.plugins.ml2.plugin.Ml2Plugin._retry_binding_revived_agents--9223372036851357253'] for agent (724a26cc-5c88-4eca-9bd2-22e73edc4038), after_update _notify_loop /var/lib/kolla/venv/lib/python3.6/site-packages/neutron_lib/callbacks/manager.py:177
2025-12-11 02:00:33.563 25 DEBUG neutron_lib.callbacks.manager [req-dcdbffb5-612c-4571-8432-f859a05df9c9 - - - - -] Publish callbacks ['neutron.services.segments.db._update_segment_host_mapping_for_agent-8740142591040', 'neutron.plugins.ml2.plugin.Ml2Plugin._retry_binding_revived_agents--9223372036851357253'] for agent (79c1e997-295e-4b86-882f-6d939f02e845), after_update _notify_loop /var/lib/kolla/venv/lib/python3.6/site-packages/neutron_lib/callbacks/manager.py:177
2025-12-11 02:00:43.515 22 DEBUG neutron.wsgi [-] (22) accepted ('10.0.0.56', 40604) server /var/lib/kolla/venv/lib/python3.6/site-packages/eventlet/wsgi.py:1004
2025-12-11 02:00:43.522 22 INFO neutron.wsgi [-] 10.0.0.56 "GET / HTTP/1.1" status: 200 len: 227 time: 0.0054145
2025-12-11 02:00:44.642 29 DEBUG neutron.db.agents_db [req-96c34f5e-906b-4ec9-8824-49de8734cdf7 - - - - -] Agent healthcheck: found 2 active agents agent_health_check /var/lib/kolla/venv/lib/python3.6/site-packages/neutron/db/agents_db.py:318
2025-12-11 02:00:45.578 24 DEBUG neutron_lib.callbacks.manager [req-a44507f0-3e00-4219-b5a8-f860f9b532d4 - - - - -] Publish callbacks ['neutron.services.segments.db._update_segment_host_mapping_for_agent-8740142591040', 'neutron.plugins.ml2.plugin.Ml2Plugin._retry_binding_revived_agents--9223372036851357253'] for agent (724a26cc-5c88-4eca-9bd2-22e73edc4038), after_update _notify_loop /var/lib/kolla/venv/lib/python3.6/site-packages/neutron_lib/callbacks/manager.py:177
2025-12-11 02:01:03.566 23 DEBUG neutron_lib.callbacks.manager [req-dcdbffb5-612c-4571-8432-f859a05df9c9 - - - - -] Publish callbacks ['neutron.services.segments.db._update_segment_host_mapping_for_agent-8740142591040', 'neutron.plugins.ml2.plugin.Ml2Plugin._retry_binding_revived_agents--9223372036851357253'] for agent (79c1e997-295e-4b86-882f-6d939f02e845), after_update _notify_loop /var/lib/kolla/venv/lib/python3.6/site-packages/neutron_lib/callbacks/manager.py:177
2025-12-11 02:01:13.566 22 DEBUG neutron.wsgi [-] (22) accepted ('10.0.0.56', 48816) server /var/lib/kolla/venv/lib/python3.6/site-packages/eventlet/wsgi.py:1004
2025-12-11 02:01:13.569 22 INFO neutron.wsgi [-] 10.0.0.56 "GET / HTTP/1.1" status: 200 len: 227 time: 0.0025833
2025-12-11 02:01:15.575 27 DEBUG neutron_lib.callbacks.manager [req-62318f2e-80fd-47a5-9e3d-8b25b762c7c0 - - - - -] Publish callbacks ['neutron.services.segments.db._update_segment_host_mapping_for_agent-8740142591040', 'neutron.plugins.ml2.plugin.Ml2Plugin._retry_binding_revived_agents--9223372036851357253'] for agent (724a26cc-5c88-4eca-9bd2-22e73edc4038), after_update _notify_loop /var/lib/kolla/venv/lib/python3.6/site-packages/neutron_lib/callbacks/manager.py:177
2025-12-11 02:01:21.643 29 DEBUG neutron.db.agents_db [req-96c34f5e-906b-4ec9-8824-49de8734cdf7 - - - - -] Agent healthcheck: found 2 active agents agent_health_check /var/lib/kolla/venv/lib/python3.6/site-packages/neutron/db/agents_db.py:318
2025-12-11 02:01:33.570 26 DEBUG neutron_lib.callbacks.manager [req-dcdbffb5-612c-4571-8432-f859a05df9c9 - - - - -] Publish callbacks ['neutron.services.segments.db._update_segment_host_mapping_for_agent-8740142591040', 'neutron.plugins.ml2.plugin.Ml2Plugin._retry_binding_revived_agents--9223372036851357253'] for agent (79c1e997-295e-4b86-882f-6d939f02e845), after_update _notify_loop /var/lib/kolla/venv/lib/python3.6/site-packages/neutron_lib/callbacks/manager.py:177
2025-12-11 02:01:43.611 22 DEBUG neutron.wsgi [-] (22) accepted ('10.0.0.56', 57220) server /var/lib/kolla/venv/lib/python3.6/site-packages/eventlet/wsgi.py:1004
2025-12-11 02:01:43.615 22 INFO neutron.wsgi [-] 10.0.0.56 "GET / HTTP/1.1" status: 200 len: 227 time: 0.0028834
2025-12-11 02:01:45.571 28 DEBUG neutron_lib.callbacks.manager [req-0a95cbe2-f77d-40a5-b241-9bc882d00760 - - - - -] Publish callbacks ['neutron.services.segments.db._update_segment_host_mapping_for_agent-8740142591040', 'neutron.plugins.ml2.plugin.Ml2Plugin._retry_binding_revived_agents--9223372036851357253'] for agent (724a26cc-5c88-4eca-9bd2-22e73edc4038), after_update _notify_loop /var/lib/kolla/venv/lib/python3.6/site-packages/neutron_lib/callbacks/manager.py:177
2025-12-11 02:01:58.643 29 DEBUG neutron.db.agents_db [req-96c34f5e-906b-4ec9-8824-49de8734cdf7 - - - - -] Agent healthcheck: found 2 active agents agent_health_check /var/lib/kolla/venv/lib/python3.6/site-packages/neutron/db/agents_db.py:318
2025-12-11 02:02:03.571 25 DEBUG neutron_lib.callbacks.manager [req-dcdbffb5-612c-4571-8432-f859a05df9c9 - - - - -] Publish callbacks ['neutron.services.segments.db._update_segment_host_mapping_for_agent-8740142591040', 'neutron.plugins.ml2.plugin.Ml2Plugin._retry_binding_revived_agents--9223372036851357253'] for agent (79c1e997-295e-4b86-882f-6d939f02e845), after_update _notify_loop /var/lib/kolla/venv/lib/python3.6/site-packages/neutron_lib/callbacks/manager.py:177
2025-12-11 02:02:13.659 22 DEBUG neutron.wsgi [-] (22) accepted ('10.0.0.56', 46522) server /var/lib/kolla/venv/lib/python3.6/site-packages/eventlet/wsgi.py:1004
2025-12-11 02:02:13.663 22 INFO neutron.wsgi [-] 10.0.0.56 "GET / HTTP/1.1" status: 200 len: 227 time: 0.0030501
2025-12-11 02:02:15.569 24 DEBUG neutron_lib.callbacks.manager [req-7064a1c5-c314-401e-8c1a-7022b05ebd19 - - - - -] Publish callbacks ['neutron.services.segments.db._update_segment_host_mapping_for_agent-8740142591040', 'neutron.plugins.ml2.plugin.Ml2Plugin._retry_binding_revived_agents--9223372036851357253'] for agent (724a26cc-5c88-4eca-9bd2-22e73edc4038), after_update _notify_loop /var/lib/kolla/venv/lib/python3.6/site-packages/neutron_lib/callbacks/manager.py:177
2025-12-11 02:02:33.574 23 DEBUG neutron_lib.callbacks.manager [req-dcdbffb5-612c-4571-8432-f859a05df9c9 - - - - -] Publish callbacks ['neutron.services.segments.db._update_segment_host_mapping_for_agent-8740142591040', 'neutron.plugins.ml2.plugin.Ml2Plugin._retry_binding_revived_agents--9223372036851357253'] for agent (79c1e997-295e-4b86-882f-6d939f02e845), after_update _notify_loop /var/lib/kolla/venv/lib/python3.6/site-packages/neutron_lib/callbacks/manager.py:177
2025-12-11 02:02:35.644 29 DEBUG neutron.db.agents_db [req-96c34f5e-906b-4ec9-8824-49de8734cdf7 - - - - -] Agent healthcheck: found 2 active agents agent_health_check /var/lib/kolla/venv/lib/python3.6/site-packages/neutron/db/agents_db.py:318
2025-12-11 02:02:43.707 22 DEBUG neutron.wsgi [-] (22) accepted ('10.0.0.56', 43166) server /var/lib/kolla/venv/lib/python3.6/site-packages/eventlet/wsgi.py:1004
2025-12-11 02:02:43.711 22 INFO neutron.wsgi [-] 10.0.0.56 "GET / HTTP/1.1" status: 200 len: 227 time: 0.0025327
2025-12-11 02:02:45.566 27 DEBUG neutron_lib.callbacks.manager [req-9bb55bde-7850-4593-a626-78f3c72c61b8 - - - - -] Publish callbacks ['neutron.services.segments.db._update_segment_host_mapping_for_agent-8740142591040', 'neutron.plugins.ml2.plugin.Ml2Plugin._retry_binding_revived_agents--9223372036851357253'] for agent (724a26cc-5c88-4eca-9bd2-22e73edc4038), after_update _notify_loop /var/lib/kolla/venv/lib/python3.6/site-packages/neutron_lib/callbacks/manager.py:177
2025-12-11 02:03:03.578 26 DEBUG neutron_lib.callbacks.manager [req-dcdbffb5-612c-4571-8432-f859a05df9c9 - - - - -] Publish callbacks ['neutron.services.segments.db._update_segment_host_mapping_for_agent-8740142591040', 'neutron.plugins.ml2.plugin.Ml2Plugin._retry_binding_revived_agents--9223372036851357253'] for agent (79c1e997-295e-4b86-882f-6d939f02e845), after_update _notify_loop /var/lib/kolla/venv/lib/python3.6/site-packages/neutron_lib/callbacks/manager.py:177
2025-12-11 02:03:12.641 29 DEBUG neutron.db.agents_db [req-96c34f5e-906b-4ec9-8824-49de8734cdf7 - - - - -] Agent healthcheck: found 2 active agents agent_health_check /var/lib/kolla/venv/lib/python3.6/site-packages/neutron/db/agents_db.py:318
2025-12-11 02:03:13.753 22 DEBUG neutron.wsgi [-] (22) accepted ('10.0.0.56', 35544) server /var/lib/kolla/venv/lib/python3.6/site-packages/eventlet/wsgi.py:1004
2025-12-11 02:03:13.757 22 INFO neutron.wsgi [-] 10.0.0.56 "GET / HTTP/1.1" status: 200 len: 227 time: 0.0030205
2025-12-11 02:03:15.562 28 DEBUG neutron_lib.callbacks.manager [req-28700d0d-e3ec-4736-aac1-a791b07bc950 - - - - -] Publish callbacks ['neutron.services.segments.db._update_segment_host_mapping_for_agent-8740142591040', 'neutron.plugins.ml2.plugin.Ml2Plugin._retry_binding_revived_agents--9223372036851357253'] for agent (724a26cc-5c88-4eca-9bd2-22e73edc4038), after_update _notify_loop /var/lib/kolla/venv/lib/python3.6/site-packages/neutron_lib/callbacks/manager.py:177
2025-12-11 02:03:33.580 25 DEBUG neutron_lib.callbacks.manager [req-dcdbffb5-612c-4571-8432-f859a05df9c9 - - - - -] Publish callbacks ['neutron.services.segments.db._update_segment_host_mapping_for_agent-8740142591040', 'neutron.plugins.ml2.plugin.Ml2Plugin._retry_binding_revived_agents--9223372036851357253'] for agent (79c1e997-295e-4b86-882f-6d939f02e845), after_update _notify_loop /var/lib/kolla/venv/lib/python3.6/site-packages/neutron_lib/callbacks/manager.py:177
2025-12-11 02:03:43.818 22 DEBUG neutron.wsgi [-] (22) accepted ('10.0.0.56', 41118) server /var/lib/kolla/venv/lib/python3.6/site-packages/eventlet/wsgi.py:1004
2025-12-11 02:03:43.821 22 INFO neutron.wsgi [-] 10.0.0.56 "GET / HTTP/1.1" status: 200 len: 227 time: 0.0024807
2025-12-11 02:03:45.561 24 DEBUG neutron_lib.callbacks.manager [req-fbd300df-3cb0-4abe-8914-670d524c7035 - - - - -] Publish callbacks ['neutron.services.segments.db._update_segment_host_mapping_for_agent-8740142591040', 'neutron.plugins.ml2.plugin.Ml2Plugin._retry_binding_revived_agents--9223372036851357253'] for agent (724a26cc-5c88-4eca-9bd2-22e73edc4038), after_update _notify_loop /var/lib/kolla/venv/lib/python3.6/site-packages/neutron_lib/callbacks/manager.py:177
2025-12-11 02:03:49.638 29 DEBUG neutron.db.agents_db [req-96c34f5e-906b-4ec9-8824-49de8734cdf7 - - - - -] Agent healthcheck: found 2 active agents agent_health_check /var/lib/kolla/venv/lib/python3.6/site-packages/neutron/db/agents_db.py:318
2025-12-11 02:04:03.582 23 DEBUG neutron_lib.callbacks.manager [req-dcdbffb5-612c-4571-8432-f859a05df9c9 - - - - -] Publish callbacks ['neutron.services.segments.db._update_segment_host_mapping_for_agent-8740142591040', 'neutron.plugins.ml2.plugin.Ml2Plugin._retry_binding_revived_agents--9223372036851357253'] for agent (79c1e997-295e-4b86-882f-6d939f02e845), after_update _notify_loop /var/lib/kolla/venv/lib/python3.6/site-packages/neutron_lib/callbacks/manager.py:177
2025-12-11 02:04:13.867 22 DEBUG neutron.wsgi [-] (22) accepted ('10.0.0.56', 41556) server /var/lib/kolla/venv/lib/python3.6/site-packages/eventlet/wsgi.py:1004
2025-12-11 02:04:13.871 22 INFO neutron.wsgi [-] 10.0.0.56 "GET / HTTP/1.1" status: 200 len: 227 time: 0.0027907
2025-12-11 02:04:15.559 27 DEBUG neutron_lib.callbacks.manager [req-f15f8599-c322-4b91-8b67-606725978aef - - - - -] Publish callbacks ['neutron.services.segments.db._update_segment_host_mapping_for_agent-8740142591040', 'neutron.plugins.ml2.plugin.Ml2Plugin._retry_binding_revived_agents--9223372036851357253'] for agent (724a26cc-5c88-4eca-9bd2-22e73edc4038), after_update _notify_loop /var/lib/kolla/venv/lib/python3.6/site-packages/neutron_lib/callbacks/manager.py:177
2025-12-11 02:04:26.640 29 DEBUG neutron.db.agents_db [req-96c34f5e-906b-4ec9-8824-49de8734cdf7 - - - - -] Agent healthcheck: found 2 active agents agent_health_check /var/lib/kolla/venv/lib/python3.6/site-packages/neutron/db/agents_db.py:318
2025-12-11 02:04:33.600 26 DEBUG neutron_lib.callbacks.manager [req-dcdbffb5-612c-4571-8432-f859a05df9c9 - - - - -] Publish callbacks ['neutron.services.segments.db._update_segment_host_mapping_for_agent-8740142591040', 'neutron.plugins.ml2.plugin.Ml2Plugin._retry_binding_revived_agents--9223372036851357253'] for agent (79c1e997-295e-4b86-882f-6d939f02e845), after_update _notify_loop /var/lib/kolla/venv/lib/python3.6/site-packages/neutron_lib/callbacks/manager.py:177
2025-12-11 02:04:43.913 22 DEBUG neutron.wsgi [-] (22) accepted ('10.0.0.56', 56120) server /var/lib/kolla/venv/lib/python3.6/site-packages/eventlet/wsgi.py:1004
2025-12-11 02:04:43.918 22 INFO neutron.wsgi [-] 10.0.0.56 "GET / HTTP/1.1" status: 200 len: 227 time: 0.0028875
2025-12-11 02:04:45.555 28 DEBUG neutron_lib.callbacks.manager [req-0bb31841-6bde-4067-9405-d841f572377d - - - - -] Publish callbacks ['neutron.services.segments.db._update_segment_host_mapping_for_agent-8740142591040', 'neutron.plugins.ml2.plugin.Ml2Plugin._retry_binding_revived_agents--9223372036851357253'] for agent (724a26cc-5c88-4eca-9bd2-22e73edc4038), after_update _notify_loop /var/lib/kolla/venv/lib/python3.6/site-packages/neutron_lib/callbacks/manager.py:177
2025-12-11 02:05:03.588 25 DEBUG neutron_lib.callbacks.manager [req-dcdbffb5-612c-4571-8432-f859a05df9c9 - - - - -] Publish callbacks ['neutron.services.segments.db._update_segment_host_mapping_for_agent-8740142591040', 'neutron.plugins.ml2.plugin.Ml2Plugin._retry_binding_revived_agents--9223372036851357253'] for agent (79c1e997-295e-4b86-882f-6d939f02e845), after_update _notify_loop /var/lib/kolla/venv/lib/python3.6/site-packages/neutron_lib/callbacks/manager.py:177
2025-12-11 02:05:03.640 29 DEBUG neutron.db.agents_db [req-96c34f5e-906b-4ec9-8824-49de8734cdf7 - - - - -] Agent healthcheck: found 2 active agents agent_health_check /var/lib/kolla/venv/lib/python3.6/site-packages/neutron/db/agents_db.py:318
2025-12-11 02:05:13.962 22 DEBUG neutron.wsgi [-] (22) accepted ('10.0.0.56', 41438) server /var/lib/kolla/venv/lib/python3.6/site-packages/eventlet/wsgi.py:1004
2025-12-11 02:05:13.966 22 INFO neutron.wsgi [-] 10.0.0.56 "GET / HTTP/1.1" status: 200 len: 227 time: 0.0026383
2025-12-11 02:05:15.553 24 DEBUG neutron_lib.callbacks.manager [req-4411761a-7e24-417c-9aaa-666a28c4f339 - - - - -] Publish callbacks ['neutron.services.segments.db._update_segment_host_mapping_for_agent-8740142591040', 'neutron.plugins.ml2.plugin.Ml2Plugin._retry_binding_revived_agents--9223372036851357253'] for agent (724a26cc-5c88-4eca-9bd2-22e73edc4038), after_update _notify_loop /var/lib/kolla/venv/lib/python3.6/site-packages/neutron_lib/callbacks/manager.py:177
2025-12-11 02:05:33.592 23 DEBUG neutron_lib.callbacks.manager [req-dcdbffb5-612c-4571-8432-f859a05df9c9 - - - - -] Publish callbacks ['neutron.services.segments.db._update_segment_host_mapping_for_agent-8740142591040', 'neutron.plugins.ml2.plugin.Ml2Plugin._retry_binding_revived_agents--9223372036851357253'] for agent (79c1e997-295e-4b86-882f-6d939f02e845), after_update _notify_loop /var/lib/kolla/venv/lib/python3.6/site-packages/neutron_lib/callbacks/manager.py:177
2025-12-11 02:05:40.640 29 DEBUG neutron.db.agents_db [req-96c34f5e-906b-4ec9-8824-49de8734cdf7 - - - - -] Agent healthcheck: found 2 active agents agent_health_check /var/lib/kolla/venv/lib/python3.6/site-packages/neutron/db/agents_db.py:318
2025-12-11 02:05:44.011 22 DEBUG neutron.wsgi [-] (22) accepted ('10.0.0.56', 43356) server /var/lib/kolla/venv/lib/python3.6/site-packages/eventlet/wsgi.py:1004
2025-12-11 02:05:44.015 22 INFO neutron.wsgi [-] 10.0.0.56 "GET / HTTP/1.1" status: 200 len: 227 time: 0.0030177
2025-12-11 02:05:45.557 27 DEBUG neutron_lib.callbacks.manager [req-e4caf984-cd10-43b3-b2aa-d5969c4748d3 - - - - -] Publish callbacks ['neutron.services.segments.db._update_segment_host_mapping_for_agent-8740142591040', 'neutron.plugins.ml2.plugin.Ml2Plugin._retry_binding_revived_agents--9223372036851357253'] for agent (724a26cc-5c88-4eca-9bd2-22e73edc4038), after_update _notify_loop /var/lib/kolla/venv/lib/python3.6/site-packages/neutron_lib/callbacks/manager.py:177
2025-12-11 02:06:03.592 26 DEBUG neutron_lib.callbacks.manager [req-dcdbffb5-612c-4571-8432-f859a05df9c9 - - - - -] Publish callbacks ['neutron.services.segments.db._update_segment_host_mapping_for_agent-8740142591040', 'neutron.plugins.ml2.plugin.Ml2Plugin._retry_binding_revived_agents--9223372036851357253'] for agent (79c1e997-295e-4b86-882f-6d939f02e845), after_update _notify_loop /var/lib/kolla/venv/lib/python3.6/site-packages/neutron_lib/callbacks/manager.py:177
2025-12-11 02:06:14.066 22 DEBUG neutron.wsgi [-] (22) accepted ('10.0.0.56', 46436) server /var/lib/kolla/venv/lib/python3.6/site-packages/eventlet/wsgi.py:1004
2025-12-11 02:06:14.071 22 INFO neutron.wsgi [-] 10.0.0.56 "GET / HTTP/1.1" status: 200 len: 227 time: 0.0031121
2025-12-11 02:06:15.553 28 DEBUG neutron_lib.callbacks.manager [req-fff1df21-8403-4332-9773-31434f44ff31 - - - - -] Publish callbacks ['neutron.services.segments.db._update_segment_host_mapping_for_agent-8740142591040', 'neutron.plugins.ml2.plugin.Ml2Plugin._retry_binding_revived_agents--9223372036851357253'] for agent (724a26cc-5c88-4eca-9bd2-22e73edc4038), after_update _notify_loop /var/lib/kolla/venv/lib/python3.6/site-packages/neutron_lib/callbacks/manager.py:177
2025-12-11 02:06:17.636 29 DEBUG neutron.db.agents_db [req-96c34f5e-906b-4ec9-8824-49de8734cdf7 - - - - -] Agent healthcheck: found 2 active agents agent_health_check /var/lib/kolla/venv/lib/python3.6/site-packages/neutron/db/agents_db.py:318
2025-12-11 02:06:33.599 25 DEBUG neutron_lib.callbacks.manager [req-dcdbffb5-612c-4571-8432-f859a05df9c9 - - - - -] Publish callbacks ['neutron.services.segments.db._update_segment_host_mapping_for_agent-8740142591040', 'neutron.plugins.ml2.plugin.Ml2Plugin._retry_binding_revived_agents--9223372036851357253'] for agent (79c1e997-295e-4b86-882f-6d939f02e845), after_update _notify_loop /var/lib/kolla/venv/lib/python3.6/site-packages/neutron_lib/callbacks/manager.py:177
2025-12-11 02:06:44.127 22 DEBUG neutron.wsgi [-] (22) accepted ('10.0.0.56', 49314) server /var/lib/kolla/venv/lib/python3.6/site-packages/eventlet/wsgi.py:1004
2025-12-11 02:06:44.130 22 INFO neutron.wsgi [-] 10.0.0.56 "GET / HTTP/1.1" status: 200 len: 227 time: 0.0026717
2025-12-11 02:06:45.573 24 DEBUG neutron_lib.callbacks.manager [req-6bef50c3-6ad7-4b76-9bca-10371d6890ed - - - - -] Publish callbacks ['neutron.services.segments.db._update_segment_host_mapping_for_agent-8740142591040', 'neutron.plugins.ml2.plugin.Ml2Plugin._retry_binding_revived_agents--9223372036851357253'] for agent (724a26cc-5c88-4eca-9bd2-22e73edc4038), after_update _notify_loop /var/lib/kolla/venv/lib/python3.6/site-packages/neutron_lib/callbacks/manager.py:177
2025-12-11 02:06:49.857 7 INFO oslo_service.service [-] Caught SIGTERM, stopping children
2025-12-11 02:06:49.857 7 DEBUG oslo_concurrency.lockutils [-] Acquired lock "singleton_lock" lock /var/lib/kolla/venv/lib/python3.6/site-packages/oslo_concurrency/lockutils.py:294
2025-12-11 02:06:49.857 7 DEBUG oslo_concurrency.lockutils [-] Releasing lock "singleton_lock" lock /var/lib/kolla/venv/lib/python3.6/site-packages/oslo_concurrency/lockutils.py:312
2025-12-11 02:06:49.858 7 DEBUG oslo_service.service [-] Stop services. stop /var/lib/kolla/venv/lib/python3.6/site-packages/oslo_service/service.py:695
2025-12-11 02:06:49.858 7 DEBUG neutron.service [-] calling RpcWorker stop() stop /var/lib/kolla/venv/lib/python3.6/site-packages/neutron/service.py:138
2025-12-11 02:06:49.858 7 DEBUG neutron.service [-] calling RpcWorker stop() stop /var/lib/kolla/venv/lib/python3.6/site-packages/neutron/service.py:138
2025-12-11 02:06:49.858 7 DEBUG oslo_service.service [-] Killing children. stop /var/lib/kolla/venv/lib/python3.6/site-packages/oslo_service/service.py:700
2025-12-11 02:06:49.858 7 INFO oslo_service.service [-] Waiting on 8 children to exit
2025-12-11 02:06:49.859 29 DEBUG neutron.service [-] calling RpcWorker stop() stop /var/lib/kolla/venv/lib/python3.6/site-packages/neutron/service.py:138
2025-12-11 02:06:49.859 23 DEBUG neutron.service [-] calling RpcWorker stop() stop /var/lib/kolla/venv/lib/python3.6/site-packages/neutron/service.py:138
2025-12-11 02:06:49.859 29 DEBUG neutron.service [-] calling stop on stop /var/lib/kolla/venv/lib/python3.6/site-packages/neutron/service.py:141
2025-12-11 02:06:49.861 26 DEBUG neutron.service [-] calling RpcWorker stop() stop /var/lib/kolla/venv/lib/python3.6/site-packages/neutron/service.py:138
2025-12-11 02:06:49.859 23 DEBUG neutron.service [-] calling stop on stop /var/lib/kolla/venv/lib/python3.6/site-packages/neutron/service.py:141
2025-12-11 02:06:49.863 22 INFO neutron.wsgi [-] (22) wsgi exited, is_accepting=True
2025-12-11 02:06:49.861 26 DEBUG neutron.service [-] calling stop on stop /var/lib/kolla/venv/lib/python3.6/site-packages/neutron/service.py:141
2025-12-11 02:06:49.864 22 DEBUG oslo_concurrency.lockutils [req-65e6b14f-2ab2-4532-8093-e7275c321314 - - - - -] Acquired lock "singleton_lock" lock /var/lib/kolla/venv/lib/python3.6/site-packages/oslo_concurrency/lockutils.py:294
2025-12-11 02:06:49.865 22 DEBUG oslo_concurrency.lockutils [req-65e6b14f-2ab2-4532-8093-e7275c321314 - - - - -] Releasing lock "singleton_lock" lock /var/lib/kolla/venv/lib/python3.6/site-packages/oslo_concurrency/lockutils.py:312
2025-12-11 02:06:49.870 24 DEBUG neutron.service [-] calling RpcWorker stop() stop /var/lib/kolla/venv/lib/python3.6/site-packages/neutron/service.py:138
2025-12-11 02:06:49.870 25 DEBUG neutron.service [-] calling RpcWorker stop() stop /var/lib/kolla/venv/lib/python3.6/site-packages/neutron/service.py:138
2025-12-11 02:06:49.870 24 DEBUG neutron.service [-] calling stop on stop /var/lib/kolla/venv/lib/python3.6/site-packages/neutron/service.py:141
2025-12-11 02:06:49.872 28 DEBUG neutron.service [-] calling RpcWorker stop() stop /var/lib/kolla/venv/lib/python3.6/site-packages/neutron/service.py:138
2025-12-11 02:06:49.872 7 INFO oslo_service.service [-] Child 22 exited with status 0
2025-12-11 02:06:49.872 27 DEBUG neutron.service [-] calling RpcWorker stop() stop /var/lib/kolla/venv/lib/python3.6/site-packages/neutron/service.py:138
2025-12-11 02:06:49.870 25 DEBUG neutron.service [-] calling stop on stop /var/lib/kolla/venv/lib/python3.6/site-packages/neutron/service.py:141
2025-12-11 02:06:49.873 27 DEBUG neutron.service [-] calling stop on stop /var/lib/kolla/venv/lib/python3.6/site-packages/neutron/service.py:141
2025-12-11 02:06:49.875 28 DEBUG neutron.service [-] calling stop on stop /var/lib/kolla/venv/lib/python3.6/site-packages/neutron/service.py:141
2025-12-11 02:06:51.635 24 DEBUG neutron.service [-] calling stop on stop /var/lib/kolla/venv/lib/python3.6/site-packages/neutron/service.py:141
2025-12-11 02:06:51.636 25 DEBUG neutron.service [-] calling stop on stop /var/lib/kolla/venv/lib/python3.6/site-packages/neutron/service.py:141
2025-12-11 02:06:51.637 23 DEBUG neutron.service [-] calling stop on stop /var/lib/kolla/venv/lib/python3.6/site-packages/neutron/service.py:141
2025-12-11 02:06:51.639 27 DEBUG oslo_concurrency.lockutils [req-65e6b14f-2ab2-4532-8093-e7275c321314 - - - - -] Acquired lock "singleton_lock" lock /var/lib/kolla/venv/lib/python3.6/site-packages/oslo_concurrency/lockutils.py:294
2025-12-11 02:06:51.640 27 DEBUG oslo_concurrency.lockutils [req-65e6b14f-2ab2-4532-8093-e7275c321314 - - - - -] Releasing lock "singleton_lock" lock /var/lib/kolla/venv/lib/python3.6/site-packages/oslo_concurrency/lockutils.py:312
2025-12-11 02:06:51.641 27 DEBUG neutron.service [req-65e6b14f-2ab2-4532-8093-e7275c321314 - - - - -] calling RpcWorker wait() _wait /var/lib/kolla/venv/lib/python3.6/site-packages/neutron/service.py:128
2025-12-11 02:06:51.641 27 DEBUG neutron.service [req-65e6b14f-2ab2-4532-8093-e7275c321314 - - - - -] calling wait on _wait /var/lib/kolla/venv/lib/python3.6/site-packages/neutron/service.py:131
2025-12-11 02:06:51.643 24 DEBUG neutron.service [-] calling stop on stop /var/lib/kolla/venv/lib/python3.6/site-packages/neutron/service.py:141
2025-12-11 02:06:51.644 25 DEBUG neutron.service [-] calling stop on stop /var/lib/kolla/venv/lib/python3.6/site-packages/neutron/service.py:141
2025-12-11 02:06:51.645 23 DEBUG neutron.service [-] calling stop on stop /var/lib/kolla/venv/lib/python3.6/site-packages/neutron/service.py:141
2025-12-11 02:06:51.653 27 WARNING amqp [req-65e6b14f-2ab2-4532-8093-e7275c321314 - - - - -] Received method (60, 30) during closing channel 1. This method will be ignored
2025-12-11 02:06:51.654 26 DEBUG oslo_concurrency.lockutils [req-65e6b14f-2ab2-4532-8093-e7275c321314 - - - - -] Acquired lock "singleton_lock" lock /var/lib/kolla/venv/lib/python3.6/site-packages/oslo_concurrency/lockutils.py:294
2025-12-11 02:06:51.654 26 DEBUG oslo_concurrency.lockutils [req-65e6b14f-2ab2-4532-8093-e7275c321314 - - - - -] Releasing lock "singleton_lock" lock /var/lib/kolla/venv/lib/python3.6/site-packages/oslo_concurrency/lockutils.py:312
2025-12-11 02:06:51.655 27 DEBUG neutron.service [req-65e6b14f-2ab2-4532-8093-e7275c321314 - - - - -] returning from RpcWorker wait() _wait /var/lib/kolla/venv/lib/python3.6/site-packages/neutron/service.py:135
2025-12-11 02:06:51.656 29 DEBUG oslo_concurrency.lockutils [req-65e6b14f-2ab2-4532-8093-e7275c321314 - - - - -] Acquired lock "singleton_lock" lock /var/lib/kolla/venv/lib/python3.6/site-packages/oslo_concurrency/lockutils.py:294
2025-12-11 02:06:51.656 29 DEBUG oslo_concurrency.lockutils [req-65e6b14f-2ab2-4532-8093-e7275c321314 - - - - -] Releasing lock "singleton_lock" lock /var/lib/kolla/venv/lib/python3.6/site-packages/oslo_concurrency/lockutils.py:312
2025-12-11 02:06:51.656 29 DEBUG neutron.service [req-65e6b14f-2ab2-4532-8093-e7275c321314 - - - - -] calling RpcWorker wait() _wait /var/lib/kolla/venv/lib/python3.6/site-packages/neutron/service.py:128
2025-12-11 02:06:51.656 29 DEBUG neutron.service [req-65e6b14f-2ab2-4532-8093-e7275c321314 - - - - -] calling wait on _wait /var/lib/kolla/venv/lib/python3.6/site-packages/neutron/service.py:131
2025-12-11 02:06:51.657 26 DEBUG neutron.service [req-65e6b14f-2ab2-4532-8093-e7275c321314 - - - - -] calling RpcWorker wait() _wait /var/lib/kolla/venv/lib/python3.6/site-packages/neutron/service.py:128
2025-12-11 02:06:51.657 26 DEBUG neutron.service [req-65e6b14f-2ab2-4532-8093-e7275c321314 - - - - -] calling wait on _wait /var/lib/kolla/venv/lib/python3.6/site-packages/neutron/service.py:131
2025-12-11 02:06:51.661 29 WARNING amqp [req-65e6b14f-2ab2-4532-8093-e7275c321314 - - - - -] Received method (60, 30) during closing channel 1. This method will be ignored
2025-12-11 02:06:51.662 29 DEBUG neutron.service [req-65e6b14f-2ab2-4532-8093-e7275c321314 - - - - -] returning from RpcWorker wait() _wait /var/lib/kolla/venv/lib/python3.6/site-packages/neutron/service.py:135
2025-12-11 02:06:51.667 7 INFO oslo_service.service [-] Child 27 exited with status 0
2025-12-11 02:06:51.667 7 INFO oslo_service.service [-] Child 29 exited with status 0
2025-12-11 02:06:51.668 26 WARNING amqp [req-65e6b14f-2ab2-4532-8093-e7275c321314 - - - - -] Received method (60, 30) during closing channel 1. This method will be ignored
2025-12-11 02:06:51.668 26 DEBUG neutron.service [req-65e6b14f-2ab2-4532-8093-e7275c321314 - - - - -] returning from RpcWorker wait() _wait /var/lib/kolla/venv/lib/python3.6/site-packages/neutron/service.py:135
2025-12-11 02:06:51.672 7 INFO oslo_service.service [-] Child 26 exited with status 0
2025-12-11 02:06:51.675 23 DEBUG neutron.service [-] calling stop on stop /var/lib/kolla/venv/lib/python3.6/site-packages/neutron/service.py:141
2025-12-11 02:06:51.690 23 DEBUG oslo_concurrency.lockutils [req-65e6b14f-2ab2-4532-8093-e7275c321314 - - - - -] Acquired lock "singleton_lock" lock /var/lib/kolla/venv/lib/python3.6/site-packages/oslo_concurrency/lockutils.py:294
2025-12-11 02:06:51.691 23 DEBUG oslo_concurrency.lockutils [req-65e6b14f-2ab2-4532-8093-e7275c321314 - - - - -] Releasing lock "singleton_lock" lock /var/lib/kolla/venv/lib/python3.6/site-packages/oslo_concurrency/lockutils.py:312
2025-12-11 02:06:51.691 23 DEBUG neutron.service [req-65e6b14f-2ab2-4532-8093-e7275c321314 - - - - -] calling RpcWorker wait() _wait /var/lib/kolla/venv/lib/python3.6/site-packages/neutron/service.py:128
2025-12-11 02:06:51.691 23 DEBUG neutron.service [req-65e6b14f-2ab2-4532-8093-e7275c321314 - - - - -] calling wait on _wait /var/lib/kolla/venv/lib/python3.6/site-packages/neutron/service.py:131
2025-12-11 02:06:51.697 23 WARNING amqp [req-65e6b14f-2ab2-4532-8093-e7275c321314 - - - - -] Received method (60, 30) during closing channel 1. This method will be ignored
2025-12-11 02:06:51.698 23 DEBUG neutron.service [req-65e6b14f-2ab2-4532-8093-e7275c321314 - - - - -] calling wait on _wait /var/lib/kolla/venv/lib/python3.6/site-packages/neutron/service.py:131
2025-12-11 02:06:51.704 23 WARNING amqp [req-65e6b14f-2ab2-4532-8093-e7275c321314 - - - - -] Received method (60, 30) during closing channel 1. This method will be ignored
2025-12-11 02:06:51.704 23 DEBUG neutron.service [req-65e6b14f-2ab2-4532-8093-e7275c321314 - - - - -] calling wait on _wait /var/lib/kolla/venv/lib/python3.6/site-packages/neutron/service.py:131
2025-12-11 02:06:51.709 23 WARNING amqp [req-65e6b14f-2ab2-4532-8093-e7275c321314 - - - - -] Received method (60, 30) during closing channel 1. This method will be ignored
2025-12-11 02:06:51.710 23 DEBUG neutron.service [req-65e6b14f-2ab2-4532-8093-e7275c321314 - - - - -] calling wait on _wait /var/lib/kolla/venv/lib/python3.6/site-packages/neutron/service.py:131
2025-12-11 02:06:51.716 23 WARNING amqp [req-65e6b14f-2ab2-4532-8093-e7275c321314 - - - - -] Received method (60, 30) during closing channel 1. This method will be ignored
2025-12-11 02:06:51.717 23 DEBUG neutron.service [req-65e6b14f-2ab2-4532-8093-e7275c321314 - - - - -] returning from RpcWorker wait() _wait /var/lib/kolla/venv/lib/python3.6/site-packages/neutron/service.py:135
2025-12-11 02:06:51.722 7 INFO oslo_service.service [-] Child 23 exited with status 0
2025-12-11 02:06:51.793 25 DEBUG neutron.service [-] calling stop on stop /var/lib/kolla/venv/lib/python3.6/site-packages/neutron/service.py:141
2025-12-11 02:06:53.746 24 DEBUG neutron.service [-] calling stop on stop /var/lib/kolla/venv/lib/python3.6/site-packages/neutron/service.py:141
2025-12-11 02:06:53.751 28 DEBUG oslo_concurrency.lockutils [req-65e6b14f-2ab2-4532-8093-e7275c321314 - - - - -] Acquired lock "singleton_lock" lock /var/lib/kolla/venv/lib/python3.6/site-packages/oslo_concurrency/lockutils.py:294
2025-12-11 02:06:53.752 28 DEBUG oslo_concurrency.lockutils [req-65e6b14f-2ab2-4532-8093-e7275c321314 - - - - -] Releasing lock "singleton_lock" lock /var/lib/kolla/venv/lib/python3.6/site-packages/oslo_concurrency/lockutils.py:312
2025-12-11 02:06:53.753 28 DEBUG neutron.service [req-65e6b14f-2ab2-4532-8093-e7275c321314 - - - - -] calling RpcWorker wait() _wait /var/lib/kolla/venv/lib/python3.6/site-packages/neutron/service.py:128
2025-12-11 02:06:53.754 28 DEBUG neutron.service [req-65e6b14f-2ab2-4532-8093-e7275c321314 - - - - -] calling wait on _wait /var/lib/kolla/venv/lib/python3.6/site-packages/neutron/service.py:131
2025-12-11 02:06:53.764 28 WARNING amqp [req-65e6b14f-2ab2-4532-8093-e7275c321314 - - - - -] Received method (60, 30) during closing channel 1. This method will be ignored
2025-12-11 02:06:53.767 28 DEBUG neutron.service [req-65e6b14f-2ab2-4532-8093-e7275c321314 - - - - -] returning from RpcWorker wait() _wait /var/lib/kolla/venv/lib/python3.6/site-packages/neutron/service.py:135
2025-12-11 02:06:53.776 7 INFO oslo_service.service [-] Child 28 exited with status 0
2025-12-11 02:06:56.683 25 DEBUG oslo_concurrency.lockutils [req-65e6b14f-2ab2-4532-8093-e7275c321314 - - - - -] Acquired lock "singleton_lock" lock /var/lib/kolla/venv/lib/python3.6/site-packages/oslo_concurrency/lockutils.py:294
2025-12-11 02:06:56.684 25 DEBUG oslo_concurrency.lockutils [req-65e6b14f-2ab2-4532-8093-e7275c321314 - - - - -] Releasing lock "singleton_lock" lock /var/lib/kolla/venv/lib/python3.6/site-packages/oslo_concurrency/lockutils.py:312
2025-12-11 02:06:56.684 25 DEBUG neutron.service [req-65e6b14f-2ab2-4532-8093-e7275c321314 - - - - -] calling RpcWorker wait() _wait /var/lib/kolla/venv/lib/python3.6/site-packages/neutron/service.py:128
2025-12-11 02:06:56.684 25 DEBUG neutron.service [req-65e6b14f-2ab2-4532-8093-e7275c321314 - - - - -] calling wait on _wait /var/lib/kolla/venv/lib/python3.6/site-packages/neutron/service.py:131
2025-12-11 02:06:56.685 24 DEBUG oslo_concurrency.lockutils [req-65e6b14f-2ab2-4532-8093-e7275c321314 - - - - -] Acquired lock "singleton_lock" lock /var/lib/kolla/venv/lib/python3.6/site-packages/oslo_concurrency/lockutils.py:294
2025-12-11 02:06:56.686 24 DEBUG oslo_concurrency.lockutils [req-65e6b14f-2ab2-4532-8093-e7275c321314 - - - - -] Releasing lock "singleton_lock" lock /var/lib/kolla/venv/lib/python3.6/site-packages/oslo_concurrency/lockutils.py:312
2025-12-11 02:06:56.687 24 DEBUG neutron.service [req-65e6b14f-2ab2-4532-8093-e7275c321314 - - - - -] calling RpcWorker wait() _wait /var/lib/kolla/venv/lib/python3.6/site-packages/neutron/service.py:128
2025-12-11 02:06:56.688 24 DEBUG neutron.service [req-65e6b14f-2ab2-4532-8093-e7275c321314 - - - - -] calling wait on _wait /var/lib/kolla/venv/lib/python3.6/site-packages/neutron/service.py:131
2025-12-11 02:06:56.696 25 WARNING amqp [req-65e6b14f-2ab2-4532-8093-e7275c321314 - - - - -] Received method (60, 30) during closing channel 1. This method will be ignored
2025-12-11 02:06:56.697 25 DEBUG neutron.service [req-65e6b14f-2ab2-4532-8093-e7275c321314 - - - - -] calling wait on _wait /var/lib/kolla/venv/lib/python3.6/site-packages/neutron/service.py:131
2025-12-11 02:06:56.703 24 WARNING amqp [req-65e6b14f-2ab2-4532-8093-e7275c321314 - - - - -] Received method (60, 30) during closing channel 1. This method will be ignored
2025-12-11 02:06:56.704 24 DEBUG neutron.service [req-65e6b14f-2ab2-4532-8093-e7275c321314 - - - - -] calling wait on _wait /var/lib/kolla/venv/lib/python3.6/site-packages/neutron/service.py:131
2025-12-11 02:06:56.709 24 WARNING amqp [req-65e6b14f-2ab2-4532-8093-e7275c321314 - - - - -] Received method (60, 30) during closing channel 1. This method will be ignored
2025-12-11 02:06:56.710 24 DEBUG neutron.service [req-65e6b14f-2ab2-4532-8093-e7275c321314 - - - - -] calling wait on _wait /var/lib/kolla/venv/lib/python3.6/site-packages/neutron/service.py:131
2025-12-11 02:06:56.712 25 WARNING amqp [req-65e6b14f-2ab2-4532-8093-e7275c321314 - - - - -] Received method (60, 30) during closing channel 1. This method will be ignored
2025-12-11 02:06:56.713 25 DEBUG neutron.service [req-65e6b14f-2ab2-4532-8093-e7275c321314 - - - - -] calling wait on _wait /var/lib/kolla/venv/lib/python3.6/site-packages/neutron/service.py:131
2025-12-11 02:06:56.715 24 WARNING amqp [req-65e6b14f-2ab2-4532-8093-e7275c321314 - - - - -] Received method (60, 30) during closing channel 1. This method will be ignored
2025-12-11 02:06:56.716 24 DEBUG neutron.service [req-65e6b14f-2ab2-4532-8093-e7275c321314 - - - - -] calling wait on _wait /var/lib/kolla/venv/lib/python3.6/site-packages/neutron/service.py:131
2025-12-11 02:06:56.718 25 WARNING amqp [req-65e6b14f-2ab2-4532-8093-e7275c321314 - - - - -] Received method (60, 30) during closing channel 1. This method will be ignored
2025-12-11 02:06:56.719 25 DEBUG neutron.service [req-65e6b14f-2ab2-4532-8093-e7275c321314 - - - - -] calling wait on _wait /var/lib/kolla/venv/lib/python3.6/site-packages/neutron/service.py:131
2025-12-11 02:06:56.721 24 WARNING amqp [req-65e6b14f-2ab2-4532-8093-e7275c321314 - - - - -] Received method (60, 30) during closing channel 1. This method will be ignored
2025-12-11 02:06:56.721 24 DEBUG neutron.service [req-65e6b14f-2ab2-4532-8093-e7275c321314 - - - - -] returning from RpcWorker wait() _wait /var/lib/kolla/venv/lib/python3.6/site-packages/neutron/service.py:135
2025-12-11 02:06:56.725 25 WARNING amqp [req-65e6b14f-2ab2-4532-8093-e7275c321314 - - - - -] Received method (60, 30) during closing channel 1. This method will be ignored
2025-12-11 02:06:56.725 25 DEBUG neutron.service [req-65e6b14f-2ab2-4532-8093-e7275c321314 - - - - -] returning from RpcWorker wait() _wait /var/lib/kolla/venv/lib/python3.6/site-packages/neutron/service.py:135
2025-12-11 02:06:56.727 7 INFO oslo_service.service [-] Child 24 exited with status 0
2025-12-11 02:06:56.729 7 INFO oslo_service.service [-] Child 25 exited with status 0
2025-12-11 02:06:56.730 7 INFO oslo_service.service [-] Wait called after thread killed. Cleaning up.
2025-12-11 02:06:56.730 7 DEBUG oslo_service.service [-] Stop services. stop /var/lib/kolla/venv/lib/python3.6/site-packages/oslo_service/service.py:695
2025-12-11 02:06:56.730 7 DEBUG oslo_service.service [-] Killing children. stop /var/lib/kolla/venv/lib/python3.6/site-packages/oslo_service/service.py:700
2025-12-11 02:07:00.570 7 INFO neutron.common.config [-] Logging enabled!
2025-12-11 02:07:00.570 7 INFO neutron.common.config [-] /var/lib/kolla/venv/bin/neutron-server version 20.5.1.dev23
2025-12-11 02:07:00.570 7 DEBUG neutron.common.config [-] command line: /var/lib/kolla/venv/bin/neutron-server --config-file /etc/neutron/neutron.conf --config-file /etc/neutron/ContrailPlugin.ini --config-file /etc/neutron/api-paste.ini setup_logging /var/lib/kolla/venv/lib/python3.6/site-packages/neutron/common/config.py:115
2025-12-11 02:07:00.575 7 INFO neutron.common.config [-] Logging enabled!
2025-12-11 02:07:00.575 7 INFO neutron.common.config [-] /var/lib/kolla/venv/bin/neutron-server version 20.5.1.dev23
2025-12-11 02:07:00.575 7 DEBUG neutron.common.config [-] command line: /var/lib/kolla/venv/bin/neutron-server --config-file /etc/neutron/neutron.conf --config-file /etc/neutron/ContrailPlugin.ini --config-file /etc/neutron/api-paste.ini setup_logging /var/lib/kolla/venv/lib/python3.6/site-packages/neutron/common/config.py:115
2025-12-11 02:07:00.575 7 DEBUG neutron.common.config [-] ******************************************************************************** log_opt_values /var/lib/kolla/venv/lib/python3.6/site-packages/oslo_config/cfg.py:2589
2025-12-11 02:07:00.576 7 DEBUG neutron.common.config [-] Configuration options gathered from: log_opt_values /var/lib/kolla/venv/lib/python3.6/site-packages/oslo_config/cfg.py:2590
2025-12-11 02:07:00.576 7 DEBUG neutron.common.config [-] command line args: ['--config-file', '/etc/neutron/neutron.conf', '--config-file', '/etc/neutron/ContrailPlugin.ini', '--config-file', '/etc/neutron/api-paste.ini'] log_opt_values /var/lib/kolla/venv/lib/python3.6/site-packages/oslo_config/cfg.py:2591
2025-12-11 02:07:00.577 7 DEBUG neutron.common.config [-] config files: ['/etc/neutron/neutron.conf', '/etc/neutron/ContrailPlugin.ini', '/etc/neutron/api-paste.ini'] log_opt_values /var/lib/kolla/venv/lib/python3.6/site-packages/oslo_config/cfg.py:2593
