2025-12-08 01:57:11.943 7 DEBUG oslo_service.service [-] ml2_type_gre.tunnel_id_ranges = [] log_opt_values /var/lib/kolla/venv/lib/python3.6/site-packages/oslo_config/cfg.py:2611
2025-12-08 01:57:11.943 7 DEBUG oslo_service.service [-] ml2_type_vlan.network_vlan_ranges = [] log_opt_values /var/lib/kolla/venv/lib/python3.6/site-packages/oslo_config/cfg.py:2611
2025-12-08 01:57:11.943 7 DEBUG oslo_service.service [-] ml2_type_vxlan.vni_ranges = [] log_opt_values /var/lib/kolla/venv/lib/python3.6/site-packages/oslo_config/cfg.py:2611
2025-12-08 01:57:11.944 7 DEBUG oslo_service.service [-] ml2_type_vxlan.vxlan_group = None log_opt_values /var/lib/kolla/venv/lib/python3.6/site-packages/oslo_config/cfg.py:2611
2025-12-08 01:57:11.944 7 DEBUG oslo_service.service [-] database.backend = sqlalchemy log_opt_values /var/lib/kolla/venv/lib/python3.6/site-packages/oslo_config/cfg.py:2611
2025-12-08 01:57:11.944 7 DEBUG oslo_service.service [-] database.connection = **** log_opt_values /var/lib/kolla/venv/lib/python3.6/site-packages/oslo_config/cfg.py:2611
2025-12-08 01:57:11.944 7 DEBUG oslo_service.service [-] database.connection_debug = 0 log_opt_values /var/lib/kolla/venv/lib/python3.6/site-packages/oslo_config/cfg.py:2611
2025-12-08 01:57:11.944 7 DEBUG oslo_service.service [-] database.connection_parameters = log_opt_values /var/lib/kolla/venv/lib/python3.6/site-packages/oslo_config/cfg.py:2611
2025-12-08 01:57:11.944 7 DEBUG oslo_service.service [-] database.connection_recycle_time = 10 log_opt_values /var/lib/kolla/venv/lib/python3.6/site-packages/oslo_config/cfg.py:2611
2025-12-08 01:57:11.944 7 DEBUG oslo_service.service [-] database.connection_trace = False log_opt_values /var/lib/kolla/venv/lib/python3.6/site-packages/oslo_config/cfg.py:2611
2025-12-08 01:57:11.944 7 DEBUG oslo_service.service [-] database.db_inc_retry_interval = True log_opt_values /var/lib/kolla/venv/lib/python3.6/site-packages/oslo_config/cfg.py:2611
2025-12-08 01:57:11.944 7 DEBUG oslo_service.service [-] database.db_max_retries = 20 log_opt_values /var/lib/kolla/venv/lib/python3.6/site-packages/oslo_config/cfg.py:2611
2025-12-08 01:57:11.944 7 DEBUG oslo_service.service [-] database.db_max_retry_interval = 10 log_opt_values /var/lib/kolla/venv/lib/python3.6/site-packages/oslo_config/cfg.py:2611
2025-12-08 01:57:11.944 7 DEBUG oslo_service.service [-] database.db_retry_interval = 1 log_opt_values /var/lib/kolla/venv/lib/python3.6/site-packages/oslo_config/cfg.py:2611
2025-12-08 01:57:11.944 7 DEBUG oslo_service.service [-] database.max_overflow = 50 log_opt_values /var/lib/kolla/venv/lib/python3.6/site-packages/oslo_config/cfg.py:2611
2025-12-08 01:57:11.944 7 DEBUG oslo_service.service [-] database.max_pool_size = 1 log_opt_values /var/lib/kolla/venv/lib/python3.6/site-packages/oslo_config/cfg.py:2611
2025-12-08 01:57:11.944 7 DEBUG oslo_service.service [-] database.max_retries = -1 log_opt_values /var/lib/kolla/venv/lib/python3.6/site-packages/oslo_config/cfg.py:2611
2025-12-08 01:57:11.944 7 DEBUG oslo_service.service [-] database.mysql_enable_ndb = False log_opt_values /var/lib/kolla/venv/lib/python3.6/site-packages/oslo_config/cfg.py:2611
2025-12-08 01:57:11.944 7 DEBUG oslo_service.service [-] database.mysql_sql_mode = TRADITIONAL log_opt_values /var/lib/kolla/venv/lib/python3.6/site-packages/oslo_config/cfg.py:2611
2025-12-08 01:57:11.944 7 DEBUG oslo_service.service [-] database.pool_timeout = None log_opt_values /var/lib/kolla/venv/lib/python3.6/site-packages/oslo_config/cfg.py:2611
2025-12-08 01:57:11.945 7 DEBUG oslo_service.service [-] database.retry_interval = 10 log_opt_values /var/lib/kolla/venv/lib/python3.6/site-packages/oslo_config/cfg.py:2611
2025-12-08 01:57:11.945 7 DEBUG oslo_service.service [-] database.slave_connection = **** log_opt_values /var/lib/kolla/venv/lib/python3.6/site-packages/oslo_config/cfg.py:2611
2025-12-08 01:57:11.945 7 DEBUG oslo_service.service [-] database.sqlite_synchronous = True log_opt_values /var/lib/kolla/venv/lib/python3.6/site-packages/oslo_config/cfg.py:2611
2025-12-08 01:57:11.945 7 DEBUG oslo_service.service [-] database.use_db_reconnect = False log_opt_values /var/lib/kolla/venv/lib/python3.6/site-packages/oslo_config/cfg.py:2611
2025-12-08 01:57:11.945 7 DEBUG oslo_service.service [-] ******************************************************************************** log_opt_values /var/lib/kolla/venv/lib/python3.6/site-packages/oslo_config/cfg.py:2613
2025-12-08 01:57:13.548 22 DEBUG neutron.wsgi [-] (22) accepted ('10.0.0.27', 48230) server /var/lib/kolla/venv/lib/python3.6/site-packages/eventlet/wsgi.py:1004
2025-12-08 01:57:13.554 22 INFO neutron.wsgi [-] 10.0.0.27 "GET / HTTP/1.1" status: 200 len: 227 time: 0.0046444
2025-12-08 01:57:15.569 25 DEBUG neutron.api.rpc.handlers.dhcp_rpc [req-a0b914c6-b835-4ef8-942f-ec7ad2e2488e - - - - -] get_active_networks_info from cn-jenkins-deploy-platform-ansible-os-4853-1 get_active_networks_info /var/lib/kolla/venv/lib/python3.6/site-packages/neutron/api/rpc/handlers/dhcp_rpc.py:159
2025-12-08 01:57:15.592 26 DEBUG neutron_lib.callbacks.manager [req-a00caf51-efd1-42a3-9124-974f7c5deee2 - - - - -] Publish callbacks ['neutron.services.segments.db._update_segment_host_mapping_for_agent-8770985694579', 'neutron.services.l3_router.l3_router_plugin.DVRResourceOperationHandler.create_fip_agent_gw_ports-985347'] for agent (53499057-b1ef-48fc-b79b-fb2e8dde05c3), after_create _notify_loop /var/lib/kolla/venv/lib/python3.6/site-packages/neutron_lib/callbacks/manager.py:177
2025-12-08 01:57:15.620 25 DEBUG neutron.scheduler.dhcp_agent_scheduler [req-a0b914c6-b835-4ef8-942f-ec7ad2e2488e - - - - -] No non-hosted networks auto_schedule_networks /var/lib/kolla/venv/lib/python3.6/site-packages/neutron/scheduler/dhcp_agent_scheduler.py:60
2025-12-08 01:57:29.975 28 DEBUG neutron_lib.callbacks.manager [req-fafc0ca1-c0c0-4f64-8fcd-21004e0061b6 - - - - -] Publish callbacks ['neutron.services.segments.db._update_segment_host_mapping_for_agent-8770985694579', 'neutron.services.l3_router.l3_router_plugin.DVRResourceOperationHandler.create_fip_agent_gw_ports-985347'] for agent (952c88c7-47a4-40aa-8b40-5a9808727cce), after_create _notify_loop /var/lib/kolla/venv/lib/python3.6/site-packages/neutron_lib/callbacks/manager.py:177
2025-12-08 01:57:43.595 22 DEBUG neutron.wsgi [-] (22) accepted ('10.0.0.27', 50820) server /var/lib/kolla/venv/lib/python3.6/site-packages/eventlet/wsgi.py:1004
2025-12-08 01:57:43.599 22 INFO neutron.wsgi [-] 10.0.0.27 "GET / HTTP/1.1" status: 200 len: 227 time: 0.0030513
2025-12-08 01:57:45.580 27 DEBUG neutron_lib.callbacks.manager [req-a95f30e0-cd96-4234-aac2-22c1f8eaade6 - - - - -] Publish callbacks ['neutron.services.segments.db._update_segment_host_mapping_for_agent-8770985694579', 'neutron.plugins.ml2.plugin.Ml2Plugin._retry_binding_revived_agents--9223372036838136723'] for agent (53499057-b1ef-48fc-b79b-fb2e8dde05c3), after_update _notify_loop /var/lib/kolla/venv/lib/python3.6/site-packages/neutron_lib/callbacks/manager.py:177
2025-12-08 01:57:59.953 23 DEBUG neutron_lib.callbacks.manager [req-fafc0ca1-c0c0-4f64-8fcd-21004e0061b6 - - - - -] Publish callbacks ['neutron.services.segments.db._update_segment_host_mapping_for_agent-8770985694579', 'neutron.plugins.ml2.plugin.Ml2Plugin._retry_binding_revived_agents--9223372036838136723'] for agent (952c88c7-47a4-40aa-8b40-5a9808727cce), after_update _notify_loop /var/lib/kolla/venv/lib/python3.6/site-packages/neutron_lib/callbacks/manager.py:177
2025-12-08 01:58:05.935 29 DEBUG neutron.db.agents_db [req-cfb1d8ad-9b10-4961-8d4d-db6fee31e330 - - - - -] Agent healthcheck: found 2 active agents agent_health_check /var/lib/kolla/venv/lib/python3.6/site-packages/neutron/db/agents_db.py:318
2025-12-08 01:58:13.639 22 DEBUG neutron.wsgi [-] (22) accepted ('10.0.0.27', 53526) server /var/lib/kolla/venv/lib/python3.6/site-packages/eventlet/wsgi.py:1004
2025-12-08 01:58:13.643 22 INFO neutron.wsgi [-] 10.0.0.27 "GET / HTTP/1.1" status: 200 len: 227 time: 0.0030563
2025-12-08 01:58:15.578 25 DEBUG neutron_lib.callbacks.manager [req-34aa8222-f9eb-4914-a297-eb10118fbb73 - - - - -] Publish callbacks ['neutron.services.segments.db._update_segment_host_mapping_for_agent-8770985694579', 'neutron.plugins.ml2.plugin.Ml2Plugin._retry_binding_revived_agents--9223372036838136723'] for agent (53499057-b1ef-48fc-b79b-fb2e8dde05c3), after_update _notify_loop /var/lib/kolla/venv/lib/python3.6/site-packages/neutron_lib/callbacks/manager.py:177
2025-12-08 01:58:29.957 24 DEBUG neutron_lib.callbacks.manager [req-fafc0ca1-c0c0-4f64-8fcd-21004e0061b6 - - - - -] Publish callbacks ['neutron.services.segments.db._update_segment_host_mapping_for_agent-8770985694579', 'neutron.plugins.ml2.plugin.Ml2Plugin._retry_binding_revived_agents--9223372036838136723'] for agent (952c88c7-47a4-40aa-8b40-5a9808727cce), after_update _notify_loop /var/lib/kolla/venv/lib/python3.6/site-packages/neutron_lib/callbacks/manager.py:177
2025-12-08 01:58:42.922 29 DEBUG neutron.db.agents_db [req-cfb1d8ad-9b10-4961-8d4d-db6fee31e330 - - - - -] Agent healthcheck: found 2 active agents agent_health_check /var/lib/kolla/venv/lib/python3.6/site-packages/neutron/db/agents_db.py:318
2025-12-08 01:58:43.688 22 DEBUG neutron.wsgi [-] (22) accepted ('10.0.0.27', 43720) server /var/lib/kolla/venv/lib/python3.6/site-packages/eventlet/wsgi.py:1004
2025-12-08 01:58:43.692 22 INFO neutron.wsgi [-] 10.0.0.27 "GET / HTTP/1.1" status: 200 len: 227 time: 0.0029316
2025-12-08 01:58:45.569 26 DEBUG neutron_lib.callbacks.manager [req-6171c422-8a76-4a3c-ba35-5ce0179b7845 - - - - -] Publish callbacks ['neutron.services.segments.db._update_segment_host_mapping_for_agent-8770985694579', 'neutron.plugins.ml2.plugin.Ml2Plugin._retry_binding_revived_agents--9223372036838136723'] for agent (53499057-b1ef-48fc-b79b-fb2e8dde05c3), after_update _notify_loop /var/lib/kolla/venv/lib/python3.6/site-packages/neutron_lib/callbacks/manager.py:177
2025-12-08 01:58:59.945 28 DEBUG neutron_lib.callbacks.manager [req-fafc0ca1-c0c0-4f64-8fcd-21004e0061b6 - - - - -] Publish callbacks ['neutron.services.segments.db._update_segment_host_mapping_for_agent-8770985694579', 'neutron.plugins.ml2.plugin.Ml2Plugin._retry_binding_revived_agents--9223372036838136723'] for agent (952c88c7-47a4-40aa-8b40-5a9808727cce), after_update _notify_loop /var/lib/kolla/venv/lib/python3.6/site-packages/neutron_lib/callbacks/manager.py:177
2025-12-08 01:59:13.733 22 DEBUG neutron.wsgi [-] (22) accepted ('10.0.0.27', 43644) server /var/lib/kolla/venv/lib/python3.6/site-packages/eventlet/wsgi.py:1004
2025-12-08 01:59:13.737 22 INFO neutron.wsgi [-] 10.0.0.27 "GET / HTTP/1.1" status: 200 len: 227 time: 0.0038059
2025-12-08 01:59:15.564 27 DEBUG neutron_lib.callbacks.manager [req-13cea148-0828-4f45-bbdf-27bf4030b85e - - - - -] Publish callbacks ['neutron.services.segments.db._update_segment_host_mapping_for_agent-8770985694579', 'neutron.plugins.ml2.plugin.Ml2Plugin._retry_binding_revived_agents--9223372036838136723'] for agent (53499057-b1ef-48fc-b79b-fb2e8dde05c3), after_update _notify_loop /var/lib/kolla/venv/lib/python3.6/site-packages/neutron_lib/callbacks/manager.py:177
2025-12-08 01:59:19.918 29 DEBUG neutron.db.agents_db [req-cfb1d8ad-9b10-4961-8d4d-db6fee31e330 - - - - -] Agent healthcheck: found 2 active agents agent_health_check /var/lib/kolla/venv/lib/python3.6/site-packages/neutron/db/agents_db.py:318
2025-12-08 01:59:29.947 23 DEBUG neutron_lib.callbacks.manager [req-fafc0ca1-c0c0-4f64-8fcd-21004e0061b6 - - - - -] Publish callbacks ['neutron.services.segments.db._update_segment_host_mapping_for_agent-8770985694579', 'neutron.plugins.ml2.plugin.Ml2Plugin._retry_binding_revived_agents--9223372036838136723'] for agent (952c88c7-47a4-40aa-8b40-5a9808727cce), after_update _notify_loop /var/lib/kolla/venv/lib/python3.6/site-packages/neutron_lib/callbacks/manager.py:177
2025-12-08 01:59:43.780 22 DEBUG neutron.wsgi [-] (22) accepted ('10.0.0.27', 46180) server /var/lib/kolla/venv/lib/python3.6/site-packages/eventlet/wsgi.py:1004
2025-12-08 01:59:43.783 22 INFO neutron.wsgi [-] 10.0.0.27 "GET / HTTP/1.1" status: 200 len: 227 time: 0.0028760
2025-12-08 01:59:45.572 25 DEBUG neutron_lib.callbacks.manager [req-3a09b7aa-b995-46fe-b12e-4636fffb72cb - - - - -] Publish callbacks ['neutron.services.segments.db._update_segment_host_mapping_for_agent-8770985694579', 'neutron.plugins.ml2.plugin.Ml2Plugin._retry_binding_revived_agents--9223372036838136723'] for agent (53499057-b1ef-48fc-b79b-fb2e8dde05c3), after_update _notify_loop /var/lib/kolla/venv/lib/python3.6/site-packages/neutron_lib/callbacks/manager.py:177
2025-12-08 01:59:56.928 29 DEBUG neutron.db.agents_db [req-cfb1d8ad-9b10-4961-8d4d-db6fee31e330 - - - - -] Agent healthcheck: found 2 active agents agent_health_check /var/lib/kolla/venv/lib/python3.6/site-packages/neutron/db/agents_db.py:318
2025-12-08 01:59:59.950 24 DEBUG neutron_lib.callbacks.manager [req-fafc0ca1-c0c0-4f64-8fcd-21004e0061b6 - - - - -] Publish callbacks ['neutron.services.segments.db._update_segment_host_mapping_for_agent-8770985694579', 'neutron.plugins.ml2.plugin.Ml2Plugin._retry_binding_revived_agents--9223372036838136723'] for agent (952c88c7-47a4-40aa-8b40-5a9808727cce), after_update _notify_loop /var/lib/kolla/venv/lib/python3.6/site-packages/neutron_lib/callbacks/manager.py:177
2025-12-08 02:00:13.828 22 DEBUG neutron.wsgi [-] (22) accepted ('10.0.0.27', 36496) server /var/lib/kolla/venv/lib/python3.6/site-packages/eventlet/wsgi.py:1004
2025-12-08 02:00:13.831 22 INFO neutron.wsgi [-] 10.0.0.27 "GET / HTTP/1.1" status: 200 len: 227 time: 0.0028415
2025-12-08 02:00:15.570 26 DEBUG neutron_lib.callbacks.manager [req-7aa19076-5950-4ebb-9404-6e8044953fd2 - - - - -] Publish callbacks ['neutron.services.segments.db._update_segment_host_mapping_for_agent-8770985694579', 'neutron.plugins.ml2.plugin.Ml2Plugin._retry_binding_revived_agents--9223372036838136723'] for agent (53499057-b1ef-48fc-b79b-fb2e8dde05c3), after_update _notify_loop /var/lib/kolla/venv/lib/python3.6/site-packages/neutron_lib/callbacks/manager.py:177
2025-12-08 02:00:29.949 28 DEBUG neutron_lib.callbacks.manager [req-fafc0ca1-c0c0-4f64-8fcd-21004e0061b6 - - - - -] Publish callbacks ['neutron.services.segments.db._update_segment_host_mapping_for_agent-8770985694579', 'neutron.plugins.ml2.plugin.Ml2Plugin._retry_binding_revived_agents--9223372036838136723'] for agent (952c88c7-47a4-40aa-8b40-5a9808727cce), after_update _notify_loop /var/lib/kolla/venv/lib/python3.6/site-packages/neutron_lib/callbacks/manager.py:177
2025-12-08 02:00:33.926 29 DEBUG neutron.db.agents_db [req-cfb1d8ad-9b10-4961-8d4d-db6fee31e330 - - - - -] Agent healthcheck: found 2 active agents agent_health_check /var/lib/kolla/venv/lib/python3.6/site-packages/neutron/db/agents_db.py:318
2025-12-08 02:00:43.872 22 DEBUG neutron.wsgi [-] (22) accepted ('10.0.0.27', 36554) server /var/lib/kolla/venv/lib/python3.6/site-packages/eventlet/wsgi.py:1004
2025-12-08 02:00:43.877 22 INFO neutron.wsgi [-] 10.0.0.27 "GET / HTTP/1.1" status: 200 len: 227 time: 0.0038781
2025-12-08 02:00:45.566 27 DEBUG neutron_lib.callbacks.manager [req-a19718b3-37ed-4331-a4ce-6e88bc801551 - - - - -] Publish callbacks ['neutron.services.segments.db._update_segment_host_mapping_for_agent-8770985694579', 'neutron.plugins.ml2.plugin.Ml2Plugin._retry_binding_revived_agents--9223372036838136723'] for agent (53499057-b1ef-48fc-b79b-fb2e8dde05c3), after_update _notify_loop /var/lib/kolla/venv/lib/python3.6/site-packages/neutron_lib/callbacks/manager.py:177
2025-12-08 02:00:59.951 23 DEBUG neutron_lib.callbacks.manager [req-fafc0ca1-c0c0-4f64-8fcd-21004e0061b6 - - - - -] Publish callbacks ['neutron.services.segments.db._update_segment_host_mapping_for_agent-8770985694579', 'neutron.plugins.ml2.plugin.Ml2Plugin._retry_binding_revived_agents--9223372036838136723'] for agent (952c88c7-47a4-40aa-8b40-5a9808727cce), after_update _notify_loop /var/lib/kolla/venv/lib/python3.6/site-packages/neutron_lib/callbacks/manager.py:177
2025-12-08 02:01:10.925 29 DEBUG neutron.db.agents_db [req-cfb1d8ad-9b10-4961-8d4d-db6fee31e330 - - - - -] Agent healthcheck: found 2 active agents agent_health_check /var/lib/kolla/venv/lib/python3.6/site-packages/neutron/db/agents_db.py:318
2025-12-08 02:01:13.917 22 DEBUG neutron.wsgi [-] (22) accepted ('10.0.0.27', 54380) server /var/lib/kolla/venv/lib/python3.6/site-packages/eventlet/wsgi.py:1004
2025-12-08 02:01:13.921 22 INFO neutron.wsgi [-] 10.0.0.27 "GET / HTTP/1.1" status: 200 len: 227 time: 0.0031695
2025-12-08 02:01:15.563 25 DEBUG neutron_lib.callbacks.manager [req-318356a0-474b-46fb-83b5-80cfbea57d1f - - - - -] Publish callbacks ['neutron.services.segments.db._update_segment_host_mapping_for_agent-8770985694579', 'neutron.plugins.ml2.plugin.Ml2Plugin._retry_binding_revived_agents--9223372036838136723'] for agent (53499057-b1ef-48fc-b79b-fb2e8dde05c3), after_update _notify_loop /var/lib/kolla/venv/lib/python3.6/site-packages/neutron_lib/callbacks/manager.py:177
2025-12-08 02:01:29.955 24 DEBUG neutron_lib.callbacks.manager [req-fafc0ca1-c0c0-4f64-8fcd-21004e0061b6 - - - - -] Publish callbacks ['neutron.services.segments.db._update_segment_host_mapping_for_agent-8770985694579', 'neutron.plugins.ml2.plugin.Ml2Plugin._retry_binding_revived_agents--9223372036838136723'] for agent (952c88c7-47a4-40aa-8b40-5a9808727cce), after_update _notify_loop /var/lib/kolla/venv/lib/python3.6/site-packages/neutron_lib/callbacks/manager.py:177
2025-12-08 02:01:43.972 22 DEBUG neutron.wsgi [-] (22) accepted ('10.0.0.27', 55844) server /var/lib/kolla/venv/lib/python3.6/site-packages/eventlet/wsgi.py:1004
2025-12-08 02:01:43.978 22 INFO neutron.wsgi [-] 10.0.0.27 "GET / HTTP/1.1" status: 200 len: 227 time: 0.0047262
2025-12-08 02:01:45.559 26 DEBUG neutron_lib.callbacks.manager [req-746220a5-ae26-49c8-93fd-919557863db3 - - - - -] Publish callbacks ['neutron.services.segments.db._update_segment_host_mapping_for_agent-8770985694579', 'neutron.plugins.ml2.plugin.Ml2Plugin._retry_binding_revived_agents--9223372036838136723'] for agent (53499057-b1ef-48fc-b79b-fb2e8dde05c3), after_update _notify_loop /var/lib/kolla/venv/lib/python3.6/site-packages/neutron_lib/callbacks/manager.py:177
2025-12-08 02:01:47.923 29 DEBUG neutron.db.agents_db [req-cfb1d8ad-9b10-4961-8d4d-db6fee31e330 - - - - -] Agent healthcheck: found 2 active agents agent_health_check /var/lib/kolla/venv/lib/python3.6/site-packages/neutron/db/agents_db.py:318
2025-12-08 02:01:59.956 28 DEBUG neutron_lib.callbacks.manager [req-fafc0ca1-c0c0-4f64-8fcd-21004e0061b6 - - - - -] Publish callbacks ['neutron.services.segments.db._update_segment_host_mapping_for_agent-8770985694579', 'neutron.plugins.ml2.plugin.Ml2Plugin._retry_binding_revived_agents--9223372036838136723'] for agent (952c88c7-47a4-40aa-8b40-5a9808727cce), after_update _notify_loop /var/lib/kolla/venv/lib/python3.6/site-packages/neutron_lib/callbacks/manager.py:177
2025-12-08 02:02:14.031 22 DEBUG neutron.wsgi [-] (22) accepted ('10.0.0.27', 35072) server /var/lib/kolla/venv/lib/python3.6/site-packages/eventlet/wsgi.py:1004
2025-12-08 02:02:14.034 22 INFO neutron.wsgi [-] 10.0.0.27 "GET / HTTP/1.1" status: 200 len: 227 time: 0.0028963
2025-12-08 02:02:15.567 27 DEBUG neutron_lib.callbacks.manager [req-28c93dfc-ab60-4d6b-ad08-78a52567aef6 - - - - -] Publish callbacks ['neutron.services.segments.db._update_segment_host_mapping_for_agent-8770985694579', 'neutron.plugins.ml2.plugin.Ml2Plugin._retry_binding_revived_agents--9223372036838136723'] for agent (53499057-b1ef-48fc-b79b-fb2e8dde05c3), after_update _notify_loop /var/lib/kolla/venv/lib/python3.6/site-packages/neutron_lib/callbacks/manager.py:177
2025-12-08 02:02:24.922 29 DEBUG neutron.db.agents_db [req-cfb1d8ad-9b10-4961-8d4d-db6fee31e330 - - - - -] Agent healthcheck: found 2 active agents agent_health_check /var/lib/kolla/venv/lib/python3.6/site-packages/neutron/db/agents_db.py:318
2025-12-08 02:02:29.962 23 DEBUG neutron_lib.callbacks.manager [req-fafc0ca1-c0c0-4f64-8fcd-21004e0061b6 - - - - -] Publish callbacks ['neutron.services.segments.db._update_segment_host_mapping_for_agent-8770985694579', 'neutron.plugins.ml2.plugin.Ml2Plugin._retry_binding_revived_agents--9223372036838136723'] for agent (952c88c7-47a4-40aa-8b40-5a9808727cce), after_update _notify_loop /var/lib/kolla/venv/lib/python3.6/site-packages/neutron_lib/callbacks/manager.py:177
2025-12-08 02:02:44.077 22 DEBUG neutron.wsgi [-] (22) accepted ('10.0.0.27', 41710) server /var/lib/kolla/venv/lib/python3.6/site-packages/eventlet/wsgi.py:1004
2025-12-08 02:02:44.080 22 INFO neutron.wsgi [-] 10.0.0.27 "GET / HTTP/1.1" status: 200 len: 227 time: 0.0029786
2025-12-08 02:02:45.557 25 DEBUG neutron_lib.callbacks.manager [req-f688621a-8a9d-46f7-9c64-34bd0782ff0d - - - - -] Publish callbacks ['neutron.services.segments.db._update_segment_host_mapping_for_agent-8770985694579', 'neutron.plugins.ml2.plugin.Ml2Plugin._retry_binding_revived_agents--9223372036838136723'] for agent (53499057-b1ef-48fc-b79b-fb2e8dde05c3), after_update _notify_loop /var/lib/kolla/venv/lib/python3.6/site-packages/neutron_lib/callbacks/manager.py:177
2025-12-08 02:02:59.964 24 DEBUG neutron_lib.callbacks.manager [req-fafc0ca1-c0c0-4f64-8fcd-21004e0061b6 - - - - -] Publish callbacks ['neutron.services.segments.db._update_segment_host_mapping_for_agent-8770985694579', 'neutron.plugins.ml2.plugin.Ml2Plugin._retry_binding_revived_agents--9223372036838136723'] for agent (952c88c7-47a4-40aa-8b40-5a9808727cce), after_update _notify_loop /var/lib/kolla/venv/lib/python3.6/site-packages/neutron_lib/callbacks/manager.py:177
2025-12-08 02:03:01.919 29 DEBUG neutron.db.agents_db [req-cfb1d8ad-9b10-4961-8d4d-db6fee31e330 - - - - -] Agent healthcheck: found 2 active agents agent_health_check /var/lib/kolla/venv/lib/python3.6/site-packages/neutron/db/agents_db.py:318
2025-12-08 02:03:14.122 22 DEBUG neutron.wsgi [-] (22) accepted ('10.0.0.27', 39550) server /var/lib/kolla/venv/lib/python3.6/site-packages/eventlet/wsgi.py:1004
2025-12-08 02:03:14.126 22 INFO neutron.wsgi [-] 10.0.0.27 "GET / HTTP/1.1" status: 200 len: 227 time: 0.0025368
2025-12-08 02:03:15.554 26 DEBUG neutron_lib.callbacks.manager [req-bac55743-5e3f-4d38-a833-aa2004a940bf - - - - -] Publish callbacks ['neutron.services.segments.db._update_segment_host_mapping_for_agent-8770985694579', 'neutron.plugins.ml2.plugin.Ml2Plugin._retry_binding_revived_agents--9223372036838136723'] for agent (53499057-b1ef-48fc-b79b-fb2e8dde05c3), after_update _notify_loop /var/lib/kolla/venv/lib/python3.6/site-packages/neutron_lib/callbacks/manager.py:177
2025-12-08 02:03:30.240 28 DEBUG neutron_lib.callbacks.manager [req-fafc0ca1-c0c0-4f64-8fcd-21004e0061b6 - - - - -] Publish callbacks ['neutron.services.segments.db._update_segment_host_mapping_for_agent-8770985694579', 'neutron.plugins.ml2.plugin.Ml2Plugin._retry_binding_revived_agents--9223372036838136723'] for agent (952c88c7-47a4-40aa-8b40-5a9808727cce), after_update _notify_loop /var/lib/kolla/venv/lib/python3.6/site-packages/neutron_lib/callbacks/manager.py:177
2025-12-08 02:03:38.927 29 DEBUG neutron.db.agents_db [req-cfb1d8ad-9b10-4961-8d4d-db6fee31e330 - - - - -] Agent healthcheck: found 2 active agents agent_health_check /var/lib/kolla/venv/lib/python3.6/site-packages/neutron/db/agents_db.py:318
2025-12-08 02:03:44.168 22 DEBUG neutron.wsgi [-] (22) accepted ('10.0.0.27', 39098) server /var/lib/kolla/venv/lib/python3.6/site-packages/eventlet/wsgi.py:1004
2025-12-08 02:03:44.172 22 INFO neutron.wsgi [-] 10.0.0.27 "GET / HTTP/1.1" status: 200 len: 227 time: 0.0027239
2025-12-08 02:03:45.551 27 DEBUG neutron_lib.callbacks.manager [req-bd018b85-0685-4b34-80dc-250b304c57e8 - - - - -] Publish callbacks ['neutron.services.segments.db._update_segment_host_mapping_for_agent-8770985694579', 'neutron.plugins.ml2.plugin.Ml2Plugin._retry_binding_revived_agents--9223372036838136723'] for agent (53499057-b1ef-48fc-b79b-fb2e8dde05c3), after_update _notify_loop /var/lib/kolla/venv/lib/python3.6/site-packages/neutron_lib/callbacks/manager.py:177
2025-12-08 02:03:59.970 23 DEBUG neutron_lib.callbacks.manager [req-fafc0ca1-c0c0-4f64-8fcd-21004e0061b6 - - - - -] Publish callbacks ['neutron.services.segments.db._update_segment_host_mapping_for_agent-8770985694579', 'neutron.plugins.ml2.plugin.Ml2Plugin._retry_binding_revived_agents--9223372036838136723'] for agent (952c88c7-47a4-40aa-8b40-5a9808727cce), after_update _notify_loop /var/lib/kolla/venv/lib/python3.6/site-packages/neutron_lib/callbacks/manager.py:177
2025-12-08 02:04:14.213 22 DEBUG neutron.wsgi [-] (22) accepted ('10.0.0.27', 53168) server /var/lib/kolla/venv/lib/python3.6/site-packages/eventlet/wsgi.py:1004
2025-12-08 02:04:14.217 22 INFO neutron.wsgi [-] 10.0.0.27 "GET / HTTP/1.1" status: 200 len: 227 time: 0.0031180
2025-12-08 02:04:15.547 25 DEBUG neutron_lib.callbacks.manager [req-6a97d2f8-3f20-4f39-923e-9320beebd58e - - - - -] Publish callbacks ['neutron.services.segments.db._update_segment_host_mapping_for_agent-8770985694579', 'neutron.plugins.ml2.plugin.Ml2Plugin._retry_binding_revived_agents--9223372036838136723'] for agent (53499057-b1ef-48fc-b79b-fb2e8dde05c3), after_update _notify_loop /var/lib/kolla/venv/lib/python3.6/site-packages/neutron_lib/callbacks/manager.py:177
2025-12-08 02:04:15.926 29 DEBUG neutron.db.agents_db [req-cfb1d8ad-9b10-4961-8d4d-db6fee31e330 - - - - -] Agent healthcheck: found 2 active agents agent_health_check /var/lib/kolla/venv/lib/python3.6/site-packages/neutron/db/agents_db.py:318
2025-12-08 02:04:29.969 24 DEBUG neutron_lib.callbacks.manager [req-fafc0ca1-c0c0-4f64-8fcd-21004e0061b6 - - - - -] Publish callbacks ['neutron.services.segments.db._update_segment_host_mapping_for_agent-8770985694579', 'neutron.plugins.ml2.plugin.Ml2Plugin._retry_binding_revived_agents--9223372036838136723'] for agent (952c88c7-47a4-40aa-8b40-5a9808727cce), after_update _notify_loop /var/lib/kolla/venv/lib/python3.6/site-packages/neutron_lib/callbacks/manager.py:177
2025-12-08 02:04:44.263 22 DEBUG neutron.wsgi [-] (22) accepted ('10.0.0.27', 45906) server /var/lib/kolla/venv/lib/python3.6/site-packages/eventlet/wsgi.py:1004
2025-12-08 02:04:44.266 22 INFO neutron.wsgi [-] 10.0.0.27 "GET / HTTP/1.1" status: 200 len: 227 time: 0.0025253
2025-12-08 02:04:45.544 26 DEBUG neutron_lib.callbacks.manager [req-f8ef17bc-f207-4df8-b631-f40a1142c6ae - - - - -] Publish callbacks ['neutron.services.segments.db._update_segment_host_mapping_for_agent-8770985694579', 'neutron.plugins.ml2.plugin.Ml2Plugin._retry_binding_revived_agents--9223372036838136723'] for agent (53499057-b1ef-48fc-b79b-fb2e8dde05c3), after_update _notify_loop /var/lib/kolla/venv/lib/python3.6/site-packages/neutron_lib/callbacks/manager.py:177
2025-12-08 02:04:52.934 29 DEBUG neutron.db.agents_db [req-cfb1d8ad-9b10-4961-8d4d-db6fee31e330 - - - - -] Agent healthcheck: found 2 active agents agent_health_check /var/lib/kolla/venv/lib/python3.6/site-packages/neutron/db/agents_db.py:318
2025-12-08 02:04:59.983 28 DEBUG neutron_lib.callbacks.manager [req-fafc0ca1-c0c0-4f64-8fcd-21004e0061b6 - - - - -] Publish callbacks ['neutron.services.segments.db._update_segment_host_mapping_for_agent-8770985694579', 'neutron.plugins.ml2.plugin.Ml2Plugin._retry_binding_revived_agents--9223372036838136723'] for agent (952c88c7-47a4-40aa-8b40-5a9808727cce), after_update _notify_loop /var/lib/kolla/venv/lib/python3.6/site-packages/neutron_lib/callbacks/manager.py:177
2025-12-08 02:05:14.309 22 DEBUG neutron.wsgi [-] (22) accepted ('10.0.0.27', 48770) server /var/lib/kolla/venv/lib/python3.6/site-packages/eventlet/wsgi.py:1004
2025-12-08 02:05:14.313 22 INFO neutron.wsgi [-] 10.0.0.27 "GET / HTTP/1.1" status: 200 len: 227 time: 0.0028439
2025-12-08 02:05:15.541 27 DEBUG neutron_lib.callbacks.manager [req-cb380d04-bf9d-42bd-8b87-c03efae1dfb1 - - - - -] Publish callbacks ['neutron.services.segments.db._update_segment_host_mapping_for_agent-8770985694579', 'neutron.plugins.ml2.plugin.Ml2Plugin._retry_binding_revived_agents--9223372036838136723'] for agent (53499057-b1ef-48fc-b79b-fb2e8dde05c3), after_update _notify_loop /var/lib/kolla/venv/lib/python3.6/site-packages/neutron_lib/callbacks/manager.py:177
2025-12-08 02:05:29.931 29 DEBUG neutron.db.agents_db [req-cfb1d8ad-9b10-4961-8d4d-db6fee31e330 - - - - -] Agent healthcheck: found 2 active agents agent_health_check /var/lib/kolla/venv/lib/python3.6/site-packages/neutron/db/agents_db.py:318
2025-12-08 02:05:29.977 23 DEBUG neutron_lib.callbacks.manager [req-fafc0ca1-c0c0-4f64-8fcd-21004e0061b6 - - - - -] Publish callbacks ['neutron.services.segments.db._update_segment_host_mapping_for_agent-8770985694579', 'neutron.plugins.ml2.plugin.Ml2Plugin._retry_binding_revived_agents--9223372036838136723'] for agent (952c88c7-47a4-40aa-8b40-5a9808727cce), after_update _notify_loop /var/lib/kolla/venv/lib/python3.6/site-packages/neutron_lib/callbacks/manager.py:177
2025-12-08 02:05:44.395 22 DEBUG neutron.wsgi [-] (22) accepted ('10.0.0.27', 34244) server /var/lib/kolla/venv/lib/python3.6/site-packages/eventlet/wsgi.py:1004
2025-12-08 02:05:44.399 22 INFO neutron.wsgi [-] 10.0.0.27 "GET / HTTP/1.1" status: 200 len: 227 time: 0.0026996
2025-12-08 02:05:45.196 7 INFO oslo_service.service [-] Caught SIGTERM, stopping children
2025-12-08 02:05:45.196 7 DEBUG oslo_concurrency.lockutils [-] Acquired lock "singleton_lock" lock /var/lib/kolla/venv/lib/python3.6/site-packages/oslo_concurrency/lockutils.py:294
2025-12-08 02:05:45.197 7 DEBUG oslo_concurrency.lockutils [-] Releasing lock "singleton_lock" lock /var/lib/kolla/venv/lib/python3.6/site-packages/oslo_concurrency/lockutils.py:312
2025-12-08 02:05:45.197 7 DEBUG oslo_service.service [-] Stop services. stop /var/lib/kolla/venv/lib/python3.6/site-packages/oslo_service/service.py:695
2025-12-08 02:05:45.197 7 DEBUG neutron.service [-] calling RpcWorker stop() stop /var/lib/kolla/venv/lib/python3.6/site-packages/neutron/service.py:138
2025-12-08 02:05:45.197 7 DEBUG neutron.service [-] calling RpcWorker stop() stop /var/lib/kolla/venv/lib/python3.6/site-packages/neutron/service.py:138
2025-12-08 02:05:45.197 7 DEBUG oslo_service.service [-] Killing children. stop /var/lib/kolla/venv/lib/python3.6/site-packages/oslo_service/service.py:700
2025-12-08 02:05:45.197 7 INFO oslo_service.service [-] Waiting on 8 children to exit
2025-12-08 02:05:45.198 26 DEBUG neutron.service [-] calling RpcWorker stop() stop /var/lib/kolla/venv/lib/python3.6/site-packages/neutron/service.py:138
2025-12-08 02:05:45.198 24 DEBUG neutron.service [-] calling RpcWorker stop() stop /var/lib/kolla/venv/lib/python3.6/site-packages/neutron/service.py:138
2025-12-08 02:05:45.198 23 DEBUG neutron.service [-] calling RpcWorker stop() stop /var/lib/kolla/venv/lib/python3.6/site-packages/neutron/service.py:138
2025-12-08 02:05:45.198 22 INFO neutron.wsgi [-] (22) wsgi exited, is_accepting=True
2025-12-08 02:05:45.199 22 DEBUG oslo_concurrency.lockutils [req-396cbf23-14e0-462e-abdd-732d4a891503 - - - - -] Acquired lock "singleton_lock" lock /var/lib/kolla/venv/lib/python3.6/site-packages/oslo_concurrency/lockutils.py:294
2025-12-08 02:05:45.200 22 DEBUG oslo_concurrency.lockutils [req-396cbf23-14e0-462e-abdd-732d4a891503 - - - - -] Releasing lock "singleton_lock" lock /var/lib/kolla/venv/lib/python3.6/site-packages/oslo_concurrency/lockutils.py:312
2025-12-08 02:05:45.198 24 DEBUG neutron.service [-] calling stop on stop /var/lib/kolla/venv/lib/python3.6/site-packages/neutron/service.py:141
2025-12-08 02:05:45.198 26 DEBUG neutron.service [-] calling stop on stop /var/lib/kolla/venv/lib/python3.6/site-packages/neutron/service.py:141
2025-12-08 02:05:45.198 23 DEBUG neutron.service [-] calling stop on stop /var/lib/kolla/venv/lib/python3.6/site-packages/neutron/service.py:141
2025-12-08 02:05:45.201 25 DEBUG neutron.service [-] calling RpcWorker stop() stop /var/lib/kolla/venv/lib/python3.6/site-packages/neutron/service.py:138
2025-12-08 02:05:45.203 29 DEBUG neutron.service [-] calling RpcWorker stop() stop /var/lib/kolla/venv/lib/python3.6/site-packages/neutron/service.py:138
2025-12-08 02:05:45.202 25 DEBUG neutron.service [-] calling stop on stop /var/lib/kolla/venv/lib/python3.6/site-packages/neutron/service.py:141
2025-12-08 02:05:45.203 29 DEBUG neutron.service [-] calling stop on stop /var/lib/kolla/venv/lib/python3.6/site-packages/neutron/service.py:141
2025-12-08 02:05:45.205 27 DEBUG neutron.service [-] calling RpcWorker stop() stop /var/lib/kolla/venv/lib/python3.6/site-packages/neutron/service.py:138
2025-12-08 02:05:45.206 27 DEBUG neutron.service [-] calling stop on stop /var/lib/kolla/venv/lib/python3.6/site-packages/neutron/service.py:141
2025-12-08 02:05:45.209 28 DEBUG neutron.service [-] calling RpcWorker stop() stop /var/lib/kolla/venv/lib/python3.6/site-packages/neutron/service.py:138
2025-12-08 02:05:45.210 28 DEBUG neutron.service [-] calling stop on stop /var/lib/kolla/venv/lib/python3.6/site-packages/neutron/service.py:141
2025-12-08 02:05:45.214 7 INFO oslo_service.service [-] Child 22 exited with status 0
2025-12-08 02:05:45.536 25 DEBUG neutron_lib.callbacks.manager [req-c7bace0c-cc08-448d-8101-b730d9c6de07 - - - - -] Publish callbacks ['neutron.services.segments.db._update_segment_host_mapping_for_agent-8770985694579', 'neutron.plugins.ml2.plugin.Ml2Plugin._retry_binding_revived_agents--9223372036838136723'] for agent (53499057-b1ef-48fc-b79b-fb2e8dde05c3), after_update _notify_loop /var/lib/kolla/venv/lib/python3.6/site-packages/neutron_lib/callbacks/manager.py:177
2025-12-08 02:05:46.885 23 DEBUG neutron.service [-] calling stop on stop /var/lib/kolla/venv/lib/python3.6/site-packages/neutron/service.py:141
2025-12-08 02:05:46.886 24 DEBUG neutron.service [-] calling stop on stop /var/lib/kolla/venv/lib/python3.6/site-packages/neutron/service.py:141
2025-12-08 02:05:46.895 25 DEBUG neutron.service [-] calling stop on stop /var/lib/kolla/venv/lib/python3.6/site-packages/neutron/service.py:141
2025-12-08 02:05:46.895 26 DEBUG oslo_concurrency.lockutils [req-396cbf23-14e0-462e-abdd-732d4a891503 - - - - -] Acquired lock "singleton_lock" lock /var/lib/kolla/venv/lib/python3.6/site-packages/oslo_concurrency/lockutils.py:294
2025-12-08 02:05:46.896 26 DEBUG oslo_concurrency.lockutils [req-396cbf23-14e0-462e-abdd-732d4a891503 - - - - -] Releasing lock "singleton_lock" lock /var/lib/kolla/venv/lib/python3.6/site-packages/oslo_concurrency/lockutils.py:312
2025-12-08 02:05:46.896 26 DEBUG neutron.service [req-396cbf23-14e0-462e-abdd-732d4a891503 - - - - -] calling RpcWorker wait() _wait /var/lib/kolla/venv/lib/python3.6/site-packages/neutron/service.py:128
2025-12-08 02:05:46.896 26 DEBUG neutron.service [req-396cbf23-14e0-462e-abdd-732d4a891503 - - - - -] calling wait on _wait /var/lib/kolla/venv/lib/python3.6/site-packages/neutron/service.py:131
2025-12-08 02:05:46.901 25 DEBUG neutron.service [-] calling stop on stop /var/lib/kolla/venv/lib/python3.6/site-packages/neutron/service.py:141
2025-12-08 02:05:46.903 28 DEBUG oslo_concurrency.lockutils [req-396cbf23-14e0-462e-abdd-732d4a891503 - - - - -] Acquired lock "singleton_lock" lock /var/lib/kolla/venv/lib/python3.6/site-packages/oslo_concurrency/lockutils.py:294
2025-12-08 02:05:46.907 28 DEBUG oslo_concurrency.lockutils [req-396cbf23-14e0-462e-abdd-732d4a891503 - - - - -] Releasing lock "singleton_lock" lock /var/lib/kolla/venv/lib/python3.6/site-packages/oslo_concurrency/lockutils.py:312
2025-12-08 02:05:46.907 28 DEBUG neutron.service [req-396cbf23-14e0-462e-abdd-732d4a891503 - - - - -] calling RpcWorker wait() _wait /var/lib/kolla/venv/lib/python3.6/site-packages/neutron/service.py:128
2025-12-08 02:05:46.907 28 DEBUG neutron.service [req-396cbf23-14e0-462e-abdd-732d4a891503 - - - - -] calling wait on _wait /var/lib/kolla/venv/lib/python3.6/site-packages/neutron/service.py:131
2025-12-08 02:05:46.909 26 WARNING amqp [req-396cbf23-14e0-462e-abdd-732d4a891503 - - - - -] Received method (60, 30) during closing channel 1. This method will be ignored
2025-12-08 02:05:46.910 24 DEBUG neutron.service [-] calling stop on stop /var/lib/kolla/venv/lib/python3.6/site-packages/neutron/service.py:141
2025-12-08 02:05:46.910 26 DEBUG neutron.service [req-396cbf23-14e0-462e-abdd-732d4a891503 - - - - -] returning from RpcWorker wait() _wait /var/lib/kolla/venv/lib/python3.6/site-packages/neutron/service.py:135
2025-12-08 02:05:46.911 23 DEBUG neutron.service [-] calling stop on stop /var/lib/kolla/venv/lib/python3.6/site-packages/neutron/service.py:141
2025-12-08 02:05:46.915 28 WARNING amqp [req-396cbf23-14e0-462e-abdd-732d4a891503 - - - - -] Received method (60, 30) during closing channel 1. This method will be ignored
2025-12-08 02:05:46.916 28 DEBUG neutron.service [req-396cbf23-14e0-462e-abdd-732d4a891503 - - - - -] returning from RpcWorker wait() _wait /var/lib/kolla/venv/lib/python3.6/site-packages/neutron/service.py:135
2025-12-08 02:05:46.919 7 INFO oslo_service.service [-] Child 26 exited with status 0
2025-12-08 02:05:46.920 7 INFO oslo_service.service [-] Child 28 exited with status 0
2025-12-08 02:05:46.924 24 DEBUG neutron.service [-] calling stop on stop /var/lib/kolla/venv/lib/python3.6/site-packages/neutron/service.py:141
2025-12-08 02:05:46.935 29 DEBUG oslo_concurrency.lockutils [req-396cbf23-14e0-462e-abdd-732d4a891503 - - - - -] Acquired lock "singleton_lock" lock /var/lib/kolla/venv/lib/python3.6/site-packages/oslo_concurrency/lockutils.py:294
2025-12-08 02:05:46.935 29 DEBUG oslo_concurrency.lockutils [req-396cbf23-14e0-462e-abdd-732d4a891503 - - - - -] Releasing lock "singleton_lock" lock /var/lib/kolla/venv/lib/python3.6/site-packages/oslo_concurrency/lockutils.py:312
2025-12-08 02:05:46.936 29 DEBUG neutron.service [req-396cbf23-14e0-462e-abdd-732d4a891503 - - - - -] calling RpcWorker wait() _wait /var/lib/kolla/venv/lib/python3.6/site-packages/neutron/service.py:128
2025-12-08 02:05:46.936 29 DEBUG neutron.service [req-396cbf23-14e0-462e-abdd-732d4a891503 - - - - -] calling wait on _wait /var/lib/kolla/venv/lib/python3.6/site-packages/neutron/service.py:131
2025-12-08 02:05:46.942 29 WARNING amqp [req-396cbf23-14e0-462e-abdd-732d4a891503 - - - - -] Received method (60, 30) during closing channel 1. This method will be ignored
2025-12-08 02:05:46.942 29 DEBUG neutron.service [req-396cbf23-14e0-462e-abdd-732d4a891503 - - - - -] returning from RpcWorker wait() _wait /var/lib/kolla/venv/lib/python3.6/site-packages/neutron/service.py:135
2025-12-08 02:05:46.948 7 INFO oslo_service.service [-] Child 29 exited with status 0
2025-12-08 02:05:46.955 24 DEBUG oslo_concurrency.lockutils [req-396cbf23-14e0-462e-abdd-732d4a891503 - - - - -] Acquired lock "singleton_lock" lock /var/lib/kolla/venv/lib/python3.6/site-packages/oslo_concurrency/lockutils.py:294
2025-12-08 02:05:46.956 24 DEBUG oslo_concurrency.lockutils [req-396cbf23-14e0-462e-abdd-732d4a891503 - - - - -] Releasing lock "singleton_lock" lock /var/lib/kolla/venv/lib/python3.6/site-packages/oslo_concurrency/lockutils.py:312
2025-12-08 02:05:46.956 24 DEBUG neutron.service [req-396cbf23-14e0-462e-abdd-732d4a891503 - - - - -] calling RpcWorker wait() _wait /var/lib/kolla/venv/lib/python3.6/site-packages/neutron/service.py:128
2025-12-08 02:05:46.956 24 DEBUG neutron.service [req-396cbf23-14e0-462e-abdd-732d4a891503 - - - - -] calling wait on _wait /var/lib/kolla/venv/lib/python3.6/site-packages/neutron/service.py:131
2025-12-08 02:05:46.962 24 WARNING amqp [req-396cbf23-14e0-462e-abdd-732d4a891503 - - - - -] Received method (60, 30) during closing channel 1. This method will be ignored
2025-12-08 02:05:46.964 24 DEBUG neutron.service [req-396cbf23-14e0-462e-abdd-732d4a891503 - - - - -] calling wait on _wait /var/lib/kolla/venv/lib/python3.6/site-packages/neutron/service.py:131
2025-12-08 02:05:46.969 24 WARNING amqp [req-396cbf23-14e0-462e-abdd-732d4a891503 - - - - -] Received method (60, 30) during closing channel 1. This method will be ignored
2025-12-08 02:05:46.970 24 DEBUG neutron.service [req-396cbf23-14e0-462e-abdd-732d4a891503 - - - - -] calling wait on _wait /var/lib/kolla/venv/lib/python3.6/site-packages/neutron/service.py:131
2025-12-08 02:05:46.975 24 WARNING amqp [req-396cbf23-14e0-462e-abdd-732d4a891503 - - - - -] Received method (60, 30) during closing channel 1. This method will be ignored
2025-12-08 02:05:46.976 24 DEBUG neutron.service [req-396cbf23-14e0-462e-abdd-732d4a891503 - - - - -] calling wait on _wait /var/lib/kolla/venv/lib/python3.6/site-packages/neutron/service.py:131
2025-12-08 02:05:46.982 24 WARNING amqp [req-396cbf23-14e0-462e-abdd-732d4a891503 - - - - -] Received method (60, 30) during closing channel 1. This method will be ignored
2025-12-08 02:05:46.982 24 DEBUG neutron.service [req-396cbf23-14e0-462e-abdd-732d4a891503 - - - - -] returning from RpcWorker wait() _wait /var/lib/kolla/venv/lib/python3.6/site-packages/neutron/service.py:135
2025-12-08 02:05:46.987 7 INFO oslo_service.service [-] Child 24 exited with status 0
2025-12-08 02:05:47.582 25 DEBUG neutron.service [-] calling stop on stop /var/lib/kolla/venv/lib/python3.6/site-packages/neutron/service.py:141
2025-12-08 02:05:48.176 23 DEBUG neutron.service [-] calling stop on stop /var/lib/kolla/venv/lib/python3.6/site-packages/neutron/service.py:141
2025-12-08 02:05:48.741 27 DEBUG oslo_concurrency.lockutils [req-396cbf23-14e0-462e-abdd-732d4a891503 - - - - -] Acquired lock "singleton_lock" lock /var/lib/kolla/venv/lib/python3.6/site-packages/oslo_concurrency/lockutils.py:294
2025-12-08 02:05:48.741 27 DEBUG oslo_concurrency.lockutils [req-396cbf23-14e0-462e-abdd-732d4a891503 - - - - -] Releasing lock "singleton_lock" lock /var/lib/kolla/venv/lib/python3.6/site-packages/oslo_concurrency/lockutils.py:312
2025-12-08 02:05:48.741 27 DEBUG neutron.service [req-396cbf23-14e0-462e-abdd-732d4a891503 - - - - -] calling RpcWorker wait() _wait /var/lib/kolla/venv/lib/python3.6/site-packages/neutron/service.py:128
2025-12-08 02:05:48.741 27 DEBUG neutron.service [req-396cbf23-14e0-462e-abdd-732d4a891503 - - - - -] calling wait on _wait /var/lib/kolla/venv/lib/python3.6/site-packages/neutron/service.py:131
2025-12-08 02:05:48.750 27 WARNING amqp [req-396cbf23-14e0-462e-abdd-732d4a891503 - - - - -] Received method (60, 30) during closing channel 1. This method will be ignored
2025-12-08 02:05:48.751 27 DEBUG neutron.service [req-396cbf23-14e0-462e-abdd-732d4a891503 - - - - -] returning from RpcWorker wait() _wait /var/lib/kolla/venv/lib/python3.6/site-packages/neutron/service.py:135
2025-12-08 02:05:48.756 7 INFO oslo_service.service [-] Child 27 exited with status 0
2025-12-08 02:05:51.943 23 DEBUG oslo_concurrency.lockutils [req-396cbf23-14e0-462e-abdd-732d4a891503 - - - - -] Acquired lock "singleton_lock" lock /var/lib/kolla/venv/lib/python3.6/site-packages/oslo_concurrency/lockutils.py:294
2025-12-08 02:05:51.943 23 DEBUG oslo_concurrency.lockutils [req-396cbf23-14e0-462e-abdd-732d4a891503 - - - - -] Releasing lock "singleton_lock" lock /var/lib/kolla/venv/lib/python3.6/site-packages/oslo_concurrency/lockutils.py:312
2025-12-08 02:05:51.944 23 DEBUG neutron.service [req-396cbf23-14e0-462e-abdd-732d4a891503 - - - - -] calling RpcWorker wait() _wait /var/lib/kolla/venv/lib/python3.6/site-packages/neutron/service.py:128
2025-12-08 02:05:51.944 23 DEBUG neutron.service [req-396cbf23-14e0-462e-abdd-732d4a891503 - - - - -] calling wait on _wait /var/lib/kolla/venv/lib/python3.6/site-packages/neutron/service.py:131
2025-12-08 02:05:51.945 25 DEBUG oslo_concurrency.lockutils [req-396cbf23-14e0-462e-abdd-732d4a891503 - - - - -] Acquired lock "singleton_lock" lock /var/lib/kolla/venv/lib/python3.6/site-packages/oslo_concurrency/lockutils.py:294
2025-12-08 02:05:51.946 25 DEBUG oslo_concurrency.lockutils [req-396cbf23-14e0-462e-abdd-732d4a891503 - - - - -] Releasing lock "singleton_lock" lock /var/lib/kolla/venv/lib/python3.6/site-packages/oslo_concurrency/lockutils.py:312
2025-12-08 02:05:51.946 25 DEBUG neutron.service [req-396cbf23-14e0-462e-abdd-732d4a891503 - - - - -] calling RpcWorker wait() _wait /var/lib/kolla/venv/lib/python3.6/site-packages/neutron/service.py:128
2025-12-08 02:05:51.946 25 DEBUG neutron.service [req-396cbf23-14e0-462e-abdd-732d4a891503 - - - - -] calling wait on _wait /var/lib/kolla/venv/lib/python3.6/site-packages/neutron/service.py:131
2025-12-08 02:05:51.951 23 WARNING amqp [req-396cbf23-14e0-462e-abdd-732d4a891503 - - - - -] Received method (60, 30) during closing channel 1. This method will be ignored
2025-12-08 02:05:51.952 23 DEBUG neutron.service [req-396cbf23-14e0-462e-abdd-732d4a891503 - - - - -] calling wait on _wait /var/lib/kolla/venv/lib/python3.6/site-packages/neutron/service.py:131
2025-12-08 02:05:51.956 25 WARNING amqp [req-396cbf23-14e0-462e-abdd-732d4a891503 - - - - -] Received method (60, 30) during closing channel 1. This method will be ignored
2025-12-08 02:05:51.957 25 DEBUG neutron.service [req-396cbf23-14e0-462e-abdd-732d4a891503 - - - - -] calling wait on _wait /var/lib/kolla/venv/lib/python3.6/site-packages/neutron/service.py:131
2025-12-08 02:05:51.959 23 WARNING amqp [req-396cbf23-14e0-462e-abdd-732d4a891503 - - - - -] Received method (60, 30) during closing channel 1. This method will be ignored
2025-12-08 02:05:51.960 23 DEBUG neutron.service [req-396cbf23-14e0-462e-abdd-732d4a891503 - - - - -] calling wait on _wait /var/lib/kolla/venv/lib/python3.6/site-packages/neutron/service.py:131
2025-12-08 02:05:51.963 25 WARNING amqp [req-396cbf23-14e0-462e-abdd-732d4a891503 - - - - -] Received method (60, 30) during closing channel 1. This method will be ignored
2025-12-08 02:05:51.964 25 DEBUG neutron.service [req-396cbf23-14e0-462e-abdd-732d4a891503 - - - - -] calling wait on _wait /var/lib/kolla/venv/lib/python3.6/site-packages/neutron/service.py:131
2025-12-08 02:05:51.966 23 WARNING amqp [req-396cbf23-14e0-462e-abdd-732d4a891503 - - - - -] Received method (60, 30) during closing channel 1. This method will be ignored
2025-12-08 02:05:51.966 23 DEBUG neutron.service [req-396cbf23-14e0-462e-abdd-732d4a891503 - - - - -] calling wait on _wait /var/lib/kolla/venv/lib/python3.6/site-packages/neutron/service.py:131
2025-12-08 02:05:51.969 25 WARNING amqp [req-396cbf23-14e0-462e-abdd-732d4a891503 - - - - -] Received method (60, 30) during closing channel 1. This method will be ignored
2025-12-08 02:05:51.970 25 DEBUG neutron.service [req-396cbf23-14e0-462e-abdd-732d4a891503 - - - - -] calling wait on _wait /var/lib/kolla/venv/lib/python3.6/site-packages/neutron/service.py:131
2025-12-08 02:05:51.972 23 WARNING amqp [req-396cbf23-14e0-462e-abdd-732d4a891503 - - - - -] Received method (60, 30) during closing channel 1. This method will be ignored
2025-12-08 02:05:51.973 23 DEBUG neutron.service [req-396cbf23-14e0-462e-abdd-732d4a891503 - - - - -] returning from RpcWorker wait() _wait /var/lib/kolla/venv/lib/python3.6/site-packages/neutron/service.py:135
2025-12-08 02:05:51.975 25 WARNING amqp [req-396cbf23-14e0-462e-abdd-732d4a891503 - - - - -] Received method (60, 30) during closing channel 1. This method will be ignored
2025-12-08 02:05:51.975 25 DEBUG neutron.service [req-396cbf23-14e0-462e-abdd-732d4a891503 - - - - -] returning from RpcWorker wait() _wait /var/lib/kolla/venv/lib/python3.6/site-packages/neutron/service.py:135
2025-12-08 02:05:51.979 7 INFO oslo_service.service [-] Child 23 exited with status 0
2025-12-08 02:05:51.980 7 INFO oslo_service.service [-] Child 25 exited with status 0
2025-12-08 02:05:51.981 7 INFO oslo_service.service [-] Wait called after thread killed. Cleaning up.
2025-12-08 02:05:51.981 7 DEBUG oslo_service.service [-] Stop services. stop /var/lib/kolla/venv/lib/python3.6/site-packages/oslo_service/service.py:695
2025-12-08 02:05:51.981 7 DEBUG oslo_service.service [-] Killing children. stop /var/lib/kolla/venv/lib/python3.6/site-packages/oslo_service/service.py:700
2025-12-08 02:05:55.017 7 INFO neutron.common.config [-] Logging enabled!
2025-12-08 02:05:55.017 7 INFO neutron.common.config [-] /var/lib/kolla/venv/bin/neutron-server version 20.5.1.dev23
2025-12-08 02:05:55.017 7 DEBUG neutron.common.config [-] command line: /var/lib/kolla/venv/bin/neutron-server --config-file /etc/neutron/neutron.conf --config-file /etc/neutron/ContrailPlugin.ini --config-file /etc/neutron/api-paste.ini setup_logging /var/lib/kolla/venv/lib/python3.6/site-packages/neutron/common/config.py:115
2025-12-08 02:05:55.021 7 INFO neutron.common.config [-] Logging enabled!
2025-12-08 02:05:55.021 7 INFO neutron.common.config [-] /var/lib/kolla/venv/bin/neutron-server version 20.5.1.dev23
2025-12-08 02:05:55.021 7 DEBUG neutron.common.config [-] command line: /var/lib/kolla/venv/bin/neutron-server --config-file /etc/neutron/neutron.conf --config-file /etc/neutron/ContrailPlugin.ini --config-file /etc/neutron/api-paste.ini setup_logging /var/lib/kolla/venv/lib/python3.6/site-packages/neutron/common/config.py:115
2025-12-08 02:05:55.021 7 DEBUG neutron.common.config [-] ******************************************************************************** log_opt_values /var/lib/kolla/venv/lib/python3.6/site-packages/oslo_config/cfg.py:2589
2025-12-08 02:05:55.022 7 DEBUG neutron.common.config [-] Configuration options gathered from: log_opt_values /var/lib/kolla/venv/lib/python3.6/site-packages/oslo_config/cfg.py:2590
2025-12-08 02:05:55.022 7 DEBUG neutron.common.config [-] command line args: ['--config-file', '/etc/neutron/neutron.conf', '--config-file', '/etc/neutron/ContrailPlugin.ini', '--config-file', '/etc/neutron/api-paste.ini'] log_opt_values /var/lib/kolla/venv/lib/python3.6/site-packages/oslo_config/cfg.py:2591
2025-12-08 02:05:55.022 7 DEBUG neutron.common.config [-] config files: ['/etc/neutron/neutron.conf', '/etc/neutron/ContrailPlugin.ini', '/etc/neutron/api-paste.ini'] log_opt_values /var/lib/kolla/venv/lib/python3.6/site-packages/oslo_config/cfg.py:2593
