2025-12-04 02:06:28.345 7 DEBUG oslo_service.service [-] ml2_type_gre.tunnel_id_ranges = [] log_opt_values /var/lib/kolla/venv/lib/python3.6/site-packages/oslo_config/cfg.py:2611
2025-12-04 02:06:28.348 7 DEBUG oslo_service.service [-] ml2_type_vlan.network_vlan_ranges = [] log_opt_values /var/lib/kolla/venv/lib/python3.6/site-packages/oslo_config/cfg.py:2611
2025-12-04 02:06:28.348 7 DEBUG oslo_service.service [-] ml2_type_vxlan.vni_ranges = [] log_opt_values /var/lib/kolla/venv/lib/python3.6/site-packages/oslo_config/cfg.py:2611
2025-12-04 02:06:28.348 7 DEBUG oslo_service.service [-] ml2_type_vxlan.vxlan_group = None log_opt_values /var/lib/kolla/venv/lib/python3.6/site-packages/oslo_config/cfg.py:2611
2025-12-04 02:06:28.349 7 DEBUG oslo_service.service [-] database.backend = sqlalchemy log_opt_values /var/lib/kolla/venv/lib/python3.6/site-packages/oslo_config/cfg.py:2611
2025-12-04 02:06:28.349 7 DEBUG oslo_service.service [-] database.connection = **** log_opt_values /var/lib/kolla/venv/lib/python3.6/site-packages/oslo_config/cfg.py:2611
2025-12-04 02:06:28.349 7 DEBUG oslo_service.service [-] database.connection_debug = 0 log_opt_values /var/lib/kolla/venv/lib/python3.6/site-packages/oslo_config/cfg.py:2611
2025-12-04 02:06:28.349 7 DEBUG oslo_service.service [-] database.connection_parameters = log_opt_values /var/lib/kolla/venv/lib/python3.6/site-packages/oslo_config/cfg.py:2611
2025-12-04 02:06:28.349 7 DEBUG oslo_service.service [-] database.connection_recycle_time = 10 log_opt_values /var/lib/kolla/venv/lib/python3.6/site-packages/oslo_config/cfg.py:2611
2025-12-04 02:06:28.349 7 DEBUG oslo_service.service [-] database.connection_trace = False log_opt_values /var/lib/kolla/venv/lib/python3.6/site-packages/oslo_config/cfg.py:2611
2025-12-04 02:06:28.349 7 DEBUG oslo_service.service [-] database.db_inc_retry_interval = True log_opt_values /var/lib/kolla/venv/lib/python3.6/site-packages/oslo_config/cfg.py:2611
2025-12-04 02:06:28.349 7 DEBUG oslo_service.service [-] database.db_max_retries = 20 log_opt_values /var/lib/kolla/venv/lib/python3.6/site-packages/oslo_config/cfg.py:2611
2025-12-04 02:06:28.349 7 DEBUG oslo_service.service [-] database.db_max_retry_interval = 10 log_opt_values /var/lib/kolla/venv/lib/python3.6/site-packages/oslo_config/cfg.py:2611
2025-12-04 02:06:28.349 7 DEBUG oslo_service.service [-] database.db_retry_interval = 1 log_opt_values /var/lib/kolla/venv/lib/python3.6/site-packages/oslo_config/cfg.py:2611
2025-12-04 02:06:28.349 7 DEBUG oslo_service.service [-] database.max_overflow = 50 log_opt_values /var/lib/kolla/venv/lib/python3.6/site-packages/oslo_config/cfg.py:2611
2025-12-04 02:06:28.349 7 DEBUG oslo_service.service [-] database.max_pool_size = 1 log_opt_values /var/lib/kolla/venv/lib/python3.6/site-packages/oslo_config/cfg.py:2611
2025-12-04 02:06:28.349 7 DEBUG oslo_service.service [-] database.max_retries = -1 log_opt_values /var/lib/kolla/venv/lib/python3.6/site-packages/oslo_config/cfg.py:2611
2025-12-04 02:06:28.349 7 DEBUG oslo_service.service [-] database.mysql_enable_ndb = False log_opt_values /var/lib/kolla/venv/lib/python3.6/site-packages/oslo_config/cfg.py:2611
2025-12-04 02:06:28.349 7 DEBUG oslo_service.service [-] database.mysql_sql_mode = TRADITIONAL log_opt_values /var/lib/kolla/venv/lib/python3.6/site-packages/oslo_config/cfg.py:2611
2025-12-04 02:06:28.350 7 DEBUG oslo_service.service [-] database.pool_timeout = None log_opt_values /var/lib/kolla/venv/lib/python3.6/site-packages/oslo_config/cfg.py:2611
2025-12-04 02:06:28.350 7 DEBUG oslo_service.service [-] database.retry_interval = 10 log_opt_values /var/lib/kolla/venv/lib/python3.6/site-packages/oslo_config/cfg.py:2611
2025-12-04 02:06:28.350 7 DEBUG oslo_service.service [-] database.slave_connection = **** log_opt_values /var/lib/kolla/venv/lib/python3.6/site-packages/oslo_config/cfg.py:2611
2025-12-04 02:06:28.350 7 DEBUG oslo_service.service [-] database.sqlite_synchronous = True log_opt_values /var/lib/kolla/venv/lib/python3.6/site-packages/oslo_config/cfg.py:2611
2025-12-04 02:06:28.350 7 DEBUG oslo_service.service [-] database.use_db_reconnect = False log_opt_values /var/lib/kolla/venv/lib/python3.6/site-packages/oslo_config/cfg.py:2611
2025-12-04 02:06:28.350 7 DEBUG oslo_service.service [-] ******************************************************************************** log_opt_values /var/lib/kolla/venv/lib/python3.6/site-packages/oslo_config/cfg.py:2613
2025-12-04 02:06:30.127 22 DEBUG neutron.wsgi [-] (22) accepted ('10.0.0.41', 57710) server /var/lib/kolla/venv/lib/python3.6/site-packages/eventlet/wsgi.py:1004
2025-12-04 02:06:30.133 22 INFO neutron.wsgi [-] 10.0.0.41 "GET / HTTP/1.1" status: 200 len: 227 time: 0.0046532
2025-12-04 02:06:32.385 23 DEBUG neutron.api.rpc.handlers.dhcp_rpc [req-c92a926c-430c-42a2-8e87-f8f25e11a5d3 - - - - -] get_active_networks_info from cn-jenkins-deploy-platform-ansible-os-4839-1 get_active_networks_info /var/lib/kolla/venv/lib/python3.6/site-packages/neutron/api/rpc/handlers/dhcp_rpc.py:159
2025-12-04 02:06:32.407 27 DEBUG neutron_lib.callbacks.manager [req-899049a7-b446-457c-bd86-4bfc8429043b - - - - -] Publish callbacks ['neutron.services.segments.db._update_segment_host_mapping_for_agent-8729780840000', 'neutron.services.l3_router.l3_router_plugin.DVRResourceOperationHandler.create_fip_agent_gw_ports--9223372036853765147'] for agent (6c018199-db22-45d2-834e-12455337b0f4), after_create _notify_loop /var/lib/kolla/venv/lib/python3.6/site-packages/neutron_lib/callbacks/manager.py:177
2025-12-04 02:06:32.421 23 DEBUG neutron.scheduler.dhcp_agent_scheduler [req-c92a926c-430c-42a2-8e87-f8f25e11a5d3 - - - - -] No non-hosted networks auto_schedule_networks /var/lib/kolla/venv/lib/python3.6/site-packages/neutron/scheduler/dhcp_agent_scheduler.py:60
2025-12-04 02:06:45.209 28 DEBUG neutron_lib.callbacks.manager [req-b31295ac-27a3-49e4-b765-35d5267b6a78 - - - - -] Publish callbacks ['neutron.services.segments.db._update_segment_host_mapping_for_agent-8729780840000', 'neutron.services.l3_router.l3_router_plugin.DVRResourceOperationHandler.create_fip_agent_gw_ports--9223372036853765147'] for agent (acbd215e-ea82-4707-b2b8-9403ae3b5abf), after_create _notify_loop /var/lib/kolla/venv/lib/python3.6/site-packages/neutron_lib/callbacks/manager.py:177
2025-12-04 02:07:00.176 22 DEBUG neutron.wsgi [-] (22) accepted ('10.0.0.41', 38162) server /var/lib/kolla/venv/lib/python3.6/site-packages/eventlet/wsgi.py:1004
2025-12-04 02:07:00.180 22 INFO neutron.wsgi [-] 10.0.0.41 "GET / HTTP/1.1" status: 200 len: 227 time: 0.0037985
2025-12-04 02:07:02.385 26 DEBUG neutron_lib.callbacks.manager [req-c18a53bc-fdd7-4f1d-a14b-2060c3dcefd0 - - - - -] Publish callbacks ['neutron.services.segments.db._update_segment_host_mapping_for_agent-8729780840000', 'neutron.plugins.ml2.plugin.Ml2Plugin._retry_binding_revived_agents-16529427'] for agent (6c018199-db22-45d2-834e-12455337b0f4), after_update _notify_loop /var/lib/kolla/venv/lib/python3.6/site-packages/neutron_lib/callbacks/manager.py:177
2025-12-04 02:07:15.195 25 DEBUG neutron_lib.callbacks.manager [req-b31295ac-27a3-49e4-b765-35d5267b6a78 - - - - -] Publish callbacks ['neutron.services.segments.db._update_segment_host_mapping_for_agent-8729780840000', 'neutron.plugins.ml2.plugin.Ml2Plugin._retry_binding_revived_agents-16529427'] for agent (acbd215e-ea82-4707-b2b8-9403ae3b5abf), after_update _notify_loop /var/lib/kolla/venv/lib/python3.6/site-packages/neutron_lib/callbacks/manager.py:177
2025-12-04 02:07:25.262 29 DEBUG neutron.db.agents_db [req-ef9f0786-3c6e-4114-b7ff-b3e907bb7ae7 - - - - -] Agent healthcheck: found 2 active agents agent_health_check /var/lib/kolla/venv/lib/python3.6/site-packages/neutron/db/agents_db.py:318
2025-12-04 02:07:30.221 22 DEBUG neutron.wsgi [-] (22) accepted ('10.0.0.41', 48434) server /var/lib/kolla/venv/lib/python3.6/site-packages/eventlet/wsgi.py:1004
2025-12-04 02:07:30.225 22 INFO neutron.wsgi [-] 10.0.0.41 "GET / HTTP/1.1" status: 200 len: 227 time: 0.0034556
2025-12-04 02:07:32.385 24 DEBUG neutron_lib.callbacks.manager [req-3db0ad93-48a0-4b51-968c-734c7fb73179 - - - - -] Publish callbacks ['neutron.services.segments.db._update_segment_host_mapping_for_agent-8729780840000', 'neutron.plugins.ml2.plugin.Ml2Plugin._retry_binding_revived_agents-16529427'] for agent (6c018199-db22-45d2-834e-12455337b0f4), after_update _notify_loop /var/lib/kolla/venv/lib/python3.6/site-packages/neutron_lib/callbacks/manager.py:177
2025-12-04 02:07:45.192 23 DEBUG neutron_lib.callbacks.manager [req-b31295ac-27a3-49e4-b765-35d5267b6a78 - - - - -] Publish callbacks ['neutron.services.segments.db._update_segment_host_mapping_for_agent-8729780840000', 'neutron.plugins.ml2.plugin.Ml2Plugin._retry_binding_revived_agents-16529427'] for agent (acbd215e-ea82-4707-b2b8-9403ae3b5abf), after_update _notify_loop /var/lib/kolla/venv/lib/python3.6/site-packages/neutron_lib/callbacks/manager.py:177
2025-12-04 02:08:00.268 22 DEBUG neutron.wsgi [-] (22) accepted ('10.0.0.41', 48590) server /var/lib/kolla/venv/lib/python3.6/site-packages/eventlet/wsgi.py:1004
2025-12-04 02:08:00.272 22 INFO neutron.wsgi [-] 10.0.0.41 "GET / HTTP/1.1" status: 200 len: 227 time: 0.0030513
2025-12-04 02:08:02.261 29 DEBUG neutron.db.agents_db [req-ef9f0786-3c6e-4114-b7ff-b3e907bb7ae7 - - - - -] Agent healthcheck: found 2 active agents agent_health_check /var/lib/kolla/venv/lib/python3.6/site-packages/neutron/db/agents_db.py:318
2025-12-04 02:08:02.371 27 DEBUG neutron_lib.callbacks.manager [req-f2ddbfc1-28e4-4c4d-937b-2e7d6cddd1d4 - - - - -] Publish callbacks ['neutron.services.segments.db._update_segment_host_mapping_for_agent-8729780840000', 'neutron.plugins.ml2.plugin.Ml2Plugin._retry_binding_revived_agents-16529427'] for agent (6c018199-db22-45d2-834e-12455337b0f4), after_update _notify_loop /var/lib/kolla/venv/lib/python3.6/site-packages/neutron_lib/callbacks/manager.py:177
2025-12-04 02:08:15.182 28 DEBUG neutron_lib.callbacks.manager [req-b31295ac-27a3-49e4-b765-35d5267b6a78 - - - - -] Publish callbacks ['neutron.services.segments.db._update_segment_host_mapping_for_agent-8729780840000', 'neutron.plugins.ml2.plugin.Ml2Plugin._retry_binding_revived_agents-16529427'] for agent (acbd215e-ea82-4707-b2b8-9403ae3b5abf), after_update _notify_loop /var/lib/kolla/venv/lib/python3.6/site-packages/neutron_lib/callbacks/manager.py:177
2025-12-04 02:08:30.312 22 DEBUG neutron.wsgi [-] (22) accepted ('10.0.0.41', 46142) server /var/lib/kolla/venv/lib/python3.6/site-packages/eventlet/wsgi.py:1004
2025-12-04 02:08:30.315 22 INFO neutron.wsgi [-] 10.0.0.41 "GET / HTTP/1.1" status: 200 len: 227 time: 0.0024645
2025-12-04 02:08:32.369 26 DEBUG neutron_lib.callbacks.manager [req-bfc4e670-bc41-45ac-9924-28be2ff93c64 - - - - -] Publish callbacks ['neutron.services.segments.db._update_segment_host_mapping_for_agent-8729780840000', 'neutron.plugins.ml2.plugin.Ml2Plugin._retry_binding_revived_agents-16529427'] for agent (6c018199-db22-45d2-834e-12455337b0f4), after_update _notify_loop /var/lib/kolla/venv/lib/python3.6/site-packages/neutron_lib/callbacks/manager.py:177
2025-12-04 02:08:39.258 29 DEBUG neutron.db.agents_db [req-ef9f0786-3c6e-4114-b7ff-b3e907bb7ae7 - - - - -] Agent healthcheck: found 2 active agents agent_health_check /var/lib/kolla/venv/lib/python3.6/site-packages/neutron/db/agents_db.py:318
2025-12-04 02:08:45.183 25 DEBUG neutron_lib.callbacks.manager [req-b31295ac-27a3-49e4-b765-35d5267b6a78 - - - - -] Publish callbacks ['neutron.services.segments.db._update_segment_host_mapping_for_agent-8729780840000', 'neutron.plugins.ml2.plugin.Ml2Plugin._retry_binding_revived_agents-16529427'] for agent (acbd215e-ea82-4707-b2b8-9403ae3b5abf), after_update _notify_loop /var/lib/kolla/venv/lib/python3.6/site-packages/neutron_lib/callbacks/manager.py:177
2025-12-04 02:09:00.364 22 DEBUG neutron.wsgi [-] (22) accepted ('10.0.0.41', 42330) server /var/lib/kolla/venv/lib/python3.6/site-packages/eventlet/wsgi.py:1004
2025-12-04 02:09:00.371 22 INFO neutron.wsgi [-] 10.0.0.41 "GET / HTTP/1.1" status: 200 len: 227 time: 0.0051634
2025-12-04 02:09:02.364 24 DEBUG neutron_lib.callbacks.manager [req-f0489546-9a2d-4144-8e51-80e70af8926a - - - - -] Publish callbacks ['neutron.services.segments.db._update_segment_host_mapping_for_agent-8729780840000', 'neutron.plugins.ml2.plugin.Ml2Plugin._retry_binding_revived_agents-16529427'] for agent (6c018199-db22-45d2-834e-12455337b0f4), after_update _notify_loop /var/lib/kolla/venv/lib/python3.6/site-packages/neutron_lib/callbacks/manager.py:177
2025-12-04 02:09:15.183 23 DEBUG neutron_lib.callbacks.manager [req-b31295ac-27a3-49e4-b765-35d5267b6a78 - - - - -] Publish callbacks ['neutron.services.segments.db._update_segment_host_mapping_for_agent-8729780840000', 'neutron.plugins.ml2.plugin.Ml2Plugin._retry_binding_revived_agents-16529427'] for agent (acbd215e-ea82-4707-b2b8-9403ae3b5abf), after_update _notify_loop /var/lib/kolla/venv/lib/python3.6/site-packages/neutron_lib/callbacks/manager.py:177
2025-12-04 02:09:16.256 29 DEBUG neutron.db.agents_db [req-ef9f0786-3c6e-4114-b7ff-b3e907bb7ae7 - - - - -] Agent healthcheck: found 2 active agents agent_health_check /var/lib/kolla/venv/lib/python3.6/site-packages/neutron/db/agents_db.py:318
2025-12-04 02:09:30.412 22 DEBUG neutron.wsgi [-] (22) accepted ('10.0.0.41', 45764) server /var/lib/kolla/venv/lib/python3.6/site-packages/eventlet/wsgi.py:1004
2025-12-04 02:09:30.415 22 INFO neutron.wsgi [-] 10.0.0.41 "GET / HTTP/1.1" status: 200 len: 227 time: 0.0023739
2025-12-04 02:09:32.371 27 DEBUG neutron_lib.callbacks.manager [req-81a64d6a-c653-4b9c-95f6-6a2e74359ab4 - - - - -] Publish callbacks ['neutron.services.segments.db._update_segment_host_mapping_for_agent-8729780840000', 'neutron.plugins.ml2.plugin.Ml2Plugin._retry_binding_revived_agents-16529427'] for agent (6c018199-db22-45d2-834e-12455337b0f4), after_update _notify_loop /var/lib/kolla/venv/lib/python3.6/site-packages/neutron_lib/callbacks/manager.py:177
2025-12-04 02:09:45.185 28 DEBUG neutron_lib.callbacks.manager [req-b31295ac-27a3-49e4-b765-35d5267b6a78 - - - - -] Publish callbacks ['neutron.services.segments.db._update_segment_host_mapping_for_agent-8729780840000', 'neutron.plugins.ml2.plugin.Ml2Plugin._retry_binding_revived_agents-16529427'] for agent (acbd215e-ea82-4707-b2b8-9403ae3b5abf), after_update _notify_loop /var/lib/kolla/venv/lib/python3.6/site-packages/neutron_lib/callbacks/manager.py:177
2025-12-04 02:09:53.253 29 DEBUG neutron.db.agents_db [req-ef9f0786-3c6e-4114-b7ff-b3e907bb7ae7 - - - - -] Agent healthcheck: found 2 active agents agent_health_check /var/lib/kolla/venv/lib/python3.6/site-packages/neutron/db/agents_db.py:318
2025-12-04 02:10:00.457 22 DEBUG neutron.wsgi [-] (22) accepted ('10.0.0.41', 39394) server /var/lib/kolla/venv/lib/python3.6/site-packages/eventlet/wsgi.py:1004
2025-12-04 02:10:00.461 22 INFO neutron.wsgi [-] 10.0.0.41 "GET / HTTP/1.1" status: 200 len: 227 time: 0.0025897
2025-12-04 02:10:02.473 26 DEBUG neutron_lib.callbacks.manager [req-74b7a721-6370-4970-957e-763b465cb1a8 - - - - -] Publish callbacks ['neutron.services.segments.db._update_segment_host_mapping_for_agent-8729780840000', 'neutron.plugins.ml2.plugin.Ml2Plugin._retry_binding_revived_agents-16529427'] for agent (6c018199-db22-45d2-834e-12455337b0f4), after_update _notify_loop /var/lib/kolla/venv/lib/python3.6/site-packages/neutron_lib/callbacks/manager.py:177
2025-12-04 02:10:15.188 25 DEBUG neutron_lib.callbacks.manager [req-b31295ac-27a3-49e4-b765-35d5267b6a78 - - - - -] Publish callbacks ['neutron.services.segments.db._update_segment_host_mapping_for_agent-8729780840000', 'neutron.plugins.ml2.plugin.Ml2Plugin._retry_binding_revived_agents-16529427'] for agent (acbd215e-ea82-4707-b2b8-9403ae3b5abf), after_update _notify_loop /var/lib/kolla/venv/lib/python3.6/site-packages/neutron_lib/callbacks/manager.py:177
2025-12-04 02:10:30.251 29 DEBUG neutron.db.agents_db [req-ef9f0786-3c6e-4114-b7ff-b3e907bb7ae7 - - - - -] Agent healthcheck: found 2 active agents agent_health_check /var/lib/kolla/venv/lib/python3.6/site-packages/neutron/db/agents_db.py:318
2025-12-04 02:10:30.503 22 DEBUG neutron.wsgi [-] (22) accepted ('10.0.0.41', 60920) server /var/lib/kolla/venv/lib/python3.6/site-packages/eventlet/wsgi.py:1004
2025-12-04 02:10:30.506 22 INFO neutron.wsgi [-] 10.0.0.41 "GET / HTTP/1.1" status: 200 len: 227 time: 0.0024188
2025-12-04 02:10:32.370 24 DEBUG neutron_lib.callbacks.manager [req-534e084e-12c7-4061-9051-385bbadc48a0 - - - - -] Publish callbacks ['neutron.services.segments.db._update_segment_host_mapping_for_agent-8729780840000', 'neutron.plugins.ml2.plugin.Ml2Plugin._retry_binding_revived_agents-16529427'] for agent (6c018199-db22-45d2-834e-12455337b0f4), after_update _notify_loop /var/lib/kolla/venv/lib/python3.6/site-packages/neutron_lib/callbacks/manager.py:177
2025-12-04 02:10:45.190 23 DEBUG neutron_lib.callbacks.manager [req-b31295ac-27a3-49e4-b765-35d5267b6a78 - - - - -] Publish callbacks ['neutron.services.segments.db._update_segment_host_mapping_for_agent-8729780840000', 'neutron.plugins.ml2.plugin.Ml2Plugin._retry_binding_revived_agents-16529427'] for agent (acbd215e-ea82-4707-b2b8-9403ae3b5abf), after_update _notify_loop /var/lib/kolla/venv/lib/python3.6/site-packages/neutron_lib/callbacks/manager.py:177
2025-12-04 02:11:00.576 22 DEBUG neutron.wsgi [-] (22) accepted ('10.0.0.41', 40862) server /var/lib/kolla/venv/lib/python3.6/site-packages/eventlet/wsgi.py:1004
2025-12-04 02:11:00.580 22 INFO neutron.wsgi [-] 10.0.0.41 "GET / HTTP/1.1" status: 200 len: 227 time: 0.0025644
2025-12-04 02:11:02.369 27 DEBUG neutron_lib.callbacks.manager [req-94d043cd-91b8-459e-90fb-d209685cfe1b - - - - -] Publish callbacks ['neutron.services.segments.db._update_segment_host_mapping_for_agent-8729780840000', 'neutron.plugins.ml2.plugin.Ml2Plugin._retry_binding_revived_agents-16529427'] for agent (6c018199-db22-45d2-834e-12455337b0f4), after_update _notify_loop /var/lib/kolla/venv/lib/python3.6/site-packages/neutron_lib/callbacks/manager.py:177
2025-12-04 02:11:07.251 29 DEBUG neutron.db.agents_db [req-ef9f0786-3c6e-4114-b7ff-b3e907bb7ae7 - - - - -] Agent healthcheck: found 2 active agents agent_health_check /var/lib/kolla/venv/lib/python3.6/site-packages/neutron/db/agents_db.py:318
2025-12-04 02:11:15.191 28 DEBUG neutron_lib.callbacks.manager [req-b31295ac-27a3-49e4-b765-35d5267b6a78 - - - - -] Publish callbacks ['neutron.services.segments.db._update_segment_host_mapping_for_agent-8729780840000', 'neutron.plugins.ml2.plugin.Ml2Plugin._retry_binding_revived_agents-16529427'] for agent (acbd215e-ea82-4707-b2b8-9403ae3b5abf), after_update _notify_loop /var/lib/kolla/venv/lib/python3.6/site-packages/neutron_lib/callbacks/manager.py:177
2025-12-04 02:11:30.619 22 DEBUG neutron.wsgi [-] (22) accepted ('10.0.0.41', 38834) server /var/lib/kolla/venv/lib/python3.6/site-packages/eventlet/wsgi.py:1004
2025-12-04 02:11:30.622 22 INFO neutron.wsgi [-] 10.0.0.41 "GET / HTTP/1.1" status: 200 len: 227 time: 0.0028176
2025-12-04 02:11:32.366 26 DEBUG neutron_lib.callbacks.manager [req-f489a313-3173-4ade-8604-d68ba9de28e3 - - - - -] Publish callbacks ['neutron.services.segments.db._update_segment_host_mapping_for_agent-8729780840000', 'neutron.plugins.ml2.plugin.Ml2Plugin._retry_binding_revived_agents-16529427'] for agent (6c018199-db22-45d2-834e-12455337b0f4), after_update _notify_loop /var/lib/kolla/venv/lib/python3.6/site-packages/neutron_lib/callbacks/manager.py:177
2025-12-04 02:11:44.248 29 DEBUG neutron.db.agents_db [req-ef9f0786-3c6e-4114-b7ff-b3e907bb7ae7 - - - - -] Agent healthcheck: found 2 active agents agent_health_check /var/lib/kolla/venv/lib/python3.6/site-packages/neutron/db/agents_db.py:318
2025-12-04 02:11:45.196 25 DEBUG neutron_lib.callbacks.manager [req-b31295ac-27a3-49e4-b765-35d5267b6a78 - - - - -] Publish callbacks ['neutron.services.segments.db._update_segment_host_mapping_for_agent-8729780840000', 'neutron.plugins.ml2.plugin.Ml2Plugin._retry_binding_revived_agents-16529427'] for agent (acbd215e-ea82-4707-b2b8-9403ae3b5abf), after_update _notify_loop /var/lib/kolla/venv/lib/python3.6/site-packages/neutron_lib/callbacks/manager.py:177
2025-12-04 02:12:00.665 22 DEBUG neutron.wsgi [-] (22) accepted ('10.0.0.41', 54620) server /var/lib/kolla/venv/lib/python3.6/site-packages/eventlet/wsgi.py:1004
2025-12-04 02:12:00.670 22 INFO neutron.wsgi [-] 10.0.0.41 "GET / HTTP/1.1" status: 200 len: 227 time: 0.0037506
2025-12-04 02:12:02.362 24 DEBUG neutron_lib.callbacks.manager [req-30888590-0437-48a2-8d6a-c1830be83a57 - - - - -] Publish callbacks ['neutron.services.segments.db._update_segment_host_mapping_for_agent-8729780840000', 'neutron.plugins.ml2.plugin.Ml2Plugin._retry_binding_revived_agents-16529427'] for agent (6c018199-db22-45d2-834e-12455337b0f4), after_update _notify_loop /var/lib/kolla/venv/lib/python3.6/site-packages/neutron_lib/callbacks/manager.py:177
2025-12-04 02:12:15.197 23 DEBUG neutron_lib.callbacks.manager [req-b31295ac-27a3-49e4-b765-35d5267b6a78 - - - - -] Publish callbacks ['neutron.services.segments.db._update_segment_host_mapping_for_agent-8729780840000', 'neutron.plugins.ml2.plugin.Ml2Plugin._retry_binding_revived_agents-16529427'] for agent (acbd215e-ea82-4707-b2b8-9403ae3b5abf), after_update _notify_loop /var/lib/kolla/venv/lib/python3.6/site-packages/neutron_lib/callbacks/manager.py:177
2025-12-04 02:12:21.247 29 DEBUG neutron.db.agents_db [req-ef9f0786-3c6e-4114-b7ff-b3e907bb7ae7 - - - - -] Agent healthcheck: found 2 active agents agent_health_check /var/lib/kolla/venv/lib/python3.6/site-packages/neutron/db/agents_db.py:318
2025-12-04 02:12:30.711 22 DEBUG neutron.wsgi [-] (22) accepted ('10.0.0.41', 34394) server /var/lib/kolla/venv/lib/python3.6/site-packages/eventlet/wsgi.py:1004
2025-12-04 02:12:30.714 22 INFO neutron.wsgi [-] 10.0.0.41 "GET / HTTP/1.1" status: 200 len: 227 time: 0.0024896
2025-12-04 02:12:32.359 27 DEBUG neutron_lib.callbacks.manager [req-816f2766-ac56-4261-afd6-ff1f479158d0 - - - - -] Publish callbacks ['neutron.services.segments.db._update_segment_host_mapping_for_agent-8729780840000', 'neutron.plugins.ml2.plugin.Ml2Plugin._retry_binding_revived_agents-16529427'] for agent (6c018199-db22-45d2-834e-12455337b0f4), after_update _notify_loop /var/lib/kolla/venv/lib/python3.6/site-packages/neutron_lib/callbacks/manager.py:177
2025-12-04 02:12:45.198 28 DEBUG neutron_lib.callbacks.manager [req-b31295ac-27a3-49e4-b765-35d5267b6a78 - - - - -] Publish callbacks ['neutron.services.segments.db._update_segment_host_mapping_for_agent-8729780840000', 'neutron.plugins.ml2.plugin.Ml2Plugin._retry_binding_revived_agents-16529427'] for agent (acbd215e-ea82-4707-b2b8-9403ae3b5abf), after_update _notify_loop /var/lib/kolla/venv/lib/python3.6/site-packages/neutron_lib/callbacks/manager.py:177
2025-12-04 02:12:58.245 29 DEBUG neutron.db.agents_db [req-ef9f0786-3c6e-4114-b7ff-b3e907bb7ae7 - - - - -] Agent healthcheck: found 2 active agents agent_health_check /var/lib/kolla/venv/lib/python3.6/site-packages/neutron/db/agents_db.py:318
2025-12-04 02:13:00.757 22 DEBUG neutron.wsgi [-] (22) accepted ('10.0.0.41', 50874) server /var/lib/kolla/venv/lib/python3.6/site-packages/eventlet/wsgi.py:1004
2025-12-04 02:13:00.761 22 INFO neutron.wsgi [-] 10.0.0.41 "GET / HTTP/1.1" status: 200 len: 227 time: 0.0026135
2025-12-04 02:13:02.355 26 DEBUG neutron_lib.callbacks.manager [req-a9f9c84a-b570-486a-aa91-27e9c1f25683 - - - - -] Publish callbacks ['neutron.services.segments.db._update_segment_host_mapping_for_agent-8729780840000', 'neutron.plugins.ml2.plugin.Ml2Plugin._retry_binding_revived_agents-16529427'] for agent (6c018199-db22-45d2-834e-12455337b0f4), after_update _notify_loop /var/lib/kolla/venv/lib/python3.6/site-packages/neutron_lib/callbacks/manager.py:177
2025-12-04 02:13:15.202 25 DEBUG neutron_lib.callbacks.manager [req-b31295ac-27a3-49e4-b765-35d5267b6a78 - - - - -] Publish callbacks ['neutron.services.segments.db._update_segment_host_mapping_for_agent-8729780840000', 'neutron.plugins.ml2.plugin.Ml2Plugin._retry_binding_revived_agents-16529427'] for agent (acbd215e-ea82-4707-b2b8-9403ae3b5abf), after_update _notify_loop /var/lib/kolla/venv/lib/python3.6/site-packages/neutron_lib/callbacks/manager.py:177
2025-12-04 02:13:30.802 22 DEBUG neutron.wsgi [-] (22) accepted ('10.0.0.41', 55512) server /var/lib/kolla/venv/lib/python3.6/site-packages/eventlet/wsgi.py:1004
2025-12-04 02:13:30.805 22 INFO neutron.wsgi [-] 10.0.0.41 "GET / HTTP/1.1" status: 200 len: 227 time: 0.0023890
2025-12-04 02:13:32.363 24 DEBUG neutron_lib.callbacks.manager [req-a598b74d-b571-45ec-b1cc-16ed990fc352 - - - - -] Publish callbacks ['neutron.services.segments.db._update_segment_host_mapping_for_agent-8729780840000', 'neutron.plugins.ml2.plugin.Ml2Plugin._retry_binding_revived_agents-16529427'] for agent (6c018199-db22-45d2-834e-12455337b0f4), after_update _notify_loop /var/lib/kolla/venv/lib/python3.6/site-packages/neutron_lib/callbacks/manager.py:177
2025-12-04 02:13:35.251 29 DEBUG neutron.db.agents_db [req-ef9f0786-3c6e-4114-b7ff-b3e907bb7ae7 - - - - -] Agent healthcheck: found 2 active agents agent_health_check /var/lib/kolla/venv/lib/python3.6/site-packages/neutron/db/agents_db.py:318
2025-12-04 02:13:45.206 23 DEBUG neutron_lib.callbacks.manager [req-b31295ac-27a3-49e4-b765-35d5267b6a78 - - - - -] Publish callbacks ['neutron.services.segments.db._update_segment_host_mapping_for_agent-8729780840000', 'neutron.plugins.ml2.plugin.Ml2Plugin._retry_binding_revived_agents-16529427'] for agent (acbd215e-ea82-4707-b2b8-9403ae3b5abf), after_update _notify_loop /var/lib/kolla/venv/lib/python3.6/site-packages/neutron_lib/callbacks/manager.py:177
2025-12-04 02:14:00.920 22 DEBUG neutron.wsgi [-] (22) accepted ('10.0.0.41', 40858) server /var/lib/kolla/venv/lib/python3.6/site-packages/eventlet/wsgi.py:1004
2025-12-04 02:14:00.926 22 INFO neutron.wsgi [-] 10.0.0.41 "GET / HTTP/1.1" status: 200 len: 227 time: 0.0038376
2025-12-04 02:14:02.361 27 DEBUG neutron_lib.callbacks.manager [req-be9a739d-da3b-44f0-b1ea-af8b1819d0a8 - - - - -] Publish callbacks ['neutron.services.segments.db._update_segment_host_mapping_for_agent-8729780840000', 'neutron.plugins.ml2.plugin.Ml2Plugin._retry_binding_revived_agents-16529427'] for agent (6c018199-db22-45d2-834e-12455337b0f4), after_update _notify_loop /var/lib/kolla/venv/lib/python3.6/site-packages/neutron_lib/callbacks/manager.py:177
2025-12-04 02:14:12.249 29 DEBUG neutron.db.agents_db [req-ef9f0786-3c6e-4114-b7ff-b3e907bb7ae7 - - - - -] Agent healthcheck: found 2 active agents agent_health_check /var/lib/kolla/venv/lib/python3.6/site-packages/neutron/db/agents_db.py:318
2025-12-04 02:14:15.206 28 DEBUG neutron_lib.callbacks.manager [req-b31295ac-27a3-49e4-b765-35d5267b6a78 - - - - -] Publish callbacks ['neutron.services.segments.db._update_segment_host_mapping_for_agent-8729780840000', 'neutron.plugins.ml2.plugin.Ml2Plugin._retry_binding_revived_agents-16529427'] for agent (acbd215e-ea82-4707-b2b8-9403ae3b5abf), after_update _notify_loop /var/lib/kolla/venv/lib/python3.6/site-packages/neutron_lib/callbacks/manager.py:177
2025-12-04 02:14:30.984 22 DEBUG neutron.wsgi [-] (22) accepted ('10.0.0.41', 35002) server /var/lib/kolla/venv/lib/python3.6/site-packages/eventlet/wsgi.py:1004
2025-12-04 02:14:30.987 22 INFO neutron.wsgi [-] 10.0.0.41 "GET / HTTP/1.1" status: 200 len: 227 time: 0.0025816
2025-12-04 02:14:32.358 26 DEBUG neutron_lib.callbacks.manager [req-7aa9971f-e406-46d3-ba20-55b0058d8029 - - - - -] Publish callbacks ['neutron.services.segments.db._update_segment_host_mapping_for_agent-8729780840000', 'neutron.plugins.ml2.plugin.Ml2Plugin._retry_binding_revived_agents-16529427'] for agent (6c018199-db22-45d2-834e-12455337b0f4), after_update _notify_loop /var/lib/kolla/venv/lib/python3.6/site-packages/neutron_lib/callbacks/manager.py:177
2025-12-04 02:14:45.215 25 DEBUG neutron_lib.callbacks.manager [req-b31295ac-27a3-49e4-b765-35d5267b6a78 - - - - -] Publish callbacks ['neutron.services.segments.db._update_segment_host_mapping_for_agent-8729780840000', 'neutron.plugins.ml2.plugin.Ml2Plugin._retry_binding_revived_agents-16529427'] for agent (acbd215e-ea82-4707-b2b8-9403ae3b5abf), after_update _notify_loop /var/lib/kolla/venv/lib/python3.6/site-packages/neutron_lib/callbacks/manager.py:177
2025-12-04 02:14:49.245 29 DEBUG neutron.db.agents_db [req-ef9f0786-3c6e-4114-b7ff-b3e907bb7ae7 - - - - -] Agent healthcheck: found 2 active agents agent_health_check /var/lib/kolla/venv/lib/python3.6/site-packages/neutron/db/agents_db.py:318
2025-12-04 02:14:53.691 7 INFO oslo_service.service [-] Caught SIGTERM, stopping children
2025-12-04 02:14:53.691 7 DEBUG oslo_concurrency.lockutils [-] Acquired lock "singleton_lock" lock /var/lib/kolla/venv/lib/python3.6/site-packages/oslo_concurrency/lockutils.py:294
2025-12-04 02:14:53.691 7 DEBUG oslo_concurrency.lockutils [-] Releasing lock "singleton_lock" lock /var/lib/kolla/venv/lib/python3.6/site-packages/oslo_concurrency/lockutils.py:312
2025-12-04 02:14:53.692 7 DEBUG oslo_service.service [-] Stop services. stop /var/lib/kolla/venv/lib/python3.6/site-packages/oslo_service/service.py:695
2025-12-04 02:14:53.692 7 DEBUG neutron.service [-] calling RpcWorker stop() stop /var/lib/kolla/venv/lib/python3.6/site-packages/neutron/service.py:138
2025-12-04 02:14:53.692 7 DEBUG neutron.service [-] calling RpcWorker stop() stop /var/lib/kolla/venv/lib/python3.6/site-packages/neutron/service.py:138
2025-12-04 02:14:53.692 7 DEBUG oslo_service.service [-] Killing children. stop /var/lib/kolla/venv/lib/python3.6/site-packages/oslo_service/service.py:700
2025-12-04 02:14:53.692 7 INFO oslo_service.service [-] Waiting on 8 children to exit
2025-12-04 02:14:53.693 22 INFO neutron.wsgi [-] (22) wsgi exited, is_accepting=True
2025-12-04 02:14:53.693 25 DEBUG neutron.service [-] calling RpcWorker stop() stop /var/lib/kolla/venv/lib/python3.6/site-packages/neutron/service.py:138
2025-12-04 02:14:53.693 28 DEBUG neutron.service [-] calling RpcWorker stop() stop /var/lib/kolla/venv/lib/python3.6/site-packages/neutron/service.py:138
2025-12-04 02:14:53.693 22 DEBUG oslo_concurrency.lockutils [req-7ddf457d-5e3f-483f-b390-eac5e09edc9b - - - - -] Acquired lock "singleton_lock" lock /var/lib/kolla/venv/lib/python3.6/site-packages/oslo_concurrency/lockutils.py:294
2025-12-04 02:14:53.694 22 DEBUG oslo_concurrency.lockutils [req-7ddf457d-5e3f-483f-b390-eac5e09edc9b - - - - -] Releasing lock "singleton_lock" lock /var/lib/kolla/venv/lib/python3.6/site-packages/oslo_concurrency/lockutils.py:312
2025-12-04 02:14:53.694 26 DEBUG neutron.service [-] calling RpcWorker stop() stop /var/lib/kolla/venv/lib/python3.6/site-packages/neutron/service.py:138
2025-12-04 02:14:53.693 25 DEBUG neutron.service [-] calling stop on stop /var/lib/kolla/venv/lib/python3.6/site-packages/neutron/service.py:141
2025-12-04 02:14:53.693 28 DEBUG neutron.service [-] calling stop on stop /var/lib/kolla/venv/lib/python3.6/site-packages/neutron/service.py:141
2025-12-04 02:14:53.696 23 DEBUG neutron.service [-] calling RpcWorker stop() stop /var/lib/kolla/venv/lib/python3.6/site-packages/neutron/service.py:138
2025-12-04 02:14:53.696 24 DEBUG neutron.service [-] calling RpcWorker stop() stop /var/lib/kolla/venv/lib/python3.6/site-packages/neutron/service.py:138
2025-12-04 02:14:53.696 27 DEBUG neutron.service [-] calling RpcWorker stop() stop /var/lib/kolla/venv/lib/python3.6/site-packages/neutron/service.py:138
2025-12-04 02:14:53.695 26 DEBUG neutron.service [-] calling stop on stop /var/lib/kolla/venv/lib/python3.6/site-packages/neutron/service.py:141
2025-12-04 02:14:53.696 23 DEBUG neutron.service [-] calling stop on stop /var/lib/kolla/venv/lib/python3.6/site-packages/neutron/service.py:141
2025-12-04 02:14:53.697 7 INFO oslo_service.service [-] Child 22 exited with status 0
2025-12-04 02:14:53.697 29 DEBUG neutron.service [-] calling RpcWorker stop() stop /var/lib/kolla/venv/lib/python3.6/site-packages/neutron/service.py:138
2025-12-04 02:14:53.696 24 DEBUG neutron.service [-] calling stop on stop /var/lib/kolla/venv/lib/python3.6/site-packages/neutron/service.py:141
2025-12-04 02:14:53.698 29 DEBUG neutron.service [-] calling stop on stop /var/lib/kolla/venv/lib/python3.6/site-packages/neutron/service.py:141
2025-12-04 02:14:53.697 27 DEBUG neutron.service [-] calling stop on stop /var/lib/kolla/venv/lib/python3.6/site-packages/neutron/service.py:141
2025-12-04 02:14:55.552 26 DEBUG oslo_concurrency.lockutils [req-7ddf457d-5e3f-483f-b390-eac5e09edc9b - - - - -] Acquired lock "singleton_lock" lock /var/lib/kolla/venv/lib/python3.6/site-packages/oslo_concurrency/lockutils.py:294
2025-12-04 02:14:55.552 26 DEBUG oslo_concurrency.lockutils [req-7ddf457d-5e3f-483f-b390-eac5e09edc9b - - - - -] Releasing lock "singleton_lock" lock /var/lib/kolla/venv/lib/python3.6/site-packages/oslo_concurrency/lockutils.py:312
2025-12-04 02:14:55.552 26 DEBUG neutron.service [req-7ddf457d-5e3f-483f-b390-eac5e09edc9b - - - - -] calling RpcWorker wait() _wait /var/lib/kolla/venv/lib/python3.6/site-packages/neutron/service.py:128
2025-12-04 02:14:55.553 26 DEBUG neutron.service [req-7ddf457d-5e3f-483f-b390-eac5e09edc9b - - - - -] calling wait on _wait /var/lib/kolla/venv/lib/python3.6/site-packages/neutron/service.py:131
2025-12-04 02:14:55.560 26 WARNING amqp [req-7ddf457d-5e3f-483f-b390-eac5e09edc9b - - - - -] Received method (60, 30) during closing channel 1. This method will be ignored
2025-12-04 02:14:55.561 26 DEBUG neutron.service [req-7ddf457d-5e3f-483f-b390-eac5e09edc9b - - - - -] returning from RpcWorker wait() _wait /var/lib/kolla/venv/lib/python3.6/site-packages/neutron/service.py:135
2025-12-04 02:14:55.562 27 DEBUG oslo_concurrency.lockutils [req-7ddf457d-5e3f-483f-b390-eac5e09edc9b - - - - -] Acquired lock "singleton_lock" lock /var/lib/kolla/venv/lib/python3.6/site-packages/oslo_concurrency/lockutils.py:294
2025-12-04 02:14:55.562 27 DEBUG oslo_concurrency.lockutils [req-7ddf457d-5e3f-483f-b390-eac5e09edc9b - - - - -] Releasing lock "singleton_lock" lock /var/lib/kolla/venv/lib/python3.6/site-packages/oslo_concurrency/lockutils.py:312
2025-12-04 02:14:55.563 27 DEBUG neutron.service [req-7ddf457d-5e3f-483f-b390-eac5e09edc9b - - - - -] calling RpcWorker wait() _wait /var/lib/kolla/venv/lib/python3.6/site-packages/neutron/service.py:128
2025-12-04 02:14:55.563 27 DEBUG neutron.service [req-7ddf457d-5e3f-483f-b390-eac5e09edc9b - - - - -] calling wait on _wait /var/lib/kolla/venv/lib/python3.6/site-packages/neutron/service.py:131
2025-12-04 02:14:55.567 7 INFO oslo_service.service [-] Child 26 exited with status 0
2025-12-04 02:14:55.568 27 WARNING amqp [req-7ddf457d-5e3f-483f-b390-eac5e09edc9b - - - - -] Received method (60, 30) during closing channel 1. This method will be ignored
2025-12-04 02:14:55.569 27 DEBUG neutron.service [req-7ddf457d-5e3f-483f-b390-eac5e09edc9b - - - - -] returning from RpcWorker wait() _wait /var/lib/kolla/venv/lib/python3.6/site-packages/neutron/service.py:135
2025-12-04 02:14:55.575 7 INFO oslo_service.service [-] Child 27 exited with status 0
2025-12-04 02:15:02.358 24 DEBUG neutron_lib.callbacks.manager [req-fed41c34-3418-481c-a82b-dae85656c5ef - - - - -] Publish callbacks ['neutron.services.segments.db._update_segment_host_mapping_for_agent-8729780840000', 'neutron.plugins.ml2.plugin.Ml2Plugin._retry_binding_revived_agents-16529427'] for agent (6c018199-db22-45d2-834e-12455337b0f4), after_update _notify_loop /var/lib/kolla/venv/lib/python3.6/site-packages/neutron_lib/callbacks/manager.py:177
2025-12-04 02:15:05.495 7 INFO neutron.common.config [-] Logging enabled!
2025-12-04 02:15:05.496 7 INFO neutron.common.config [-] /var/lib/kolla/venv/bin/neutron-server version 20.5.1.dev23
2025-12-04 02:15:05.496 7 DEBUG neutron.common.config [-] command line: /var/lib/kolla/venv/bin/neutron-server --config-file /etc/neutron/neutron.conf --config-file /etc/neutron/ContrailPlugin.ini --config-file /etc/neutron/api-paste.ini setup_logging /var/lib/kolla/venv/lib/python3.6/site-packages/neutron/common/config.py:115
2025-12-04 02:15:05.500 7 INFO neutron.common.config [-] Logging enabled!
2025-12-04 02:15:05.501 7 INFO neutron.common.config [-] /var/lib/kolla/venv/bin/neutron-server version 20.5.1.dev23
2025-12-04 02:15:05.501 7 DEBUG neutron.common.config [-] command line: /var/lib/kolla/venv/bin/neutron-server --config-file /etc/neutron/neutron.conf --config-file /etc/neutron/ContrailPlugin.ini --config-file /etc/neutron/api-paste.ini setup_logging /var/lib/kolla/venv/lib/python3.6/site-packages/neutron/common/config.py:115
2025-12-04 02:15:05.501 7 DEBUG neutron.common.config [-] ******************************************************************************** log_opt_values /var/lib/kolla/venv/lib/python3.6/site-packages/oslo_config/cfg.py:2589
2025-12-04 02:15:05.501 7 DEBUG neutron.common.config [-] Configuration options gathered from: log_opt_values /var/lib/kolla/venv/lib/python3.6/site-packages/oslo_config/cfg.py:2590
2025-12-04 02:15:05.502 7 DEBUG neutron.common.config [-] command line args: ['--config-file', '/etc/neutron/neutron.conf', '--config-file', '/etc/neutron/ContrailPlugin.ini', '--config-file', '/etc/neutron/api-paste.ini'] log_opt_values /var/lib/kolla/venv/lib/python3.6/site-packages/oslo_config/cfg.py:2591
2025-12-04 02:15:05.502 7 DEBUG neutron.common.config [-] config files: ['/etc/neutron/neutron.conf', '/etc/neutron/ContrailPlugin.ini', '/etc/neutron/api-paste.ini'] log_opt_values /var/lib/kolla/venv/lib/python3.6/site-packages/oslo_config/cfg.py:2593
2025-12-04 02:15:05.502 7 DEBUG neutron.common.config [-] ================================================================================ log_opt_values /var/lib/kolla/venv/lib/python3.6/site-packages/oslo_config/cfg.py:2594
2025-12-04 02:15:05.503 7 DEBUG neutron.common.config [-] allow_bulk = True log_opt_values /var/lib/kolla/venv/lib/python3.6/site-packages/oslo_config/cfg.py:2603
2025-12-04 02:15:05.503 7 WARNING oslo_config.cfg [-] Deprecated: Option "allow_overlapping_ips" from group "DEFAULT" is deprecated for removal. Its value may be silently ignored in the future.
2025-12-04 02:15:05.503 7 DEBUG neutron.common.config [-] allow_overlapping_ips = True log_opt_values /var/lib/kolla/venv/lib/python3.6/site-packages/oslo_config/cfg.py:2603
2025-12-04 02:15:05.503 7 DEBUG neutron.common.config [-] api_extensions_path = /opt/plugin/site-packages/neutron_plugin_contrail/extensions:/opt/plugin/site-packages/neutron_lbaas/extensions log_opt_values /var/lib/kolla/venv/lib/python3.6/site-packages/oslo_config/cfg.py:2603
2025-12-04 02:15:05.503 7 DEBUG neutron.common.config [-] api_paste_config = /etc/neutron/api-paste.ini log_opt_values /var/lib/kolla/venv/lib/python3.6/site-packages/oslo_config/cfg.py:2603
2025-12-04 02:15:05.503 7 DEBUG neutron.common.config [-] api_workers = 1 log_opt_values /var/lib/kolla/venv/lib/python3.6/site-packages/oslo_config/cfg.py:2603
2025-12-04 02:15:05.504 7 DEBUG neutron.common.config [-] auth_strategy = keystone log_opt_values /var/lib/kolla/venv/lib/python3.6/site-packages/oslo_config/cfg.py:2603
2025-12-04 02:15:05.504 7 DEBUG neutron.common.config [-] backlog = 4096 log_opt_values /var/lib/kolla/venv/lib/python3.6/site-packages/oslo_config/cfg.py:2603
2025-12-04 02:15:05.504 7 DEBUG neutron.common.config [-] base_mac = fa:16:3e:00:00:00 log_opt_values /var/lib/kolla/venv/lib/python3.6/site-packages/oslo_config/cfg.py:2603
2025-12-04 02:15:05.504 7 DEBUG neutron.common.config [-] bind_host = 10.0.0.41 log_opt_values /var/lib/kolla/venv/lib/python3.6/site-packages/oslo_config/cfg.py:2603
2025-12-04 02:15:05.504 7 DEBUG neutron.common.config [-] bind_port = 9696 log_opt_values /var/lib/kolla/venv/lib/python3.6/site-packages/oslo_config/cfg.py:2603
2025-12-04 02:15:05.504 7 DEBUG neutron.common.config [-] client_socket_timeout = 900 log_opt_values /var/lib/kolla/venv/lib/python3.6/site-packages/oslo_config/cfg.py:2603
2025-12-04 02:15:05.504 7 DEBUG neutron.common.config [-] config_dir = [] log_opt_values /var/lib/kolla/venv/lib/python3.6/site-packages/oslo_config/cfg.py:2603
2025-12-04 02:15:05.504 7 DEBUG neutron.common.config [-] config_file = ['/etc/neutron/neutron.conf', '/etc/neutron/ContrailPlugin.ini', '/etc/neutron/api-paste.ini'] log_opt_values /var/lib/kolla/venv/lib/python3.6/site-packages/oslo_config/cfg.py:2603
2025-12-04 02:15:05.505 7 DEBUG neutron.common.config [-] config_source = [] log_opt_values /var/lib/kolla/venv/lib/python3.6/site-packages/oslo_config/cfg.py:2603
2025-12-04 02:15:05.505 7 DEBUG neutron.common.config [-] control_exchange = neutron log_opt_values /var/lib/kolla/venv/lib/python3.6/site-packages/oslo_config/cfg.py:2603
2025-12-04 02:15:05.505 7 DEBUG neutron.common.config [-] core_plugin = neutron_plugin_contrail.plugins.opencontrail.contrail_plugin.NeutronPluginContrailCoreV2 log_opt_values /var/lib/kolla/venv/lib/python3.6/site-packages/oslo_config/cfg.py:2603
2025-12-04 02:15:05.505 7 DEBUG neutron.common.config [-] debug = True log_opt_values /var/lib/kolla/venv/lib/python3.6/site-packages/oslo_config/cfg.py:2603
2025-12-04 02:15:05.505 7 DEBUG neutron.common.config [-] default_availability_zones = [] log_opt_values /var/lib/kolla/venv/lib/python3.6/site-packages/oslo_config/cfg.py:2603
2025-12-04 02:15:05.505 7 DEBUG neutron.common.config [-] default_log_levels = ['amqp=WARN', 'amqplib=WARN', 'boto=WARN', 'qpid=WARN', 'sqlalchemy=WARN', 'suds=INFO', 'oslo.messaging=INFO', 'oslo_messaging=INFO', 'iso8601=WARN', 'requests.packages.urllib3.connectionpool=WARN', 'urllib3.connectionpool=WARN', 'websocket=WARN', 'requests.packages.urllib3.util.retry=WARN', 'urllib3.util.retry=WARN', 'keystonemiddleware=WARN', 'routes.middleware=WARN', 'stevedore=WARN', 'taskflow=WARN', 'keystoneauth=WARN', 'oslo.cache=INFO', 'oslo_policy=INFO', 'dogpile.core.dogpile=INFO', 'OFPHandler=INFO', 'OfctlService=INFO', 'os_ken.base.app_manager=INFO', 'os_ken.controller.controller=INFO'] log_opt_values /var/lib/kolla/venv/lib/python3.6/site-packages/oslo_config/cfg.py:2603
2025-12-04 02:15:05.505 7 DEBUG neutron.common.config [-] dhcp_agent_notification = True log_opt_values /var/lib/kolla/venv/lib/python3.6/site-packages/oslo_config/cfg.py:2603
2025-12-04 02:15:05.505 7 DEBUG neutron.common.config [-] dhcp_lease_duration = 86400 log_opt_values /var/lib/kolla/venv/lib/python3.6/site-packages/oslo_config/cfg.py:2603
2025-12-04 02:15:05.506 7 DEBUG neutron.common.config [-] dns_domain = openstacklocal log_opt_values /var/lib/kolla/venv/lib/python3.6/site-packages/oslo_config/cfg.py:2603
2025-12-04 02:15:05.506 7 DEBUG neutron.common.config [-] enable_traditional_dhcp = True log_opt_values /var/lib/kolla/venv/lib/python3.6/site-packages/oslo_config/cfg.py:2603
2025-12-04 02:15:05.506 7 DEBUG neutron.common.config [-] external_dns_driver = None log_opt_values /var/lib/kolla/venv/lib/python3.6/site-packages/oslo_config/cfg.py:2603
2025-12-04 02:15:05.506 7 DEBUG neutron.common.config [-] filter_validation = True log_opt_values /var/lib/kolla/venv/lib/python3.6/site-packages/oslo_config/cfg.py:2603
2025-12-04 02:15:05.506 7 DEBUG neutron.common.config [-] global_physnet_mtu = 1500 log_opt_values /var/lib/kolla/venv/lib/python3.6/site-packages/oslo_config/cfg.py:2603
2025-12-04 02:15:05.506 7 DEBUG neutron.common.config [-] host = cn-jenkins-deploy-platform-ansible-os-4839-1 log_opt_values /var/lib/kolla/venv/lib/python3.6/site-packages/oslo_config/cfg.py:2603
2025-12-04 02:15:05.506 7 DEBUG neutron.common.config [-] http_retries = 3 log_opt_values /var/lib/kolla/venv/lib/python3.6/site-packages/oslo_config/cfg.py:2603
2025-12-04 02:15:05.506 7 DEBUG neutron.common.config [-] instance_format = [instance: %(uuid)s] log_opt_values /var/lib/kolla/venv/lib/python3.6/site-packages/oslo_config/cfg.py:2603
2025-12-04 02:15:05.506 7 DEBUG neutron.common.config [-] instance_uuid_format = [instance: %(uuid)s] log_opt_values /var/lib/kolla/venv/lib/python3.6/site-packages/oslo_config/cfg.py:2603
2025-12-04 02:15:05.507 7 DEBUG neutron.common.config [-] ipam_driver = internal log_opt_values /var/lib/kolla/venv/lib/python3.6/site-packages/oslo_config/cfg.py:2603
2025-12-04 02:15:05.507 7 DEBUG neutron.common.config [-] ipv6_pd_enabled = False log_opt_values /var/lib/kolla/venv/lib/python3.6/site-packages/oslo_config/cfg.py:2603
2025-12-04 02:15:05.507 7 DEBUG neutron.common.config [-] log_config_append = None log_opt_values /var/lib/kolla/venv/lib/python3.6/site-packages/oslo_config/cfg.py:2603
2025-12-04 02:15:05.507 7 DEBUG neutron.common.config [-] log_date_format = %Y-%m-%d %H:%M:%S log_opt_values /var/lib/kolla/venv/lib/python3.6/site-packages/oslo_config/cfg.py:2603
2025-12-04 02:15:05.507 7 DEBUG neutron.common.config [-] log_dir = /var/log/kolla/neutron log_opt_values /var/lib/kolla/venv/lib/python3.6/site-packages/oslo_config/cfg.py:2603
2025-12-04 02:15:05.507 7 DEBUG neutron.common.config [-] log_file = None log_opt_values /var/lib/kolla/venv/lib/python3.6/site-packages/oslo_config/cfg.py:2603
2025-12-04 02:15:05.507 7 DEBUG neutron.common.config [-] log_rotate_interval = 1 log_opt_values /var/lib/kolla/venv/lib/python3.6/site-packages/oslo_config/cfg.py:2603
2025-12-04 02:15:05.507 7 DEBUG neutron.common.config [-] log_rotate_interval_type = days log_opt_values /var/lib/kolla/venv/lib/python3.6/site-packages/oslo_config/cfg.py:2603
2025-12-04 02:15:05.507 7 DEBUG neutron.common.config [-] log_rotation_type = none log_opt_values /var/lib/kolla/venv/lib/python3.6/site-packages/oslo_config/cfg.py:2603
2025-12-04 02:15:05.508 7 DEBUG neutron.common.config [-] logging_context_format_string = %(asctime)s.%(msecs)03d %(process)d %(levelname)s %(name)s [%(request_id)s %(user_identity)s] %(instance)s%(message)s log_opt_values /var/lib/kolla/venv/lib/python3.6/site-packages/oslo_config/cfg.py:2603
2025-12-04 02:15:05.508 7 DEBUG neutron.common.config [-] logging_debug_format_suffix = %(funcName)s %(pathname)s:%(lineno)d log_opt_values /var/lib/kolla/venv/lib/python3.6/site-packages/oslo_config/cfg.py:2603
2025-12-04 02:15:05.508 7 DEBUG neutron.common.config [-] logging_default_format_string = %(asctime)s.%(msecs)03d %(process)d %(levelname)s %(name)s [-] %(instance)s%(message)s log_opt_values /var/lib/kolla/venv/lib/python3.6/site-packages/oslo_config/cfg.py:2603
2025-12-04 02:15:05.508 7 DEBUG neutron.common.config [-] logging_exception_prefix = %(asctime)s.%(msecs)03d %(process)d ERROR %(name)s %(instance)s log_opt_values /var/lib/kolla/venv/lib/python3.6/site-packages/oslo_config/cfg.py:2603
2025-12-04 02:15:05.508 7 DEBUG neutron.common.config [-] logging_user_identity_format = %(user)s %(project)s %(domain)s %(user_domain)s %(project_domain)s log_opt_values /var/lib/kolla/venv/lib/python3.6/site-packages/oslo_config/cfg.py:2603
2025-12-04 02:15:05.508 7 DEBUG neutron.common.config [-] max_dns_nameservers = 5 log_opt_values /var/lib/kolla/venv/lib/python3.6/site-packages/oslo_config/cfg.py:2603
2025-12-04 02:15:05.508 7 DEBUG neutron.common.config [-] max_header_line = 16384 log_opt_values /var/lib/kolla/venv/lib/python3.6/site-packages/oslo_config/cfg.py:2603
2025-12-04 02:15:05.508 7 DEBUG neutron.common.config [-] max_logfile_count = 30 log_opt_values /var/lib/kolla/venv/lib/python3.6/site-packages/oslo_config/cfg.py:2603
2025-12-04 02:15:05.508 7 DEBUG neutron.common.config [-] max_logfile_size_mb = 200 log_opt_values /var/lib/kolla/venv/lib/python3.6/site-packages/oslo_config/cfg.py:2603
2025-12-04 02:15:05.508 7 DEBUG neutron.common.config [-] max_subnet_host_routes = 20 log_opt_values /var/lib/kolla/venv/lib/python3.6/site-packages/oslo_config/cfg.py:2603
2025-12-04 02:15:05.509 7 DEBUG neutron.common.config [-] network_link_prefix = None log_opt_values /var/lib/kolla/venv/lib/python3.6/site-packages/oslo_config/cfg.py:2603
2025-12-04 02:15:05.509 7 DEBUG neutron.common.config [-] notify_nova_on_port_data_changes = True log_opt_values /var/lib/kolla/venv/lib/python3.6/site-packages/oslo_config/cfg.py:2603
2025-12-04 02:15:05.509 7 DEBUG neutron.common.config [-] notify_nova_on_port_status_changes = True log_opt_values /var/lib/kolla/venv/lib/python3.6/site-packages/oslo_config/cfg.py:2603
2025-12-04 02:15:05.509 7 DEBUG neutron.common.config [-] pagination_max_limit = -1 log_opt_values /var/lib/kolla/venv/lib/python3.6/site-packages/oslo_config/cfg.py:2603
2025-12-04 02:15:05.509 7 DEBUG neutron.common.config [-] periodic_fuzzy_delay = 5 log_opt_values /var/lib/kolla/venv/lib/python3.6/site-packages/oslo_config/cfg.py:2603
2025-12-04 02:15:05.509 7 DEBUG neutron.common.config [-] periodic_interval = 40 log_opt_values /var/lib/kolla/venv/lib/python3.6/site-packages/oslo_config/cfg.py:2603
2025-12-04 02:15:05.509 7 DEBUG neutron.common.config [-] publish_errors = False log_opt_values /var/lib/kolla/venv/lib/python3.6/site-packages/oslo_config/cfg.py:2603
2025-12-04 02:15:05.509 7 DEBUG neutron.common.config [-] rate_limit_burst = 0 log_opt_values /var/lib/kolla/venv/lib/python3.6/site-packages/oslo_config/cfg.py:2603
2025-12-04 02:15:05.509 7 DEBUG neutron.common.config [-] rate_limit_except_level = CRITICAL log_opt_values /var/lib/kolla/venv/lib/python3.6/site-packages/oslo_config/cfg.py:2603
2025-12-04 02:15:05.510 7 DEBUG neutron.common.config [-] rate_limit_interval = 0 log_opt_values /var/lib/kolla/venv/lib/python3.6/site-packages/oslo_config/cfg.py:2603
2025-12-04 02:15:05.510 7 DEBUG neutron.common.config [-] retry_until_window = 30 log_opt_values /var/lib/kolla/venv/lib/python3.6/site-packages/oslo_config/cfg.py:2603
2025-12-04 02:15:05.510 7 DEBUG neutron.common.config [-] rpc_response_max_timeout = 600 log_opt_values /var/lib/kolla/venv/lib/python3.6/site-packages/oslo_config/cfg.py:2603
2025-12-04 02:15:05.510 7 DEBUG neutron.common.config [-] rpc_state_report_workers = 3 log_opt_values /var/lib/kolla/venv/lib/python3.6/site-packages/oslo_config/cfg.py:2603
