2025-12-01 00:38:33.493 162993 DEBUG oslo_service.service [req-459c47c6-ce9b-4b2a-be6f-5d2b03b5d85e - - - - -] reserved_host_cpus = 0 log_opt_values /usr/lib/python3/dist-packages/oslo_config/cfg.py:2602
2025-12-01 00:38:33.493 162993 DEBUG oslo_service.service [req-459c47c6-ce9b-4b2a-be6f-5d2b03b5d85e - - - - -] reserved_host_disk_mb = 0 log_opt_values /usr/lib/python3/dist-packages/oslo_config/cfg.py:2602
2025-12-01 00:38:33.493 162993 DEBUG oslo_service.service [req-459c47c6-ce9b-4b2a-be6f-5d2b03b5d85e - - - - -] reserved_host_memory_mb = 512 log_opt_values /usr/lib/python3/dist-packages/oslo_config/cfg.py:2602
2025-12-01 00:38:33.494 162993 DEBUG oslo_service.service [req-459c47c6-ce9b-4b2a-be6f-5d2b03b5d85e - - - - -] reserved_huge_pages = None log_opt_values /usr/lib/python3/dist-packages/oslo_config/cfg.py:2602
2025-12-01 00:38:33.494 162993 DEBUG oslo_service.service [req-459c47c6-ce9b-4b2a-be6f-5d2b03b5d85e - - - - -] resize_confirm_window = 0 log_opt_values /usr/lib/python3/dist-packages/oslo_config/cfg.py:2602
2025-12-01 00:38:33.494 162993 DEBUG oslo_service.service [req-459c47c6-ce9b-4b2a-be6f-5d2b03b5d85e - - - - -] resize_fs_using_block_device = False log_opt_values /usr/lib/python3/dist-packages/oslo_config/cfg.py:2602
2025-12-01 00:38:33.494 162993 DEBUG oslo_service.service [req-459c47c6-ce9b-4b2a-be6f-5d2b03b5d85e - - - - -] resume_guests_state_on_host_boot = False log_opt_values /usr/lib/python3/dist-packages/oslo_config/cfg.py:2602
2025-12-01 00:38:33.494 162993 DEBUG oslo_service.service [req-459c47c6-ce9b-4b2a-be6f-5d2b03b5d85e - - - - -] rootwrap_config = /etc/nova/rootwrap.conf log_opt_values /usr/lib/python3/dist-packages/oslo_config/cfg.py:2602
2025-12-01 00:38:33.494 162993 DEBUG oslo_service.service [req-459c47c6-ce9b-4b2a-be6f-5d2b03b5d85e - - - - -] run_external_periodic_tasks = True log_opt_values /usr/lib/python3/dist-packages/oslo_config/cfg.py:2602
2025-12-01 00:38:33.495 162993 DEBUG oslo_service.service [req-459c47c6-ce9b-4b2a-be6f-5d2b03b5d85e - - - - -] running_deleted_instance_action = reap log_opt_values /usr/lib/python3/dist-packages/oslo_config/cfg.py:2602
2025-12-01 00:38:33.495 162993 DEBUG oslo_service.service [req-459c47c6-ce9b-4b2a-be6f-5d2b03b5d85e - - - - -] running_deleted_instance_poll_interval = 1800 log_opt_values /usr/lib/python3/dist-packages/oslo_config/cfg.py:2602
2025-12-01 00:38:33.495 162993 DEBUG oslo_service.service [req-459c47c6-ce9b-4b2a-be6f-5d2b03b5d85e - - - - -] running_deleted_instance_timeout = 0 log_opt_values /usr/lib/python3/dist-packages/oslo_config/cfg.py:2602
2025-12-01 00:38:33.495 163393 DEBUG nova.service [req-030b9a2a-1d9f-4086-8456-fd7bebeec04f - - - - -] Creating RPC server for service scheduler start /usr/lib/python3/dist-packages/nova/service.py:182
2025-12-01 00:38:33.495 162993 DEBUG oslo_service.service [req-459c47c6-ce9b-4b2a-be6f-5d2b03b5d85e - - - - -] scheduler_instance_sync_interval = 120 log_opt_values /usr/lib/python3/dist-packages/oslo_config/cfg.py:2602
2025-12-01 00:38:33.495 162993 DEBUG oslo_service.service [req-459c47c6-ce9b-4b2a-be6f-5d2b03b5d85e - - - - -] service_down_time = 60 log_opt_values /usr/lib/python3/dist-packages/oslo_config/cfg.py:2602
2025-12-01 00:38:33.496 162993 DEBUG oslo_service.service [req-459c47c6-ce9b-4b2a-be6f-5d2b03b5d85e - - - - -] servicegroup_driver = db log_opt_values /usr/lib/python3/dist-packages/oslo_config/cfg.py:2602
2025-12-01 00:38:33.496 162993 DEBUG oslo_service.service [req-459c47c6-ce9b-4b2a-be6f-5d2b03b5d85e - - - - -] shelved_offload_time = 0 log_opt_values /usr/lib/python3/dist-packages/oslo_config/cfg.py:2602
2025-12-01 00:38:33.497 162993 DEBUG oslo_service.service [req-459c47c6-ce9b-4b2a-be6f-5d2b03b5d85e - - - - -] shelved_poll_interval = 3600 log_opt_values /usr/lib/python3/dist-packages/oslo_config/cfg.py:2602
2025-12-01 00:38:33.497 162993 DEBUG oslo_service.service [req-459c47c6-ce9b-4b2a-be6f-5d2b03b5d85e - - - - -] shutdown_timeout = 60 log_opt_values /usr/lib/python3/dist-packages/oslo_config/cfg.py:2602
2025-12-01 00:38:33.497 162993 DEBUG oslo_service.service [req-459c47c6-ce9b-4b2a-be6f-5d2b03b5d85e - - - - -] source_is_ipv6 = False log_opt_values /usr/lib/python3/dist-packages/oslo_config/cfg.py:2602
2025-12-01 00:38:33.497 162993 DEBUG oslo_service.service [req-459c47c6-ce9b-4b2a-be6f-5d2b03b5d85e - - - - -] ssl_only = False log_opt_values /usr/lib/python3/dist-packages/oslo_config/cfg.py:2602
2025-12-01 00:38:33.497 162993 DEBUG oslo_service.service [req-459c47c6-ce9b-4b2a-be6f-5d2b03b5d85e - - - - -] state_path = /var/lib/nova log_opt_values /usr/lib/python3/dist-packages/oslo_config/cfg.py:2602
2025-12-01 00:38:33.497 162993 DEBUG oslo_service.service [req-459c47c6-ce9b-4b2a-be6f-5d2b03b5d85e - - - - -] sync_power_state_interval = 600 log_opt_values /usr/lib/python3/dist-packages/oslo_config/cfg.py:2602
2025-12-01 00:38:33.498 162993 DEBUG oslo_service.service [req-459c47c6-ce9b-4b2a-be6f-5d2b03b5d85e - - - - -] sync_power_state_pool_size = 1000 log_opt_values /usr/lib/python3/dist-packages/oslo_config/cfg.py:2602
2025-12-01 00:38:33.498 162993 DEBUG oslo_service.service [req-459c47c6-ce9b-4b2a-be6f-5d2b03b5d85e - - - - -] syslog_log_facility = LOG_USER log_opt_values /usr/lib/python3/dist-packages/oslo_config/cfg.py:2602
2025-12-01 00:38:33.498 162993 DEBUG oslo_service.service [req-459c47c6-ce9b-4b2a-be6f-5d2b03b5d85e - - - - -] tempdir = None log_opt_values /usr/lib/python3/dist-packages/oslo_config/cfg.py:2602
2025-12-01 00:38:33.498 162993 DEBUG oslo_service.service [req-459c47c6-ce9b-4b2a-be6f-5d2b03b5d85e - - - - -] timeout_nbd = 10 log_opt_values /usr/lib/python3/dist-packages/oslo_config/cfg.py:2602
2025-12-01 00:38:33.498 162993 DEBUG oslo_service.service [req-459c47c6-ce9b-4b2a-be6f-5d2b03b5d85e - - - - -] transport_url = **** log_opt_values /usr/lib/python3/dist-packages/oslo_config/cfg.py:2602
2025-12-01 00:38:33.498 162993 DEBUG oslo_service.service [req-459c47c6-ce9b-4b2a-be6f-5d2b03b5d85e - - - - -] update_resources_interval = 0 log_opt_values /usr/lib/python3/dist-packages/oslo_config/cfg.py:2602
2025-12-01 00:38:33.499 162993 DEBUG oslo_service.service [req-459c47c6-ce9b-4b2a-be6f-5d2b03b5d85e - - - - -] use_cow_images = True log_opt_values /usr/lib/python3/dist-packages/oslo_config/cfg.py:2602
2025-12-01 00:38:33.499 162993 DEBUG oslo_service.service [req-459c47c6-ce9b-4b2a-be6f-5d2b03b5d85e - - - - -] use_eventlog = False log_opt_values /usr/lib/python3/dist-packages/oslo_config/cfg.py:2602
2025-12-01 00:38:33.496 163394 DEBUG nova.service [req-094f7238-e29b-4e6f-ab97-1813dc169279 - - - - -] Creating RPC server for service scheduler start /usr/lib/python3/dist-packages/nova/service.py:182
2025-12-01 00:38:33.499 162993 DEBUG oslo_service.service [req-459c47c6-ce9b-4b2a-be6f-5d2b03b5d85e - - - - -] use_journal = False log_opt_values /usr/lib/python3/dist-packages/oslo_config/cfg.py:2602
2025-12-01 00:38:33.507 162993 DEBUG oslo_service.service [req-459c47c6-ce9b-4b2a-be6f-5d2b03b5d85e - - - - -] use_json = False log_opt_values /usr/lib/python3/dist-packages/oslo_config/cfg.py:2602
2025-12-01 00:38:33.507 162993 DEBUG oslo_service.service [req-459c47c6-ce9b-4b2a-be6f-5d2b03b5d85e - - - - -] use_rootwrap_daemon = False log_opt_values /usr/lib/python3/dist-packages/oslo_config/cfg.py:2602
2025-12-01 00:38:33.508 162993 DEBUG oslo_service.service [req-459c47c6-ce9b-4b2a-be6f-5d2b03b5d85e - - - - -] use_stderr = False log_opt_values /usr/lib/python3/dist-packages/oslo_config/cfg.py:2602
2025-12-01 00:38:33.509 162993 DEBUG oslo_service.service [req-459c47c6-ce9b-4b2a-be6f-5d2b03b5d85e - - - - -] use_syslog = False log_opt_values /usr/lib/python3/dist-packages/oslo_config/cfg.py:2602
2025-12-01 00:38:33.511 162993 DEBUG oslo_service.service [req-459c47c6-ce9b-4b2a-be6f-5d2b03b5d85e - - - - -] vcpu_pin_set = None log_opt_values /usr/lib/python3/dist-packages/oslo_config/cfg.py:2602
2025-12-01 00:38:33.512 162993 DEBUG oslo_service.service [req-459c47c6-ce9b-4b2a-be6f-5d2b03b5d85e - - - - -] vif_plugging_is_fatal = True log_opt_values /usr/lib/python3/dist-packages/oslo_config/cfg.py:2602
2025-12-01 00:38:33.513 162993 DEBUG oslo_service.service [req-459c47c6-ce9b-4b2a-be6f-5d2b03b5d85e - - - - -] vif_plugging_timeout = 300 log_opt_values /usr/lib/python3/dist-packages/oslo_config/cfg.py:2602
2025-12-01 00:38:33.513 162993 DEBUG oslo_service.service [req-459c47c6-ce9b-4b2a-be6f-5d2b03b5d85e - - - - -] virt_mkfs = [] log_opt_values /usr/lib/python3/dist-packages/oslo_config/cfg.py:2602
2025-12-01 00:38:33.515 162993 DEBUG oslo_service.service [req-459c47c6-ce9b-4b2a-be6f-5d2b03b5d85e - - - - -] volume_usage_poll_interval = 0 log_opt_values /usr/lib/python3/dist-packages/oslo_config/cfg.py:2602
2025-12-01 00:38:33.515 162993 DEBUG oslo_service.service [req-459c47c6-ce9b-4b2a-be6f-5d2b03b5d85e - - - - -] watch_log_file = False log_opt_values /usr/lib/python3/dist-packages/oslo_config/cfg.py:2602
2025-12-01 00:38:33.515 162993 DEBUG oslo_service.service [req-459c47c6-ce9b-4b2a-be6f-5d2b03b5d85e - - - - -] web = /usr/share/spice-html5 log_opt_values /usr/lib/python3/dist-packages/oslo_config/cfg.py:2602
2025-12-01 00:38:33.519 163393 DEBUG oslo_messaging._drivers.amqpdriver [-] Listener is running poll /usr/lib/python3/dist-packages/oslo_messaging/_drivers/amqpdriver.py:343
2025-12-01 00:38:33.519 163393 DEBUG oslo_messaging._drivers.amqpdriver [-] AMQPListener connection consume poll /usr/lib/python3/dist-packages/oslo_messaging/_drivers/amqpdriver.py:357
2025-12-01 00:38:33.518 163396 DEBUG oslo_db.sqlalchemy.engines [req-e5481db4-da14-4d0c-b73a-ad2dc4e0fe78 - - - - -] MySQL server mode set to STRICT_TRANS_TABLES,STRICT_ALL_TABLES,NO_ZERO_IN_DATE,NO_ZERO_DATE,ERROR_FOR_DIVISION_BY_ZERO,TRADITIONAL,NO_ENGINE_SUBSTITUTION _check_effective_sql_mode /usr/lib/python3/dist-packages/oslo_db/sqlalchemy/engines.py:314
2025-12-01 00:38:33.521 162993 DEBUG oslo_service.service [req-459c47c6-ce9b-4b2a-be6f-5d2b03b5d85e - - - - -] oslo_concurrency.disable_process_locking = False log_opt_values /usr/lib/python3/dist-packages/oslo_config/cfg.py:2609
2025-12-01 00:38:33.521 162993 DEBUG oslo_service.service [req-459c47c6-ce9b-4b2a-be6f-5d2b03b5d85e - - - - -] oslo_concurrency.lock_path = /var/lock/nova log_opt_values /usr/lib/python3/dist-packages/oslo_config/cfg.py:2609
2025-12-01 00:38:33.523 162993 WARNING oslo_config.cfg [req-459c47c6-ce9b-4b2a-be6f-5d2b03b5d85e - - - - -] Deprecated: Option "auth_strategy" from group "api" is deprecated for removal ( The only non-default choice, ``noauth2``, is for internal development and testing purposes only and should not be used in deployments. This option and its middleware, NoAuthMiddleware[V2_18], will be removed in a future release. ). Its value may be silently ignored in the future.
2025-12-01 00:38:33.521 163393 DEBUG nova.service [req-030b9a2a-1d9f-4086-8456-fd7bebeec04f - - - - -] Join ServiceGroup membership for this service scheduler start /usr/lib/python3/dist-packages/nova/service.py:199
2025-12-01 00:38:33.523 163395 DEBUG oslo_db.sqlalchemy.engines [req-856a5626-88ce-402a-88f9-a3688c405f2e - - - - -] MySQL server mode set to STRICT_TRANS_TABLES,STRICT_ALL_TABLES,NO_ZERO_IN_DATE,NO_ZERO_DATE,ERROR_FOR_DIVISION_BY_ZERO,TRADITIONAL,NO_ENGINE_SUBSTITUTION _check_effective_sql_mode /usr/lib/python3/dist-packages/oslo_db/sqlalchemy/engines.py:314
2025-12-01 00:38:33.523 162993 DEBUG oslo_service.service [req-459c47c6-ce9b-4b2a-be6f-5d2b03b5d85e - - - - -] api.auth_strategy = keystone log_opt_values /usr/lib/python3/dist-packages/oslo_config/cfg.py:2609
2025-12-01 00:38:33.523 162993 DEBUG oslo_service.service [req-459c47c6-ce9b-4b2a-be6f-5d2b03b5d85e - - - - -] api.compute_link_prefix = None log_opt_values /usr/lib/python3/dist-packages/oslo_config/cfg.py:2609
2025-12-01 00:38:33.523 163393 DEBUG nova.servicegroup.drivers.db [req-030b9a2a-1d9f-4086-8456-fd7bebeec04f - - - - -] DB_Driver: join new ServiceGroup member juju-7d17ec-0-lxd-7 to the scheduler group, service = join /usr/lib/python3/dist-packages/nova/servicegroup/drivers/db.py:44
2025-12-01 00:38:33.524 162993 DEBUG oslo_service.service [req-459c47c6-ce9b-4b2a-be6f-5d2b03b5d85e - - - - -] api.config_drive_skip_versions = 1.0 2007-01-19 2007-03-01 2007-08-29 2007-10-10 2007-12-15 2008-02-01 2008-09-01 log_opt_values /usr/lib/python3/dist-packages/oslo_config/cfg.py:2609
2025-12-01 00:38:33.524 162993 DEBUG oslo_service.service [req-459c47c6-ce9b-4b2a-be6f-5d2b03b5d85e - - - - -] api.dhcp_domain = novalocal log_opt_values /usr/lib/python3/dist-packages/oslo_config/cfg.py:2609
2025-12-01 00:38:33.524 162993 DEBUG oslo_service.service [req-459c47c6-ce9b-4b2a-be6f-5d2b03b5d85e - - - - -] api.enable_instance_password = True log_opt_values /usr/lib/python3/dist-packages/oslo_config/cfg.py:2609
2025-12-01 00:38:33.524 162993 DEBUG oslo_service.service [req-459c47c6-ce9b-4b2a-be6f-5d2b03b5d85e - - - - -] api.glance_link_prefix = None log_opt_values /usr/lib/python3/dist-packages/oslo_config/cfg.py:2609
2025-12-01 00:38:33.524 162993 DEBUG oslo_service.service [req-459c47c6-ce9b-4b2a-be6f-5d2b03b5d85e - - - - -] api.instance_list_cells_batch_fixed_size = 100 log_opt_values /usr/lib/python3/dist-packages/oslo_config/cfg.py:2609
2025-12-01 00:38:33.525 162993 DEBUG oslo_service.service [req-459c47c6-ce9b-4b2a-be6f-5d2b03b5d85e - - - - -] api.instance_list_cells_batch_strategy = distributed log_opt_values /usr/lib/python3/dist-packages/oslo_config/cfg.py:2609
2025-12-01 00:38:33.525 162993 DEBUG oslo_service.service [req-459c47c6-ce9b-4b2a-be6f-5d2b03b5d85e - - - - -] api.instance_list_per_project_cells = False log_opt_values /usr/lib/python3/dist-packages/oslo_config/cfg.py:2609
2025-12-01 00:38:33.525 162993 DEBUG oslo_service.service [req-459c47c6-ce9b-4b2a-be6f-5d2b03b5d85e - - - - -] api.list_records_by_skipping_down_cells = True log_opt_values /usr/lib/python3/dist-packages/oslo_config/cfg.py:2609
2025-12-01 00:38:33.525 162993 DEBUG oslo_service.service [req-459c47c6-ce9b-4b2a-be6f-5d2b03b5d85e - - - - -] api.local_metadata_per_cell = False log_opt_values /usr/lib/python3/dist-packages/oslo_config/cfg.py:2609
2025-12-01 00:38:33.525 162993 DEBUG oslo_service.service [req-459c47c6-ce9b-4b2a-be6f-5d2b03b5d85e - - - - -] api.max_limit = 1000 log_opt_values /usr/lib/python3/dist-packages/oslo_config/cfg.py:2609
2025-12-01 00:38:33.526 162993 DEBUG oslo_service.service [req-459c47c6-ce9b-4b2a-be6f-5d2b03b5d85e - - - - -] api.metadata_cache_expiration = 15 log_opt_values /usr/lib/python3/dist-packages/oslo_config/cfg.py:2609
2025-12-01 00:38:33.526 162993 DEBUG oslo_service.service [req-459c47c6-ce9b-4b2a-be6f-5d2b03b5d85e - - - - -] api.neutron_default_tenant_id = default log_opt_values /usr/lib/python3/dist-packages/oslo_config/cfg.py:2609
2025-12-01 00:38:33.526 162993 DEBUG oslo_service.service [req-459c47c6-ce9b-4b2a-be6f-5d2b03b5d85e - - - - -] api.use_forwarded_for = False log_opt_values /usr/lib/python3/dist-packages/oslo_config/cfg.py:2609
2025-12-01 00:38:33.526 162993 DEBUG oslo_service.service [req-459c47c6-ce9b-4b2a-be6f-5d2b03b5d85e - - - - -] api.use_neutron_default_nets = False log_opt_values /usr/lib/python3/dist-packages/oslo_config/cfg.py:2609
2025-12-01 00:38:33.526 162993 DEBUG oslo_service.service [req-459c47c6-ce9b-4b2a-be6f-5d2b03b5d85e - - - - -] api.vendordata_dynamic_connect_timeout = 5 log_opt_values /usr/lib/python3/dist-packages/oslo_config/cfg.py:2609
2025-12-01 00:38:33.526 163393 DEBUG oslo_messaging._drivers.amqpdriver [-] AMQPListener connection timeout poll /usr/lib/python3/dist-packages/oslo_messaging/_drivers/amqpdriver.py:360
2025-12-01 00:38:33.527 162993 DEBUG oslo_service.service [req-459c47c6-ce9b-4b2a-be6f-5d2b03b5d85e - - - - -] api.vendordata_dynamic_failure_fatal = False log_opt_values /usr/lib/python3/dist-packages/oslo_config/cfg.py:2609
2025-12-01 00:38:33.527 163393 DEBUG oslo_messaging._drivers.amqpdriver [-] Listener is running poll /usr/lib/python3/dist-packages/oslo_messaging/_drivers/amqpdriver.py:343
2025-12-01 00:38:33.527 162993 DEBUG oslo_service.service [req-459c47c6-ce9b-4b2a-be6f-5d2b03b5d85e - - - - -] api.vendordata_dynamic_read_timeout = 5 log_opt_values /usr/lib/python3/dist-packages/oslo_config/cfg.py:2609
2025-12-01 00:38:33.527 163393 DEBUG oslo_messaging._drivers.amqpdriver [-] AMQPListener connection consume poll /usr/lib/python3/dist-packages/oslo_messaging/_drivers/amqpdriver.py:357
2025-12-01 00:38:33.527 162993 DEBUG oslo_service.service [req-459c47c6-ce9b-4b2a-be6f-5d2b03b5d85e - - - - -] api.vendordata_dynamic_ssl_certfile = log_opt_values /usr/lib/python3/dist-packages/oslo_config/cfg.py:2609
2025-12-01 00:38:33.527 162993 DEBUG oslo_service.service [req-459c47c6-ce9b-4b2a-be6f-5d2b03b5d85e - - - - -] api.vendordata_dynamic_targets = [] log_opt_values /usr/lib/python3/dist-packages/oslo_config/cfg.py:2609
2025-12-01 00:38:33.527 162993 DEBUG oslo_service.service [req-459c47c6-ce9b-4b2a-be6f-5d2b03b5d85e - - - - -] api.vendordata_jsonfile_path = None log_opt_values /usr/lib/python3/dist-packages/oslo_config/cfg.py:2609
2025-12-01 00:38:33.527 162993 DEBUG oslo_service.service [req-459c47c6-ce9b-4b2a-be6f-5d2b03b5d85e - - - - -] api.vendordata_providers = ['StaticJSON'] log_opt_values /usr/lib/python3/dist-packages/oslo_config/cfg.py:2609
2025-12-01 00:38:33.528 162993 DEBUG oslo_service.service [req-459c47c6-ce9b-4b2a-be6f-5d2b03b5d85e - - - - -] cache.backend = dogpile.cache.null log_opt_values /usr/lib/python3/dist-packages/oslo_config/cfg.py:2609
2025-12-01 00:38:33.528 162993 DEBUG oslo_service.service [req-459c47c6-ce9b-4b2a-be6f-5d2b03b5d85e - - - - -] cache.backend_argument = **** log_opt_values /usr/lib/python3/dist-packages/oslo_config/cfg.py:2609
2025-12-01 00:38:33.529 162993 DEBUG oslo_service.service [req-459c47c6-ce9b-4b2a-be6f-5d2b03b5d85e - - - - -] cache.config_prefix = cache.oslo log_opt_values /usr/lib/python3/dist-packages/oslo_config/cfg.py:2609
2025-12-01 00:38:33.529 162993 DEBUG oslo_service.service [req-459c47c6-ce9b-4b2a-be6f-5d2b03b5d85e - - - - -] cache.debug_cache_backend = False log_opt_values /usr/lib/python3/dist-packages/oslo_config/cfg.py:2609
2025-12-01 00:38:33.529 162993 DEBUG oslo_service.service [req-459c47c6-ce9b-4b2a-be6f-5d2b03b5d85e - - - - -] cache.enabled = False log_opt_values /usr/lib/python3/dist-packages/oslo_config/cfg.py:2609
2025-12-01 00:38:33.529 162993 DEBUG oslo_service.service [req-459c47c6-ce9b-4b2a-be6f-5d2b03b5d85e - - - - -] cache.expiration_time = 600 log_opt_values /usr/lib/python3/dist-packages/oslo_config/cfg.py:2609
2025-12-01 00:38:33.529 162993 DEBUG oslo_service.service [req-459c47c6-ce9b-4b2a-be6f-5d2b03b5d85e - - - - -] cache.memcache_dead_retry = 300 log_opt_values /usr/lib/python3/dist-packages/oslo_config/cfg.py:2609
2025-12-01 00:38:33.530 162993 DEBUG oslo_service.service [req-459c47c6-ce9b-4b2a-be6f-5d2b03b5d85e - - - - -] cache.memcache_pool_connection_get_timeout = 10 log_opt_values /usr/lib/python3/dist-packages/oslo_config/cfg.py:2609
2025-12-01 00:38:33.530 162993 DEBUG oslo_service.service [req-459c47c6-ce9b-4b2a-be6f-5d2b03b5d85e - - - - -] cache.memcache_pool_flush_on_reconnect = False log_opt_values /usr/lib/python3/dist-packages/oslo_config/cfg.py:2609
2025-12-01 00:38:33.530 162993 DEBUG oslo_service.service [req-459c47c6-ce9b-4b2a-be6f-5d2b03b5d85e - - - - -] cache.memcache_pool_maxsize = 10 log_opt_values /usr/lib/python3/dist-packages/oslo_config/cfg.py:2609
2025-12-01 00:38:33.530 162993 DEBUG oslo_service.service [req-459c47c6-ce9b-4b2a-be6f-5d2b03b5d85e - - - - -] cache.memcache_pool_unused_timeout = 60 log_opt_values /usr/lib/python3/dist-packages/oslo_config/cfg.py:2609
2025-12-01 00:38:33.530 162993 DEBUG oslo_service.service [req-459c47c6-ce9b-4b2a-be6f-5d2b03b5d85e - - - - -] cache.memcache_servers = ['localhost:11211'] log_opt_values /usr/lib/python3/dist-packages/oslo_config/cfg.py:2609
2025-12-01 00:38:33.533 162993 DEBUG oslo_service.service [req-459c47c6-ce9b-4b2a-be6f-5d2b03b5d85e - - - - -] cache.memcache_socket_timeout = 1.0 log_opt_values /usr/lib/python3/dist-packages/oslo_config/cfg.py:2609
2025-12-01 00:38:33.534 162993 DEBUG oslo_service.service [req-459c47c6-ce9b-4b2a-be6f-5d2b03b5d85e - - - - -] cache.proxies = [] log_opt_values /usr/lib/python3/dist-packages/oslo_config/cfg.py:2609
2025-12-01 00:38:33.535 162993 DEBUG oslo_service.service [req-459c47c6-ce9b-4b2a-be6f-5d2b03b5d85e - - - - -] cache.tls_allowed_ciphers = None log_opt_values /usr/lib/python3/dist-packages/oslo_config/cfg.py:2609
2025-12-01 00:38:33.535 162993 DEBUG oslo_service.service [req-459c47c6-ce9b-4b2a-be6f-5d2b03b5d85e - - - - -] cache.tls_cafile = None log_opt_values /usr/lib/python3/dist-packages/oslo_config/cfg.py:2609
2025-12-01 00:38:33.535 162993 DEBUG oslo_service.service [req-459c47c6-ce9b-4b2a-be6f-5d2b03b5d85e - - - - -] cache.tls_certfile = None log_opt_values /usr/lib/python3/dist-packages/oslo_config/cfg.py:2609
2025-12-01 00:38:33.535 162993 DEBUG oslo_service.service [req-459c47c6-ce9b-4b2a-be6f-5d2b03b5d85e - - - - -] cache.tls_enabled = False log_opt_values /usr/lib/python3/dist-packages/oslo_config/cfg.py:2609
2025-12-01 00:38:33.535 162993 DEBUG oslo_service.service [req-459c47c6-ce9b-4b2a-be6f-5d2b03b5d85e - - - - -] cache.tls_keyfile = None log_opt_values /usr/lib/python3/dist-packages/oslo_config/cfg.py:2609
2025-12-01 00:38:33.536 162993 DEBUG oslo_service.service [req-459c47c6-ce9b-4b2a-be6f-5d2b03b5d85e - - - - -] cinder.auth_section = None log_opt_values /usr/lib/python3/dist-packages/oslo_config/cfg.py:2609
2025-12-01 00:38:33.536 163394 DEBUG oslo_messaging._drivers.amqpdriver [-] Listener is running poll /usr/lib/python3/dist-packages/oslo_messaging/_drivers/amqpdriver.py:343
2025-12-01 00:38:33.536 163394 DEBUG oslo_messaging._drivers.amqpdriver [-] AMQPListener connection consume poll /usr/lib/python3/dist-packages/oslo_messaging/_drivers/amqpdriver.py:357
2025-12-01 00:38:33.536 162993 DEBUG oslo_service.service [req-459c47c6-ce9b-4b2a-be6f-5d2b03b5d85e - - - - -] cinder.auth_type = None log_opt_values /usr/lib/python3/dist-packages/oslo_config/cfg.py:2609
2025-12-01 00:38:33.536 162993 DEBUG oslo_service.service [req-459c47c6-ce9b-4b2a-be6f-5d2b03b5d85e - - - - -] cinder.cafile = None log_opt_values /usr/lib/python3/dist-packages/oslo_config/cfg.py:2609
2025-12-01 00:38:33.536 162993 DEBUG oslo_service.service [req-459c47c6-ce9b-4b2a-be6f-5d2b03b5d85e - - - - -] cinder.catalog_info = volumev3::publicURL log_opt_values /usr/lib/python3/dist-packages/oslo_config/cfg.py:2609
2025-12-01 00:38:33.536 162993 DEBUG oslo_service.service [req-459c47c6-ce9b-4b2a-be6f-5d2b03b5d85e - - - - -] cinder.certfile = None log_opt_values /usr/lib/python3/dist-packages/oslo_config/cfg.py:2609
2025-12-01 00:38:33.537 162993 DEBUG oslo_service.service [req-459c47c6-ce9b-4b2a-be6f-5d2b03b5d85e - - - - -] cinder.collect_timing = False log_opt_values /usr/lib/python3/dist-packages/oslo_config/cfg.py:2609
2025-12-01 00:38:33.537 162993 DEBUG oslo_service.service [req-459c47c6-ce9b-4b2a-be6f-5d2b03b5d85e - - - - -] cinder.cross_az_attach = True log_opt_values /usr/lib/python3/dist-packages/oslo_config/cfg.py:2609
2025-12-01 00:38:33.537 163394 DEBUG nova.service [req-094f7238-e29b-4e6f-ab97-1813dc169279 - - - - -] Join ServiceGroup membership for this service scheduler start /usr/lib/python3/dist-packages/nova/service.py:199
2025-12-01 00:38:33.537 163395 DEBUG nova.service [req-856a5626-88ce-402a-88f9-a3688c405f2e - - - - -] Creating RPC server for service scheduler start /usr/lib/python3/dist-packages/nova/service.py:182
2025-12-01 00:38:33.538 163394 DEBUG nova.servicegroup.drivers.db [req-094f7238-e29b-4e6f-ab97-1813dc169279 - - - - -] DB_Driver: join new ServiceGroup member juju-7d17ec-0-lxd-7 to the scheduler group, service = join /usr/lib/python3/dist-packages/nova/servicegroup/drivers/db.py:44
2025-12-01 00:38:33.540 163394 DEBUG oslo_messaging._drivers.amqpdriver [-] AMQPListener connection timeout poll /usr/lib/python3/dist-packages/oslo_messaging/_drivers/amqpdriver.py:360
2025-12-01 00:38:33.540 163394 DEBUG oslo_messaging._drivers.amqpdriver [-] Listener is running poll /usr/lib/python3/dist-packages/oslo_messaging/_drivers/amqpdriver.py:343
2025-12-01 00:38:33.540 163394 DEBUG oslo_messaging._drivers.amqpdriver [-] AMQPListener connection consume poll /usr/lib/python3/dist-packages/oslo_messaging/_drivers/amqpdriver.py:357
2025-12-01 00:38:33.537 162993 DEBUG oslo_service.service [req-459c47c6-ce9b-4b2a-be6f-5d2b03b5d85e - - - - -] cinder.debug = False log_opt_values /usr/lib/python3/dist-packages/oslo_config/cfg.py:2609
2025-12-01 00:38:33.541 162993 DEBUG oslo_service.service [req-459c47c6-ce9b-4b2a-be6f-5d2b03b5d85e - - - - -] cinder.endpoint_template = None log_opt_values /usr/lib/python3/dist-packages/oslo_config/cfg.py:2609
2025-12-01 00:38:33.542 162993 DEBUG oslo_service.service [req-459c47c6-ce9b-4b2a-be6f-5d2b03b5d85e - - - - -] cinder.http_retries = 3 log_opt_values /usr/lib/python3/dist-packages/oslo_config/cfg.py:2609
2025-12-01 00:38:33.542 162993 DEBUG oslo_service.service [req-459c47c6-ce9b-4b2a-be6f-5d2b03b5d85e - - - - -] cinder.insecure = False log_opt_values /usr/lib/python3/dist-packages/oslo_config/cfg.py:2609
2025-12-01 00:38:33.542 162993 DEBUG oslo_service.service [req-459c47c6-ce9b-4b2a-be6f-5d2b03b5d85e - - - - -] cinder.keyfile = None log_opt_values /usr/lib/python3/dist-packages/oslo_config/cfg.py:2609
2025-12-01 00:38:33.542 162993 DEBUG oslo_service.service [req-459c47c6-ce9b-4b2a-be6f-5d2b03b5d85e - - - - -] cinder.os_region_name = None log_opt_values /usr/lib/python3/dist-packages/oslo_config/cfg.py:2609
2025-12-01 00:38:33.545 162993 DEBUG oslo_service.service [req-459c47c6-ce9b-4b2a-be6f-5d2b03b5d85e - - - - -] cinder.split_loggers = False log_opt_values /usr/lib/python3/dist-packages/oslo_config/cfg.py:2609
2025-12-01 00:38:33.545 162993 DEBUG oslo_service.service [req-459c47c6-ce9b-4b2a-be6f-5d2b03b5d85e - - - - -] cinder.timeout = None log_opt_values /usr/lib/python3/dist-packages/oslo_config/cfg.py:2609
2025-12-01 00:38:33.546 162993 DEBUG oslo_service.service [req-459c47c6-ce9b-4b2a-be6f-5d2b03b5d85e - - - - -] compute.consecutive_build_service_disable_threshold = 10 log_opt_values /usr/lib/python3/dist-packages/oslo_config/cfg.py:2609
2025-12-01 00:38:33.546 162993 DEBUG oslo_service.service [req-459c47c6-ce9b-4b2a-be6f-5d2b03b5d85e - - - - -] compute.cpu_dedicated_set = None log_opt_values /usr/lib/python3/dist-packages/oslo_config/cfg.py:2609
2025-12-01 00:38:33.546 162993 DEBUG oslo_service.service [req-459c47c6-ce9b-4b2a-be6f-5d2b03b5d85e - - - - -] compute.cpu_shared_set = None log_opt_values /usr/lib/python3/dist-packages/oslo_config/cfg.py:2609
2025-12-01 00:38:33.546 162993 DEBUG oslo_service.service [req-459c47c6-ce9b-4b2a-be6f-5d2b03b5d85e - - - - -] compute.image_type_exclude_list = [] log_opt_values /usr/lib/python3/dist-packages/oslo_config/cfg.py:2609
2025-12-01 00:38:33.546 162993 DEBUG oslo_service.service [req-459c47c6-ce9b-4b2a-be6f-5d2b03b5d85e - - - - -] compute.live_migration_wait_for_vif_plug = True log_opt_values /usr/lib/python3/dist-packages/oslo_config/cfg.py:2609
2025-12-01 00:38:33.547 162993 DEBUG oslo_service.service [req-459c47c6-ce9b-4b2a-be6f-5d2b03b5d85e - - - - -] compute.max_concurrent_disk_ops = 0 log_opt_values /usr/lib/python3/dist-packages/oslo_config/cfg.py:2609
2025-12-01 00:38:33.547 162993 DEBUG oslo_service.service [req-459c47c6-ce9b-4b2a-be6f-5d2b03b5d85e - - - - -] compute.max_disk_devices_to_attach = -1 log_opt_values /usr/lib/python3/dist-packages/oslo_config/cfg.py:2609
2025-12-01 00:38:33.547 162993 DEBUG oslo_service.service [req-459c47c6-ce9b-4b2a-be6f-5d2b03b5d85e - - - - -] compute.packing_host_numa_cells_allocation_strategy = True log_opt_values /usr/lib/python3/dist-packages/oslo_config/cfg.py:2609
2025-12-01 00:38:33.547 162993 DEBUG oslo_service.service [req-459c47c6-ce9b-4b2a-be6f-5d2b03b5d85e - - - - -] compute.provider_config_location = /etc/nova/provider_config/ log_opt_values /usr/lib/python3/dist-packages/oslo_config/cfg.py:2609
2025-12-01 00:38:33.547 162993 DEBUG oslo_service.service [req-459c47c6-ce9b-4b2a-be6f-5d2b03b5d85e - - - - -] compute.resource_provider_association_refresh = 300 log_opt_values /usr/lib/python3/dist-packages/oslo_config/cfg.py:2609
2025-12-01 00:38:33.548 162993 DEBUG oslo_service.service [req-459c47c6-ce9b-4b2a-be6f-5d2b03b5d85e - - - - -] compute.shutdown_retry_interval = 10 log_opt_values /usr/lib/python3/dist-packages/oslo_config/cfg.py:2609
2025-12-01 00:38:33.548 162993 DEBUG oslo_service.service [req-459c47c6-ce9b-4b2a-be6f-5d2b03b5d85e - - - - -] compute.vmdk_allowed_types = ['streamOptimized', 'monolithicSparse'] log_opt_values /usr/lib/python3/dist-packages/oslo_config/cfg.py:2609
2025-12-01 00:38:33.548 162993 DEBUG oslo_service.service [req-459c47c6-ce9b-4b2a-be6f-5d2b03b5d85e - - - - -] conductor.workers = 4 log_opt_values /usr/lib/python3/dist-packages/oslo_config/cfg.py:2609
2025-12-01 00:38:33.548 162993 DEBUG oslo_service.service [req-459c47c6-ce9b-4b2a-be6f-5d2b03b5d85e - - - - -] console.allowed_origins = [] log_opt_values /usr/lib/python3/dist-packages/oslo_config/cfg.py:2609
2025-12-01 00:38:33.548 162993 DEBUG oslo_service.service [req-459c47c6-ce9b-4b2a-be6f-5d2b03b5d85e - - - - -] console.ssl_ciphers = None log_opt_values /usr/lib/python3/dist-packages/oslo_config/cfg.py:2609
2025-12-01 00:38:33.549 162993 DEBUG oslo_service.service [req-459c47c6-ce9b-4b2a-be6f-5d2b03b5d85e - - - - -] console.ssl_minimum_version = default log_opt_values /usr/lib/python3/dist-packages/oslo_config/cfg.py:2609
2025-12-01 00:38:33.549 162993 DEBUG oslo_service.service [req-459c47c6-ce9b-4b2a-be6f-5d2b03b5d85e - - - - -] consoleauth.token_ttl = 600 log_opt_values /usr/lib/python3/dist-packages/oslo_config/cfg.py:2609
2025-12-01 00:38:33.549 163396 DEBUG nova.service [req-e5481db4-da14-4d0c-b73a-ad2dc4e0fe78 - - - - -] Creating RPC server for service scheduler start /usr/lib/python3/dist-packages/nova/service.py:182
2025-12-01 00:38:33.549 162993 DEBUG oslo_service.service [req-459c47c6-ce9b-4b2a-be6f-5d2b03b5d85e - - - - -] cyborg.cafile = None log_opt_values /usr/lib/python3/dist-packages/oslo_config/cfg.py:2609
2025-12-01 00:38:33.550 162993 DEBUG oslo_service.service [req-459c47c6-ce9b-4b2a-be6f-5d2b03b5d85e - - - - -] cyborg.certfile = None log_opt_values /usr/lib/python3/dist-packages/oslo_config/cfg.py:2609
2025-12-01 00:38:33.550 162993 DEBUG oslo_service.service [req-459c47c6-ce9b-4b2a-be6f-5d2b03b5d85e - - - - -] cyborg.collect_timing = False log_opt_values /usr/lib/python3/dist-packages/oslo_config/cfg.py:2609
2025-12-01 00:38:33.551 162993 DEBUG oslo_service.service [req-459c47c6-ce9b-4b2a-be6f-5d2b03b5d85e - - - - -] cyborg.connect_retries = None log_opt_values /usr/lib/python3/dist-packages/oslo_config/cfg.py:2609
2025-12-01 00:38:33.552 162993 DEBUG oslo_service.service [req-459c47c6-ce9b-4b2a-be6f-5d2b03b5d85e - - - - -] cyborg.connect_retry_delay = None log_opt_values /usr/lib/python3/dist-packages/oslo_config/cfg.py:2609
2025-12-01 00:38:33.552 162993 DEBUG oslo_service.service [req-459c47c6-ce9b-4b2a-be6f-5d2b03b5d85e - - - - -] cyborg.endpoint_override = None log_opt_values /usr/lib/python3/dist-packages/oslo_config/cfg.py:2609
2025-12-01 00:38:33.552 162993 DEBUG oslo_service.service [req-459c47c6-ce9b-4b2a-be6f-5d2b03b5d85e - - - - -] cyborg.insecure = False log_opt_values /usr/lib/python3/dist-packages/oslo_config/cfg.py:2609
2025-12-01 00:38:33.552 162993 DEBUG oslo_service.service [req-459c47c6-ce9b-4b2a-be6f-5d2b03b5d85e - - - - -] cyborg.keyfile = None log_opt_values /usr/lib/python3/dist-packages/oslo_config/cfg.py:2609
2025-12-01 00:38:33.553 162993 DEBUG oslo_service.service [req-459c47c6-ce9b-4b2a-be6f-5d2b03b5d85e - - - - -] cyborg.max_version = None log_opt_values /usr/lib/python3/dist-packages/oslo_config/cfg.py:2609
2025-12-01 00:38:33.553 162993 DEBUG oslo_service.service [req-459c47c6-ce9b-4b2a-be6f-5d2b03b5d85e - - - - -] cyborg.min_version = None log_opt_values /usr/lib/python3/dist-packages/oslo_config/cfg.py:2609
2025-12-01 00:38:33.553 162993 DEBUG oslo_service.service [req-459c47c6-ce9b-4b2a-be6f-5d2b03b5d85e - - - - -] cyborg.region_name = None log_opt_values /usr/lib/python3/dist-packages/oslo_config/cfg.py:2609
2025-12-01 00:38:33.554 162993 DEBUG oslo_service.service [req-459c47c6-ce9b-4b2a-be6f-5d2b03b5d85e - - - - -] cyborg.service_name = None log_opt_values /usr/lib/python3/dist-packages/oslo_config/cfg.py:2609
2025-12-01 00:38:33.554 162993 DEBUG oslo_service.service [req-459c47c6-ce9b-4b2a-be6f-5d2b03b5d85e - - - - -] cyborg.service_type = accelerator log_opt_values /usr/lib/python3/dist-packages/oslo_config/cfg.py:2609
2025-12-01 00:38:33.554 162993 DEBUG oslo_service.service [req-459c47c6-ce9b-4b2a-be6f-5d2b03b5d85e - - - - -] cyborg.split_loggers = False log_opt_values /usr/lib/python3/dist-packages/oslo_config/cfg.py:2609
2025-12-01 00:38:33.554 162993 DEBUG oslo_service.service [req-459c47c6-ce9b-4b2a-be6f-5d2b03b5d85e - - - - -] cyborg.status_code_retries = None log_opt_values /usr/lib/python3/dist-packages/oslo_config/cfg.py:2609
2025-12-01 00:38:33.558 162993 DEBUG oslo_service.service [req-459c47c6-ce9b-4b2a-be6f-5d2b03b5d85e - - - - -] cyborg.status_code_retry_delay = None log_opt_values /usr/lib/python3/dist-packages/oslo_config/cfg.py:2609
2025-12-01 00:38:33.558 162993 DEBUG oslo_service.service [req-459c47c6-ce9b-4b2a-be6f-5d2b03b5d85e - - - - -] cyborg.timeout = None log_opt_values /usr/lib/python3/dist-packages/oslo_config/cfg.py:2609
2025-12-01 00:38:33.558 162993 DEBUG oslo_service.service [req-459c47c6-ce9b-4b2a-be6f-5d2b03b5d85e - - - - -] cyborg.valid_interfaces = ['internal', 'public'] log_opt_values /usr/lib/python3/dist-packages/oslo_config/cfg.py:2609
2025-12-01 00:38:33.559 162993 DEBUG oslo_service.service [req-459c47c6-ce9b-4b2a-be6f-5d2b03b5d85e - - - - -] cyborg.version = None log_opt_values /usr/lib/python3/dist-packages/oslo_config/cfg.py:2609
2025-12-01 00:38:33.559 162993 DEBUG oslo_service.service [req-459c47c6-ce9b-4b2a-be6f-5d2b03b5d85e - - - - -] database.backend = sqlalchemy log_opt_values /usr/lib/python3/dist-packages/oslo_config/cfg.py:2609
2025-12-01 00:38:33.559 162993 DEBUG oslo_service.service [req-459c47c6-ce9b-4b2a-be6f-5d2b03b5d85e - - - - -] database.connection = **** log_opt_values /usr/lib/python3/dist-packages/oslo_config/cfg.py:2609
2025-12-01 00:38:33.559 162993 DEBUG oslo_service.service [req-459c47c6-ce9b-4b2a-be6f-5d2b03b5d85e - - - - -] database.connection_debug = 0 log_opt_values /usr/lib/python3/dist-packages/oslo_config/cfg.py:2609
2025-12-01 00:38:33.559 162993 DEBUG oslo_service.service [req-459c47c6-ce9b-4b2a-be6f-5d2b03b5d85e - - - - -] database.connection_parameters = log_opt_values /usr/lib/python3/dist-packages/oslo_config/cfg.py:2609
2025-12-01 00:38:33.559 162993 DEBUG oslo_service.service [req-459c47c6-ce9b-4b2a-be6f-5d2b03b5d85e - - - - -] database.connection_recycle_time = 3600 log_opt_values /usr/lib/python3/dist-packages/oslo_config/cfg.py:2609
2025-12-01 00:38:33.560 162993 DEBUG oslo_service.service [req-459c47c6-ce9b-4b2a-be6f-5d2b03b5d85e - - - - -] database.connection_trace = False log_opt_values /usr/lib/python3/dist-packages/oslo_config/cfg.py:2609
2025-12-01 00:38:33.561 162993 DEBUG oslo_service.service [req-459c47c6-ce9b-4b2a-be6f-5d2b03b5d85e - - - - -] database.db_inc_retry_interval = True log_opt_values /usr/lib/python3/dist-packages/oslo_config/cfg.py:2609
2025-12-01 00:38:33.561 162993 DEBUG oslo_service.service [req-459c47c6-ce9b-4b2a-be6f-5d2b03b5d85e - - - - -] database.db_max_retries = 20 log_opt_values /usr/lib/python3/dist-packages/oslo_config/cfg.py:2609
2025-12-01 00:38:33.561 162993 DEBUG oslo_service.service [req-459c47c6-ce9b-4b2a-be6f-5d2b03b5d85e - - - - -] database.db_max_retry_interval = 10 log_opt_values /usr/lib/python3/dist-packages/oslo_config/cfg.py:2609
2025-12-01 00:38:33.562 162993 DEBUG oslo_service.service [req-459c47c6-ce9b-4b2a-be6f-5d2b03b5d85e - - - - -] database.db_retry_interval = 1 log_opt_values /usr/lib/python3/dist-packages/oslo_config/cfg.py:2609
2025-12-01 00:38:33.562 162993 DEBUG oslo_service.service [req-459c47c6-ce9b-4b2a-be6f-5d2b03b5d85e - - - - -] database.max_overflow = 50 log_opt_values /usr/lib/python3/dist-packages/oslo_config/cfg.py:2609
2025-12-01 00:38:33.562 162993 DEBUG oslo_service.service [req-459c47c6-ce9b-4b2a-be6f-5d2b03b5d85e - - - - -] database.max_pool_size = 4 log_opt_values /usr/lib/python3/dist-packages/oslo_config/cfg.py:2609
2025-12-01 00:38:33.562 162993 DEBUG oslo_service.service [req-459c47c6-ce9b-4b2a-be6f-5d2b03b5d85e - - - - -] database.max_retries = 10 log_opt_values /usr/lib/python3/dist-packages/oslo_config/cfg.py:2609
2025-12-01 00:38:33.562 162993 DEBUG oslo_service.service [req-459c47c6-ce9b-4b2a-be6f-5d2b03b5d85e - - - - -] database.mysql_enable_ndb = False log_opt_values /usr/lib/python3/dist-packages/oslo_config/cfg.py:2609
2025-12-01 00:38:33.563 162993 DEBUG oslo_service.service [req-459c47c6-ce9b-4b2a-be6f-5d2b03b5d85e - - - - -] database.mysql_sql_mode = TRADITIONAL log_opt_values /usr/lib/python3/dist-packages/oslo_config/cfg.py:2609
2025-12-01 00:38:33.563 162993 DEBUG oslo_service.service [req-459c47c6-ce9b-4b2a-be6f-5d2b03b5d85e - - - - -] database.pool_timeout = None log_opt_values /usr/lib/python3/dist-packages/oslo_config/cfg.py:2609
2025-12-01 00:38:33.563 162993 DEBUG oslo_service.service [req-459c47c6-ce9b-4b2a-be6f-5d2b03b5d85e - - - - -] database.retry_interval = 10 log_opt_values /usr/lib/python3/dist-packages/oslo_config/cfg.py:2609
2025-12-01 00:38:33.563 162993 DEBUG oslo_service.service [req-459c47c6-ce9b-4b2a-be6f-5d2b03b5d85e - - - - -] database.slave_connection = **** log_opt_values /usr/lib/python3/dist-packages/oslo_config/cfg.py:2609
2025-12-01 00:38:33.563 162993 DEBUG oslo_service.service [req-459c47c6-ce9b-4b2a-be6f-5d2b03b5d85e - - - - -] database.sqlite_synchronous = True log_opt_values /usr/lib/python3/dist-packages/oslo_config/cfg.py:2609
2025-12-01 00:38:33.564 162993 DEBUG oslo_service.service [req-459c47c6-ce9b-4b2a-be6f-5d2b03b5d85e - - - - -] database.use_db_reconnect = False log_opt_values /usr/lib/python3/dist-packages/oslo_config/cfg.py:2609
2025-12-01 00:38:33.564 162993 DEBUG oslo_service.service [req-459c47c6-ce9b-4b2a-be6f-5d2b03b5d85e - - - - -] api_database.backend = sqlalchemy log_opt_values /usr/lib/python3/dist-packages/oslo_config/cfg.py:2609
2025-12-01 00:38:33.565 162993 DEBUG oslo_service.service [req-459c47c6-ce9b-4b2a-be6f-5d2b03b5d85e - - - - -] api_database.connection = **** log_opt_values /usr/lib/python3/dist-packages/oslo_config/cfg.py:2609
2025-12-01 00:38:33.565 162993 DEBUG oslo_service.service [req-459c47c6-ce9b-4b2a-be6f-5d2b03b5d85e - - - - -] api_database.connection_debug = 0 log_opt_values /usr/lib/python3/dist-packages/oslo_config/cfg.py:2609
2025-12-01 00:38:33.565 162993 DEBUG oslo_service.service [req-459c47c6-ce9b-4b2a-be6f-5d2b03b5d85e - - - - -] api_database.connection_parameters = log_opt_values /usr/lib/python3/dist-packages/oslo_config/cfg.py:2609
2025-12-01 00:38:33.566 162993 DEBUG oslo_service.service [req-459c47c6-ce9b-4b2a-be6f-5d2b03b5d85e - - - - -] api_database.connection_recycle_time = 3600 log_opt_values /usr/lib/python3/dist-packages/oslo_config/cfg.py:2609
2025-12-01 00:38:33.566 162993 DEBUG oslo_service.service [req-459c47c6-ce9b-4b2a-be6f-5d2b03b5d85e - - - - -] api_database.connection_trace = False log_opt_values /usr/lib/python3/dist-packages/oslo_config/cfg.py:2609
2025-12-01 00:38:33.566 163395 DEBUG oslo_messaging._drivers.amqpdriver [-] Listener is running poll /usr/lib/python3/dist-packages/oslo_messaging/_drivers/amqpdriver.py:343
2025-12-01 00:38:33.566 162993 DEBUG oslo_service.service [req-459c47c6-ce9b-4b2a-be6f-5d2b03b5d85e - - - - -] api_database.db_inc_retry_interval = True log_opt_values /usr/lib/python3/dist-packages/oslo_config/cfg.py:2609
2025-12-01 00:38:33.566 163395 DEBUG oslo_messaging._drivers.amqpdriver [-] AMQPListener connection consume poll /usr/lib/python3/dist-packages/oslo_messaging/_drivers/amqpdriver.py:357
2025-12-01 00:38:33.566 162993 DEBUG oslo_service.service [req-459c47c6-ce9b-4b2a-be6f-5d2b03b5d85e - - - - -] api_database.db_max_retries = 20 log_opt_values /usr/lib/python3/dist-packages/oslo_config/cfg.py:2609
2025-12-01 00:38:33.566 162993 DEBUG oslo_service.service [req-459c47c6-ce9b-4b2a-be6f-5d2b03b5d85e - - - - -] api_database.db_max_retry_interval = 10 log_opt_values /usr/lib/python3/dist-packages/oslo_config/cfg.py:2609
2025-12-01 00:38:33.566 162993 DEBUG oslo_service.service [req-459c47c6-ce9b-4b2a-be6f-5d2b03b5d85e - - - - -] api_database.db_retry_interval = 1 log_opt_values /usr/lib/python3/dist-packages/oslo_config/cfg.py:2609
2025-12-01 00:38:33.567 162993 DEBUG oslo_service.service [req-459c47c6-ce9b-4b2a-be6f-5d2b03b5d85e - - - - -] api_database.max_overflow = 50 log_opt_values /usr/lib/python3/dist-packages/oslo_config/cfg.py:2609
2025-12-01 00:38:33.567 162993 DEBUG oslo_service.service [req-459c47c6-ce9b-4b2a-be6f-5d2b03b5d85e - - - - -] api_database.max_pool_size = 4 log_opt_values /usr/lib/python3/dist-packages/oslo_config/cfg.py:2609
2025-12-01 00:38:33.567 163395 DEBUG nova.service [req-856a5626-88ce-402a-88f9-a3688c405f2e - - - - -] Join ServiceGroup membership for this service scheduler start /usr/lib/python3/dist-packages/nova/service.py:199
2025-12-01 00:38:33.567 162993 DEBUG oslo_service.service [req-459c47c6-ce9b-4b2a-be6f-5d2b03b5d85e - - - - -] api_database.max_retries = 10 log_opt_values /usr/lib/python3/dist-packages/oslo_config/cfg.py:2609
2025-12-01 00:38:33.567 162993 DEBUG oslo_service.service [req-459c47c6-ce9b-4b2a-be6f-5d2b03b5d85e - - - - -] api_database.mysql_enable_ndb = False log_opt_values /usr/lib/python3/dist-packages/oslo_config/cfg.py:2609
2025-12-01 00:38:33.567 163395 DEBUG nova.servicegroup.drivers.db [req-856a5626-88ce-402a-88f9-a3688c405f2e - - - - -] DB_Driver: join new ServiceGroup member juju-7d17ec-0-lxd-7 to the scheduler group, service = join /usr/lib/python3/dist-packages/nova/servicegroup/drivers/db.py:44
2025-12-01 00:38:33.567 162993 DEBUG oslo_service.service [req-459c47c6-ce9b-4b2a-be6f-5d2b03b5d85e - - - - -] api_database.mysql_sql_mode = TRADITIONAL log_opt_values /usr/lib/python3/dist-packages/oslo_config/cfg.py:2609
2025-12-01 00:38:33.567 162993 DEBUG oslo_service.service [req-459c47c6-ce9b-4b2a-be6f-5d2b03b5d85e - - - - -] api_database.pool_timeout = None log_opt_values /usr/lib/python3/dist-packages/oslo_config/cfg.py:2609
2025-12-01 00:38:33.568 162993 DEBUG oslo_service.service [req-459c47c6-ce9b-4b2a-be6f-5d2b03b5d85e - - - - -] api_database.retry_interval = 10 log_opt_values /usr/lib/python3/dist-packages/oslo_config/cfg.py:2609
2025-12-01 00:38:33.568 162993 DEBUG oslo_service.service [req-459c47c6-ce9b-4b2a-be6f-5d2b03b5d85e - - - - -] api_database.slave_connection = **** log_opt_values /usr/lib/python3/dist-packages/oslo_config/cfg.py:2609
2025-12-01 00:38:33.568 162993 DEBUG oslo_service.service [req-459c47c6-ce9b-4b2a-be6f-5d2b03b5d85e - - - - -] api_database.sqlite_synchronous = True log_opt_values /usr/lib/python3/dist-packages/oslo_config/cfg.py:2609
2025-12-01 00:38:33.568 162993 DEBUG oslo_service.service [req-459c47c6-ce9b-4b2a-be6f-5d2b03b5d85e - - - - -] devices.enabled_mdev_types = [] log_opt_values /usr/lib/python3/dist-packages/oslo_config/cfg.py:2609
2025-12-01 00:38:33.568 162993 DEBUG oslo_service.service [req-459c47c6-ce9b-4b2a-be6f-5d2b03b5d85e - - - - -] ephemeral_storage_encryption.cipher = aes-xts-plain64 log_opt_values /usr/lib/python3/dist-packages/oslo_config/cfg.py:2609
2025-12-01 00:38:33.568 162993 DEBUG oslo_service.service [req-459c47c6-ce9b-4b2a-be6f-5d2b03b5d85e - - - - -] ephemeral_storage_encryption.enabled = False log_opt_values /usr/lib/python3/dist-packages/oslo_config/cfg.py:2609
2025-12-01 00:38:33.569 162993 DEBUG oslo_service.service [req-459c47c6-ce9b-4b2a-be6f-5d2b03b5d85e - - - - -] ephemeral_storage_encryption.key_size = 512 log_opt_values /usr/lib/python3/dist-packages/oslo_config/cfg.py:2609
2025-12-01 00:38:33.569 162993 WARNING oslo_config.cfg [req-459c47c6-ce9b-4b2a-be6f-5d2b03b5d85e - - - - -] Deprecated: Option "api_servers" from group "glance" is deprecated for removal ( Support for image service configuration via standard keystoneauth1 Adapter options was added in the 17.0.0 Queens release. The api_servers option was retained temporarily to allow consumers time to cut over to a real load balancing solution. ). Its value may be silently ignored in the future.
2025-12-01 00:38:33.569 162993 DEBUG oslo_service.service [req-459c47c6-ce9b-4b2a-be6f-5d2b03b5d85e - - - - -] glance.api_servers = ['http://252.241.105.201:9292'] log_opt_values /usr/lib/python3/dist-packages/oslo_config/cfg.py:2609
2025-12-01 00:38:33.569 163395 DEBUG oslo_messaging._drivers.amqpdriver [-] AMQPListener connection timeout poll /usr/lib/python3/dist-packages/oslo_messaging/_drivers/amqpdriver.py:360
2025-12-01 00:38:33.570 162993 DEBUG oslo_service.service [req-459c47c6-ce9b-4b2a-be6f-5d2b03b5d85e - - - - -] glance.cafile = None log_opt_values /usr/lib/python3/dist-packages/oslo_config/cfg.py:2609
2025-12-01 00:38:33.570 162993 DEBUG oslo_service.service [req-459c47c6-ce9b-4b2a-be6f-5d2b03b5d85e - - - - -] glance.certfile = None log_opt_values /usr/lib/python3/dist-packages/oslo_config/cfg.py:2609
2025-12-01 00:38:33.570 163395 DEBUG oslo_messaging._drivers.amqpdriver [-] Listener is running poll /usr/lib/python3/dist-packages/oslo_messaging/_drivers/amqpdriver.py:343
2025-12-01 00:38:33.570 162993 DEBUG oslo_service.service [req-459c47c6-ce9b-4b2a-be6f-5d2b03b5d85e - - - - -] glance.collect_timing = False log_opt_values /usr/lib/python3/dist-packages/oslo_config/cfg.py:2609
2025-12-01 00:38:33.570 162993 DEBUG oslo_service.service [req-459c47c6-ce9b-4b2a-be6f-5d2b03b5d85e - - - - -] glance.connect_retries = None log_opt_values /usr/lib/python3/dist-packages/oslo_config/cfg.py:2609
2025-12-01 00:38:33.570 163395 DEBUG oslo_messaging._drivers.amqpdriver [-] AMQPListener connection consume poll /usr/lib/python3/dist-packages/oslo_messaging/_drivers/amqpdriver.py:357
2025-12-01 00:38:33.570 162993 DEBUG oslo_service.service [req-459c47c6-ce9b-4b2a-be6f-5d2b03b5d85e - - - - -] glance.connect_retry_delay = None log_opt_values /usr/lib/python3/dist-packages/oslo_config/cfg.py:2609
2025-12-01 00:38:33.570 162993 DEBUG oslo_service.service [req-459c47c6-ce9b-4b2a-be6f-5d2b03b5d85e - - - - -] glance.debug = False log_opt_values /usr/lib/python3/dist-packages/oslo_config/cfg.py:2609
2025-12-01 00:38:33.571 162993 DEBUG oslo_service.service [req-459c47c6-ce9b-4b2a-be6f-5d2b03b5d85e - - - - -] glance.default_trusted_certificate_ids = [] log_opt_values /usr/lib/python3/dist-packages/oslo_config/cfg.py:2609
2025-12-01 00:38:33.571 162993 DEBUG oslo_service.service [req-459c47c6-ce9b-4b2a-be6f-5d2b03b5d85e - - - - -] glance.enable_certificate_validation = False log_opt_values /usr/lib/python3/dist-packages/oslo_config/cfg.py:2609
2025-12-01 00:38:33.571 162993 DEBUG oslo_service.service [req-459c47c6-ce9b-4b2a-be6f-5d2b03b5d85e - - - - -] glance.enable_rbd_download = False log_opt_values /usr/lib/python3/dist-packages/oslo_config/cfg.py:2609
2025-12-01 00:38:33.571 162993 DEBUG oslo_service.service [req-459c47c6-ce9b-4b2a-be6f-5d2b03b5d85e - - - - -] glance.endpoint_override = None log_opt_values /usr/lib/python3/dist-packages/oslo_config/cfg.py:2609
2025-12-01 00:38:33.571 162993 DEBUG oslo_service.service [req-459c47c6-ce9b-4b2a-be6f-5d2b03b5d85e - - - - -] glance.insecure = False log_opt_values /usr/lib/python3/dist-packages/oslo_config/cfg.py:2609
2025-12-01 00:38:33.571 162993 DEBUG oslo_service.service [req-459c47c6-ce9b-4b2a-be6f-5d2b03b5d85e - - - - -] glance.keyfile = None log_opt_values /usr/lib/python3/dist-packages/oslo_config/cfg.py:2609
2025-12-01 00:38:33.572 162993 DEBUG oslo_service.service [req-459c47c6-ce9b-4b2a-be6f-5d2b03b5d85e - - - - -] glance.max_version = None log_opt_values /usr/lib/python3/dist-packages/oslo_config/cfg.py:2609
2025-12-01 00:38:33.572 162993 DEBUG oslo_service.service [req-459c47c6-ce9b-4b2a-be6f-5d2b03b5d85e - - - - -] glance.min_version = None log_opt_values /usr/lib/python3/dist-packages/oslo_config/cfg.py:2609
2025-12-01 00:38:33.572 162993 DEBUG oslo_service.service [req-459c47c6-ce9b-4b2a-be6f-5d2b03b5d85e - - - - -] glance.num_retries = 3 log_opt_values /usr/lib/python3/dist-packages/oslo_config/cfg.py:2609
2025-12-01 00:38:33.572 162993 DEBUG oslo_service.service [req-459c47c6-ce9b-4b2a-be6f-5d2b03b5d85e - - - - -] glance.rbd_ceph_conf = log_opt_values /usr/lib/python3/dist-packages/oslo_config/cfg.py:2609
2025-12-01 00:38:33.572 162993 DEBUG oslo_service.service [req-459c47c6-ce9b-4b2a-be6f-5d2b03b5d85e - - - - -] glance.rbd_connect_timeout = 5 log_opt_values /usr/lib/python3/dist-packages/oslo_config/cfg.py:2609
2025-12-01 00:38:33.573 162993 DEBUG oslo_service.service [req-459c47c6-ce9b-4b2a-be6f-5d2b03b5d85e - - - - -] glance.rbd_pool = log_opt_values /usr/lib/python3/dist-packages/oslo_config/cfg.py:2609
2025-12-01 00:38:33.573 162993 DEBUG oslo_service.service [req-459c47c6-ce9b-4b2a-be6f-5d2b03b5d85e - - - - -] glance.rbd_user = log_opt_values /usr/lib/python3/dist-packages/oslo_config/cfg.py:2609
2025-12-01 00:38:33.573 162993 DEBUG oslo_service.service [req-459c47c6-ce9b-4b2a-be6f-5d2b03b5d85e - - - - -] glance.region_name = None log_opt_values /usr/lib/python3/dist-packages/oslo_config/cfg.py:2609
2025-12-01 00:38:33.573 162993 DEBUG oslo_service.service [req-459c47c6-ce9b-4b2a-be6f-5d2b03b5d85e - - - - -] glance.service_name = None log_opt_values /usr/lib/python3/dist-packages/oslo_config/cfg.py:2609
