2025-12-01 00:38:49.574 168324 DEBUG oslo_service.service [req-365107aa-919c-4ae2-87a0-b28c0db0d886 - - - - -] compute.cpu_shared_set = None log_opt_values /usr/lib/python3/dist-packages/oslo_config/cfg.py:2609
2025-12-01 00:38:49.574 168324 DEBUG oslo_service.service [req-365107aa-919c-4ae2-87a0-b28c0db0d886 - - - - -] compute.image_type_exclude_list = [] log_opt_values /usr/lib/python3/dist-packages/oslo_config/cfg.py:2609
2025-12-01 00:38:49.574 168324 DEBUG oslo_service.service [req-365107aa-919c-4ae2-87a0-b28c0db0d886 - - - - -] compute.live_migration_wait_for_vif_plug = True log_opt_values /usr/lib/python3/dist-packages/oslo_config/cfg.py:2609
2025-12-01 00:38:49.574 168324 DEBUG oslo_service.service [req-365107aa-919c-4ae2-87a0-b28c0db0d886 - - - - -] compute.max_concurrent_disk_ops = 0 log_opt_values /usr/lib/python3/dist-packages/oslo_config/cfg.py:2609
2025-12-01 00:38:49.574 168324 DEBUG oslo_service.service [req-365107aa-919c-4ae2-87a0-b28c0db0d886 - - - - -] compute.max_disk_devices_to_attach = -1 log_opt_values /usr/lib/python3/dist-packages/oslo_config/cfg.py:2609
2025-12-01 00:38:49.574 168324 DEBUG oslo_service.service [req-365107aa-919c-4ae2-87a0-b28c0db0d886 - - - - -] compute.packing_host_numa_cells_allocation_strategy = True log_opt_values /usr/lib/python3/dist-packages/oslo_config/cfg.py:2609
2025-12-01 00:38:49.575 168324 DEBUG oslo_service.service [req-365107aa-919c-4ae2-87a0-b28c0db0d886 - - - - -] compute.provider_config_location = /etc/nova/provider_config/ log_opt_values /usr/lib/python3/dist-packages/oslo_config/cfg.py:2609
2025-12-01 00:38:49.575 168324 DEBUG oslo_service.service [req-365107aa-919c-4ae2-87a0-b28c0db0d886 - - - - -] compute.resource_provider_association_refresh = 300 log_opt_values /usr/lib/python3/dist-packages/oslo_config/cfg.py:2609
2025-12-01 00:38:49.575 168324 DEBUG oslo_service.service [req-365107aa-919c-4ae2-87a0-b28c0db0d886 - - - - -] compute.shutdown_retry_interval = 10 log_opt_values /usr/lib/python3/dist-packages/oslo_config/cfg.py:2609
2025-12-01 00:38:49.575 168324 DEBUG oslo_service.service [req-365107aa-919c-4ae2-87a0-b28c0db0d886 - - - - -] compute.vmdk_allowed_types = ['streamOptimized', 'monolithicSparse'] log_opt_values /usr/lib/python3/dist-packages/oslo_config/cfg.py:2609
2025-12-01 00:38:49.575 168324 DEBUG oslo_service.service [req-365107aa-919c-4ae2-87a0-b28c0db0d886 - - - - -] conductor.workers = 4 log_opt_values /usr/lib/python3/dist-packages/oslo_config/cfg.py:2609
2025-12-01 00:38:49.575 168324 DEBUG oslo_service.service [req-365107aa-919c-4ae2-87a0-b28c0db0d886 - - - - -] console.allowed_origins = [] log_opt_values /usr/lib/python3/dist-packages/oslo_config/cfg.py:2609
2025-12-01 00:38:49.576 168324 DEBUG oslo_service.service [req-365107aa-919c-4ae2-87a0-b28c0db0d886 - - - - -] console.ssl_ciphers = None log_opt_values /usr/lib/python3/dist-packages/oslo_config/cfg.py:2609
2025-12-01 00:38:49.576 168324 DEBUG oslo_service.service [req-365107aa-919c-4ae2-87a0-b28c0db0d886 - - - - -] console.ssl_minimum_version = default log_opt_values /usr/lib/python3/dist-packages/oslo_config/cfg.py:2609
2025-12-01 00:38:49.576 168324 DEBUG oslo_service.service [req-365107aa-919c-4ae2-87a0-b28c0db0d886 - - - - -] consoleauth.token_ttl = 600 log_opt_values /usr/lib/python3/dist-packages/oslo_config/cfg.py:2609
2025-12-01 00:38:49.576 168324 DEBUG oslo_service.service [req-365107aa-919c-4ae2-87a0-b28c0db0d886 - - - - -] cyborg.cafile = None log_opt_values /usr/lib/python3/dist-packages/oslo_config/cfg.py:2609
2025-12-01 00:38:49.576 168324 DEBUG oslo_service.service [req-365107aa-919c-4ae2-87a0-b28c0db0d886 - - - - -] cyborg.certfile = None log_opt_values /usr/lib/python3/dist-packages/oslo_config/cfg.py:2609
2025-12-01 00:38:49.577 168324 DEBUG oslo_service.service [req-365107aa-919c-4ae2-87a0-b28c0db0d886 - - - - -] cyborg.collect_timing = False log_opt_values /usr/lib/python3/dist-packages/oslo_config/cfg.py:2609
2025-12-01 00:38:49.577 168324 DEBUG oslo_service.service [req-365107aa-919c-4ae2-87a0-b28c0db0d886 - - - - -] cyborg.connect_retries = None log_opt_values /usr/lib/python3/dist-packages/oslo_config/cfg.py:2609
2025-12-01 00:38:49.577 168324 DEBUG oslo_service.service [req-365107aa-919c-4ae2-87a0-b28c0db0d886 - - - - -] cyborg.connect_retry_delay = None log_opt_values /usr/lib/python3/dist-packages/oslo_config/cfg.py:2609
2025-12-01 00:38:49.577 168324 DEBUG oslo_service.service [req-365107aa-919c-4ae2-87a0-b28c0db0d886 - - - - -] cyborg.endpoint_override = None log_opt_values /usr/lib/python3/dist-packages/oslo_config/cfg.py:2609
2025-12-01 00:38:49.577 168324 DEBUG oslo_service.service [req-365107aa-919c-4ae2-87a0-b28c0db0d886 - - - - -] cyborg.insecure = False log_opt_values /usr/lib/python3/dist-packages/oslo_config/cfg.py:2609
2025-12-01 00:38:49.577 168324 DEBUG oslo_service.service [req-365107aa-919c-4ae2-87a0-b28c0db0d886 - - - - -] cyborg.keyfile = None log_opt_values /usr/lib/python3/dist-packages/oslo_config/cfg.py:2609
2025-12-01 00:38:49.578 168324 DEBUG oslo_service.service [req-365107aa-919c-4ae2-87a0-b28c0db0d886 - - - - -] cyborg.max_version = None log_opt_values /usr/lib/python3/dist-packages/oslo_config/cfg.py:2609
2025-12-01 00:38:49.578 168324 DEBUG oslo_service.service [req-365107aa-919c-4ae2-87a0-b28c0db0d886 - - - - -] cyborg.min_version = None log_opt_values /usr/lib/python3/dist-packages/oslo_config/cfg.py:2609
2025-12-01 00:38:49.578 168324 DEBUG oslo_service.service [req-365107aa-919c-4ae2-87a0-b28c0db0d886 - - - - -] cyborg.region_name = None log_opt_values /usr/lib/python3/dist-packages/oslo_config/cfg.py:2609
2025-12-01 00:38:49.578 168324 DEBUG oslo_service.service [req-365107aa-919c-4ae2-87a0-b28c0db0d886 - - - - -] cyborg.service_name = None log_opt_values /usr/lib/python3/dist-packages/oslo_config/cfg.py:2609
2025-12-01 00:38:49.578 168324 DEBUG oslo_service.service [req-365107aa-919c-4ae2-87a0-b28c0db0d886 - - - - -] cyborg.service_type = accelerator log_opt_values /usr/lib/python3/dist-packages/oslo_config/cfg.py:2609
2025-12-01 00:38:49.578 168324 DEBUG oslo_service.service [req-365107aa-919c-4ae2-87a0-b28c0db0d886 - - - - -] cyborg.split_loggers = False log_opt_values /usr/lib/python3/dist-packages/oslo_config/cfg.py:2609
2025-12-01 00:38:49.579 168324 DEBUG oslo_service.service [req-365107aa-919c-4ae2-87a0-b28c0db0d886 - - - - -] cyborg.status_code_retries = None log_opt_values /usr/lib/python3/dist-packages/oslo_config/cfg.py:2609
2025-12-01 00:38:49.579 168324 DEBUG oslo_service.service [req-365107aa-919c-4ae2-87a0-b28c0db0d886 - - - - -] cyborg.status_code_retry_delay = None log_opt_values /usr/lib/python3/dist-packages/oslo_config/cfg.py:2609
2025-12-01 00:38:49.579 168324 DEBUG oslo_service.service [req-365107aa-919c-4ae2-87a0-b28c0db0d886 - - - - -] cyborg.timeout = None log_opt_values /usr/lib/python3/dist-packages/oslo_config/cfg.py:2609
2025-12-01 00:38:49.579 168324 DEBUG oslo_service.service [req-365107aa-919c-4ae2-87a0-b28c0db0d886 - - - - -] cyborg.valid_interfaces = ['internal', 'public'] log_opt_values /usr/lib/python3/dist-packages/oslo_config/cfg.py:2609
2025-12-01 00:38:49.579 168324 DEBUG oslo_service.service [req-365107aa-919c-4ae2-87a0-b28c0db0d886 - - - - -] cyborg.version = None log_opt_values /usr/lib/python3/dist-packages/oslo_config/cfg.py:2609
2025-12-01 00:38:49.579 168324 DEBUG oslo_service.service [req-365107aa-919c-4ae2-87a0-b28c0db0d886 - - - - -] database.backend = sqlalchemy log_opt_values /usr/lib/python3/dist-packages/oslo_config/cfg.py:2609
2025-12-01 00:38:49.580 168324 DEBUG oslo_service.service [req-365107aa-919c-4ae2-87a0-b28c0db0d886 - - - - -] database.connection = **** log_opt_values /usr/lib/python3/dist-packages/oslo_config/cfg.py:2609
2025-12-01 00:38:49.580 168324 DEBUG oslo_service.service [req-365107aa-919c-4ae2-87a0-b28c0db0d886 - - - - -] database.connection_debug = 0 log_opt_values /usr/lib/python3/dist-packages/oslo_config/cfg.py:2609
2025-12-01 00:38:49.580 168645 DEBUG nova.service [req-b1cdd794-d9e7-44e5-bd3a-d640a246ffe2 - - - - -] Creating RPC server for service scheduler start /usr/lib/python3/dist-packages/nova/service.py:182
2025-12-01 00:38:49.580 168324 DEBUG oslo_service.service [req-365107aa-919c-4ae2-87a0-b28c0db0d886 - - - - -] database.connection_parameters = log_opt_values /usr/lib/python3/dist-packages/oslo_config/cfg.py:2609
2025-12-01 00:38:49.580 168324 DEBUG oslo_service.service [req-365107aa-919c-4ae2-87a0-b28c0db0d886 - - - - -] database.connection_recycle_time = 3600 log_opt_values /usr/lib/python3/dist-packages/oslo_config/cfg.py:2609
2025-12-01 00:38:49.580 168324 DEBUG oslo_service.service [req-365107aa-919c-4ae2-87a0-b28c0db0d886 - - - - -] database.connection_trace = False log_opt_values /usr/lib/python3/dist-packages/oslo_config/cfg.py:2609
2025-12-01 00:38:49.580 168324 DEBUG oslo_service.service [req-365107aa-919c-4ae2-87a0-b28c0db0d886 - - - - -] database.db_inc_retry_interval = True log_opt_values /usr/lib/python3/dist-packages/oslo_config/cfg.py:2609
2025-12-01 00:38:49.581 168324 DEBUG oslo_service.service [req-365107aa-919c-4ae2-87a0-b28c0db0d886 - - - - -] database.db_max_retries = 20 log_opt_values /usr/lib/python3/dist-packages/oslo_config/cfg.py:2609
2025-12-01 00:38:49.581 168324 DEBUG oslo_service.service [req-365107aa-919c-4ae2-87a0-b28c0db0d886 - - - - -] database.db_max_retry_interval = 10 log_opt_values /usr/lib/python3/dist-packages/oslo_config/cfg.py:2609
2025-12-01 00:38:49.581 168324 DEBUG oslo_service.service [req-365107aa-919c-4ae2-87a0-b28c0db0d886 - - - - -] database.db_retry_interval = 1 log_opt_values /usr/lib/python3/dist-packages/oslo_config/cfg.py:2609
2025-12-01 00:38:49.581 168324 DEBUG oslo_service.service [req-365107aa-919c-4ae2-87a0-b28c0db0d886 - - - - -] database.max_overflow = 50 log_opt_values /usr/lib/python3/dist-packages/oslo_config/cfg.py:2609
2025-12-01 00:38:49.581 168324 DEBUG oslo_service.service [req-365107aa-919c-4ae2-87a0-b28c0db0d886 - - - - -] database.max_pool_size = 4 log_opt_values /usr/lib/python3/dist-packages/oslo_config/cfg.py:2609
2025-12-01 00:38:49.581 168324 DEBUG oslo_service.service [req-365107aa-919c-4ae2-87a0-b28c0db0d886 - - - - -] database.max_retries = 10 log_opt_values /usr/lib/python3/dist-packages/oslo_config/cfg.py:2609
2025-12-01 00:38:49.582 168324 DEBUG oslo_service.service [req-365107aa-919c-4ae2-87a0-b28c0db0d886 - - - - -] database.mysql_enable_ndb = False log_opt_values /usr/lib/python3/dist-packages/oslo_config/cfg.py:2609
2025-12-01 00:38:49.582 168324 DEBUG oslo_service.service [req-365107aa-919c-4ae2-87a0-b28c0db0d886 - - - - -] database.mysql_sql_mode = TRADITIONAL log_opt_values /usr/lib/python3/dist-packages/oslo_config/cfg.py:2609
2025-12-01 00:38:49.582 168324 DEBUG oslo_service.service [req-365107aa-919c-4ae2-87a0-b28c0db0d886 - - - - -] database.pool_timeout = None log_opt_values /usr/lib/python3/dist-packages/oslo_config/cfg.py:2609
2025-12-01 00:38:49.582 168324 DEBUG oslo_service.service [req-365107aa-919c-4ae2-87a0-b28c0db0d886 - - - - -] database.retry_interval = 10 log_opt_values /usr/lib/python3/dist-packages/oslo_config/cfg.py:2609
2025-12-01 00:38:49.582 168324 DEBUG oslo_service.service [req-365107aa-919c-4ae2-87a0-b28c0db0d886 - - - - -] database.slave_connection = **** log_opt_values /usr/lib/python3/dist-packages/oslo_config/cfg.py:2609
2025-12-01 00:38:49.582 168324 DEBUG oslo_service.service [req-365107aa-919c-4ae2-87a0-b28c0db0d886 - - - - -] database.sqlite_synchronous = True log_opt_values /usr/lib/python3/dist-packages/oslo_config/cfg.py:2609
2025-12-01 00:38:49.583 168324 DEBUG oslo_service.service [req-365107aa-919c-4ae2-87a0-b28c0db0d886 - - - - -] database.use_db_reconnect = False log_opt_values /usr/lib/python3/dist-packages/oslo_config/cfg.py:2609
2025-12-01 00:38:49.583 168324 DEBUG oslo_service.service [req-365107aa-919c-4ae2-87a0-b28c0db0d886 - - - - -] api_database.backend = sqlalchemy log_opt_values /usr/lib/python3/dist-packages/oslo_config/cfg.py:2609
2025-12-01 00:38:49.583 168642 DEBUG oslo_messaging._drivers.amqpdriver [-] Listener is running poll /usr/lib/python3/dist-packages/oslo_messaging/_drivers/amqpdriver.py:343
2025-12-01 00:38:49.583 168324 DEBUG oslo_service.service [req-365107aa-919c-4ae2-87a0-b28c0db0d886 - - - - -] api_database.connection = **** log_opt_values /usr/lib/python3/dist-packages/oslo_config/cfg.py:2609
2025-12-01 00:38:49.583 168642 DEBUG oslo_messaging._drivers.amqpdriver [-] AMQPListener connection consume poll /usr/lib/python3/dist-packages/oslo_messaging/_drivers/amqpdriver.py:357
2025-12-01 00:38:49.583 168324 DEBUG oslo_service.service [req-365107aa-919c-4ae2-87a0-b28c0db0d886 - - - - -] api_database.connection_debug = 0 log_opt_values /usr/lib/python3/dist-packages/oslo_config/cfg.py:2609
2025-12-01 00:38:49.583 168324 DEBUG oslo_service.service [req-365107aa-919c-4ae2-87a0-b28c0db0d886 - - - - -] api_database.connection_parameters = log_opt_values /usr/lib/python3/dist-packages/oslo_config/cfg.py:2609
2025-12-01 00:38:49.584 168324 DEBUG oslo_service.service [req-365107aa-919c-4ae2-87a0-b28c0db0d886 - - - - -] api_database.connection_recycle_time = 3600 log_opt_values /usr/lib/python3/dist-packages/oslo_config/cfg.py:2609
2025-12-01 00:38:49.584 168324 DEBUG oslo_service.service [req-365107aa-919c-4ae2-87a0-b28c0db0d886 - - - - -] api_database.connection_trace = False log_opt_values /usr/lib/python3/dist-packages/oslo_config/cfg.py:2609
2025-12-01 00:38:49.583 168643 DEBUG oslo_messaging._drivers.amqpdriver [-] Listener is running poll /usr/lib/python3/dist-packages/oslo_messaging/_drivers/amqpdriver.py:343
2025-12-01 00:38:49.584 168324 DEBUG oslo_service.service [req-365107aa-919c-4ae2-87a0-b28c0db0d886 - - - - -] api_database.db_inc_retry_interval = True log_opt_values /usr/lib/python3/dist-packages/oslo_config/cfg.py:2609
2025-12-01 00:38:49.584 168324 DEBUG oslo_service.service [req-365107aa-919c-4ae2-87a0-b28c0db0d886 - - - - -] api_database.db_max_retries = 20 log_opt_values /usr/lib/python3/dist-packages/oslo_config/cfg.py:2609
2025-12-01 00:38:49.584 168643 DEBUG oslo_messaging._drivers.amqpdriver [-] AMQPListener connection consume poll /usr/lib/python3/dist-packages/oslo_messaging/_drivers/amqpdriver.py:357
2025-12-01 00:38:49.584 168642 DEBUG nova.service [req-bcaf3e1d-edd3-43a2-9f05-20f17ac47a9a - - - - -] Join ServiceGroup membership for this service scheduler start /usr/lib/python3/dist-packages/nova/service.py:199
2025-12-01 00:38:49.584 168324 DEBUG oslo_service.service [req-365107aa-919c-4ae2-87a0-b28c0db0d886 - - - - -] api_database.db_max_retry_interval = 10 log_opt_values /usr/lib/python3/dist-packages/oslo_config/cfg.py:2609
2025-12-01 00:38:49.584 168324 DEBUG oslo_service.service [req-365107aa-919c-4ae2-87a0-b28c0db0d886 - - - - -] api_database.db_retry_interval = 1 log_opt_values /usr/lib/python3/dist-packages/oslo_config/cfg.py:2609
2025-12-01 00:38:49.584 168642 DEBUG nova.servicegroup.drivers.db [req-bcaf3e1d-edd3-43a2-9f05-20f17ac47a9a - - - - -] DB_Driver: join new ServiceGroup member juju-7d17ec-0-lxd-7 to the scheduler group, service = join /usr/lib/python3/dist-packages/nova/servicegroup/drivers/db.py:44
2025-12-01 00:38:49.585 168324 DEBUG oslo_service.service [req-365107aa-919c-4ae2-87a0-b28c0db0d886 - - - - -] api_database.max_overflow = 50 log_opt_values /usr/lib/python3/dist-packages/oslo_config/cfg.py:2609
2025-12-01 00:38:49.585 168324 DEBUG oslo_service.service [req-365107aa-919c-4ae2-87a0-b28c0db0d886 - - - - -] api_database.max_pool_size = 4 log_opt_values /usr/lib/python3/dist-packages/oslo_config/cfg.py:2609
2025-12-01 00:38:49.585 168324 DEBUG oslo_service.service [req-365107aa-919c-4ae2-87a0-b28c0db0d886 - - - - -] api_database.max_retries = 10 log_opt_values /usr/lib/python3/dist-packages/oslo_config/cfg.py:2609
2025-12-01 00:38:49.585 168324 DEBUG oslo_service.service [req-365107aa-919c-4ae2-87a0-b28c0db0d886 - - - - -] api_database.mysql_enable_ndb = False log_opt_values /usr/lib/python3/dist-packages/oslo_config/cfg.py:2609
2025-12-01 00:38:49.585 168324 DEBUG oslo_service.service [req-365107aa-919c-4ae2-87a0-b28c0db0d886 - - - - -] api_database.mysql_sql_mode = TRADITIONAL log_opt_values /usr/lib/python3/dist-packages/oslo_config/cfg.py:2609
2025-12-01 00:38:49.585 168643 DEBUG nova.service [req-e52d04c7-ba78-4264-b074-9d2d8d4c40a4 - - - - -] Join ServiceGroup membership for this service scheduler start /usr/lib/python3/dist-packages/nova/service.py:199
2025-12-01 00:38:49.585 168324 DEBUG oslo_service.service [req-365107aa-919c-4ae2-87a0-b28c0db0d886 - - - - -] api_database.pool_timeout = None log_opt_values /usr/lib/python3/dist-packages/oslo_config/cfg.py:2609
2025-12-01 00:38:49.586 168324 DEBUG oslo_service.service [req-365107aa-919c-4ae2-87a0-b28c0db0d886 - - - - -] api_database.retry_interval = 10 log_opt_values /usr/lib/python3/dist-packages/oslo_config/cfg.py:2609
2025-12-01 00:38:49.585 168643 DEBUG nova.servicegroup.drivers.db [req-e52d04c7-ba78-4264-b074-9d2d8d4c40a4 - - - - -] DB_Driver: join new ServiceGroup member juju-7d17ec-0-lxd-7 to the scheduler group, service = join /usr/lib/python3/dist-packages/nova/servicegroup/drivers/db.py:44
2025-12-01 00:38:49.586 168324 DEBUG oslo_service.service [req-365107aa-919c-4ae2-87a0-b28c0db0d886 - - - - -] api_database.slave_connection = **** log_opt_values /usr/lib/python3/dist-packages/oslo_config/cfg.py:2609
2025-12-01 00:38:49.586 168324 DEBUG oslo_service.service [req-365107aa-919c-4ae2-87a0-b28c0db0d886 - - - - -] api_database.sqlite_synchronous = True log_opt_values /usr/lib/python3/dist-packages/oslo_config/cfg.py:2609
2025-12-01 00:38:49.586 168324 DEBUG oslo_service.service [req-365107aa-919c-4ae2-87a0-b28c0db0d886 - - - - -] devices.enabled_mdev_types = [] log_opt_values /usr/lib/python3/dist-packages/oslo_config/cfg.py:2609
2025-12-01 00:38:49.586 168324 DEBUG oslo_service.service [req-365107aa-919c-4ae2-87a0-b28c0db0d886 - - - - -] ephemeral_storage_encryption.cipher = aes-xts-plain64 log_opt_values /usr/lib/python3/dist-packages/oslo_config/cfg.py:2609
2025-12-01 00:38:49.586 168324 DEBUG oslo_service.service [req-365107aa-919c-4ae2-87a0-b28c0db0d886 - - - - -] ephemeral_storage_encryption.enabled = False log_opt_values /usr/lib/python3/dist-packages/oslo_config/cfg.py:2609
2025-12-01 00:38:49.586 168642 DEBUG oslo_messaging._drivers.amqpdriver [-] AMQPListener connection timeout poll /usr/lib/python3/dist-packages/oslo_messaging/_drivers/amqpdriver.py:360
2025-12-01 00:38:49.587 168324 DEBUG oslo_service.service [req-365107aa-919c-4ae2-87a0-b28c0db0d886 - - - - -] ephemeral_storage_encryption.key_size = 512 log_opt_values /usr/lib/python3/dist-packages/oslo_config/cfg.py:2609
2025-12-01 00:38:49.587 168642 DEBUG oslo_messaging._drivers.amqpdriver [-] Listener is running poll /usr/lib/python3/dist-packages/oslo_messaging/_drivers/amqpdriver.py:343
2025-12-01 00:38:49.587 168642 DEBUG oslo_messaging._drivers.amqpdriver [-] AMQPListener connection consume poll /usr/lib/python3/dist-packages/oslo_messaging/_drivers/amqpdriver.py:357
2025-12-01 00:38:49.587 168324 WARNING oslo_config.cfg [req-365107aa-919c-4ae2-87a0-b28c0db0d886 - - - - -] Deprecated: Option "api_servers" from group "glance" is deprecated for removal ( Support for image service configuration via standard keystoneauth1 Adapter options was added in the 17.0.0 Queens release. The api_servers option was retained temporarily to allow consumers time to cut over to a real load balancing solution. ). Its value may be silently ignored in the future.
2025-12-01 00:38:49.587 168324 DEBUG oslo_service.service [req-365107aa-919c-4ae2-87a0-b28c0db0d886 - - - - -] glance.api_servers = ['http://252.241.105.201:9292'] log_opt_values /usr/lib/python3/dist-packages/oslo_config/cfg.py:2609
2025-12-01 00:38:49.587 168324 DEBUG oslo_service.service [req-365107aa-919c-4ae2-87a0-b28c0db0d886 - - - - -] glance.cafile = None log_opt_values /usr/lib/python3/dist-packages/oslo_config/cfg.py:2609
2025-12-01 00:38:49.587 168324 DEBUG oslo_service.service [req-365107aa-919c-4ae2-87a0-b28c0db0d886 - - - - -] glance.certfile = None log_opt_values /usr/lib/python3/dist-packages/oslo_config/cfg.py:2609
2025-12-01 00:38:49.588 168324 DEBUG oslo_service.service [req-365107aa-919c-4ae2-87a0-b28c0db0d886 - - - - -] glance.collect_timing = False log_opt_values /usr/lib/python3/dist-packages/oslo_config/cfg.py:2609
2025-12-01 00:38:49.588 168324 DEBUG oslo_service.service [req-365107aa-919c-4ae2-87a0-b28c0db0d886 - - - - -] glance.connect_retries = None log_opt_values /usr/lib/python3/dist-packages/oslo_config/cfg.py:2609
2025-12-01 00:38:49.588 168324 DEBUG oslo_service.service [req-365107aa-919c-4ae2-87a0-b28c0db0d886 - - - - -] glance.connect_retry_delay = None log_opt_values /usr/lib/python3/dist-packages/oslo_config/cfg.py:2609
2025-12-01 00:38:49.588 168324 DEBUG oslo_service.service [req-365107aa-919c-4ae2-87a0-b28c0db0d886 - - - - -] glance.debug = False log_opt_values /usr/lib/python3/dist-packages/oslo_config/cfg.py:2609
2025-12-01 00:38:49.588 168324 DEBUG oslo_service.service [req-365107aa-919c-4ae2-87a0-b28c0db0d886 - - - - -] glance.default_trusted_certificate_ids = [] log_opt_values /usr/lib/python3/dist-packages/oslo_config/cfg.py:2609
2025-12-01 00:38:49.588 168643 DEBUG oslo_messaging._drivers.amqpdriver [-] AMQPListener connection timeout poll /usr/lib/python3/dist-packages/oslo_messaging/_drivers/amqpdriver.py:360
2025-12-01 00:38:49.588 168324 DEBUG oslo_service.service [req-365107aa-919c-4ae2-87a0-b28c0db0d886 - - - - -] glance.enable_certificate_validation = False log_opt_values /usr/lib/python3/dist-packages/oslo_config/cfg.py:2609
2025-12-01 00:38:49.589 168643 DEBUG oslo_messaging._drivers.amqpdriver [-] Listener is running poll /usr/lib/python3/dist-packages/oslo_messaging/_drivers/amqpdriver.py:343
2025-12-01 00:38:49.589 168324 DEBUG oslo_service.service [req-365107aa-919c-4ae2-87a0-b28c0db0d886 - - - - -] glance.enable_rbd_download = False log_opt_values /usr/lib/python3/dist-packages/oslo_config/cfg.py:2609
2025-12-01 00:38:49.589 168643 DEBUG oslo_messaging._drivers.amqpdriver [-] AMQPListener connection consume poll /usr/lib/python3/dist-packages/oslo_messaging/_drivers/amqpdriver.py:357
2025-12-01 00:38:49.589 168324 DEBUG oslo_service.service [req-365107aa-919c-4ae2-87a0-b28c0db0d886 - - - - -] glance.endpoint_override = None log_opt_values /usr/lib/python3/dist-packages/oslo_config/cfg.py:2609
2025-12-01 00:38:49.589 168324 DEBUG oslo_service.service [req-365107aa-919c-4ae2-87a0-b28c0db0d886 - - - - -] glance.insecure = False log_opt_values /usr/lib/python3/dist-packages/oslo_config/cfg.py:2609
2025-12-01 00:38:49.589 168324 DEBUG oslo_service.service [req-365107aa-919c-4ae2-87a0-b28c0db0d886 - - - - -] glance.keyfile = None log_opt_values /usr/lib/python3/dist-packages/oslo_config/cfg.py:2609
2025-12-01 00:38:49.589 168324 DEBUG oslo_service.service [req-365107aa-919c-4ae2-87a0-b28c0db0d886 - - - - -] glance.max_version = None log_opt_values /usr/lib/python3/dist-packages/oslo_config/cfg.py:2609
2025-12-01 00:38:49.589 168324 DEBUG oslo_service.service [req-365107aa-919c-4ae2-87a0-b28c0db0d886 - - - - -] glance.min_version = None log_opt_values /usr/lib/python3/dist-packages/oslo_config/cfg.py:2609
2025-12-01 00:38:49.589 168324 DEBUG oslo_service.service [req-365107aa-919c-4ae2-87a0-b28c0db0d886 - - - - -] glance.num_retries = 3 log_opt_values /usr/lib/python3/dist-packages/oslo_config/cfg.py:2609
2025-12-01 00:38:49.590 168324 DEBUG oslo_service.service [req-365107aa-919c-4ae2-87a0-b28c0db0d886 - - - - -] glance.rbd_ceph_conf = log_opt_values /usr/lib/python3/dist-packages/oslo_config/cfg.py:2609
2025-12-01 00:38:49.590 168324 DEBUG oslo_service.service [req-365107aa-919c-4ae2-87a0-b28c0db0d886 - - - - -] glance.rbd_connect_timeout = 5 log_opt_values /usr/lib/python3/dist-packages/oslo_config/cfg.py:2609
2025-12-01 00:38:49.590 168324 DEBUG oslo_service.service [req-365107aa-919c-4ae2-87a0-b28c0db0d886 - - - - -] glance.rbd_pool = log_opt_values /usr/lib/python3/dist-packages/oslo_config/cfg.py:2609
2025-12-01 00:38:49.590 168324 DEBUG oslo_service.service [req-365107aa-919c-4ae2-87a0-b28c0db0d886 - - - - -] glance.rbd_user = log_opt_values /usr/lib/python3/dist-packages/oslo_config/cfg.py:2609
2025-12-01 00:38:49.590 168324 DEBUG oslo_service.service [req-365107aa-919c-4ae2-87a0-b28c0db0d886 - - - - -] glance.region_name = None log_opt_values /usr/lib/python3/dist-packages/oslo_config/cfg.py:2609
2025-12-01 00:38:49.591 168324 DEBUG oslo_service.service [req-365107aa-919c-4ae2-87a0-b28c0db0d886 - - - - -] glance.service_name = None log_opt_values /usr/lib/python3/dist-packages/oslo_config/cfg.py:2609
2025-12-01 00:38:49.591 168324 DEBUG oslo_service.service [req-365107aa-919c-4ae2-87a0-b28c0db0d886 - - - - -] glance.service_type = image log_opt_values /usr/lib/python3/dist-packages/oslo_config/cfg.py:2609
2025-12-01 00:38:49.591 168324 DEBUG oslo_service.service [req-365107aa-919c-4ae2-87a0-b28c0db0d886 - - - - -] glance.split_loggers = False log_opt_values /usr/lib/python3/dist-packages/oslo_config/cfg.py:2609
2025-12-01 00:38:49.591 168324 DEBUG oslo_service.service [req-365107aa-919c-4ae2-87a0-b28c0db0d886 - - - - -] glance.status_code_retries = None log_opt_values /usr/lib/python3/dist-packages/oslo_config/cfg.py:2609
2025-12-01 00:38:49.591 168324 DEBUG oslo_service.service [req-365107aa-919c-4ae2-87a0-b28c0db0d886 - - - - -] glance.status_code_retry_delay = None log_opt_values /usr/lib/python3/dist-packages/oslo_config/cfg.py:2609
2025-12-01 00:38:49.591 168324 DEBUG oslo_service.service [req-365107aa-919c-4ae2-87a0-b28c0db0d886 - - - - -] glance.timeout = None log_opt_values /usr/lib/python3/dist-packages/oslo_config/cfg.py:2609
2025-12-01 00:38:49.591 168324 DEBUG oslo_service.service [req-365107aa-919c-4ae2-87a0-b28c0db0d886 - - - - -] glance.valid_interfaces = ['internal', 'public'] log_opt_values /usr/lib/python3/dist-packages/oslo_config/cfg.py:2609
2025-12-01 00:38:49.592 168324 DEBUG oslo_service.service [req-365107aa-919c-4ae2-87a0-b28c0db0d886 - - - - -] glance.verify_glance_signatures = False log_opt_values /usr/lib/python3/dist-packages/oslo_config/cfg.py:2609
2025-12-01 00:38:49.592 168324 DEBUG oslo_service.service [req-365107aa-919c-4ae2-87a0-b28c0db0d886 - - - - -] glance.version = None log_opt_values /usr/lib/python3/dist-packages/oslo_config/cfg.py:2609
2025-12-01 00:38:49.594 168324 DEBUG oslo_service.service [req-365107aa-919c-4ae2-87a0-b28c0db0d886 - - - - -] guestfs.debug = False log_opt_values /usr/lib/python3/dist-packages/oslo_config/cfg.py:2609
2025-12-01 00:38:49.594 168324 DEBUG oslo_service.service [req-365107aa-919c-4ae2-87a0-b28c0db0d886 - - - - -] hyperv.config_drive_cdrom = False log_opt_values /usr/lib/python3/dist-packages/oslo_config/cfg.py:2609
2025-12-01 00:38:49.594 168324 DEBUG oslo_service.service [req-365107aa-919c-4ae2-87a0-b28c0db0d886 - - - - -] hyperv.config_drive_inject_password = False log_opt_values /usr/lib/python3/dist-packages/oslo_config/cfg.py:2609
2025-12-01 00:38:49.595 168324 DEBUG oslo_service.service [req-365107aa-919c-4ae2-87a0-b28c0db0d886 - - - - -] hyperv.dynamic_memory_ratio = 1.0 log_opt_values /usr/lib/python3/dist-packages/oslo_config/cfg.py:2609
2025-12-01 00:38:49.595 168324 DEBUG oslo_service.service [req-365107aa-919c-4ae2-87a0-b28c0db0d886 - - - - -] hyperv.enable_instance_metrics_collection = False log_opt_values /usr/lib/python3/dist-packages/oslo_config/cfg.py:2609
2025-12-01 00:38:49.595 168324 DEBUG oslo_service.service [req-365107aa-919c-4ae2-87a0-b28c0db0d886 - - - - -] hyperv.enable_remotefx = False log_opt_values /usr/lib/python3/dist-packages/oslo_config/cfg.py:2609
2025-12-01 00:38:49.595 168324 DEBUG oslo_service.service [req-365107aa-919c-4ae2-87a0-b28c0db0d886 - - - - -] hyperv.instances_path_share = log_opt_values /usr/lib/python3/dist-packages/oslo_config/cfg.py:2609
2025-12-01 00:38:49.595 168324 DEBUG oslo_service.service [req-365107aa-919c-4ae2-87a0-b28c0db0d886 - - - - -] hyperv.iscsi_initiator_list = [] log_opt_values /usr/lib/python3/dist-packages/oslo_config/cfg.py:2609
2025-12-01 00:38:49.595 168324 DEBUG oslo_service.service [req-365107aa-919c-4ae2-87a0-b28c0db0d886 - - - - -] hyperv.limit_cpu_features = False log_opt_values /usr/lib/python3/dist-packages/oslo_config/cfg.py:2609
2025-12-01 00:38:49.596 168324 DEBUG oslo_service.service [req-365107aa-919c-4ae2-87a0-b28c0db0d886 - - - - -] hyperv.mounted_disk_query_retry_count = 10 log_opt_values /usr/lib/python3/dist-packages/oslo_config/cfg.py:2609
2025-12-01 00:38:49.596 168324 DEBUG oslo_service.service [req-365107aa-919c-4ae2-87a0-b28c0db0d886 - - - - -] hyperv.mounted_disk_query_retry_interval = 5 log_opt_values /usr/lib/python3/dist-packages/oslo_config/cfg.py:2609
2025-12-01 00:38:49.596 168324 DEBUG oslo_service.service [req-365107aa-919c-4ae2-87a0-b28c0db0d886 - - - - -] hyperv.power_state_check_timeframe = 60 log_opt_values /usr/lib/python3/dist-packages/oslo_config/cfg.py:2609
2025-12-01 00:38:49.596 168324 DEBUG oslo_service.service [req-365107aa-919c-4ae2-87a0-b28c0db0d886 - - - - -] hyperv.power_state_event_polling_interval = 2 log_opt_values /usr/lib/python3/dist-packages/oslo_config/cfg.py:2609
2025-12-01 00:38:49.596 168324 DEBUG oslo_service.service [req-365107aa-919c-4ae2-87a0-b28c0db0d886 - - - - -] hyperv.qemu_img_cmd = qemu-img.exe log_opt_values /usr/lib/python3/dist-packages/oslo_config/cfg.py:2609
2025-12-01 00:38:49.597 168324 DEBUG oslo_service.service [req-365107aa-919c-4ae2-87a0-b28c0db0d886 - - - - -] hyperv.use_multipath_io = False log_opt_values /usr/lib/python3/dist-packages/oslo_config/cfg.py:2609
2025-12-01 00:38:49.597 168324 DEBUG oslo_service.service [req-365107aa-919c-4ae2-87a0-b28c0db0d886 - - - - -] hyperv.volume_attach_retry_count = 10 log_opt_values /usr/lib/python3/dist-packages/oslo_config/cfg.py:2609
2025-12-01 00:38:49.597 168324 DEBUG oslo_service.service [req-365107aa-919c-4ae2-87a0-b28c0db0d886 - - - - -] hyperv.volume_attach_retry_interval = 5 log_opt_values /usr/lib/python3/dist-packages/oslo_config/cfg.py:2609
2025-12-01 00:38:49.597 168324 DEBUG oslo_service.service [req-365107aa-919c-4ae2-87a0-b28c0db0d886 - - - - -] hyperv.vswitch_name = None log_opt_values /usr/lib/python3/dist-packages/oslo_config/cfg.py:2609
2025-12-01 00:38:49.597 168324 DEBUG oslo_service.service [req-365107aa-919c-4ae2-87a0-b28c0db0d886 - - - - -] hyperv.wait_soft_reboot_seconds = 60 log_opt_values /usr/lib/python3/dist-packages/oslo_config/cfg.py:2609
2025-12-01 00:38:49.597 168324 DEBUG oslo_service.service [req-365107aa-919c-4ae2-87a0-b28c0db0d886 - - - - -] mks.enabled = False log_opt_values /usr/lib/python3/dist-packages/oslo_config/cfg.py:2609
2025-12-01 00:38:49.598 168324 DEBUG oslo_service.service [req-365107aa-919c-4ae2-87a0-b28c0db0d886 - - - - -] mks.mksproxy_base_url = http://127.0.0.1:6090/ log_opt_values /usr/lib/python3/dist-packages/oslo_config/cfg.py:2609
2025-12-01 00:38:49.598 168324 DEBUG oslo_service.service [req-365107aa-919c-4ae2-87a0-b28c0db0d886 - - - - -] image_cache.manager_interval = 2400 log_opt_values /usr/lib/python3/dist-packages/oslo_config/cfg.py:2609
2025-12-01 00:38:49.598 168324 DEBUG oslo_service.service [req-365107aa-919c-4ae2-87a0-b28c0db0d886 - - - - -] image_cache.precache_concurrency = 1 log_opt_values /usr/lib/python3/dist-packages/oslo_config/cfg.py:2609
2025-12-01 00:38:49.599 168324 DEBUG oslo_service.service [req-365107aa-919c-4ae2-87a0-b28c0db0d886 - - - - -] image_cache.remove_unused_base_images = True log_opt_values /usr/lib/python3/dist-packages/oslo_config/cfg.py:2609
2025-12-01 00:38:49.599 168324 DEBUG oslo_service.service [req-365107aa-919c-4ae2-87a0-b28c0db0d886 - - - - -] image_cache.remove_unused_original_minimum_age_seconds = 86400 log_opt_values /usr/lib/python3/dist-packages/oslo_config/cfg.py:2609
2025-12-01 00:38:49.599 168324 DEBUG oslo_service.service [req-365107aa-919c-4ae2-87a0-b28c0db0d886 - - - - -] image_cache.remove_unused_resized_minimum_age_seconds = 3600 log_opt_values /usr/lib/python3/dist-packages/oslo_config/cfg.py:2609
2025-12-01 00:38:49.599 168324 DEBUG oslo_service.service [req-365107aa-919c-4ae2-87a0-b28c0db0d886 - - - - -] image_cache.subdirectory_name = _base log_opt_values /usr/lib/python3/dist-packages/oslo_config/cfg.py:2609
2025-12-01 00:38:49.599 168324 DEBUG oslo_service.service [req-365107aa-919c-4ae2-87a0-b28c0db0d886 - - - - -] ironic.api_max_retries = 60 log_opt_values /usr/lib/python3/dist-packages/oslo_config/cfg.py:2609
2025-12-01 00:38:49.600 168324 DEBUG oslo_service.service [req-365107aa-919c-4ae2-87a0-b28c0db0d886 - - - - -] ironic.api_retry_interval = 2 log_opt_values /usr/lib/python3/dist-packages/oslo_config/cfg.py:2609
2025-12-01 00:38:49.600 168324 DEBUG oslo_service.service [req-365107aa-919c-4ae2-87a0-b28c0db0d886 - - - - -] ironic.auth_section = None log_opt_values /usr/lib/python3/dist-packages/oslo_config/cfg.py:2609
2025-12-01 00:38:49.600 168324 DEBUG oslo_service.service [req-365107aa-919c-4ae2-87a0-b28c0db0d886 - - - - -] ironic.auth_type = None log_opt_values /usr/lib/python3/dist-packages/oslo_config/cfg.py:2609
2025-12-01 00:38:49.600 168324 DEBUG oslo_service.service [req-365107aa-919c-4ae2-87a0-b28c0db0d886 - - - - -] ironic.cafile = None log_opt_values /usr/lib/python3/dist-packages/oslo_config/cfg.py:2609
2025-12-01 00:38:49.601 168644 DEBUG nova.service [req-418be3cd-39cc-419e-ae8f-5b057cb6ecc2 - - - - -] Creating RPC server for service scheduler start /usr/lib/python3/dist-packages/nova/service.py:182
2025-12-01 00:38:49.601 168324 DEBUG oslo_service.service [req-365107aa-919c-4ae2-87a0-b28c0db0d886 - - - - -] ironic.certfile = None log_opt_values /usr/lib/python3/dist-packages/oslo_config/cfg.py:2609
2025-12-01 00:38:49.601 168324 DEBUG oslo_service.service [req-365107aa-919c-4ae2-87a0-b28c0db0d886 - - - - -] ironic.collect_timing = False log_opt_values /usr/lib/python3/dist-packages/oslo_config/cfg.py:2609
2025-12-01 00:38:49.601 168324 DEBUG oslo_service.service [req-365107aa-919c-4ae2-87a0-b28c0db0d886 - - - - -] ironic.connect_retries = None log_opt_values /usr/lib/python3/dist-packages/oslo_config/cfg.py:2609
2025-12-01 00:38:49.601 168324 DEBUG oslo_service.service [req-365107aa-919c-4ae2-87a0-b28c0db0d886 - - - - -] ironic.connect_retry_delay = None log_opt_values /usr/lib/python3/dist-packages/oslo_config/cfg.py:2609
2025-12-01 00:38:49.602 168324 DEBUG oslo_service.service [req-365107aa-919c-4ae2-87a0-b28c0db0d886 - - - - -] ironic.endpoint_override = None log_opt_values /usr/lib/python3/dist-packages/oslo_config/cfg.py:2609
2025-12-01 00:38:49.602 168324 DEBUG oslo_service.service [req-365107aa-919c-4ae2-87a0-b28c0db0d886 - - - - -] ironic.insecure = False log_opt_values /usr/lib/python3/dist-packages/oslo_config/cfg.py:2609
2025-12-01 00:38:49.602 168324 DEBUG oslo_service.service [req-365107aa-919c-4ae2-87a0-b28c0db0d886 - - - - -] ironic.keyfile = None log_opt_values /usr/lib/python3/dist-packages/oslo_config/cfg.py:2609
2025-12-01 00:38:49.602 168324 DEBUG oslo_service.service [req-365107aa-919c-4ae2-87a0-b28c0db0d886 - - - - -] ironic.max_version = None log_opt_values /usr/lib/python3/dist-packages/oslo_config/cfg.py:2609
2025-12-01 00:38:49.602 168324 DEBUG oslo_service.service [req-365107aa-919c-4ae2-87a0-b28c0db0d886 - - - - -] ironic.min_version = None log_opt_values /usr/lib/python3/dist-packages/oslo_config/cfg.py:2609
2025-12-01 00:38:49.603 168324 DEBUG oslo_service.service [req-365107aa-919c-4ae2-87a0-b28c0db0d886 - - - - -] ironic.partition_key = None log_opt_values /usr/lib/python3/dist-packages/oslo_config/cfg.py:2609
2025-12-01 00:38:49.603 168324 DEBUG oslo_service.service [req-365107aa-919c-4ae2-87a0-b28c0db0d886 - - - - -] ironic.peer_list = [] log_opt_values /usr/lib/python3/dist-packages/oslo_config/cfg.py:2609
2025-12-01 00:38:49.603 168324 DEBUG oslo_service.service [req-365107aa-919c-4ae2-87a0-b28c0db0d886 - - - - -] ironic.region_name = None log_opt_values /usr/lib/python3/dist-packages/oslo_config/cfg.py:2609
2025-12-01 00:38:49.603 168324 DEBUG oslo_service.service [req-365107aa-919c-4ae2-87a0-b28c0db0d886 - - - - -] ironic.serial_console_state_timeout = 10 log_opt_values /usr/lib/python3/dist-packages/oslo_config/cfg.py:2609
2025-12-01 00:38:49.603 168324 DEBUG oslo_service.service [req-365107aa-919c-4ae2-87a0-b28c0db0d886 - - - - -] ironic.service_name = None log_opt_values /usr/lib/python3/dist-packages/oslo_config/cfg.py:2609
2025-12-01 00:38:49.604 168324 DEBUG oslo_service.service [req-365107aa-919c-4ae2-87a0-b28c0db0d886 - - - - -] ironic.service_type = baremetal log_opt_values /usr/lib/python3/dist-packages/oslo_config/cfg.py:2609
2025-12-01 00:38:49.604 168324 DEBUG oslo_service.service [req-365107aa-919c-4ae2-87a0-b28c0db0d886 - - - - -] ironic.split_loggers = False log_opt_values /usr/lib/python3/dist-packages/oslo_config/cfg.py:2609
2025-12-01 00:38:49.604 168324 DEBUG oslo_service.service [req-365107aa-919c-4ae2-87a0-b28c0db0d886 - - - - -] ironic.status_code_retries = None log_opt_values /usr/lib/python3/dist-packages/oslo_config/cfg.py:2609
2025-12-01 00:38:49.604 168324 DEBUG oslo_service.service [req-365107aa-919c-4ae2-87a0-b28c0db0d886 - - - - -] ironic.status_code_retry_delay = None log_opt_values /usr/lib/python3/dist-packages/oslo_config/cfg.py:2609
2025-12-01 00:38:49.604 168324 DEBUG oslo_service.service [req-365107aa-919c-4ae2-87a0-b28c0db0d886 - - - - -] ironic.timeout = None log_opt_values /usr/lib/python3/dist-packages/oslo_config/cfg.py:2609
2025-12-01 00:38:49.604 168324 DEBUG oslo_service.service [req-365107aa-919c-4ae2-87a0-b28c0db0d886 - - - - -] ironic.valid_interfaces = ['internal', 'public'] log_opt_values /usr/lib/python3/dist-packages/oslo_config/cfg.py:2609
2025-12-01 00:38:49.605 168324 DEBUG oslo_service.service [req-365107aa-919c-4ae2-87a0-b28c0db0d886 - - - - -] ironic.version = None log_opt_values /usr/lib/python3/dist-packages/oslo_config/cfg.py:2609
2025-12-01 00:38:49.605 168324 DEBUG oslo_service.service [req-365107aa-919c-4ae2-87a0-b28c0db0d886 - - - - -] key_manager.backend = barbican log_opt_values /usr/lib/python3/dist-packages/oslo_config/cfg.py:2609
2025-12-01 00:38:49.605 168324 DEBUG oslo_service.service [req-365107aa-919c-4ae2-87a0-b28c0db0d886 - - - - -] key_manager.fixed_key = **** log_opt_values /usr/lib/python3/dist-packages/oslo_config/cfg.py:2609
2025-12-01 00:38:49.605 168324 DEBUG oslo_service.service [req-365107aa-919c-4ae2-87a0-b28c0db0d886 - - - - -] barbican.auth_endpoint = http://localhost/identity/v3 log_opt_values /usr/lib/python3/dist-packages/oslo_config/cfg.py:2609
2025-12-01 00:38:49.605 168324 DEBUG oslo_service.service [req-365107aa-919c-4ae2-87a0-b28c0db0d886 - - - - -] barbican.barbican_api_version = None log_opt_values /usr/lib/python3/dist-packages/oslo_config/cfg.py:2609
2025-12-01 00:38:49.605 168324 DEBUG oslo_service.service [req-365107aa-919c-4ae2-87a0-b28c0db0d886 - - - - -] barbican.barbican_endpoint = None log_opt_values /usr/lib/python3/dist-packages/oslo_config/cfg.py:2609
2025-12-01 00:38:49.606 168324 DEBUG oslo_service.service [req-365107aa-919c-4ae2-87a0-b28c0db0d886 - - - - -] barbican.barbican_endpoint_type = public log_opt_values /usr/lib/python3/dist-packages/oslo_config/cfg.py:2609
2025-12-01 00:38:49.606 168324 DEBUG oslo_service.service [req-365107aa-919c-4ae2-87a0-b28c0db0d886 - - - - -] barbican.barbican_region_name = None log_opt_values /usr/lib/python3/dist-packages/oslo_config/cfg.py:2609
2025-12-01 00:38:49.606 168324 DEBUG oslo_service.service [req-365107aa-919c-4ae2-87a0-b28c0db0d886 - - - - -] barbican.cafile = None log_opt_values /usr/lib/python3/dist-packages/oslo_config/cfg.py:2609
2025-12-01 00:38:49.606 168324 DEBUG oslo_service.service [req-365107aa-919c-4ae2-87a0-b28c0db0d886 - - - - -] barbican.certfile = None log_opt_values /usr/lib/python3/dist-packages/oslo_config/cfg.py:2609
2025-12-01 00:38:49.606 168324 DEBUG oslo_service.service [req-365107aa-919c-4ae2-87a0-b28c0db0d886 - - - - -] barbican.collect_timing = False log_opt_values /usr/lib/python3/dist-packages/oslo_config/cfg.py:2609
2025-12-01 00:38:49.606 168324 DEBUG oslo_service.service [req-365107aa-919c-4ae2-87a0-b28c0db0d886 - - - - -] barbican.insecure = False log_opt_values /usr/lib/python3/dist-packages/oslo_config/cfg.py:2609
2025-12-01 00:38:49.607 168324 DEBUG oslo_service.service [req-365107aa-919c-4ae2-87a0-b28c0db0d886 - - - - -] barbican.keyfile = None log_opt_values /usr/lib/python3/dist-packages/oslo_config/cfg.py:2609
2025-12-01 00:38:49.607 168324 DEBUG oslo_service.service [req-365107aa-919c-4ae2-87a0-b28c0db0d886 - - - - -] barbican.number_of_retries = 60 log_opt_values /usr/lib/python3/dist-packages/oslo_config/cfg.py:2609
2025-12-01 00:38:49.607 168324 DEBUG oslo_service.service [req-365107aa-919c-4ae2-87a0-b28c0db0d886 - - - - -] barbican.retry_delay = 1 log_opt_values /usr/lib/python3/dist-packages/oslo_config/cfg.py:2609
2025-12-01 00:38:49.607 168324 DEBUG oslo_service.service [req-365107aa-919c-4ae2-87a0-b28c0db0d886 - - - - -] barbican.send_service_user_token = False log_opt_values /usr/lib/python3/dist-packages/oslo_config/cfg.py:2609
2025-12-01 00:38:49.607 168324 DEBUG oslo_service.service [req-365107aa-919c-4ae2-87a0-b28c0db0d886 - - - - -] barbican.split_loggers = False log_opt_values /usr/lib/python3/dist-packages/oslo_config/cfg.py:2609
2025-12-01 00:38:49.607 168324 DEBUG oslo_service.service [req-365107aa-919c-4ae2-87a0-b28c0db0d886 - - - - -] barbican.timeout = None log_opt_values /usr/lib/python3/dist-packages/oslo_config/cfg.py:2609
2025-12-01 00:38:49.608 168324 DEBUG oslo_service.service [req-365107aa-919c-4ae2-87a0-b28c0db0d886 - - - - -] barbican.verify_ssl = True log_opt_values /usr/lib/python3/dist-packages/oslo_config/cfg.py:2609
2025-12-01 00:38:49.608 168324 DEBUG oslo_service.service [req-365107aa-919c-4ae2-87a0-b28c0db0d886 - - - - -] barbican.verify_ssl_path = None log_opt_values /usr/lib/python3/dist-packages/oslo_config/cfg.py:2609
2025-12-01 00:38:49.608 168324 DEBUG oslo_service.service [req-365107aa-919c-4ae2-87a0-b28c0db0d886 - - - - -] barbican_service_user.auth_section = None log_opt_values /usr/lib/python3/dist-packages/oslo_config/cfg.py:2609
2025-12-01 00:38:49.608 168324 DEBUG oslo_service.service [req-365107aa-919c-4ae2-87a0-b28c0db0d886 - - - - -] barbican_service_user.auth_type = None log_opt_values /usr/lib/python3/dist-packages/oslo_config/cfg.py:2609
2025-12-01 00:38:49.608 168324 DEBUG oslo_service.service [req-365107aa-919c-4ae2-87a0-b28c0db0d886 - - - - -] barbican_service_user.cafile = None log_opt_values /usr/lib/python3/dist-packages/oslo_config/cfg.py:2609
2025-12-01 00:38:49.608 168324 DEBUG oslo_service.service [req-365107aa-919c-4ae2-87a0-b28c0db0d886 - - - - -] barbican_service_user.certfile = None log_opt_values /usr/lib/python3/dist-packages/oslo_config/cfg.py:2609
2025-12-01 00:38:49.609 168324 DEBUG oslo_service.service [req-365107aa-919c-4ae2-87a0-b28c0db0d886 - - - - -] barbican_service_user.collect_timing = False log_opt_values /usr/lib/python3/dist-packages/oslo_config/cfg.py:2609
2025-12-01 00:38:49.609 168324 DEBUG oslo_service.service [req-365107aa-919c-4ae2-87a0-b28c0db0d886 - - - - -] barbican_service_user.insecure = False log_opt_values /usr/lib/python3/dist-packages/oslo_config/cfg.py:2609
2025-12-01 00:38:49.609 168645 DEBUG oslo_messaging._drivers.amqpdriver [-] Listener is running poll /usr/lib/python3/dist-packages/oslo_messaging/_drivers/amqpdriver.py:343
2025-12-01 00:38:49.609 168324 DEBUG oslo_service.service [req-365107aa-919c-4ae2-87a0-b28c0db0d886 - - - - -] barbican_service_user.keyfile = None log_opt_values /usr/lib/python3/dist-packages/oslo_config/cfg.py:2609
2025-12-01 00:38:49.609 168645 DEBUG oslo_messaging._drivers.amqpdriver [-] AMQPListener connection consume poll /usr/lib/python3/dist-packages/oslo_messaging/_drivers/amqpdriver.py:357
2025-12-01 00:38:49.609 168324 DEBUG oslo_service.service [req-365107aa-919c-4ae2-87a0-b28c0db0d886 - - - - -] barbican_service_user.split_loggers = False log_opt_values /usr/lib/python3/dist-packages/oslo_config/cfg.py:2609
2025-12-01 00:38:49.609 168324 DEBUG oslo_service.service [req-365107aa-919c-4ae2-87a0-b28c0db0d886 - - - - -] barbican_service_user.timeout = None log_opt_values /usr/lib/python3/dist-packages/oslo_config/cfg.py:2609
2025-12-01 00:38:49.609 168324 DEBUG oslo_service.service [req-365107aa-919c-4ae2-87a0-b28c0db0d886 - - - - -] vault.approle_role_id = None log_opt_values /usr/lib/python3/dist-packages/oslo_config/cfg.py:2609
2025-12-01 00:38:49.610 168324 DEBUG oslo_service.service [req-365107aa-919c-4ae2-87a0-b28c0db0d886 - - - - -] vault.approle_secret_id = None log_opt_values /usr/lib/python3/dist-packages/oslo_config/cfg.py:2609
2025-12-01 00:38:49.610 168324 DEBUG oslo_service.service [req-365107aa-919c-4ae2-87a0-b28c0db0d886 - - - - -] vault.cafile = None log_opt_values /usr/lib/python3/dist-packages/oslo_config/cfg.py:2609
2025-12-01 00:38:49.610 168324 DEBUG oslo_service.service [req-365107aa-919c-4ae2-87a0-b28c0db0d886 - - - - -] vault.certfile = None log_opt_values /usr/lib/python3/dist-packages/oslo_config/cfg.py:2609
2025-12-01 00:38:49.610 168324 DEBUG oslo_service.service [req-365107aa-919c-4ae2-87a0-b28c0db0d886 - - - - -] vault.collect_timing = False log_opt_values /usr/lib/python3/dist-packages/oslo_config/cfg.py:2609
2025-12-01 00:38:49.610 168324 DEBUG oslo_service.service [req-365107aa-919c-4ae2-87a0-b28c0db0d886 - - - - -] vault.insecure = False log_opt_values /usr/lib/python3/dist-packages/oslo_config/cfg.py:2609
2025-12-01 00:38:49.611 168324 DEBUG oslo_service.service [req-365107aa-919c-4ae2-87a0-b28c0db0d886 - - - - -] vault.keyfile = None log_opt_values /usr/lib/python3/dist-packages/oslo_config/cfg.py:2609
2025-12-01 00:38:49.611 168324 DEBUG oslo_service.service [req-365107aa-919c-4ae2-87a0-b28c0db0d886 - - - - -] vault.kv_mountpoint = secret log_opt_values /usr/lib/python3/dist-packages/oslo_config/cfg.py:2609
2025-12-01 00:38:49.611 168324 DEBUG oslo_service.service [req-365107aa-919c-4ae2-87a0-b28c0db0d886 - - - - -] vault.kv_version = 2 log_opt_values /usr/lib/python3/dist-packages/oslo_config/cfg.py:2609
2025-12-01 00:38:49.611 168645 DEBUG nova.service [req-b1cdd794-d9e7-44e5-bd3a-d640a246ffe2 - - - - -] Join ServiceGroup membership for this service scheduler start /usr/lib/python3/dist-packages/nova/service.py:199
2025-12-01 00:38:49.611 168324 DEBUG oslo_service.service [req-365107aa-919c-4ae2-87a0-b28c0db0d886 - - - - -] vault.namespace = None log_opt_values /usr/lib/python3/dist-packages/oslo_config/cfg.py:2609
2025-12-01 00:38:49.611 168645 DEBUG nova.servicegroup.drivers.db [req-b1cdd794-d9e7-44e5-bd3a-d640a246ffe2 - - - - -] DB_Driver: join new ServiceGroup member juju-7d17ec-0-lxd-7 to the scheduler group, service = join /usr/lib/python3/dist-packages/nova/servicegroup/drivers/db.py:44
2025-12-01 00:38:49.611 168324 DEBUG oslo_service.service [req-365107aa-919c-4ae2-87a0-b28c0db0d886 - - - - -] vault.root_token_id = None log_opt_values /usr/lib/python3/dist-packages/oslo_config/cfg.py:2609
2025-12-01 00:38:49.612 168324 DEBUG oslo_service.service [req-365107aa-919c-4ae2-87a0-b28c0db0d886 - - - - -] vault.split_loggers = False log_opt_values /usr/lib/python3/dist-packages/oslo_config/cfg.py:2609
2025-12-01 00:38:49.612 168324 DEBUG oslo_service.service [req-365107aa-919c-4ae2-87a0-b28c0db0d886 - - - - -] vault.ssl_ca_crt_file = None log_opt_values /usr/lib/python3/dist-packages/oslo_config/cfg.py:2609
2025-12-01 00:38:49.612 168645 DEBUG oslo_messaging._drivers.amqpdriver [-] AMQPListener connection timeout poll /usr/lib/python3/dist-packages/oslo_messaging/_drivers/amqpdriver.py:360
2025-12-01 00:38:49.612 168324 DEBUG oslo_service.service [req-365107aa-919c-4ae2-87a0-b28c0db0d886 - - - - -] vault.timeout = None log_opt_values /usr/lib/python3/dist-packages/oslo_config/cfg.py:2609
2025-12-01 00:38:49.612 168645 DEBUG oslo_messaging._drivers.amqpdriver [-] Listener is running poll /usr/lib/python3/dist-packages/oslo_messaging/_drivers/amqpdriver.py:343
2025-12-01 00:38:49.612 168324 DEBUG oslo_service.service [req-365107aa-919c-4ae2-87a0-b28c0db0d886 - - - - -] vault.use_ssl = False log_opt_values /usr/lib/python3/dist-packages/oslo_config/cfg.py:2609
2025-12-01 00:38:49.612 168645 DEBUG oslo_messaging._drivers.amqpdriver [-] AMQPListener connection consume poll /usr/lib/python3/dist-packages/oslo_messaging/_drivers/amqpdriver.py:357
2025-12-01 00:38:49.612 168324 DEBUG oslo_service.service [req-365107aa-919c-4ae2-87a0-b28c0db0d886 - - - - -] vault.vault_url = http://127.0.0.1:8200 log_opt_values /usr/lib/python3/dist-packages/oslo_config/cfg.py:2609
2025-12-01 00:38:49.613 168324 DEBUG oslo_service.service [req-365107aa-919c-4ae2-87a0-b28c0db0d886 - - - - -] keystone.cafile = None log_opt_values /usr/lib/python3/dist-packages/oslo_config/cfg.py:2609
2025-12-01 00:38:49.613 168324 DEBUG oslo_service.service [req-365107aa-919c-4ae2-87a0-b28c0db0d886 - - - - -] keystone.certfile = None log_opt_values /usr/lib/python3/dist-packages/oslo_config/cfg.py:2609
2025-12-01 00:38:49.613 168324 DEBUG oslo_service.service [req-365107aa-919c-4ae2-87a0-b28c0db0d886 - - - - -] keystone.collect_timing = False log_opt_values /usr/lib/python3/dist-packages/oslo_config/cfg.py:2609
2025-12-01 00:38:49.613 168324 DEBUG oslo_service.service [req-365107aa-919c-4ae2-87a0-b28c0db0d886 - - - - -] keystone.connect_retries = None log_opt_values /usr/lib/python3/dist-packages/oslo_config/cfg.py:2609
2025-12-01 00:38:49.613 168324 DEBUG oslo_service.service [req-365107aa-919c-4ae2-87a0-b28c0db0d886 - - - - -] keystone.connect_retry_delay = None log_opt_values /usr/lib/python3/dist-packages/oslo_config/cfg.py:2609
