2025-12-01 00:38:33.409 162999 DEBUG oslo_service.service [req-04939b1f-23bc-4580-8243-8a161cd82382 - - - - -] vif_plugging_is_fatal = True log_opt_values /usr/lib/python3/dist-packages/oslo_config/cfg.py:2602
2025-12-01 00:38:33.409 162999 DEBUG oslo_service.service [req-04939b1f-23bc-4580-8243-8a161cd82382 - - - - -] vif_plugging_timeout = 300 log_opt_values /usr/lib/python3/dist-packages/oslo_config/cfg.py:2602
2025-12-01 00:38:33.410 162999 DEBUG oslo_service.service [req-04939b1f-23bc-4580-8243-8a161cd82382 - - - - -] virt_mkfs = [] log_opt_values /usr/lib/python3/dist-packages/oslo_config/cfg.py:2602
2025-12-01 00:38:33.410 162999 DEBUG oslo_service.service [req-04939b1f-23bc-4580-8243-8a161cd82382 - - - - -] volume_usage_poll_interval = 0 log_opt_values /usr/lib/python3/dist-packages/oslo_config/cfg.py:2602
2025-12-01 00:38:33.410 162999 DEBUG oslo_service.service [req-04939b1f-23bc-4580-8243-8a161cd82382 - - - - -] watch_log_file = False log_opt_values /usr/lib/python3/dist-packages/oslo_config/cfg.py:2602
2025-12-01 00:38:33.411 162999 DEBUG oslo_service.service [req-04939b1f-23bc-4580-8243-8a161cd82382 - - - - -] web = /usr/share/spice-html5 log_opt_values /usr/lib/python3/dist-packages/oslo_config/cfg.py:2602
2025-12-01 00:38:33.413 162999 DEBUG oslo_service.service [req-04939b1f-23bc-4580-8243-8a161cd82382 - - - - -] oslo_concurrency.disable_process_locking = False log_opt_values /usr/lib/python3/dist-packages/oslo_config/cfg.py:2609
2025-12-01 00:38:33.414 163390 DEBUG oslo_messaging._drivers.amqpdriver [-] Listener is running poll /usr/lib/python3/dist-packages/oslo_messaging/_drivers/amqpdriver.py:343
2025-12-01 00:38:33.415 163390 DEBUG oslo_messaging._drivers.amqpdriver [-] AMQPListener connection consume poll /usr/lib/python3/dist-packages/oslo_messaging/_drivers/amqpdriver.py:357
2025-12-01 00:38:33.415 163390 DEBUG nova.service [req-7cb18551-49dc-4083-b7c9-80e207240eaa - - - - -] Join ServiceGroup membership for this service conductor start /usr/lib/python3/dist-packages/nova/service.py:199
2025-12-01 00:38:33.416 163390 DEBUG nova.servicegroup.drivers.db [req-7cb18551-49dc-4083-b7c9-80e207240eaa - - - - -] DB_Driver: join new ServiceGroup member juju-7d17ec-0-lxd-7 to the conductor group, service = join /usr/lib/python3/dist-packages/nova/servicegroup/drivers/db.py:44
2025-12-01 00:38:33.414 162999 DEBUG oslo_service.service [req-04939b1f-23bc-4580-8243-8a161cd82382 - - - - -] oslo_concurrency.lock_path = /var/lock/nova log_opt_values /usr/lib/python3/dist-packages/oslo_config/cfg.py:2609
2025-12-01 00:38:33.418 162999 DEBUG oslo_service.service [req-04939b1f-23bc-4580-8243-8a161cd82382 - - - - -] oslo_messaging_metrics.metrics_buffer_size = 1000 log_opt_values /usr/lib/python3/dist-packages/oslo_config/cfg.py:2609
2025-12-01 00:38:33.419 162999 DEBUG oslo_service.service [req-04939b1f-23bc-4580-8243-8a161cd82382 - - - - -] oslo_messaging_metrics.metrics_enabled = False log_opt_values /usr/lib/python3/dist-packages/oslo_config/cfg.py:2609
2025-12-01 00:38:33.419 162999 DEBUG oslo_service.service [req-04939b1f-23bc-4580-8243-8a161cd82382 - - - - -] oslo_messaging_metrics.metrics_process_name = log_opt_values /usr/lib/python3/dist-packages/oslo_config/cfg.py:2609
2025-12-01 00:38:33.419 162999 DEBUG oslo_service.service [req-04939b1f-23bc-4580-8243-8a161cd82382 - - - - -] oslo_messaging_metrics.metrics_socket_file = /var/tmp/metrics_collector.sock log_opt_values /usr/lib/python3/dist-packages/oslo_config/cfg.py:2609
2025-12-01 00:38:33.419 163390 DEBUG oslo_messaging._drivers.amqpdriver [-] AMQPListener connection timeout poll /usr/lib/python3/dist-packages/oslo_messaging/_drivers/amqpdriver.py:360
2025-12-01 00:38:33.419 162999 DEBUG oslo_service.service [req-04939b1f-23bc-4580-8243-8a161cd82382 - - - - -] oslo_messaging_metrics.metrics_thread_stop_timeout = 10 log_opt_values /usr/lib/python3/dist-packages/oslo_config/cfg.py:2609
2025-12-01 00:38:33.419 163390 DEBUG oslo_messaging._drivers.amqpdriver [-] Listener is running poll /usr/lib/python3/dist-packages/oslo_messaging/_drivers/amqpdriver.py:343
2025-12-01 00:38:33.419 163390 DEBUG oslo_messaging._drivers.amqpdriver [-] AMQPListener connection consume poll /usr/lib/python3/dist-packages/oslo_messaging/_drivers/amqpdriver.py:357
2025-12-01 00:38:33.419 163389 DEBUG oslo_messaging._drivers.amqpdriver [-] Listener is running poll /usr/lib/python3/dist-packages/oslo_messaging/_drivers/amqpdriver.py:343
2025-12-01 00:38:33.420 162999 WARNING oslo_config.cfg [req-04939b1f-23bc-4580-8243-8a161cd82382 - - - - -] Deprecated: Option "auth_strategy" from group "api" is deprecated for removal ( The only non-default choice, ``noauth2``, is for internal development and testing purposes only and should not be used in deployments. This option and its middleware, NoAuthMiddleware[V2_18], will be removed in a future release. ). Its value may be silently ignored in the future.
2025-12-01 00:38:33.420 162999 DEBUG oslo_service.service [req-04939b1f-23bc-4580-8243-8a161cd82382 - - - - -] api.auth_strategy = keystone log_opt_values /usr/lib/python3/dist-packages/oslo_config/cfg.py:2609
2025-12-01 00:38:33.420 163389 DEBUG oslo_messaging._drivers.amqpdriver [-] AMQPListener connection consume poll /usr/lib/python3/dist-packages/oslo_messaging/_drivers/amqpdriver.py:357
2025-12-01 00:38:33.420 162999 DEBUG oslo_service.service [req-04939b1f-23bc-4580-8243-8a161cd82382 - - - - -] api.compute_link_prefix = None log_opt_values /usr/lib/python3/dist-packages/oslo_config/cfg.py:2609
2025-12-01 00:38:33.420 162999 DEBUG oslo_service.service [req-04939b1f-23bc-4580-8243-8a161cd82382 - - - - -] api.config_drive_skip_versions = 1.0 2007-01-19 2007-03-01 2007-08-29 2007-10-10 2007-12-15 2008-02-01 2008-09-01 log_opt_values /usr/lib/python3/dist-packages/oslo_config/cfg.py:2609
2025-12-01 00:38:33.421 163389 DEBUG nova.service [req-8e2ba21e-26b0-4fe6-8c55-6a55b887fc83 - - - - -] Join ServiceGroup membership for this service conductor start /usr/lib/python3/dist-packages/nova/service.py:199
2025-12-01 00:38:33.421 162999 DEBUG oslo_service.service [req-04939b1f-23bc-4580-8243-8a161cd82382 - - - - -] api.dhcp_domain = novalocal log_opt_values /usr/lib/python3/dist-packages/oslo_config/cfg.py:2609
2025-12-01 00:38:33.421 162999 DEBUG oslo_service.service [req-04939b1f-23bc-4580-8243-8a161cd82382 - - - - -] api.enable_instance_password = True log_opt_values /usr/lib/python3/dist-packages/oslo_config/cfg.py:2609
2025-12-01 00:38:33.422 162999 DEBUG oslo_service.service [req-04939b1f-23bc-4580-8243-8a161cd82382 - - - - -] api.glance_link_prefix = None log_opt_values /usr/lib/python3/dist-packages/oslo_config/cfg.py:2609
2025-12-01 00:38:33.422 163389 DEBUG nova.servicegroup.drivers.db [req-8e2ba21e-26b0-4fe6-8c55-6a55b887fc83 - - - - -] DB_Driver: join new ServiceGroup member juju-7d17ec-0-lxd-7 to the conductor group, service = join /usr/lib/python3/dist-packages/nova/servicegroup/drivers/db.py:44
2025-12-01 00:38:33.422 162999 DEBUG oslo_service.service [req-04939b1f-23bc-4580-8243-8a161cd82382 - - - - -] api.instance_list_cells_batch_fixed_size = 100 log_opt_values /usr/lib/python3/dist-packages/oslo_config/cfg.py:2609
2025-12-01 00:38:33.422 162999 DEBUG oslo_service.service [req-04939b1f-23bc-4580-8243-8a161cd82382 - - - - -] api.instance_list_cells_batch_strategy = distributed log_opt_values /usr/lib/python3/dist-packages/oslo_config/cfg.py:2609
2025-12-01 00:38:33.423 162999 DEBUG oslo_service.service [req-04939b1f-23bc-4580-8243-8a161cd82382 - - - - -] api.instance_list_per_project_cells = False log_opt_values /usr/lib/python3/dist-packages/oslo_config/cfg.py:2609
2025-12-01 00:38:33.424 162999 DEBUG oslo_service.service [req-04939b1f-23bc-4580-8243-8a161cd82382 - - - - -] api.list_records_by_skipping_down_cells = True log_opt_values /usr/lib/python3/dist-packages/oslo_config/cfg.py:2609
2025-12-01 00:38:33.424 163391 DEBUG oslo_messaging._drivers.amqpdriver [-] Listener is running poll /usr/lib/python3/dist-packages/oslo_messaging/_drivers/amqpdriver.py:343
2025-12-01 00:38:33.425 162999 DEBUG oslo_service.service [req-04939b1f-23bc-4580-8243-8a161cd82382 - - - - -] api.local_metadata_per_cell = False log_opt_values /usr/lib/python3/dist-packages/oslo_config/cfg.py:2609
2025-12-01 00:38:33.425 163391 DEBUG oslo_messaging._drivers.amqpdriver [-] AMQPListener connection consume poll /usr/lib/python3/dist-packages/oslo_messaging/_drivers/amqpdriver.py:357
2025-12-01 00:38:33.425 162999 DEBUG oslo_service.service [req-04939b1f-23bc-4580-8243-8a161cd82382 - - - - -] api.max_limit = 1000 log_opt_values /usr/lib/python3/dist-packages/oslo_config/cfg.py:2609
2025-12-01 00:38:33.425 163389 DEBUG oslo_messaging._drivers.amqpdriver [-] AMQPListener connection timeout poll /usr/lib/python3/dist-packages/oslo_messaging/_drivers/amqpdriver.py:360
2025-12-01 00:38:33.425 162999 DEBUG oslo_service.service [req-04939b1f-23bc-4580-8243-8a161cd82382 - - - - -] api.metadata_cache_expiration = 15 log_opt_values /usr/lib/python3/dist-packages/oslo_config/cfg.py:2609
2025-12-01 00:38:33.425 163389 DEBUG oslo_messaging._drivers.amqpdriver [-] Listener is running poll /usr/lib/python3/dist-packages/oslo_messaging/_drivers/amqpdriver.py:343
2025-12-01 00:38:33.425 162999 DEBUG oslo_service.service [req-04939b1f-23bc-4580-8243-8a161cd82382 - - - - -] api.neutron_default_tenant_id = default log_opt_values /usr/lib/python3/dist-packages/oslo_config/cfg.py:2609
2025-12-01 00:38:33.425 163389 DEBUG oslo_messaging._drivers.amqpdriver [-] AMQPListener connection consume poll /usr/lib/python3/dist-packages/oslo_messaging/_drivers/amqpdriver.py:357
2025-12-01 00:38:33.425 162999 DEBUG oslo_service.service [req-04939b1f-23bc-4580-8243-8a161cd82382 - - - - -] api.use_forwarded_for = False log_opt_values /usr/lib/python3/dist-packages/oslo_config/cfg.py:2609
2025-12-01 00:38:33.425 163391 DEBUG nova.service [req-a74b99d6-3d33-4df2-83bc-705f6024c693 - - - - -] Join ServiceGroup membership for this service conductor start /usr/lib/python3/dist-packages/nova/service.py:199
2025-12-01 00:38:33.426 162999 DEBUG oslo_service.service [req-04939b1f-23bc-4580-8243-8a161cd82382 - - - - -] api.use_neutron_default_nets = False log_opt_values /usr/lib/python3/dist-packages/oslo_config/cfg.py:2609
2025-12-01 00:38:33.426 162999 DEBUG oslo_service.service [req-04939b1f-23bc-4580-8243-8a161cd82382 - - - - -] api.vendordata_dynamic_connect_timeout = 5 log_opt_values /usr/lib/python3/dist-packages/oslo_config/cfg.py:2609
2025-12-01 00:38:33.426 163391 DEBUG nova.servicegroup.drivers.db [req-a74b99d6-3d33-4df2-83bc-705f6024c693 - - - - -] DB_Driver: join new ServiceGroup member juju-7d17ec-0-lxd-7 to the conductor group, service = join /usr/lib/python3/dist-packages/nova/servicegroup/drivers/db.py:44
2025-12-01 00:38:33.426 162999 DEBUG oslo_service.service [req-04939b1f-23bc-4580-8243-8a161cd82382 - - - - -] api.vendordata_dynamic_failure_fatal = False log_opt_values /usr/lib/python3/dist-packages/oslo_config/cfg.py:2609
2025-12-01 00:38:33.426 162999 DEBUG oslo_service.service [req-04939b1f-23bc-4580-8243-8a161cd82382 - - - - -] api.vendordata_dynamic_read_timeout = 5 log_opt_values /usr/lib/python3/dist-packages/oslo_config/cfg.py:2609
2025-12-01 00:38:33.426 162999 DEBUG oslo_service.service [req-04939b1f-23bc-4580-8243-8a161cd82382 - - - - -] api.vendordata_dynamic_ssl_certfile = log_opt_values /usr/lib/python3/dist-packages/oslo_config/cfg.py:2609
2025-12-01 00:38:33.426 162999 DEBUG oslo_service.service [req-04939b1f-23bc-4580-8243-8a161cd82382 - - - - -] api.vendordata_dynamic_targets = [] log_opt_values /usr/lib/python3/dist-packages/oslo_config/cfg.py:2609
2025-12-01 00:38:33.427 162999 DEBUG oslo_service.service [req-04939b1f-23bc-4580-8243-8a161cd82382 - - - - -] api.vendordata_jsonfile_path = None log_opt_values /usr/lib/python3/dist-packages/oslo_config/cfg.py:2609
2025-12-01 00:38:33.427 162999 DEBUG oslo_service.service [req-04939b1f-23bc-4580-8243-8a161cd82382 - - - - -] api.vendordata_providers = ['StaticJSON'] log_opt_values /usr/lib/python3/dist-packages/oslo_config/cfg.py:2609
2025-12-01 00:38:33.427 162999 DEBUG oslo_service.service [req-04939b1f-23bc-4580-8243-8a161cd82382 - - - - -] cache.backend = dogpile.cache.null log_opt_values /usr/lib/python3/dist-packages/oslo_config/cfg.py:2609
2025-12-01 00:38:33.427 162999 DEBUG oslo_service.service [req-04939b1f-23bc-4580-8243-8a161cd82382 - - - - -] cache.backend_argument = **** log_opt_values /usr/lib/python3/dist-packages/oslo_config/cfg.py:2609
2025-12-01 00:38:33.427 162999 DEBUG oslo_service.service [req-04939b1f-23bc-4580-8243-8a161cd82382 - - - - -] cache.config_prefix = cache.oslo log_opt_values /usr/lib/python3/dist-packages/oslo_config/cfg.py:2609
2025-12-01 00:38:33.428 162999 DEBUG oslo_service.service [req-04939b1f-23bc-4580-8243-8a161cd82382 - - - - -] cache.debug_cache_backend = False log_opt_values /usr/lib/python3/dist-packages/oslo_config/cfg.py:2609
2025-12-01 00:38:33.428 162999 DEBUG oslo_service.service [req-04939b1f-23bc-4580-8243-8a161cd82382 - - - - -] cache.enabled = False log_opt_values /usr/lib/python3/dist-packages/oslo_config/cfg.py:2609
2025-12-01 00:38:33.428 162999 DEBUG oslo_service.service [req-04939b1f-23bc-4580-8243-8a161cd82382 - - - - -] cache.expiration_time = 600 log_opt_values /usr/lib/python3/dist-packages/oslo_config/cfg.py:2609
2025-12-01 00:38:33.428 162999 DEBUG oslo_service.service [req-04939b1f-23bc-4580-8243-8a161cd82382 - - - - -] cache.memcache_dead_retry = 300 log_opt_values /usr/lib/python3/dist-packages/oslo_config/cfg.py:2609
2025-12-01 00:38:33.428 162999 DEBUG oslo_service.service [req-04939b1f-23bc-4580-8243-8a161cd82382 - - - - -] cache.memcache_pool_connection_get_timeout = 10 log_opt_values /usr/lib/python3/dist-packages/oslo_config/cfg.py:2609
2025-12-01 00:38:33.428 162999 DEBUG oslo_service.service [req-04939b1f-23bc-4580-8243-8a161cd82382 - - - - -] cache.memcache_pool_flush_on_reconnect = False log_opt_values /usr/lib/python3/dist-packages/oslo_config/cfg.py:2609
2025-12-01 00:38:33.428 163391 DEBUG oslo_messaging._drivers.amqpdriver [-] AMQPListener connection timeout poll /usr/lib/python3/dist-packages/oslo_messaging/_drivers/amqpdriver.py:360
2025-12-01 00:38:33.429 162999 DEBUG oslo_service.service [req-04939b1f-23bc-4580-8243-8a161cd82382 - - - - -] cache.memcache_pool_maxsize = 10 log_opt_values /usr/lib/python3/dist-packages/oslo_config/cfg.py:2609
2025-12-01 00:38:33.429 163391 DEBUG oslo_messaging._drivers.amqpdriver [-] Listener is running poll /usr/lib/python3/dist-packages/oslo_messaging/_drivers/amqpdriver.py:343
2025-12-01 00:38:33.429 162999 DEBUG oslo_service.service [req-04939b1f-23bc-4580-8243-8a161cd82382 - - - - -] cache.memcache_pool_unused_timeout = 60 log_opt_values /usr/lib/python3/dist-packages/oslo_config/cfg.py:2609
2025-12-01 00:38:33.429 163391 DEBUG oslo_messaging._drivers.amqpdriver [-] AMQPListener connection consume poll /usr/lib/python3/dist-packages/oslo_messaging/_drivers/amqpdriver.py:357
2025-12-01 00:38:33.429 162999 DEBUG oslo_service.service [req-04939b1f-23bc-4580-8243-8a161cd82382 - - - - -] cache.memcache_servers = ['localhost:11211'] log_opt_values /usr/lib/python3/dist-packages/oslo_config/cfg.py:2609
2025-12-01 00:38:33.429 162999 DEBUG oslo_service.service [req-04939b1f-23bc-4580-8243-8a161cd82382 - - - - -] cache.memcache_socket_timeout = 1.0 log_opt_values /usr/lib/python3/dist-packages/oslo_config/cfg.py:2609
2025-12-01 00:38:33.429 162999 DEBUG oslo_service.service [req-04939b1f-23bc-4580-8243-8a161cd82382 - - - - -] cache.proxies = [] log_opt_values /usr/lib/python3/dist-packages/oslo_config/cfg.py:2609
2025-12-01 00:38:33.429 162999 DEBUG oslo_service.service [req-04939b1f-23bc-4580-8243-8a161cd82382 - - - - -] cache.tls_allowed_ciphers = None log_opt_values /usr/lib/python3/dist-packages/oslo_config/cfg.py:2609
2025-12-01 00:38:33.430 162999 DEBUG oslo_service.service [req-04939b1f-23bc-4580-8243-8a161cd82382 - - - - -] cache.tls_cafile = None log_opt_values /usr/lib/python3/dist-packages/oslo_config/cfg.py:2609
2025-12-01 00:38:33.430 162999 DEBUG oslo_service.service [req-04939b1f-23bc-4580-8243-8a161cd82382 - - - - -] cache.tls_certfile = None log_opt_values /usr/lib/python3/dist-packages/oslo_config/cfg.py:2609
2025-12-01 00:38:33.430 162999 DEBUG oslo_service.service [req-04939b1f-23bc-4580-8243-8a161cd82382 - - - - -] cache.tls_enabled = False log_opt_values /usr/lib/python3/dist-packages/oslo_config/cfg.py:2609
2025-12-01 00:38:33.430 162999 DEBUG oslo_service.service [req-04939b1f-23bc-4580-8243-8a161cd82382 - - - - -] cache.tls_keyfile = None log_opt_values /usr/lib/python3/dist-packages/oslo_config/cfg.py:2609
2025-12-01 00:38:33.430 162999 DEBUG oslo_service.service [req-04939b1f-23bc-4580-8243-8a161cd82382 - - - - -] cinder.auth_section = None log_opt_values /usr/lib/python3/dist-packages/oslo_config/cfg.py:2609
2025-12-01 00:38:33.430 162999 DEBUG oslo_service.service [req-04939b1f-23bc-4580-8243-8a161cd82382 - - - - -] cinder.auth_type = None log_opt_values /usr/lib/python3/dist-packages/oslo_config/cfg.py:2609
2025-12-01 00:38:33.431 162999 DEBUG oslo_service.service [req-04939b1f-23bc-4580-8243-8a161cd82382 - - - - -] cinder.cafile = None log_opt_values /usr/lib/python3/dist-packages/oslo_config/cfg.py:2609
2025-12-01 00:38:33.431 162999 DEBUG oslo_service.service [req-04939b1f-23bc-4580-8243-8a161cd82382 - - - - -] cinder.catalog_info = volumev3::publicURL log_opt_values /usr/lib/python3/dist-packages/oslo_config/cfg.py:2609
2025-12-01 00:38:33.431 162999 DEBUG oslo_service.service [req-04939b1f-23bc-4580-8243-8a161cd82382 - - - - -] cinder.certfile = None log_opt_values /usr/lib/python3/dist-packages/oslo_config/cfg.py:2609
2025-12-01 00:38:33.431 162999 DEBUG oslo_service.service [req-04939b1f-23bc-4580-8243-8a161cd82382 - - - - -] cinder.collect_timing = False log_opt_values /usr/lib/python3/dist-packages/oslo_config/cfg.py:2609
2025-12-01 00:38:33.431 162999 DEBUG oslo_service.service [req-04939b1f-23bc-4580-8243-8a161cd82382 - - - - -] cinder.cross_az_attach = True log_opt_values /usr/lib/python3/dist-packages/oslo_config/cfg.py:2609
2025-12-01 00:38:33.431 162999 DEBUG oslo_service.service [req-04939b1f-23bc-4580-8243-8a161cd82382 - - - - -] cinder.debug = False log_opt_values /usr/lib/python3/dist-packages/oslo_config/cfg.py:2609
2025-12-01 00:38:33.432 162999 DEBUG oslo_service.service [req-04939b1f-23bc-4580-8243-8a161cd82382 - - - - -] cinder.endpoint_template = None log_opt_values /usr/lib/python3/dist-packages/oslo_config/cfg.py:2609
2025-12-01 00:38:33.432 162999 DEBUG oslo_service.service [req-04939b1f-23bc-4580-8243-8a161cd82382 - - - - -] cinder.http_retries = 3 log_opt_values /usr/lib/python3/dist-packages/oslo_config/cfg.py:2609
2025-12-01 00:38:33.432 162999 DEBUG oslo_service.service [req-04939b1f-23bc-4580-8243-8a161cd82382 - - - - -] cinder.insecure = False log_opt_values /usr/lib/python3/dist-packages/oslo_config/cfg.py:2609
2025-12-01 00:38:33.432 162999 DEBUG oslo_service.service [req-04939b1f-23bc-4580-8243-8a161cd82382 - - - - -] cinder.keyfile = None log_opt_values /usr/lib/python3/dist-packages/oslo_config/cfg.py:2609
2025-12-01 00:38:33.432 162999 DEBUG oslo_service.service [req-04939b1f-23bc-4580-8243-8a161cd82382 - - - - -] cinder.os_region_name = None log_opt_values /usr/lib/python3/dist-packages/oslo_config/cfg.py:2609
2025-12-01 00:38:33.432 162999 DEBUG oslo_service.service [req-04939b1f-23bc-4580-8243-8a161cd82382 - - - - -] cinder.split_loggers = False log_opt_values /usr/lib/python3/dist-packages/oslo_config/cfg.py:2609
2025-12-01 00:38:33.433 162999 DEBUG oslo_service.service [req-04939b1f-23bc-4580-8243-8a161cd82382 - - - - -] cinder.timeout = None log_opt_values /usr/lib/python3/dist-packages/oslo_config/cfg.py:2609
2025-12-01 00:38:33.433 162999 DEBUG oslo_service.service [req-04939b1f-23bc-4580-8243-8a161cd82382 - - - - -] compute.consecutive_build_service_disable_threshold = 10 log_opt_values /usr/lib/python3/dist-packages/oslo_config/cfg.py:2609
2025-12-01 00:38:33.433 162999 DEBUG oslo_service.service [req-04939b1f-23bc-4580-8243-8a161cd82382 - - - - -] compute.cpu_dedicated_set = None log_opt_values /usr/lib/python3/dist-packages/oslo_config/cfg.py:2609
2025-12-01 00:38:33.433 162999 DEBUG oslo_service.service [req-04939b1f-23bc-4580-8243-8a161cd82382 - - - - -] compute.cpu_shared_set = None log_opt_values /usr/lib/python3/dist-packages/oslo_config/cfg.py:2609
2025-12-01 00:38:33.433 162999 DEBUG oslo_service.service [req-04939b1f-23bc-4580-8243-8a161cd82382 - - - - -] compute.image_type_exclude_list = [] log_opt_values /usr/lib/python3/dist-packages/oslo_config/cfg.py:2609
2025-12-01 00:38:33.433 162999 DEBUG oslo_service.service [req-04939b1f-23bc-4580-8243-8a161cd82382 - - - - -] compute.live_migration_wait_for_vif_plug = True log_opt_values /usr/lib/python3/dist-packages/oslo_config/cfg.py:2609
2025-12-01 00:38:33.434 162999 DEBUG oslo_service.service [req-04939b1f-23bc-4580-8243-8a161cd82382 - - - - -] compute.max_concurrent_disk_ops = 0 log_opt_values /usr/lib/python3/dist-packages/oslo_config/cfg.py:2609
2025-12-01 00:38:33.434 162999 DEBUG oslo_service.service [req-04939b1f-23bc-4580-8243-8a161cd82382 - - - - -] compute.max_disk_devices_to_attach = -1 log_opt_values /usr/lib/python3/dist-packages/oslo_config/cfg.py:2609
2025-12-01 00:38:33.434 162999 DEBUG oslo_service.service [req-04939b1f-23bc-4580-8243-8a161cd82382 - - - - -] compute.packing_host_numa_cells_allocation_strategy = True log_opt_values /usr/lib/python3/dist-packages/oslo_config/cfg.py:2609
2025-12-01 00:38:33.434 162999 DEBUG oslo_service.service [req-04939b1f-23bc-4580-8243-8a161cd82382 - - - - -] compute.provider_config_location = /etc/nova/provider_config/ log_opt_values /usr/lib/python3/dist-packages/oslo_config/cfg.py:2609
2025-12-01 00:38:33.434 162999 DEBUG oslo_service.service [req-04939b1f-23bc-4580-8243-8a161cd82382 - - - - -] compute.resource_provider_association_refresh = 300 log_opt_values /usr/lib/python3/dist-packages/oslo_config/cfg.py:2609
2025-12-01 00:38:33.434 162999 DEBUG oslo_service.service [req-04939b1f-23bc-4580-8243-8a161cd82382 - - - - -] compute.shutdown_retry_interval = 10 log_opt_values /usr/lib/python3/dist-packages/oslo_config/cfg.py:2609
2025-12-01 00:38:33.435 162999 DEBUG oslo_service.service [req-04939b1f-23bc-4580-8243-8a161cd82382 - - - - -] compute.vmdk_allowed_types = ['streamOptimized', 'monolithicSparse'] log_opt_values /usr/lib/python3/dist-packages/oslo_config/cfg.py:2609
2025-12-01 00:38:33.435 162999 DEBUG oslo_service.service [req-04939b1f-23bc-4580-8243-8a161cd82382 - - - - -] conductor.workers = 4 log_opt_values /usr/lib/python3/dist-packages/oslo_config/cfg.py:2609
2025-12-01 00:38:33.435 162999 DEBUG oslo_service.service [req-04939b1f-23bc-4580-8243-8a161cd82382 - - - - -] console.allowed_origins = [] log_opt_values /usr/lib/python3/dist-packages/oslo_config/cfg.py:2609
2025-12-01 00:38:33.435 162999 DEBUG oslo_service.service [req-04939b1f-23bc-4580-8243-8a161cd82382 - - - - -] console.ssl_ciphers = None log_opt_values /usr/lib/python3/dist-packages/oslo_config/cfg.py:2609
2025-12-01 00:38:33.435 162999 DEBUG oslo_service.service [req-04939b1f-23bc-4580-8243-8a161cd82382 - - - - -] console.ssl_minimum_version = default log_opt_values /usr/lib/python3/dist-packages/oslo_config/cfg.py:2609
2025-12-01 00:38:33.436 162999 DEBUG oslo_service.service [req-04939b1f-23bc-4580-8243-8a161cd82382 - - - - -] consoleauth.token_ttl = 600 log_opt_values /usr/lib/python3/dist-packages/oslo_config/cfg.py:2609
2025-12-01 00:38:33.436 162999 DEBUG oslo_service.service [req-04939b1f-23bc-4580-8243-8a161cd82382 - - - - -] cyborg.cafile = None log_opt_values /usr/lib/python3/dist-packages/oslo_config/cfg.py:2609
2025-12-01 00:38:33.436 162999 DEBUG oslo_service.service [req-04939b1f-23bc-4580-8243-8a161cd82382 - - - - -] cyborg.certfile = None log_opt_values /usr/lib/python3/dist-packages/oslo_config/cfg.py:2609
2025-12-01 00:38:33.436 162999 DEBUG oslo_service.service [req-04939b1f-23bc-4580-8243-8a161cd82382 - - - - -] cyborg.collect_timing = False log_opt_values /usr/lib/python3/dist-packages/oslo_config/cfg.py:2609
2025-12-01 00:38:33.436 162999 DEBUG oslo_service.service [req-04939b1f-23bc-4580-8243-8a161cd82382 - - - - -] cyborg.connect_retries = None log_opt_values /usr/lib/python3/dist-packages/oslo_config/cfg.py:2609
2025-12-01 00:38:33.437 162999 DEBUG oslo_service.service [req-04939b1f-23bc-4580-8243-8a161cd82382 - - - - -] cyborg.connect_retry_delay = None log_opt_values /usr/lib/python3/dist-packages/oslo_config/cfg.py:2609
2025-12-01 00:38:33.437 162999 DEBUG oslo_service.service [req-04939b1f-23bc-4580-8243-8a161cd82382 - - - - -] cyborg.endpoint_override = None log_opt_values /usr/lib/python3/dist-packages/oslo_config/cfg.py:2609
2025-12-01 00:38:33.437 162999 DEBUG oslo_service.service [req-04939b1f-23bc-4580-8243-8a161cd82382 - - - - -] cyborg.insecure = False log_opt_values /usr/lib/python3/dist-packages/oslo_config/cfg.py:2609
2025-12-01 00:38:33.437 162999 DEBUG oslo_service.service [req-04939b1f-23bc-4580-8243-8a161cd82382 - - - - -] cyborg.keyfile = None log_opt_values /usr/lib/python3/dist-packages/oslo_config/cfg.py:2609
2025-12-01 00:38:33.437 162999 DEBUG oslo_service.service [req-04939b1f-23bc-4580-8243-8a161cd82382 - - - - -] cyborg.max_version = None log_opt_values /usr/lib/python3/dist-packages/oslo_config/cfg.py:2609
2025-12-01 00:38:33.438 162999 DEBUG oslo_service.service [req-04939b1f-23bc-4580-8243-8a161cd82382 - - - - -] cyborg.min_version = None log_opt_values /usr/lib/python3/dist-packages/oslo_config/cfg.py:2609
2025-12-01 00:38:33.438 162999 DEBUG oslo_service.service [req-04939b1f-23bc-4580-8243-8a161cd82382 - - - - -] cyborg.region_name = None log_opt_values /usr/lib/python3/dist-packages/oslo_config/cfg.py:2609
2025-12-01 00:38:33.438 162999 DEBUG oslo_service.service [req-04939b1f-23bc-4580-8243-8a161cd82382 - - - - -] cyborg.service_name = None log_opt_values /usr/lib/python3/dist-packages/oslo_config/cfg.py:2609
2025-12-01 00:38:33.438 163392 DEBUG nova.service [req-e870686b-63a1-4631-bc13-24b6e28b5257 - - - - -] Creating RPC server for service conductor start /usr/lib/python3/dist-packages/nova/service.py:182
2025-12-01 00:38:33.438 162999 DEBUG oslo_service.service [req-04939b1f-23bc-4580-8243-8a161cd82382 - - - - -] cyborg.service_type = accelerator log_opt_values /usr/lib/python3/dist-packages/oslo_config/cfg.py:2609
2025-12-01 00:38:33.439 162999 DEBUG oslo_service.service [req-04939b1f-23bc-4580-8243-8a161cd82382 - - - - -] cyborg.split_loggers = False log_opt_values /usr/lib/python3/dist-packages/oslo_config/cfg.py:2609
2025-12-01 00:38:33.439 162999 DEBUG oslo_service.service [req-04939b1f-23bc-4580-8243-8a161cd82382 - - - - -] cyborg.status_code_retries = None log_opt_values /usr/lib/python3/dist-packages/oslo_config/cfg.py:2609
2025-12-01 00:38:33.439 162999 DEBUG oslo_service.service [req-04939b1f-23bc-4580-8243-8a161cd82382 - - - - -] cyborg.status_code_retry_delay = None log_opt_values /usr/lib/python3/dist-packages/oslo_config/cfg.py:2609
2025-12-01 00:38:33.439 162999 DEBUG oslo_service.service [req-04939b1f-23bc-4580-8243-8a161cd82382 - - - - -] cyborg.timeout = None log_opt_values /usr/lib/python3/dist-packages/oslo_config/cfg.py:2609
2025-12-01 00:38:33.439 162999 DEBUG oslo_service.service [req-04939b1f-23bc-4580-8243-8a161cd82382 - - - - -] cyborg.valid_interfaces = ['internal', 'public'] log_opt_values /usr/lib/python3/dist-packages/oslo_config/cfg.py:2609
2025-12-01 00:38:33.440 162999 DEBUG oslo_service.service [req-04939b1f-23bc-4580-8243-8a161cd82382 - - - - -] cyborg.version = None log_opt_values /usr/lib/python3/dist-packages/oslo_config/cfg.py:2609
2025-12-01 00:38:33.440 162999 DEBUG oslo_service.service [req-04939b1f-23bc-4580-8243-8a161cd82382 - - - - -] database.backend = sqlalchemy log_opt_values /usr/lib/python3/dist-packages/oslo_config/cfg.py:2609
2025-12-01 00:38:33.440 162999 DEBUG oslo_service.service [req-04939b1f-23bc-4580-8243-8a161cd82382 - - - - -] database.connection = **** log_opt_values /usr/lib/python3/dist-packages/oslo_config/cfg.py:2609
2025-12-01 00:38:33.440 162999 DEBUG oslo_service.service [req-04939b1f-23bc-4580-8243-8a161cd82382 - - - - -] database.connection_debug = 0 log_opt_values /usr/lib/python3/dist-packages/oslo_config/cfg.py:2609
2025-12-01 00:38:33.440 162999 DEBUG oslo_service.service [req-04939b1f-23bc-4580-8243-8a161cd82382 - - - - -] database.connection_parameters = log_opt_values /usr/lib/python3/dist-packages/oslo_config/cfg.py:2609
2025-12-01 00:38:33.444 162999 DEBUG oslo_service.service [req-04939b1f-23bc-4580-8243-8a161cd82382 - - - - -] database.connection_recycle_time = 3600 log_opt_values /usr/lib/python3/dist-packages/oslo_config/cfg.py:2609
2025-12-01 00:38:33.444 162999 DEBUG oslo_service.service [req-04939b1f-23bc-4580-8243-8a161cd82382 - - - - -] database.connection_trace = False log_opt_values /usr/lib/python3/dist-packages/oslo_config/cfg.py:2609
2025-12-01 00:38:33.445 162999 DEBUG oslo_service.service [req-04939b1f-23bc-4580-8243-8a161cd82382 - - - - -] database.db_inc_retry_interval = True log_opt_values /usr/lib/python3/dist-packages/oslo_config/cfg.py:2609
2025-12-01 00:38:33.445 162999 DEBUG oslo_service.service [req-04939b1f-23bc-4580-8243-8a161cd82382 - - - - -] database.db_max_retries = 20 log_opt_values /usr/lib/python3/dist-packages/oslo_config/cfg.py:2609
2025-12-01 00:38:33.445 162999 DEBUG oslo_service.service [req-04939b1f-23bc-4580-8243-8a161cd82382 - - - - -] database.db_max_retry_interval = 10 log_opt_values /usr/lib/python3/dist-packages/oslo_config/cfg.py:2609
2025-12-01 00:38:33.449 162999 DEBUG oslo_service.service [req-04939b1f-23bc-4580-8243-8a161cd82382 - - - - -] database.db_retry_interval = 1 log_opt_values /usr/lib/python3/dist-packages/oslo_config/cfg.py:2609
2025-12-01 00:38:33.449 162999 DEBUG oslo_service.service [req-04939b1f-23bc-4580-8243-8a161cd82382 - - - - -] database.max_overflow = 50 log_opt_values /usr/lib/python3/dist-packages/oslo_config/cfg.py:2609
2025-12-01 00:38:33.449 162999 DEBUG oslo_service.service [req-04939b1f-23bc-4580-8243-8a161cd82382 - - - - -] database.max_pool_size = 4 log_opt_values /usr/lib/python3/dist-packages/oslo_config/cfg.py:2609
2025-12-01 00:38:33.449 162999 DEBUG oslo_service.service [req-04939b1f-23bc-4580-8243-8a161cd82382 - - - - -] database.max_retries = 10 log_opt_values /usr/lib/python3/dist-packages/oslo_config/cfg.py:2609
2025-12-01 00:38:33.449 162999 DEBUG oslo_service.service [req-04939b1f-23bc-4580-8243-8a161cd82382 - - - - -] database.mysql_enable_ndb = False log_opt_values /usr/lib/python3/dist-packages/oslo_config/cfg.py:2609
2025-12-01 00:38:33.450 162999 DEBUG oslo_service.service [req-04939b1f-23bc-4580-8243-8a161cd82382 - - - - -] database.mysql_sql_mode = TRADITIONAL log_opt_values /usr/lib/python3/dist-packages/oslo_config/cfg.py:2609
2025-12-01 00:38:33.450 162999 DEBUG oslo_service.service [req-04939b1f-23bc-4580-8243-8a161cd82382 - - - - -] database.pool_timeout = None log_opt_values /usr/lib/python3/dist-packages/oslo_config/cfg.py:2609
2025-12-01 00:38:33.450 162999 DEBUG oslo_service.service [req-04939b1f-23bc-4580-8243-8a161cd82382 - - - - -] database.retry_interval = 10 log_opt_values /usr/lib/python3/dist-packages/oslo_config/cfg.py:2609
2025-12-01 00:38:33.450 162999 DEBUG oslo_service.service [req-04939b1f-23bc-4580-8243-8a161cd82382 - - - - -] database.slave_connection = **** log_opt_values /usr/lib/python3/dist-packages/oslo_config/cfg.py:2609
2025-12-01 00:38:33.450 162999 DEBUG oslo_service.service [req-04939b1f-23bc-4580-8243-8a161cd82382 - - - - -] database.sqlite_synchronous = True log_opt_values /usr/lib/python3/dist-packages/oslo_config/cfg.py:2609
2025-12-01 00:38:33.451 162999 DEBUG oslo_service.service [req-04939b1f-23bc-4580-8243-8a161cd82382 - - - - -] database.use_db_reconnect = False log_opt_values /usr/lib/python3/dist-packages/oslo_config/cfg.py:2609
2025-12-01 00:38:33.451 162999 DEBUG oslo_service.service [req-04939b1f-23bc-4580-8243-8a161cd82382 - - - - -] api_database.backend = sqlalchemy log_opt_values /usr/lib/python3/dist-packages/oslo_config/cfg.py:2609
2025-12-01 00:38:33.451 162999 DEBUG oslo_service.service [req-04939b1f-23bc-4580-8243-8a161cd82382 - - - - -] api_database.connection = **** log_opt_values /usr/lib/python3/dist-packages/oslo_config/cfg.py:2609
2025-12-01 00:38:33.451 162999 DEBUG oslo_service.service [req-04939b1f-23bc-4580-8243-8a161cd82382 - - - - -] api_database.connection_debug = 0 log_opt_values /usr/lib/python3/dist-packages/oslo_config/cfg.py:2609
2025-12-01 00:38:33.451 162999 DEBUG oslo_service.service [req-04939b1f-23bc-4580-8243-8a161cd82382 - - - - -] api_database.connection_parameters = log_opt_values /usr/lib/python3/dist-packages/oslo_config/cfg.py:2609
2025-12-01 00:38:33.451 162999 DEBUG oslo_service.service [req-04939b1f-23bc-4580-8243-8a161cd82382 - - - - -] api_database.connection_recycle_time = 3600 log_opt_values /usr/lib/python3/dist-packages/oslo_config/cfg.py:2609
2025-12-01 00:38:33.452 162999 DEBUG oslo_service.service [req-04939b1f-23bc-4580-8243-8a161cd82382 - - - - -] api_database.connection_trace = False log_opt_values /usr/lib/python3/dist-packages/oslo_config/cfg.py:2609
2025-12-01 00:38:33.452 162999 DEBUG oslo_service.service [req-04939b1f-23bc-4580-8243-8a161cd82382 - - - - -] api_database.db_inc_retry_interval = True log_opt_values /usr/lib/python3/dist-packages/oslo_config/cfg.py:2609
2025-12-01 00:38:33.452 162999 DEBUG oslo_service.service [req-04939b1f-23bc-4580-8243-8a161cd82382 - - - - -] api_database.db_max_retries = 20 log_opt_values /usr/lib/python3/dist-packages/oslo_config/cfg.py:2609
2025-12-01 00:38:33.452 162999 DEBUG oslo_service.service [req-04939b1f-23bc-4580-8243-8a161cd82382 - - - - -] api_database.db_max_retry_interval = 10 log_opt_values /usr/lib/python3/dist-packages/oslo_config/cfg.py:2609
2025-12-01 00:38:33.452 162999 DEBUG oslo_service.service [req-04939b1f-23bc-4580-8243-8a161cd82382 - - - - -] api_database.db_retry_interval = 1 log_opt_values /usr/lib/python3/dist-packages/oslo_config/cfg.py:2609
2025-12-01 00:38:33.452 162999 DEBUG oslo_service.service [req-04939b1f-23bc-4580-8243-8a161cd82382 - - - - -] api_database.max_overflow = 50 log_opt_values /usr/lib/python3/dist-packages/oslo_config/cfg.py:2609
2025-12-01 00:38:33.452 162999 DEBUG oslo_service.service [req-04939b1f-23bc-4580-8243-8a161cd82382 - - - - -] api_database.max_pool_size = 4 log_opt_values /usr/lib/python3/dist-packages/oslo_config/cfg.py:2609
2025-12-01 00:38:33.453 162999 DEBUG oslo_service.service [req-04939b1f-23bc-4580-8243-8a161cd82382 - - - - -] api_database.max_retries = 10 log_opt_values /usr/lib/python3/dist-packages/oslo_config/cfg.py:2609
2025-12-01 00:38:33.453 162999 DEBUG oslo_service.service [req-04939b1f-23bc-4580-8243-8a161cd82382 - - - - -] api_database.mysql_enable_ndb = False log_opt_values /usr/lib/python3/dist-packages/oslo_config/cfg.py:2609
2025-12-01 00:38:33.453 162999 DEBUG oslo_service.service [req-04939b1f-23bc-4580-8243-8a161cd82382 - - - - -] api_database.mysql_sql_mode = TRADITIONAL log_opt_values /usr/lib/python3/dist-packages/oslo_config/cfg.py:2609
2025-12-01 00:38:33.453 162999 DEBUG oslo_service.service [req-04939b1f-23bc-4580-8243-8a161cd82382 - - - - -] api_database.pool_timeout = None log_opt_values /usr/lib/python3/dist-packages/oslo_config/cfg.py:2609
2025-12-01 00:38:33.453 162999 DEBUG oslo_service.service [req-04939b1f-23bc-4580-8243-8a161cd82382 - - - - -] api_database.retry_interval = 10 log_opt_values /usr/lib/python3/dist-packages/oslo_config/cfg.py:2609
2025-12-01 00:38:33.453 162999 DEBUG oslo_service.service [req-04939b1f-23bc-4580-8243-8a161cd82382 - - - - -] api_database.slave_connection = **** log_opt_values /usr/lib/python3/dist-packages/oslo_config/cfg.py:2609
2025-12-01 00:38:33.454 162999 DEBUG oslo_service.service [req-04939b1f-23bc-4580-8243-8a161cd82382 - - - - -] api_database.sqlite_synchronous = True log_opt_values /usr/lib/python3/dist-packages/oslo_config/cfg.py:2609
2025-12-01 00:38:33.454 162999 DEBUG oslo_service.service [req-04939b1f-23bc-4580-8243-8a161cd82382 - - - - -] devices.enabled_mdev_types = [] log_opt_values /usr/lib/python3/dist-packages/oslo_config/cfg.py:2609
2025-12-01 00:38:33.454 162999 DEBUG oslo_service.service [req-04939b1f-23bc-4580-8243-8a161cd82382 - - - - -] ephemeral_storage_encryption.cipher = aes-xts-plain64 log_opt_values /usr/lib/python3/dist-packages/oslo_config/cfg.py:2609
2025-12-01 00:38:33.454 162999 DEBUG oslo_service.service [req-04939b1f-23bc-4580-8243-8a161cd82382 - - - - -] ephemeral_storage_encryption.enabled = False log_opt_values /usr/lib/python3/dist-packages/oslo_config/cfg.py:2609
2025-12-01 00:38:33.455 162999 DEBUG oslo_service.service [req-04939b1f-23bc-4580-8243-8a161cd82382 - - - - -] ephemeral_storage_encryption.key_size = 512 log_opt_values /usr/lib/python3/dist-packages/oslo_config/cfg.py:2609
2025-12-01 00:38:33.455 162999 WARNING oslo_config.cfg [req-04939b1f-23bc-4580-8243-8a161cd82382 - - - - -] Deprecated: Option "api_servers" from group "glance" is deprecated for removal ( Support for image service configuration via standard keystoneauth1 Adapter options was added in the 17.0.0 Queens release. The api_servers option was retained temporarily to allow consumers time to cut over to a real load balancing solution. ). Its value may be silently ignored in the future.
2025-12-01 00:38:33.456 162999 DEBUG oslo_service.service [req-04939b1f-23bc-4580-8243-8a161cd82382 - - - - -] glance.api_servers = ['http://252.241.105.201:9292'] log_opt_values /usr/lib/python3/dist-packages/oslo_config/cfg.py:2609
2025-12-01 00:38:33.456 162999 DEBUG oslo_service.service [req-04939b1f-23bc-4580-8243-8a161cd82382 - - - - -] glance.cafile = None log_opt_values /usr/lib/python3/dist-packages/oslo_config/cfg.py:2609
2025-12-01 00:38:33.456 162999 DEBUG oslo_service.service [req-04939b1f-23bc-4580-8243-8a161cd82382 - - - - -] glance.certfile = None log_opt_values /usr/lib/python3/dist-packages/oslo_config/cfg.py:2609
2025-12-01 00:38:33.457 162999 DEBUG oslo_service.service [req-04939b1f-23bc-4580-8243-8a161cd82382 - - - - -] glance.collect_timing = False log_opt_values /usr/lib/python3/dist-packages/oslo_config/cfg.py:2609
2025-12-01 00:38:33.457 162999 DEBUG oslo_service.service [req-04939b1f-23bc-4580-8243-8a161cd82382 - - - - -] glance.connect_retries = None log_opt_values /usr/lib/python3/dist-packages/oslo_config/cfg.py:2609
2025-12-01 00:38:33.457 162999 DEBUG oslo_service.service [req-04939b1f-23bc-4580-8243-8a161cd82382 - - - - -] glance.connect_retry_delay = None log_opt_values /usr/lib/python3/dist-packages/oslo_config/cfg.py:2609
2025-12-01 00:38:33.457 162999 DEBUG oslo_service.service [req-04939b1f-23bc-4580-8243-8a161cd82382 - - - - -] glance.debug = False log_opt_values /usr/lib/python3/dist-packages/oslo_config/cfg.py:2609
2025-12-01 00:38:33.457 162999 DEBUG oslo_service.service [req-04939b1f-23bc-4580-8243-8a161cd82382 - - - - -] glance.default_trusted_certificate_ids = [] log_opt_values /usr/lib/python3/dist-packages/oslo_config/cfg.py:2609
2025-12-01 00:38:33.457 162999 DEBUG oslo_service.service [req-04939b1f-23bc-4580-8243-8a161cd82382 - - - - -] glance.enable_certificate_validation = False log_opt_values /usr/lib/python3/dist-packages/oslo_config/cfg.py:2609
2025-12-01 00:38:33.457 162999 DEBUG oslo_service.service [req-04939b1f-23bc-4580-8243-8a161cd82382 - - - - -] glance.enable_rbd_download = False log_opt_values /usr/lib/python3/dist-packages/oslo_config/cfg.py:2609
2025-12-01 00:38:33.458 162999 DEBUG oslo_service.service [req-04939b1f-23bc-4580-8243-8a161cd82382 - - - - -] glance.endpoint_override = None log_opt_values /usr/lib/python3/dist-packages/oslo_config/cfg.py:2609
2025-12-01 00:38:33.458 162999 DEBUG oslo_service.service [req-04939b1f-23bc-4580-8243-8a161cd82382 - - - - -] glance.insecure = False log_opt_values /usr/lib/python3/dist-packages/oslo_config/cfg.py:2609
2025-12-01 00:38:33.458 162999 DEBUG oslo_service.service [req-04939b1f-23bc-4580-8243-8a161cd82382 - - - - -] glance.keyfile = None log_opt_values /usr/lib/python3/dist-packages/oslo_config/cfg.py:2609
2025-12-01 00:38:33.458 162999 DEBUG oslo_service.service [req-04939b1f-23bc-4580-8243-8a161cd82382 - - - - -] glance.max_version = None log_opt_values /usr/lib/python3/dist-packages/oslo_config/cfg.py:2609
2025-12-01 00:38:33.458 162999 DEBUG oslo_service.service [req-04939b1f-23bc-4580-8243-8a161cd82382 - - - - -] glance.min_version = None log_opt_values /usr/lib/python3/dist-packages/oslo_config/cfg.py:2609
2025-12-01 00:38:33.458 162999 DEBUG oslo_service.service [req-04939b1f-23bc-4580-8243-8a161cd82382 - - - - -] glance.num_retries = 3 log_opt_values /usr/lib/python3/dist-packages/oslo_config/cfg.py:2609
2025-12-01 00:38:33.459 162999 DEBUG oslo_service.service [req-04939b1f-23bc-4580-8243-8a161cd82382 - - - - -] glance.rbd_ceph_conf = log_opt_values /usr/lib/python3/dist-packages/oslo_config/cfg.py:2609
2025-12-01 00:38:33.459 162999 DEBUG oslo_service.service [req-04939b1f-23bc-4580-8243-8a161cd82382 - - - - -] glance.rbd_connect_timeout = 5 log_opt_values /usr/lib/python3/dist-packages/oslo_config/cfg.py:2609
2025-12-01 00:38:33.459 162999 DEBUG oslo_service.service [req-04939b1f-23bc-4580-8243-8a161cd82382 - - - - -] glance.rbd_pool = log_opt_values /usr/lib/python3/dist-packages/oslo_config/cfg.py:2609
2025-12-01 00:38:33.459 162999 DEBUG oslo_service.service [req-04939b1f-23bc-4580-8243-8a161cd82382 - - - - -] glance.rbd_user = log_opt_values /usr/lib/python3/dist-packages/oslo_config/cfg.py:2609
2025-12-01 00:38:33.459 162999 DEBUG oslo_service.service [req-04939b1f-23bc-4580-8243-8a161cd82382 - - - - -] glance.region_name = None log_opt_values /usr/lib/python3/dist-packages/oslo_config/cfg.py:2609
2025-12-01 00:38:33.460 162999 DEBUG oslo_service.service [req-04939b1f-23bc-4580-8243-8a161cd82382 - - - - -] glance.service_name = None log_opt_values /usr/lib/python3/dist-packages/oslo_config/cfg.py:2609
2025-12-01 00:38:33.460 162999 DEBUG oslo_service.service [req-04939b1f-23bc-4580-8243-8a161cd82382 - - - - -] glance.service_type = image log_opt_values /usr/lib/python3/dist-packages/oslo_config/cfg.py:2609
2025-12-01 00:38:33.460 162999 DEBUG oslo_service.service [req-04939b1f-23bc-4580-8243-8a161cd82382 - - - - -] glance.split_loggers = False log_opt_values /usr/lib/python3/dist-packages/oslo_config/cfg.py:2609
2025-12-01 00:38:33.460 162999 DEBUG oslo_service.service [req-04939b1f-23bc-4580-8243-8a161cd82382 - - - - -] glance.status_code_retries = None log_opt_values /usr/lib/python3/dist-packages/oslo_config/cfg.py:2609
2025-12-01 00:38:33.460 162999 DEBUG oslo_service.service [req-04939b1f-23bc-4580-8243-8a161cd82382 - - - - -] glance.status_code_retry_delay = None log_opt_values /usr/lib/python3/dist-packages/oslo_config/cfg.py:2609
2025-12-01 00:38:33.461 162999 DEBUG oslo_service.service [req-04939b1f-23bc-4580-8243-8a161cd82382 - - - - -] glance.timeout = None log_opt_values /usr/lib/python3/dist-packages/oslo_config/cfg.py:2609
2025-12-01 00:38:33.461 162999 DEBUG oslo_service.service [req-04939b1f-23bc-4580-8243-8a161cd82382 - - - - -] glance.valid_interfaces = ['internal', 'public'] log_opt_values /usr/lib/python3/dist-packages/oslo_config/cfg.py:2609
2025-12-01 00:38:33.461 162999 DEBUG oslo_service.service [req-04939b1f-23bc-4580-8243-8a161cd82382 - - - - -] glance.verify_glance_signatures = False log_opt_values /usr/lib/python3/dist-packages/oslo_config/cfg.py:2609
2025-12-01 00:38:33.461 162999 DEBUG oslo_service.service [req-04939b1f-23bc-4580-8243-8a161cd82382 - - - - -] glance.version = None log_opt_values /usr/lib/python3/dist-packages/oslo_config/cfg.py:2609
2025-12-01 00:38:33.462 162999 DEBUG oslo_service.service [req-04939b1f-23bc-4580-8243-8a161cd82382 - - - - -] guestfs.debug = False log_opt_values /usr/lib/python3/dist-packages/oslo_config/cfg.py:2609
2025-12-01 00:38:33.462 162999 DEBUG oslo_service.service [req-04939b1f-23bc-4580-8243-8a161cd82382 - - - - -] hyperv.config_drive_cdrom = False log_opt_values /usr/lib/python3/dist-packages/oslo_config/cfg.py:2609
2025-12-01 00:38:33.462 162999 DEBUG oslo_service.service [req-04939b1f-23bc-4580-8243-8a161cd82382 - - - - -] hyperv.config_drive_inject_password = False log_opt_values /usr/lib/python3/dist-packages/oslo_config/cfg.py:2609
2025-12-01 00:38:33.462 162999 DEBUG oslo_service.service [req-04939b1f-23bc-4580-8243-8a161cd82382 - - - - -] hyperv.dynamic_memory_ratio = 1.0 log_opt_values /usr/lib/python3/dist-packages/oslo_config/cfg.py:2609
2025-12-01 00:38:33.462 162999 DEBUG oslo_service.service [req-04939b1f-23bc-4580-8243-8a161cd82382 - - - - -] hyperv.enable_instance_metrics_collection = False log_opt_values /usr/lib/python3/dist-packages/oslo_config/cfg.py:2609
2025-12-01 00:38:33.462 162999 DEBUG oslo_service.service [req-04939b1f-23bc-4580-8243-8a161cd82382 - - - - -] hyperv.enable_remotefx = False log_opt_values /usr/lib/python3/dist-packages/oslo_config/cfg.py:2609
2025-12-01 00:38:33.463 162999 DEBUG oslo_service.service [req-04939b1f-23bc-4580-8243-8a161cd82382 - - - - -] hyperv.instances_path_share = log_opt_values /usr/lib/python3/dist-packages/oslo_config/cfg.py:2609
2025-12-01 00:38:33.463 162999 DEBUG oslo_service.service [req-04939b1f-23bc-4580-8243-8a161cd82382 - - - - -] hyperv.iscsi_initiator_list = [] log_opt_values /usr/lib/python3/dist-packages/oslo_config/cfg.py:2609
2025-12-01 00:38:33.463 162999 DEBUG oslo_service.service [req-04939b1f-23bc-4580-8243-8a161cd82382 - - - - -] hyperv.limit_cpu_features = False log_opt_values /usr/lib/python3/dist-packages/oslo_config/cfg.py:2609
2025-12-01 00:38:33.463 162999 DEBUG oslo_service.service [req-04939b1f-23bc-4580-8243-8a161cd82382 - - - - -] hyperv.mounted_disk_query_retry_count = 10 log_opt_values /usr/lib/python3/dist-packages/oslo_config/cfg.py:2609
2025-12-01 00:38:33.463 162999 DEBUG oslo_service.service [req-04939b1f-23bc-4580-8243-8a161cd82382 - - - - -] hyperv.mounted_disk_query_retry_interval = 5 log_opt_values /usr/lib/python3/dist-packages/oslo_config/cfg.py:2609
2025-12-01 00:38:33.464 162999 DEBUG oslo_service.service [req-04939b1f-23bc-4580-8243-8a161cd82382 - - - - -] hyperv.power_state_check_timeframe = 60 log_opt_values /usr/lib/python3/dist-packages/oslo_config/cfg.py:2609
2025-12-01 00:38:33.464 162999 DEBUG oslo_service.service [req-04939b1f-23bc-4580-8243-8a161cd82382 - - - - -] hyperv.power_state_event_polling_interval = 2 log_opt_values /usr/lib/python3/dist-packages/oslo_config/cfg.py:2609
2025-12-01 00:38:33.464 162999 DEBUG oslo_service.service [req-04939b1f-23bc-4580-8243-8a161cd82382 - - - - -] hyperv.qemu_img_cmd = qemu-img.exe log_opt_values /usr/lib/python3/dist-packages/oslo_config/cfg.py:2609
2025-12-01 00:38:33.464 162999 DEBUG oslo_service.service [req-04939b1f-23bc-4580-8243-8a161cd82382 - - - - -] hyperv.use_multipath_io = False log_opt_values /usr/lib/python3/dist-packages/oslo_config/cfg.py:2609
2025-12-01 00:38:33.464 162999 DEBUG oslo_service.service [req-04939b1f-23bc-4580-8243-8a161cd82382 - - - - -] hyperv.volume_attach_retry_count = 10 log_opt_values /usr/lib/python3/dist-packages/oslo_config/cfg.py:2609
2025-12-01 00:38:33.464 162999 DEBUG oslo_service.service [req-04939b1f-23bc-4580-8243-8a161cd82382 - - - - -] hyperv.volume_attach_retry_interval = 5 log_opt_values /usr/lib/python3/dist-packages/oslo_config/cfg.py:2609
2025-12-01 00:38:33.465 162999 DEBUG oslo_service.service [req-04939b1f-23bc-4580-8243-8a161cd82382 - - - - -] hyperv.vswitch_name = None log_opt_values /usr/lib/python3/dist-packages/oslo_config/cfg.py:2609
2025-12-01 00:38:33.465 162999 DEBUG oslo_service.service [req-04939b1f-23bc-4580-8243-8a161cd82382 - - - - -] hyperv.wait_soft_reboot_seconds = 60 log_opt_values /usr/lib/python3/dist-packages/oslo_config/cfg.py:2609
2025-12-01 00:38:33.465 162999 DEBUG oslo_service.service [req-04939b1f-23bc-4580-8243-8a161cd82382 - - - - -] mks.enabled = False log_opt_values /usr/lib/python3/dist-packages/oslo_config/cfg.py:2609
2025-12-01 00:38:33.465 163392 DEBUG oslo_messaging._drivers.amqpdriver [-] Listener is running poll /usr/lib/python3/dist-packages/oslo_messaging/_drivers/amqpdriver.py:343
2025-12-01 00:38:33.466 163392 DEBUG oslo_messaging._drivers.amqpdriver [-] AMQPListener connection consume poll /usr/lib/python3/dist-packages/oslo_messaging/_drivers/amqpdriver.py:357
2025-12-01 00:38:33.466 163392 DEBUG nova.service [req-e870686b-63a1-4631-bc13-24b6e28b5257 - - - - -] Join ServiceGroup membership for this service conductor start /usr/lib/python3/dist-packages/nova/service.py:199
2025-12-01 00:38:33.466 162999 DEBUG oslo_service.service [req-04939b1f-23bc-4580-8243-8a161cd82382 - - - - -] mks.mksproxy_base_url = http://127.0.0.1:6090/ log_opt_values /usr/lib/python3/dist-packages/oslo_config/cfg.py:2609
2025-12-01 00:38:33.467 163392 DEBUG nova.servicegroup.drivers.db [req-e870686b-63a1-4631-bc13-24b6e28b5257 - - - - -] DB_Driver: join new ServiceGroup member juju-7d17ec-0-lxd-7 to the conductor group, service = join /usr/lib/python3/dist-packages/nova/servicegroup/drivers/db.py:44
2025-12-01 00:38:33.467 162999 DEBUG oslo_service.service [req-04939b1f-23bc-4580-8243-8a161cd82382 - - - - -] image_cache.manager_interval = 2400 log_opt_values /usr/lib/python3/dist-packages/oslo_config/cfg.py:2609
2025-12-01 00:38:33.467 162999 DEBUG oslo_service.service [req-04939b1f-23bc-4580-8243-8a161cd82382 - - - - -] image_cache.precache_concurrency = 1 log_opt_values /usr/lib/python3/dist-packages/oslo_config/cfg.py:2609
2025-12-01 00:38:33.467 162999 DEBUG oslo_service.service [req-04939b1f-23bc-4580-8243-8a161cd82382 - - - - -] image_cache.remove_unused_base_images = True log_opt_values /usr/lib/python3/dist-packages/oslo_config/cfg.py:2609
