2025-12-01 00:38:48.080 168195 DEBUG oslo_service.service [req-c1b85dcd-caab-4fe4-ba2e-7c0219c27354 - - - - -] glance.api_servers = ['http://252.241.105.201:9292'] log_opt_values /usr/lib/python3/dist-packages/oslo_config/cfg.py:2609
2025-12-01 00:38:48.081 168195 DEBUG oslo_service.service [req-c1b85dcd-caab-4fe4-ba2e-7c0219c27354 - - - - -] glance.cafile = None log_opt_values /usr/lib/python3/dist-packages/oslo_config/cfg.py:2609
2025-12-01 00:38:48.081 168195 DEBUG oslo_service.service [req-c1b85dcd-caab-4fe4-ba2e-7c0219c27354 - - - - -] glance.certfile = None log_opt_values /usr/lib/python3/dist-packages/oslo_config/cfg.py:2609
2025-12-01 00:38:48.081 168195 DEBUG oslo_service.service [req-c1b85dcd-caab-4fe4-ba2e-7c0219c27354 - - - - -] glance.collect_timing = False log_opt_values /usr/lib/python3/dist-packages/oslo_config/cfg.py:2609
2025-12-01 00:38:48.081 168195 DEBUG oslo_service.service [req-c1b85dcd-caab-4fe4-ba2e-7c0219c27354 - - - - -] glance.connect_retries = None log_opt_values /usr/lib/python3/dist-packages/oslo_config/cfg.py:2609
2025-12-01 00:38:48.081 168195 DEBUG oslo_service.service [req-c1b85dcd-caab-4fe4-ba2e-7c0219c27354 - - - - -] glance.connect_retry_delay = None log_opt_values /usr/lib/python3/dist-packages/oslo_config/cfg.py:2609
2025-12-01 00:38:48.081 168195 DEBUG oslo_service.service [req-c1b85dcd-caab-4fe4-ba2e-7c0219c27354 - - - - -] glance.debug = False log_opt_values /usr/lib/python3/dist-packages/oslo_config/cfg.py:2609
2025-12-01 00:38:48.082 168195 DEBUG oslo_service.service [req-c1b85dcd-caab-4fe4-ba2e-7c0219c27354 - - - - -] glance.default_trusted_certificate_ids = [] log_opt_values /usr/lib/python3/dist-packages/oslo_config/cfg.py:2609
2025-12-01 00:38:48.081 168632 DEBUG oslo_messaging._drivers.amqpdriver [-] received message msg_id: 7294a64e5f1c4abca3056e5fc4a9122a reply to reply_c2a3e86a921a4ba99ab1e77f5608a6fa __call__ /usr/lib/python3/dist-packages/oslo_messaging/_drivers/amqpdriver.py:320
2025-12-01 00:38:48.082 168195 DEBUG oslo_service.service [req-c1b85dcd-caab-4fe4-ba2e-7c0219c27354 - - - - -] glance.enable_certificate_validation = False log_opt_values /usr/lib/python3/dist-packages/oslo_config/cfg.py:2609
2025-12-01 00:38:48.082 168195 DEBUG oslo_service.service [req-c1b85dcd-caab-4fe4-ba2e-7c0219c27354 - - - - -] glance.enable_rbd_download = False log_opt_values /usr/lib/python3/dist-packages/oslo_config/cfg.py:2609
2025-12-01 00:38:48.082 168195 DEBUG oslo_service.service [req-c1b85dcd-caab-4fe4-ba2e-7c0219c27354 - - - - -] glance.endpoint_override = None log_opt_values /usr/lib/python3/dist-packages/oslo_config/cfg.py:2609
2025-12-01 00:38:48.083 168195 DEBUG oslo_service.service [req-c1b85dcd-caab-4fe4-ba2e-7c0219c27354 - - - - -] glance.insecure = False log_opt_values /usr/lib/python3/dist-packages/oslo_config/cfg.py:2609
2025-12-01 00:38:48.083 168195 DEBUG oslo_service.service [req-c1b85dcd-caab-4fe4-ba2e-7c0219c27354 - - - - -] glance.keyfile = None log_opt_values /usr/lib/python3/dist-packages/oslo_config/cfg.py:2609
2025-12-01 00:38:48.083 168195 DEBUG oslo_service.service [req-c1b85dcd-caab-4fe4-ba2e-7c0219c27354 - - - - -] glance.max_version = None log_opt_values /usr/lib/python3/dist-packages/oslo_config/cfg.py:2609
2025-12-01 00:38:48.083 168195 DEBUG oslo_service.service [req-c1b85dcd-caab-4fe4-ba2e-7c0219c27354 - - - - -] glance.min_version = None log_opt_values /usr/lib/python3/dist-packages/oslo_config/cfg.py:2609
2025-12-01 00:38:48.084 168195 DEBUG oslo_service.service [req-c1b85dcd-caab-4fe4-ba2e-7c0219c27354 - - - - -] glance.num_retries = 3 log_opt_values /usr/lib/python3/dist-packages/oslo_config/cfg.py:2609
2025-12-01 00:38:48.084 168195 DEBUG oslo_service.service [req-c1b85dcd-caab-4fe4-ba2e-7c0219c27354 - - - - -] glance.rbd_ceph_conf = log_opt_values /usr/lib/python3/dist-packages/oslo_config/cfg.py:2609
2025-12-01 00:38:48.084 168195 DEBUG oslo_service.service [req-c1b85dcd-caab-4fe4-ba2e-7c0219c27354 - - - - -] glance.rbd_connect_timeout = 5 log_opt_values /usr/lib/python3/dist-packages/oslo_config/cfg.py:2609
2025-12-01 00:38:48.084 168195 DEBUG oslo_service.service [req-c1b85dcd-caab-4fe4-ba2e-7c0219c27354 - - - - -] glance.rbd_pool = log_opt_values /usr/lib/python3/dist-packages/oslo_config/cfg.py:2609
2025-12-01 00:38:48.085 168195 DEBUG oslo_service.service [req-c1b85dcd-caab-4fe4-ba2e-7c0219c27354 - - - - -] glance.rbd_user = log_opt_values /usr/lib/python3/dist-packages/oslo_config/cfg.py:2609
2025-12-01 00:38:48.085 168195 DEBUG oslo_service.service [req-c1b85dcd-caab-4fe4-ba2e-7c0219c27354 - - - - -] glance.region_name = None log_opt_values /usr/lib/python3/dist-packages/oslo_config/cfg.py:2609
2025-12-01 00:38:48.085 168195 DEBUG oslo_service.service [req-c1b85dcd-caab-4fe4-ba2e-7c0219c27354 - - - - -] glance.service_name = None log_opt_values /usr/lib/python3/dist-packages/oslo_config/cfg.py:2609
2025-12-01 00:38:48.085 168195 DEBUG oslo_service.service [req-c1b85dcd-caab-4fe4-ba2e-7c0219c27354 - - - - -] glance.service_type = image log_opt_values /usr/lib/python3/dist-packages/oslo_config/cfg.py:2609
2025-12-01 00:38:48.085 168195 DEBUG oslo_service.service [req-c1b85dcd-caab-4fe4-ba2e-7c0219c27354 - - - - -] glance.split_loggers = False log_opt_values /usr/lib/python3/dist-packages/oslo_config/cfg.py:2609
2025-12-01 00:38:48.085 168195 DEBUG oslo_service.service [req-c1b85dcd-caab-4fe4-ba2e-7c0219c27354 - - - - -] glance.status_code_retries = None log_opt_values /usr/lib/python3/dist-packages/oslo_config/cfg.py:2609
2025-12-01 00:38:48.086 168195 DEBUG oslo_service.service [req-c1b85dcd-caab-4fe4-ba2e-7c0219c27354 - - - - -] glance.status_code_retry_delay = None log_opt_values /usr/lib/python3/dist-packages/oslo_config/cfg.py:2609
2025-12-01 00:38:48.085 168632 DEBUG oslo_messaging._drivers.amqpdriver [-] AMQPListener connection timeout poll /usr/lib/python3/dist-packages/oslo_messaging/_drivers/amqpdriver.py:360
2025-12-01 00:38:48.086 168195 DEBUG oslo_service.service [req-c1b85dcd-caab-4fe4-ba2e-7c0219c27354 - - - - -] glance.timeout = None log_opt_values /usr/lib/python3/dist-packages/oslo_config/cfg.py:2609
2025-12-01 00:38:48.086 168632 DEBUG oslo_messaging._drivers.amqpdriver [-] Listener is running poll /usr/lib/python3/dist-packages/oslo_messaging/_drivers/amqpdriver.py:343
2025-12-01 00:38:48.086 168632 DEBUG oslo_messaging._drivers.amqpdriver [-] Poll the incoming message with unique_id: 711ee106f0fb4b499bd6f646f7b44637 poll /usr/lib/python3/dist-packages/oslo_messaging/_drivers/amqpdriver.py:346
2025-12-01 00:38:48.086 168195 DEBUG oslo_service.service [req-c1b85dcd-caab-4fe4-ba2e-7c0219c27354 - - - - -] glance.valid_interfaces = ['internal', 'public'] log_opt_values /usr/lib/python3/dist-packages/oslo_config/cfg.py:2609
2025-12-01 00:38:48.086 168195 DEBUG oslo_service.service [req-c1b85dcd-caab-4fe4-ba2e-7c0219c27354 - - - - -] glance.verify_glance_signatures = False log_opt_values /usr/lib/python3/dist-packages/oslo_config/cfg.py:2609
2025-12-01 00:38:48.086 168632 DEBUG oslo_messaging._drivers.amqpdriver [-] Listener is running poll /usr/lib/python3/dist-packages/oslo_messaging/_drivers/amqpdriver.py:343
2025-12-01 00:38:48.086 168195 DEBUG oslo_service.service [req-c1b85dcd-caab-4fe4-ba2e-7c0219c27354 - - - - -] glance.version = None log_opt_values /usr/lib/python3/dist-packages/oslo_config/cfg.py:2609
2025-12-01 00:38:48.086 168632 DEBUG oslo_messaging._drivers.amqpdriver [-] AMQPListener connection consume poll /usr/lib/python3/dist-packages/oslo_messaging/_drivers/amqpdriver.py:357
2025-12-01 00:38:48.086 168195 DEBUG oslo_service.service [req-c1b85dcd-caab-4fe4-ba2e-7c0219c27354 - - - - -] guestfs.debug = False log_opt_values /usr/lib/python3/dist-packages/oslo_config/cfg.py:2609
2025-12-01 00:38:48.087 168195 DEBUG oslo_service.service [req-c1b85dcd-caab-4fe4-ba2e-7c0219c27354 - - - - -] hyperv.config_drive_cdrom = False log_opt_values /usr/lib/python3/dist-packages/oslo_config/cfg.py:2609
2025-12-01 00:38:48.087 168195 DEBUG oslo_service.service [req-c1b85dcd-caab-4fe4-ba2e-7c0219c27354 - - - - -] hyperv.config_drive_inject_password = False log_opt_values /usr/lib/python3/dist-packages/oslo_config/cfg.py:2609
2025-12-01 00:38:48.087 168195 DEBUG oslo_service.service [req-c1b85dcd-caab-4fe4-ba2e-7c0219c27354 - - - - -] hyperv.dynamic_memory_ratio = 1.0 log_opt_values /usr/lib/python3/dist-packages/oslo_config/cfg.py:2609
2025-12-01 00:38:48.087 168195 DEBUG oslo_service.service [req-c1b85dcd-caab-4fe4-ba2e-7c0219c27354 - - - - -] hyperv.enable_instance_metrics_collection = False log_opt_values /usr/lib/python3/dist-packages/oslo_config/cfg.py:2609
2025-12-01 00:38:48.087 168195 DEBUG oslo_service.service [req-c1b85dcd-caab-4fe4-ba2e-7c0219c27354 - - - - -] hyperv.enable_remotefx = False log_opt_values /usr/lib/python3/dist-packages/oslo_config/cfg.py:2609
2025-12-01 00:38:48.088 168195 DEBUG oslo_service.service [req-c1b85dcd-caab-4fe4-ba2e-7c0219c27354 - - - - -] hyperv.instances_path_share = log_opt_values /usr/lib/python3/dist-packages/oslo_config/cfg.py:2609
2025-12-01 00:38:48.088 168195 DEBUG oslo_service.service [req-c1b85dcd-caab-4fe4-ba2e-7c0219c27354 - - - - -] hyperv.iscsi_initiator_list = [] log_opt_values /usr/lib/python3/dist-packages/oslo_config/cfg.py:2609
2025-12-01 00:38:48.088 168195 DEBUG oslo_service.service [req-c1b85dcd-caab-4fe4-ba2e-7c0219c27354 - - - - -] hyperv.limit_cpu_features = False log_opt_values /usr/lib/python3/dist-packages/oslo_config/cfg.py:2609
2025-12-01 00:38:48.088 168195 DEBUG oslo_service.service [req-c1b85dcd-caab-4fe4-ba2e-7c0219c27354 - - - - -] hyperv.mounted_disk_query_retry_count = 10 log_opt_values /usr/lib/python3/dist-packages/oslo_config/cfg.py:2609
2025-12-01 00:38:48.089 168195 DEBUG oslo_service.service [req-c1b85dcd-caab-4fe4-ba2e-7c0219c27354 - - - - -] hyperv.mounted_disk_query_retry_interval = 5 log_opt_values /usr/lib/python3/dist-packages/oslo_config/cfg.py:2609
2025-12-01 00:38:48.089 168195 DEBUG oslo_service.service [req-c1b85dcd-caab-4fe4-ba2e-7c0219c27354 - - - - -] hyperv.power_state_check_timeframe = 60 log_opt_values /usr/lib/python3/dist-packages/oslo_config/cfg.py:2609
2025-12-01 00:38:48.089 168195 DEBUG oslo_service.service [req-c1b85dcd-caab-4fe4-ba2e-7c0219c27354 - - - - -] hyperv.power_state_event_polling_interval = 2 log_opt_values /usr/lib/python3/dist-packages/oslo_config/cfg.py:2609
2025-12-01 00:38:48.089 168195 DEBUG oslo_service.service [req-c1b85dcd-caab-4fe4-ba2e-7c0219c27354 - - - - -] hyperv.qemu_img_cmd = qemu-img.exe log_opt_values /usr/lib/python3/dist-packages/oslo_config/cfg.py:2609
2025-12-01 00:38:48.089 168195 DEBUG oslo_service.service [req-c1b85dcd-caab-4fe4-ba2e-7c0219c27354 - - - - -] hyperv.use_multipath_io = False log_opt_values /usr/lib/python3/dist-packages/oslo_config/cfg.py:2609
2025-12-01 00:38:48.089 168195 DEBUG oslo_service.service [req-c1b85dcd-caab-4fe4-ba2e-7c0219c27354 - - - - -] hyperv.volume_attach_retry_count = 10 log_opt_values /usr/lib/python3/dist-packages/oslo_config/cfg.py:2609
2025-12-01 00:38:48.090 168195 DEBUG oslo_service.service [req-c1b85dcd-caab-4fe4-ba2e-7c0219c27354 - - - - -] hyperv.volume_attach_retry_interval = 5 log_opt_values /usr/lib/python3/dist-packages/oslo_config/cfg.py:2609
2025-12-01 00:38:48.090 168195 DEBUG oslo_service.service [req-c1b85dcd-caab-4fe4-ba2e-7c0219c27354 - - - - -] hyperv.vswitch_name = None log_opt_values /usr/lib/python3/dist-packages/oslo_config/cfg.py:2609
2025-12-01 00:38:48.090 168195 DEBUG oslo_service.service [req-c1b85dcd-caab-4fe4-ba2e-7c0219c27354 - - - - -] hyperv.wait_soft_reboot_seconds = 60 log_opt_values /usr/lib/python3/dist-packages/oslo_config/cfg.py:2609
2025-12-01 00:38:48.090 168195 DEBUG oslo_service.service [req-c1b85dcd-caab-4fe4-ba2e-7c0219c27354 - - - - -] mks.enabled = False log_opt_values /usr/lib/python3/dist-packages/oslo_config/cfg.py:2609
2025-12-01 00:38:48.091 168195 DEBUG oslo_service.service [req-c1b85dcd-caab-4fe4-ba2e-7c0219c27354 - - - - -] mks.mksproxy_base_url = http://127.0.0.1:6090/ log_opt_values /usr/lib/python3/dist-packages/oslo_config/cfg.py:2609
2025-12-01 00:38:48.091 168195 DEBUG oslo_service.service [req-c1b85dcd-caab-4fe4-ba2e-7c0219c27354 - - - - -] image_cache.manager_interval = 2400 log_opt_values /usr/lib/python3/dist-packages/oslo_config/cfg.py:2609
2025-12-01 00:38:48.091 168195 DEBUG oslo_service.service [req-c1b85dcd-caab-4fe4-ba2e-7c0219c27354 - - - - -] image_cache.precache_concurrency = 1 log_opt_values /usr/lib/python3/dist-packages/oslo_config/cfg.py:2609
2025-12-01 00:38:48.091 168195 DEBUG oslo_service.service [req-c1b85dcd-caab-4fe4-ba2e-7c0219c27354 - - - - -] image_cache.remove_unused_base_images = True log_opt_values /usr/lib/python3/dist-packages/oslo_config/cfg.py:2609
2025-12-01 00:38:48.091 168635 DEBUG oslo_messaging._drivers.amqpdriver [-] Listener is running poll /usr/lib/python3/dist-packages/oslo_messaging/_drivers/amqpdriver.py:343
2025-12-01 00:38:48.092 168635 DEBUG oslo_messaging._drivers.amqpdriver [-] AMQPListener connection consume poll /usr/lib/python3/dist-packages/oslo_messaging/_drivers/amqpdriver.py:357
2025-12-01 00:38:48.092 168195 DEBUG oslo_service.service [req-c1b85dcd-caab-4fe4-ba2e-7c0219c27354 - - - - -] image_cache.remove_unused_original_minimum_age_seconds = 86400 log_opt_values /usr/lib/python3/dist-packages/oslo_config/cfg.py:2609
2025-12-01 00:38:48.092 168195 DEBUG oslo_service.service [req-c1b85dcd-caab-4fe4-ba2e-7c0219c27354 - - - - -] image_cache.remove_unused_resized_minimum_age_seconds = 3600 log_opt_values /usr/lib/python3/dist-packages/oslo_config/cfg.py:2609
2025-12-01 00:38:48.092 168195 DEBUG oslo_service.service [req-c1b85dcd-caab-4fe4-ba2e-7c0219c27354 - - - - -] image_cache.subdirectory_name = _base log_opt_values /usr/lib/python3/dist-packages/oslo_config/cfg.py:2609
2025-12-01 00:38:48.092 168195 DEBUG oslo_service.service [req-c1b85dcd-caab-4fe4-ba2e-7c0219c27354 - - - - -] ironic.api_max_retries = 60 log_opt_values /usr/lib/python3/dist-packages/oslo_config/cfg.py:2609
2025-12-01 00:38:48.092 168195 DEBUG oslo_service.service [req-c1b85dcd-caab-4fe4-ba2e-7c0219c27354 - - - - -] ironic.api_retry_interval = 2 log_opt_values /usr/lib/python3/dist-packages/oslo_config/cfg.py:2609
2025-12-01 00:38:48.093 168195 DEBUG oslo_service.service [req-c1b85dcd-caab-4fe4-ba2e-7c0219c27354 - - - - -] ironic.auth_section = None log_opt_values /usr/lib/python3/dist-packages/oslo_config/cfg.py:2609
2025-12-01 00:38:48.093 168195 DEBUG oslo_service.service [req-c1b85dcd-caab-4fe4-ba2e-7c0219c27354 - - - - -] ironic.auth_type = None log_opt_values /usr/lib/python3/dist-packages/oslo_config/cfg.py:2609
2025-12-01 00:38:48.092 168635 DEBUG nova.service [req-c078a4d5-7518-4545-a112-857beb122171 - - - - -] Join ServiceGroup membership for this service conductor start /usr/lib/python3/dist-packages/nova/service.py:199
2025-12-01 00:38:48.093 168195 DEBUG oslo_service.service [req-c1b85dcd-caab-4fe4-ba2e-7c0219c27354 - - - - -] ironic.cafile = None log_opt_values /usr/lib/python3/dist-packages/oslo_config/cfg.py:2609
2025-12-01 00:38:48.093 168195 DEBUG oslo_service.service [req-c1b85dcd-caab-4fe4-ba2e-7c0219c27354 - - - - -] ironic.certfile = None log_opt_values /usr/lib/python3/dist-packages/oslo_config/cfg.py:2609
2025-12-01 00:38:48.093 168635 DEBUG nova.servicegroup.drivers.db [req-c078a4d5-7518-4545-a112-857beb122171 - - - - -] DB_Driver: join new ServiceGroup member juju-7d17ec-0-lxd-7 to the conductor group, service = join /usr/lib/python3/dist-packages/nova/servicegroup/drivers/db.py:44
2025-12-01 00:38:48.093 168195 DEBUG oslo_service.service [req-c1b85dcd-caab-4fe4-ba2e-7c0219c27354 - - - - -] ironic.collect_timing = False log_opt_values /usr/lib/python3/dist-packages/oslo_config/cfg.py:2609
2025-12-01 00:38:48.093 168195 DEBUG oslo_service.service [req-c1b85dcd-caab-4fe4-ba2e-7c0219c27354 - - - - -] ironic.connect_retries = None log_opt_values /usr/lib/python3/dist-packages/oslo_config/cfg.py:2609
2025-12-01 00:38:48.094 168195 DEBUG oslo_service.service [req-c1b85dcd-caab-4fe4-ba2e-7c0219c27354 - - - - -] ironic.connect_retry_delay = None log_opt_values /usr/lib/python3/dist-packages/oslo_config/cfg.py:2609
2025-12-01 00:38:48.094 168195 DEBUG oslo_service.service [req-c1b85dcd-caab-4fe4-ba2e-7c0219c27354 - - - - -] ironic.endpoint_override = None log_opt_values /usr/lib/python3/dist-packages/oslo_config/cfg.py:2609
2025-12-01 00:38:48.094 168195 DEBUG oslo_service.service [req-c1b85dcd-caab-4fe4-ba2e-7c0219c27354 - - - - -] ironic.insecure = False log_opt_values /usr/lib/python3/dist-packages/oslo_config/cfg.py:2609
2025-12-01 00:38:48.094 168195 DEBUG oslo_service.service [req-c1b85dcd-caab-4fe4-ba2e-7c0219c27354 - - - - -] ironic.keyfile = None log_opt_values /usr/lib/python3/dist-packages/oslo_config/cfg.py:2609
2025-12-01 00:38:48.094 168195 DEBUG oslo_service.service [req-c1b85dcd-caab-4fe4-ba2e-7c0219c27354 - - - - -] ironic.max_version = None log_opt_values /usr/lib/python3/dist-packages/oslo_config/cfg.py:2609
2025-12-01 00:38:48.094 168195 DEBUG oslo_service.service [req-c1b85dcd-caab-4fe4-ba2e-7c0219c27354 - - - - -] ironic.min_version = None log_opt_values /usr/lib/python3/dist-packages/oslo_config/cfg.py:2609
2025-12-01 00:38:48.095 168195 DEBUG oslo_service.service [req-c1b85dcd-caab-4fe4-ba2e-7c0219c27354 - - - - -] ironic.partition_key = None log_opt_values /usr/lib/python3/dist-packages/oslo_config/cfg.py:2609
2025-12-01 00:38:48.095 168195 DEBUG oslo_service.service [req-c1b85dcd-caab-4fe4-ba2e-7c0219c27354 - - - - -] ironic.peer_list = [] log_opt_values /usr/lib/python3/dist-packages/oslo_config/cfg.py:2609
2025-12-01 00:38:48.095 168195 DEBUG oslo_service.service [req-c1b85dcd-caab-4fe4-ba2e-7c0219c27354 - - - - -] ironic.region_name = None log_opt_values /usr/lib/python3/dist-packages/oslo_config/cfg.py:2609
2025-12-01 00:38:48.095 168195 DEBUG oslo_service.service [req-c1b85dcd-caab-4fe4-ba2e-7c0219c27354 - - - - -] ironic.serial_console_state_timeout = 10 log_opt_values /usr/lib/python3/dist-packages/oslo_config/cfg.py:2609
2025-12-01 00:38:48.095 168632 DEBUG oslo_messaging._drivers.amqpdriver [req-aa04c928-2c88-4614-b5ea-7be0151cc111 - - - - -] sending reply msg_id: 7294a64e5f1c4abca3056e5fc4a9122a reply queue: reply_c2a3e86a921a4ba99ab1e77f5608a6fa time elapsed: 0.013042388000030769s _send_reply /usr/lib/python3/dist-packages/oslo_messaging/_drivers/amqpdriver.py:118
2025-12-01 00:38:48.095 168195 DEBUG oslo_service.service [req-c1b85dcd-caab-4fe4-ba2e-7c0219c27354 - - - - -] ironic.service_name = None log_opt_values /usr/lib/python3/dist-packages/oslo_config/cfg.py:2609
2025-12-01 00:38:48.095 168195 DEBUG oslo_service.service [req-c1b85dcd-caab-4fe4-ba2e-7c0219c27354 - - - - -] ironic.service_type = baremetal log_opt_values /usr/lib/python3/dist-packages/oslo_config/cfg.py:2609
2025-12-01 00:38:48.096 168195 DEBUG oslo_service.service [req-c1b85dcd-caab-4fe4-ba2e-7c0219c27354 - - - - -] ironic.split_loggers = False log_opt_values /usr/lib/python3/dist-packages/oslo_config/cfg.py:2609
2025-12-01 00:38:48.096 168635 DEBUG oslo_messaging._drivers.amqpdriver [-] AMQPListener connection timeout poll /usr/lib/python3/dist-packages/oslo_messaging/_drivers/amqpdriver.py:360
2025-12-01 00:38:48.096 168195 DEBUG oslo_service.service [req-c1b85dcd-caab-4fe4-ba2e-7c0219c27354 - - - - -] ironic.status_code_retries = None log_opt_values /usr/lib/python3/dist-packages/oslo_config/cfg.py:2609
2025-12-01 00:38:48.096 168635 DEBUG oslo_messaging._drivers.amqpdriver [-] Listener is running poll /usr/lib/python3/dist-packages/oslo_messaging/_drivers/amqpdriver.py:343
2025-12-01 00:38:48.096 168195 DEBUG oslo_service.service [req-c1b85dcd-caab-4fe4-ba2e-7c0219c27354 - - - - -] ironic.status_code_retry_delay = None log_opt_values /usr/lib/python3/dist-packages/oslo_config/cfg.py:2609
2025-12-01 00:38:48.096 168635 DEBUG oslo_messaging._drivers.amqpdriver [-] AMQPListener connection consume poll /usr/lib/python3/dist-packages/oslo_messaging/_drivers/amqpdriver.py:357
2025-12-01 00:38:48.096 168195 DEBUG oslo_service.service [req-c1b85dcd-caab-4fe4-ba2e-7c0219c27354 - - - - -] ironic.timeout = None log_opt_values /usr/lib/python3/dist-packages/oslo_config/cfg.py:2609
2025-12-01 00:38:48.096 168195 DEBUG oslo_service.service [req-c1b85dcd-caab-4fe4-ba2e-7c0219c27354 - - - - -] ironic.valid_interfaces = ['internal', 'public'] log_opt_values /usr/lib/python3/dist-packages/oslo_config/cfg.py:2609
2025-12-01 00:38:48.096 168633 DEBUG oslo_messaging._drivers.amqpdriver [-] Listener is running poll /usr/lib/python3/dist-packages/oslo_messaging/_drivers/amqpdriver.py:343
2025-12-01 00:38:48.096 168195 DEBUG oslo_service.service [req-c1b85dcd-caab-4fe4-ba2e-7c0219c27354 - - - - -] ironic.version = None log_opt_values /usr/lib/python3/dist-packages/oslo_config/cfg.py:2609
2025-12-01 00:38:48.097 168633 DEBUG oslo_messaging._drivers.amqpdriver [-] AMQPListener connection consume poll /usr/lib/python3/dist-packages/oslo_messaging/_drivers/amqpdriver.py:357
2025-12-01 00:38:48.097 168195 DEBUG oslo_service.service [req-c1b85dcd-caab-4fe4-ba2e-7c0219c27354 - - - - -] key_manager.backend = barbican log_opt_values /usr/lib/python3/dist-packages/oslo_config/cfg.py:2609
2025-12-01 00:38:48.097 168195 DEBUG oslo_service.service [req-c1b85dcd-caab-4fe4-ba2e-7c0219c27354 - - - - -] key_manager.fixed_key = **** log_opt_values /usr/lib/python3/dist-packages/oslo_config/cfg.py:2609
2025-12-01 00:38:48.097 168195 DEBUG oslo_service.service [req-c1b85dcd-caab-4fe4-ba2e-7c0219c27354 - - - - -] barbican.auth_endpoint = http://localhost/identity/v3 log_opt_values /usr/lib/python3/dist-packages/oslo_config/cfg.py:2609
2025-12-01 00:38:48.097 168195 DEBUG oslo_service.service [req-c1b85dcd-caab-4fe4-ba2e-7c0219c27354 - - - - -] barbican.barbican_api_version = None log_opt_values /usr/lib/python3/dist-packages/oslo_config/cfg.py:2609
2025-12-01 00:38:48.097 168195 DEBUG oslo_service.service [req-c1b85dcd-caab-4fe4-ba2e-7c0219c27354 - - - - -] barbican.barbican_endpoint = None log_opt_values /usr/lib/python3/dist-packages/oslo_config/cfg.py:2609
2025-12-01 00:38:48.097 168633 DEBUG nova.service [req-062d1d06-dd2e-4e15-a196-9ee2bd15c025 - - - - -] Join ServiceGroup membership for this service conductor start /usr/lib/python3/dist-packages/nova/service.py:199
2025-12-01 00:38:48.098 168195 DEBUG oslo_service.service [req-c1b85dcd-caab-4fe4-ba2e-7c0219c27354 - - - - -] barbican.barbican_endpoint_type = public log_opt_values /usr/lib/python3/dist-packages/oslo_config/cfg.py:2609
2025-12-01 00:38:48.098 168195 DEBUG oslo_service.service [req-c1b85dcd-caab-4fe4-ba2e-7c0219c27354 - - - - -] barbican.barbican_region_name = None log_opt_values /usr/lib/python3/dist-packages/oslo_config/cfg.py:2609
2025-12-01 00:38:48.098 168633 DEBUG nova.servicegroup.drivers.db [req-062d1d06-dd2e-4e15-a196-9ee2bd15c025 - - - - -] DB_Driver: join new ServiceGroup member juju-7d17ec-0-lxd-7 to the conductor group, service = join /usr/lib/python3/dist-packages/nova/servicegroup/drivers/db.py:44
2025-12-01 00:38:48.098 168195 DEBUG oslo_service.service [req-c1b85dcd-caab-4fe4-ba2e-7c0219c27354 - - - - -] barbican.cafile = None log_opt_values /usr/lib/python3/dist-packages/oslo_config/cfg.py:2609
2025-12-01 00:38:48.098 168195 DEBUG oslo_service.service [req-c1b85dcd-caab-4fe4-ba2e-7c0219c27354 - - - - -] barbican.certfile = None log_opt_values /usr/lib/python3/dist-packages/oslo_config/cfg.py:2609
2025-12-01 00:38:48.098 168195 DEBUG oslo_service.service [req-c1b85dcd-caab-4fe4-ba2e-7c0219c27354 - - - - -] barbican.collect_timing = False log_opt_values /usr/lib/python3/dist-packages/oslo_config/cfg.py:2609
2025-12-01 00:38:48.098 168195 DEBUG oslo_service.service [req-c1b85dcd-caab-4fe4-ba2e-7c0219c27354 - - - - -] barbican.insecure = False log_opt_values /usr/lib/python3/dist-packages/oslo_config/cfg.py:2609
2025-12-01 00:38:48.099 168195 DEBUG oslo_service.service [req-c1b85dcd-caab-4fe4-ba2e-7c0219c27354 - - - - -] barbican.keyfile = None log_opt_values /usr/lib/python3/dist-packages/oslo_config/cfg.py:2609
2025-12-01 00:38:48.099 168195 DEBUG oslo_service.service [req-c1b85dcd-caab-4fe4-ba2e-7c0219c27354 - - - - -] barbican.number_of_retries = 60 log_opt_values /usr/lib/python3/dist-packages/oslo_config/cfg.py:2609
2025-12-01 00:38:48.099 168195 DEBUG oslo_service.service [req-c1b85dcd-caab-4fe4-ba2e-7c0219c27354 - - - - -] barbican.retry_delay = 1 log_opt_values /usr/lib/python3/dist-packages/oslo_config/cfg.py:2609
2025-12-01 00:38:48.099 168195 DEBUG oslo_service.service [req-c1b85dcd-caab-4fe4-ba2e-7c0219c27354 - - - - -] barbican.send_service_user_token = False log_opt_values /usr/lib/python3/dist-packages/oslo_config/cfg.py:2609
2025-12-01 00:38:48.099 168195 DEBUG oslo_service.service [req-c1b85dcd-caab-4fe4-ba2e-7c0219c27354 - - - - -] barbican.split_loggers = False log_opt_values /usr/lib/python3/dist-packages/oslo_config/cfg.py:2609
2025-12-01 00:38:48.099 168195 DEBUG oslo_service.service [req-c1b85dcd-caab-4fe4-ba2e-7c0219c27354 - - - - -] barbican.timeout = None log_opt_values /usr/lib/python3/dist-packages/oslo_config/cfg.py:2609
2025-12-01 00:38:48.100 168195 DEBUG oslo_service.service [req-c1b85dcd-caab-4fe4-ba2e-7c0219c27354 - - - - -] barbican.verify_ssl = True log_opt_values /usr/lib/python3/dist-packages/oslo_config/cfg.py:2609
2025-12-01 00:38:48.100 168195 DEBUG oslo_service.service [req-c1b85dcd-caab-4fe4-ba2e-7c0219c27354 - - - - -] barbican.verify_ssl_path = None log_opt_values /usr/lib/python3/dist-packages/oslo_config/cfg.py:2609
2025-12-01 00:38:48.100 168195 DEBUG oslo_service.service [req-c1b85dcd-caab-4fe4-ba2e-7c0219c27354 - - - - -] barbican_service_user.auth_section = None log_opt_values /usr/lib/python3/dist-packages/oslo_config/cfg.py:2609
2025-12-01 00:38:48.100 168195 DEBUG oslo_service.service [req-c1b85dcd-caab-4fe4-ba2e-7c0219c27354 - - - - -] barbican_service_user.auth_type = None log_opt_values /usr/lib/python3/dist-packages/oslo_config/cfg.py:2609
2025-12-01 00:38:48.100 168195 DEBUG oslo_service.service [req-c1b85dcd-caab-4fe4-ba2e-7c0219c27354 - - - - -] barbican_service_user.cafile = None log_opt_values /usr/lib/python3/dist-packages/oslo_config/cfg.py:2609
2025-12-01 00:38:48.101 168195 DEBUG oslo_service.service [req-c1b85dcd-caab-4fe4-ba2e-7c0219c27354 - - - - -] barbican_service_user.certfile = None log_opt_values /usr/lib/python3/dist-packages/oslo_config/cfg.py:2609
2025-12-01 00:38:48.101 168195 DEBUG oslo_service.service [req-c1b85dcd-caab-4fe4-ba2e-7c0219c27354 - - - - -] barbican_service_user.collect_timing = False log_opt_values /usr/lib/python3/dist-packages/oslo_config/cfg.py:2609
2025-12-01 00:38:48.101 168195 DEBUG oslo_service.service [req-c1b85dcd-caab-4fe4-ba2e-7c0219c27354 - - - - -] barbican_service_user.insecure = False log_opt_values /usr/lib/python3/dist-packages/oslo_config/cfg.py:2609
2025-12-01 00:38:48.101 168195 DEBUG oslo_service.service [req-c1b85dcd-caab-4fe4-ba2e-7c0219c27354 - - - - -] barbican_service_user.keyfile = None log_opt_values /usr/lib/python3/dist-packages/oslo_config/cfg.py:2609
2025-12-01 00:38:48.101 168195 DEBUG oslo_service.service [req-c1b85dcd-caab-4fe4-ba2e-7c0219c27354 - - - - -] barbican_service_user.split_loggers = False log_opt_values /usr/lib/python3/dist-packages/oslo_config/cfg.py:2609
2025-12-01 00:38:48.101 168195 DEBUG oslo_service.service [req-c1b85dcd-caab-4fe4-ba2e-7c0219c27354 - - - - -] barbican_service_user.timeout = None log_opt_values /usr/lib/python3/dist-packages/oslo_config/cfg.py:2609
2025-12-01 00:38:48.102 168195 DEBUG oslo_service.service [req-c1b85dcd-caab-4fe4-ba2e-7c0219c27354 - - - - -] vault.approle_role_id = None log_opt_values /usr/lib/python3/dist-packages/oslo_config/cfg.py:2609
2025-12-01 00:38:48.102 168195 DEBUG oslo_service.service [req-c1b85dcd-caab-4fe4-ba2e-7c0219c27354 - - - - -] vault.approle_secret_id = None log_opt_values /usr/lib/python3/dist-packages/oslo_config/cfg.py:2609
2025-12-01 00:38:48.102 168195 DEBUG oslo_service.service [req-c1b85dcd-caab-4fe4-ba2e-7c0219c27354 - - - - -] vault.cafile = None log_opt_values /usr/lib/python3/dist-packages/oslo_config/cfg.py:2609
2025-12-01 00:38:48.102 168195 DEBUG oslo_service.service [req-c1b85dcd-caab-4fe4-ba2e-7c0219c27354 - - - - -] vault.certfile = None log_opt_values /usr/lib/python3/dist-packages/oslo_config/cfg.py:2609
2025-12-01 00:38:48.102 168195 DEBUG oslo_service.service [req-c1b85dcd-caab-4fe4-ba2e-7c0219c27354 - - - - -] vault.collect_timing = False log_opt_values /usr/lib/python3/dist-packages/oslo_config/cfg.py:2609
2025-12-01 00:38:48.102 168633 DEBUG oslo_messaging._drivers.amqpdriver [-] AMQPListener connection timeout poll /usr/lib/python3/dist-packages/oslo_messaging/_drivers/amqpdriver.py:360
2025-12-01 00:38:48.102 168195 DEBUG oslo_service.service [req-c1b85dcd-caab-4fe4-ba2e-7c0219c27354 - - - - -] vault.insecure = False log_opt_values /usr/lib/python3/dist-packages/oslo_config/cfg.py:2609
2025-12-01 00:38:48.103 168195 DEBUG oslo_service.service [req-c1b85dcd-caab-4fe4-ba2e-7c0219c27354 - - - - -] vault.keyfile = None log_opt_values /usr/lib/python3/dist-packages/oslo_config/cfg.py:2609
2025-12-01 00:38:48.103 168633 DEBUG oslo_messaging._drivers.amqpdriver [-] Listener is running poll /usr/lib/python3/dist-packages/oslo_messaging/_drivers/amqpdriver.py:343
2025-12-01 00:38:48.103 168195 DEBUG oslo_service.service [req-c1b85dcd-caab-4fe4-ba2e-7c0219c27354 - - - - -] vault.kv_mountpoint = secret log_opt_values /usr/lib/python3/dist-packages/oslo_config/cfg.py:2609
2025-12-01 00:38:48.103 168633 DEBUG oslo_messaging._drivers.amqpdriver [-] AMQPListener connection consume poll /usr/lib/python3/dist-packages/oslo_messaging/_drivers/amqpdriver.py:357
2025-12-01 00:38:48.103 168195 DEBUG oslo_service.service [req-c1b85dcd-caab-4fe4-ba2e-7c0219c27354 - - - - -] vault.kv_version = 2 log_opt_values /usr/lib/python3/dist-packages/oslo_config/cfg.py:2609
2025-12-01 00:38:48.103 168195 DEBUG oslo_service.service [req-c1b85dcd-caab-4fe4-ba2e-7c0219c27354 - - - - -] vault.namespace = None log_opt_values /usr/lib/python3/dist-packages/oslo_config/cfg.py:2609
2025-12-01 00:38:48.103 168195 DEBUG oslo_service.service [req-c1b85dcd-caab-4fe4-ba2e-7c0219c27354 - - - - -] vault.root_token_id = None log_opt_values /usr/lib/python3/dist-packages/oslo_config/cfg.py:2609
2025-12-01 00:38:48.103 168195 DEBUG oslo_service.service [req-c1b85dcd-caab-4fe4-ba2e-7c0219c27354 - - - - -] vault.split_loggers = False log_opt_values /usr/lib/python3/dist-packages/oslo_config/cfg.py:2609
2025-12-01 00:38:48.104 168195 DEBUG oslo_service.service [req-c1b85dcd-caab-4fe4-ba2e-7c0219c27354 - - - - -] vault.ssl_ca_crt_file = None log_opt_values /usr/lib/python3/dist-packages/oslo_config/cfg.py:2609
2025-12-01 00:38:48.104 168195 DEBUG oslo_service.service [req-c1b85dcd-caab-4fe4-ba2e-7c0219c27354 - - - - -] vault.timeout = None log_opt_values /usr/lib/python3/dist-packages/oslo_config/cfg.py:2609
2025-12-01 00:38:48.104 168195 DEBUG oslo_service.service [req-c1b85dcd-caab-4fe4-ba2e-7c0219c27354 - - - - -] vault.use_ssl = False log_opt_values /usr/lib/python3/dist-packages/oslo_config/cfg.py:2609
2025-12-01 00:38:48.104 168195 DEBUG oslo_service.service [req-c1b85dcd-caab-4fe4-ba2e-7c0219c27354 - - - - -] vault.vault_url = http://127.0.0.1:8200 log_opt_values /usr/lib/python3/dist-packages/oslo_config/cfg.py:2609
2025-12-01 00:38:48.104 168195 DEBUG oslo_service.service [req-c1b85dcd-caab-4fe4-ba2e-7c0219c27354 - - - - -] keystone.cafile = None log_opt_values /usr/lib/python3/dist-packages/oslo_config/cfg.py:2609
2025-12-01 00:38:48.105 168195 DEBUG oslo_service.service [req-c1b85dcd-caab-4fe4-ba2e-7c0219c27354 - - - - -] keystone.certfile = None log_opt_values /usr/lib/python3/dist-packages/oslo_config/cfg.py:2609
2025-12-01 00:38:48.105 168195 DEBUG oslo_service.service [req-c1b85dcd-caab-4fe4-ba2e-7c0219c27354 - - - - -] keystone.collect_timing = False log_opt_values /usr/lib/python3/dist-packages/oslo_config/cfg.py:2609
2025-12-01 00:38:48.105 168195 DEBUG oslo_service.service [req-c1b85dcd-caab-4fe4-ba2e-7c0219c27354 - - - - -] keystone.connect_retries = None log_opt_values /usr/lib/python3/dist-packages/oslo_config/cfg.py:2609
2025-12-01 00:38:48.105 168634 DEBUG oslo_messaging._drivers.amqpdriver [-] Listener is running poll /usr/lib/python3/dist-packages/oslo_messaging/_drivers/amqpdriver.py:343
2025-12-01 00:38:48.105 168195 DEBUG oslo_service.service [req-c1b85dcd-caab-4fe4-ba2e-7c0219c27354 - - - - -] keystone.connect_retry_delay = None log_opt_values /usr/lib/python3/dist-packages/oslo_config/cfg.py:2609
2025-12-01 00:38:48.105 168634 DEBUG oslo_messaging._drivers.amqpdriver [-] AMQPListener connection consume poll /usr/lib/python3/dist-packages/oslo_messaging/_drivers/amqpdriver.py:357
2025-12-01 00:38:48.105 168195 DEBUG oslo_service.service [req-c1b85dcd-caab-4fe4-ba2e-7c0219c27354 - - - - -] keystone.endpoint_override = None log_opt_values /usr/lib/python3/dist-packages/oslo_config/cfg.py:2609
2025-12-01 00:38:48.105 168195 DEBUG oslo_service.service [req-c1b85dcd-caab-4fe4-ba2e-7c0219c27354 - - - - -] keystone.insecure = False log_opt_values /usr/lib/python3/dist-packages/oslo_config/cfg.py:2609
2025-12-01 00:38:48.106 168195 DEBUG oslo_service.service [req-c1b85dcd-caab-4fe4-ba2e-7c0219c27354 - - - - -] keystone.keyfile = None log_opt_values /usr/lib/python3/dist-packages/oslo_config/cfg.py:2609
2025-12-01 00:38:48.106 168195 DEBUG oslo_service.service [req-c1b85dcd-caab-4fe4-ba2e-7c0219c27354 - - - - -] keystone.max_version = None log_opt_values /usr/lib/python3/dist-packages/oslo_config/cfg.py:2609
2025-12-01 00:38:48.106 168195 DEBUG oslo_service.service [req-c1b85dcd-caab-4fe4-ba2e-7c0219c27354 - - - - -] keystone.min_version = None log_opt_values /usr/lib/python3/dist-packages/oslo_config/cfg.py:2609
2025-12-01 00:38:48.106 168195 DEBUG oslo_service.service [req-c1b85dcd-caab-4fe4-ba2e-7c0219c27354 - - - - -] keystone.region_name = None log_opt_values /usr/lib/python3/dist-packages/oslo_config/cfg.py:2609
2025-12-01 00:38:48.106 168195 DEBUG oslo_service.service [req-c1b85dcd-caab-4fe4-ba2e-7c0219c27354 - - - - -] keystone.service_name = None log_opt_values /usr/lib/python3/dist-packages/oslo_config/cfg.py:2609
2025-12-01 00:38:48.106 168634 DEBUG nova.service [req-1e0f202f-4d79-435b-a8be-56204a26ea88 - - - - -] Join ServiceGroup membership for this service conductor start /usr/lib/python3/dist-packages/nova/service.py:199
2025-12-01 00:38:48.106 168195 DEBUG oslo_service.service [req-c1b85dcd-caab-4fe4-ba2e-7c0219c27354 - - - - -] keystone.service_type = identity log_opt_values /usr/lib/python3/dist-packages/oslo_config/cfg.py:2609
2025-12-01 00:38:48.106 168634 DEBUG nova.servicegroup.drivers.db [req-1e0f202f-4d79-435b-a8be-56204a26ea88 - - - - -] DB_Driver: join new ServiceGroup member juju-7d17ec-0-lxd-7 to the conductor group, service = join /usr/lib/python3/dist-packages/nova/servicegroup/drivers/db.py:44
2025-12-01 00:38:48.107 168195 DEBUG oslo_service.service [req-c1b85dcd-caab-4fe4-ba2e-7c0219c27354 - - - - -] keystone.split_loggers = False log_opt_values /usr/lib/python3/dist-packages/oslo_config/cfg.py:2609
2025-12-01 00:38:48.107 168195 DEBUG oslo_service.service [req-c1b85dcd-caab-4fe4-ba2e-7c0219c27354 - - - - -] keystone.status_code_retries = None log_opt_values /usr/lib/python3/dist-packages/oslo_config/cfg.py:2609
2025-12-01 00:38:48.107 168195 DEBUG oslo_service.service [req-c1b85dcd-caab-4fe4-ba2e-7c0219c27354 - - - - -] keystone.status_code_retry_delay = None log_opt_values /usr/lib/python3/dist-packages/oslo_config/cfg.py:2609
2025-12-01 00:38:48.107 168195 DEBUG oslo_service.service [req-c1b85dcd-caab-4fe4-ba2e-7c0219c27354 - - - - -] keystone.timeout = None log_opt_values /usr/lib/python3/dist-packages/oslo_config/cfg.py:2609
2025-12-01 00:38:48.107 168195 DEBUG oslo_service.service [req-c1b85dcd-caab-4fe4-ba2e-7c0219c27354 - - - - -] keystone.valid_interfaces = ['internal', 'public'] log_opt_values /usr/lib/python3/dist-packages/oslo_config/cfg.py:2609
2025-12-01 00:38:48.108 168195 DEBUG oslo_service.service [req-c1b85dcd-caab-4fe4-ba2e-7c0219c27354 - - - - -] keystone.version = None log_opt_values /usr/lib/python3/dist-packages/oslo_config/cfg.py:2609
2025-12-01 00:38:48.108 168195 DEBUG oslo_service.service [req-c1b85dcd-caab-4fe4-ba2e-7c0219c27354 - - - - -] libvirt.connection_uri = log_opt_values /usr/lib/python3/dist-packages/oslo_config/cfg.py:2609
2025-12-01 00:38:48.109 168195 DEBUG oslo_service.service [req-c1b85dcd-caab-4fe4-ba2e-7c0219c27354 - - - - -] libvirt.cpu_mode = None log_opt_values /usr/lib/python3/dist-packages/oslo_config/cfg.py:2609
2025-12-01 00:38:48.109 168634 DEBUG oslo_messaging._drivers.amqpdriver [-] AMQPListener connection timeout poll /usr/lib/python3/dist-packages/oslo_messaging/_drivers/amqpdriver.py:360
2025-12-01 00:38:48.109 168634 DEBUG oslo_messaging._drivers.amqpdriver [-] Listener is running poll /usr/lib/python3/dist-packages/oslo_messaging/_drivers/amqpdriver.py:343
2025-12-01 00:38:48.109 168195 DEBUG oslo_service.service [req-c1b85dcd-caab-4fe4-ba2e-7c0219c27354 - - - - -] libvirt.cpu_model_extra_flags = [] log_opt_values /usr/lib/python3/dist-packages/oslo_config/cfg.py:2609
2025-12-01 00:38:48.109 168634 DEBUG oslo_messaging._drivers.amqpdriver [-] AMQPListener connection consume poll /usr/lib/python3/dist-packages/oslo_messaging/_drivers/amqpdriver.py:357
2025-12-01 00:38:48.109 168195 DEBUG oslo_service.service [req-c1b85dcd-caab-4fe4-ba2e-7c0219c27354 - - - - -] libvirt.cpu_models = [] log_opt_values /usr/lib/python3/dist-packages/oslo_config/cfg.py:2609
2025-12-01 00:38:48.109 168195 DEBUG oslo_service.service [req-c1b85dcd-caab-4fe4-ba2e-7c0219c27354 - - - - -] libvirt.device_detach_attempts = 8 log_opt_values /usr/lib/python3/dist-packages/oslo_config/cfg.py:2609
2025-12-01 00:38:48.109 168195 DEBUG oslo_service.service [req-c1b85dcd-caab-4fe4-ba2e-7c0219c27354 - - - - -] libvirt.device_detach_timeout = 20 log_opt_values /usr/lib/python3/dist-packages/oslo_config/cfg.py:2609
2025-12-01 00:38:48.110 168195 DEBUG oslo_service.service [req-c1b85dcd-caab-4fe4-ba2e-7c0219c27354 - - - - -] libvirt.disk_cachemodes = [] log_opt_values /usr/lib/python3/dist-packages/oslo_config/cfg.py:2609
2025-12-01 00:38:48.110 168195 DEBUG oslo_service.service [req-c1b85dcd-caab-4fe4-ba2e-7c0219c27354 - - - - -] libvirt.disk_prefix = None log_opt_values /usr/lib/python3/dist-packages/oslo_config/cfg.py:2609
2025-12-01 00:38:48.110 168195 DEBUG oslo_service.service [req-c1b85dcd-caab-4fe4-ba2e-7c0219c27354 - - - - -] libvirt.enabled_perf_events = [] log_opt_values /usr/lib/python3/dist-packages/oslo_config/cfg.py:2609
2025-12-01 00:38:48.110 168195 DEBUG oslo_service.service [req-c1b85dcd-caab-4fe4-ba2e-7c0219c27354 - - - - -] libvirt.file_backed_memory = 0 log_opt_values /usr/lib/python3/dist-packages/oslo_config/cfg.py:2609
2025-12-01 00:38:48.112 168195 DEBUG oslo_service.service [req-c1b85dcd-caab-4fe4-ba2e-7c0219c27354 - - - - -] libvirt.gid_maps = [] log_opt_values /usr/lib/python3/dist-packages/oslo_config/cfg.py:2609
2025-12-01 00:38:48.112 168195 DEBUG oslo_service.service [req-c1b85dcd-caab-4fe4-ba2e-7c0219c27354 - - - - -] libvirt.hw_disk_discard = None log_opt_values /usr/lib/python3/dist-packages/oslo_config/cfg.py:2609
2025-12-01 00:38:48.112 168195 DEBUG oslo_service.service [req-c1b85dcd-caab-4fe4-ba2e-7c0219c27354 - - - - -] libvirt.hw_machine_type = None log_opt_values /usr/lib/python3/dist-packages/oslo_config/cfg.py:2609
2025-12-01 00:38:48.112 168195 DEBUG oslo_service.service [req-c1b85dcd-caab-4fe4-ba2e-7c0219c27354 - - - - -] libvirt.images_rbd_ceph_conf = log_opt_values /usr/lib/python3/dist-packages/oslo_config/cfg.py:2609
2025-12-01 00:38:48.112 168195 DEBUG oslo_service.service [req-c1b85dcd-caab-4fe4-ba2e-7c0219c27354 - - - - -] libvirt.images_rbd_glance_copy_poll_interval = 15 log_opt_values /usr/lib/python3/dist-packages/oslo_config/cfg.py:2609
2025-12-01 00:38:48.113 168195 DEBUG oslo_service.service [req-c1b85dcd-caab-4fe4-ba2e-7c0219c27354 - - - - -] libvirt.images_rbd_glance_copy_timeout = 600 log_opt_values /usr/lib/python3/dist-packages/oslo_config/cfg.py:2609
2025-12-01 00:38:48.113 168195 DEBUG oslo_service.service [req-c1b85dcd-caab-4fe4-ba2e-7c0219c27354 - - - - -] libvirt.images_rbd_glance_store_name = log_opt_values /usr/lib/python3/dist-packages/oslo_config/cfg.py:2609
2025-12-01 00:38:48.113 168195 DEBUG oslo_service.service [req-c1b85dcd-caab-4fe4-ba2e-7c0219c27354 - - - - -] libvirt.images_rbd_pool = rbd log_opt_values /usr/lib/python3/dist-packages/oslo_config/cfg.py:2609
2025-12-01 00:38:48.113 168195 DEBUG oslo_service.service [req-c1b85dcd-caab-4fe4-ba2e-7c0219c27354 - - - - -] libvirt.images_type = default log_opt_values /usr/lib/python3/dist-packages/oslo_config/cfg.py:2609
2025-12-01 00:38:48.113 168195 DEBUG oslo_service.service [req-c1b85dcd-caab-4fe4-ba2e-7c0219c27354 - - - - -] libvirt.images_volume_group = None log_opt_values /usr/lib/python3/dist-packages/oslo_config/cfg.py:2609
2025-12-01 00:38:48.114 168195 DEBUG oslo_service.service [req-c1b85dcd-caab-4fe4-ba2e-7c0219c27354 - - - - -] libvirt.inject_key = False log_opt_values /usr/lib/python3/dist-packages/oslo_config/cfg.py:2609
2025-12-01 00:38:48.114 168195 DEBUG oslo_service.service [req-c1b85dcd-caab-4fe4-ba2e-7c0219c27354 - - - - -] libvirt.inject_partition = -2 log_opt_values /usr/lib/python3/dist-packages/oslo_config/cfg.py:2609
2025-12-01 00:38:48.114 168195 DEBUG oslo_service.service [req-c1b85dcd-caab-4fe4-ba2e-7c0219c27354 - - - - -] libvirt.inject_password = False log_opt_values /usr/lib/python3/dist-packages/oslo_config/cfg.py:2609
2025-12-01 00:38:48.114 168195 DEBUG oslo_service.service [req-c1b85dcd-caab-4fe4-ba2e-7c0219c27354 - - - - -] libvirt.iscsi_iface = None log_opt_values /usr/lib/python3/dist-packages/oslo_config/cfg.py:2609
2025-12-01 00:38:48.114 168195 DEBUG oslo_service.service [req-c1b85dcd-caab-4fe4-ba2e-7c0219c27354 - - - - -] libvirt.iser_use_multipath = False log_opt_values /usr/lib/python3/dist-packages/oslo_config/cfg.py:2609
2025-12-01 00:38:48.114 168195 DEBUG oslo_service.service [req-c1b85dcd-caab-4fe4-ba2e-7c0219c27354 - - - - -] libvirt.live_migration_bandwidth = 0 log_opt_values /usr/lib/python3/dist-packages/oslo_config/cfg.py:2609
2025-12-01 00:38:48.115 168195 DEBUG oslo_service.service [req-c1b85dcd-caab-4fe4-ba2e-7c0219c27354 - - - - -] libvirt.live_migration_completion_timeout = 800 log_opt_values /usr/lib/python3/dist-packages/oslo_config/cfg.py:2609
2025-12-01 00:38:48.115 168195 DEBUG oslo_service.service [req-c1b85dcd-caab-4fe4-ba2e-7c0219c27354 - - - - -] libvirt.live_migration_downtime = 500 log_opt_values /usr/lib/python3/dist-packages/oslo_config/cfg.py:2609
2025-12-01 00:38:48.115 168195 DEBUG oslo_service.service [req-c1b85dcd-caab-4fe4-ba2e-7c0219c27354 - - - - -] libvirt.live_migration_downtime_delay = 75 log_opt_values /usr/lib/python3/dist-packages/oslo_config/cfg.py:2609
2025-12-01 00:38:48.115 168195 DEBUG oslo_service.service [req-c1b85dcd-caab-4fe4-ba2e-7c0219c27354 - - - - -] libvirt.live_migration_downtime_steps = 10 log_opt_values /usr/lib/python3/dist-packages/oslo_config/cfg.py:2609
2025-12-01 00:38:48.115 168195 DEBUG oslo_service.service [req-c1b85dcd-caab-4fe4-ba2e-7c0219c27354 - - - - -] libvirt.live_migration_inbound_addr = None log_opt_values /usr/lib/python3/dist-packages/oslo_config/cfg.py:2609
2025-12-01 00:38:48.115 168195 DEBUG oslo_service.service [req-c1b85dcd-caab-4fe4-ba2e-7c0219c27354 - - - - -] libvirt.live_migration_permit_auto_converge = False log_opt_values /usr/lib/python3/dist-packages/oslo_config/cfg.py:2609
2025-12-01 00:38:48.116 168195 DEBUG oslo_service.service [req-c1b85dcd-caab-4fe4-ba2e-7c0219c27354 - - - - -] libvirt.live_migration_permit_post_copy = False log_opt_values /usr/lib/python3/dist-packages/oslo_config/cfg.py:2609
2025-12-01 00:38:48.116 168195 DEBUG oslo_service.service [req-c1b85dcd-caab-4fe4-ba2e-7c0219c27354 - - - - -] libvirt.live_migration_scheme = None log_opt_values /usr/lib/python3/dist-packages/oslo_config/cfg.py:2609
2025-12-01 00:38:48.116 168195 DEBUG oslo_service.service [req-c1b85dcd-caab-4fe4-ba2e-7c0219c27354 - - - - -] libvirt.live_migration_timeout_action = abort log_opt_values /usr/lib/python3/dist-packages/oslo_config/cfg.py:2609
2025-12-01 00:38:48.116 168195 DEBUG oslo_service.service [req-c1b85dcd-caab-4fe4-ba2e-7c0219c27354 - - - - -] libvirt.live_migration_tunnelled = False log_opt_values /usr/lib/python3/dist-packages/oslo_config/cfg.py:2609
2025-12-01 00:38:48.116 168195 DEBUG oslo_service.service [req-c1b85dcd-caab-4fe4-ba2e-7c0219c27354 - - - - -] libvirt.live_migration_uri = None log_opt_values /usr/lib/python3/dist-packages/oslo_config/cfg.py:2609
2025-12-01 00:38:48.116 168195 DEBUG oslo_service.service [req-c1b85dcd-caab-4fe4-ba2e-7c0219c27354 - - - - -] libvirt.live_migration_with_native_tls = False log_opt_values /usr/lib/python3/dist-packages/oslo_config/cfg.py:2609
2025-12-01 00:38:48.117 168195 DEBUG oslo_service.service [req-c1b85dcd-caab-4fe4-ba2e-7c0219c27354 - - - - -] libvirt.max_queues = None log_opt_values /usr/lib/python3/dist-packages/oslo_config/cfg.py:2609
2025-12-01 00:38:48.117 168195 DEBUG oslo_service.service [req-c1b85dcd-caab-4fe4-ba2e-7c0219c27354 - - - - -] libvirt.mem_stats_period_seconds = 10 log_opt_values /usr/lib/python3/dist-packages/oslo_config/cfg.py:2609
2025-12-01 00:38:48.117 168195 DEBUG oslo_service.service [req-c1b85dcd-caab-4fe4-ba2e-7c0219c27354 - - - - -] libvirt.nfs_mount_options = None log_opt_values /usr/lib/python3/dist-packages/oslo_config/cfg.py:2609
2025-12-01 00:38:48.117 168195 DEBUG oslo_service.service [req-c1b85dcd-caab-4fe4-ba2e-7c0219c27354 - - - - -] libvirt.nfs_mount_point_base = /var/lib/nova/mnt log_opt_values /usr/lib/python3/dist-packages/oslo_config/cfg.py:2609
2025-12-01 00:38:48.117 168195 DEBUG oslo_service.service [req-c1b85dcd-caab-4fe4-ba2e-7c0219c27354 - - - - -] libvirt.num_aoe_discover_tries = 3 log_opt_values /usr/lib/python3/dist-packages/oslo_config/cfg.py:2609
2025-12-01 00:38:48.118 168195 DEBUG oslo_service.service [req-c1b85dcd-caab-4fe4-ba2e-7c0219c27354 - - - - -] libvirt.num_iser_scan_tries = 5 log_opt_values /usr/lib/python3/dist-packages/oslo_config/cfg.py:2609
2025-12-01 00:38:48.118 168195 DEBUG oslo_service.service [req-c1b85dcd-caab-4fe4-ba2e-7c0219c27354 - - - - -] libvirt.num_memory_encrypted_guests = None log_opt_values /usr/lib/python3/dist-packages/oslo_config/cfg.py:2609
2025-12-01 00:38:48.118 168195 DEBUG oslo_service.service [req-c1b85dcd-caab-4fe4-ba2e-7c0219c27354 - - - - -] libvirt.num_nvme_discover_tries = 5 log_opt_values /usr/lib/python3/dist-packages/oslo_config/cfg.py:2609
2025-12-01 00:38:48.118 168195 DEBUG oslo_service.service [req-c1b85dcd-caab-4fe4-ba2e-7c0219c27354 - - - - -] libvirt.num_pcie_ports = 0 log_opt_values /usr/lib/python3/dist-packages/oslo_config/cfg.py:2609
2025-12-01 00:38:48.118 168195 DEBUG oslo_service.service [req-c1b85dcd-caab-4fe4-ba2e-7c0219c27354 - - - - -] libvirt.num_volume_scan_tries = 5 log_opt_values /usr/lib/python3/dist-packages/oslo_config/cfg.py:2609
2025-12-01 00:38:48.118 168195 DEBUG oslo_service.service [req-c1b85dcd-caab-4fe4-ba2e-7c0219c27354 - - - - -] libvirt.pmem_namespaces = [] log_opt_values /usr/lib/python3/dist-packages/oslo_config/cfg.py:2609
2025-12-01 00:38:48.118 168195 DEBUG oslo_service.service [req-c1b85dcd-caab-4fe4-ba2e-7c0219c27354 - - - - -] libvirt.quobyte_client_cfg = None log_opt_values /usr/lib/python3/dist-packages/oslo_config/cfg.py:2609
2025-12-01 00:38:48.119 168195 DEBUG oslo_service.service [req-c1b85dcd-caab-4fe4-ba2e-7c0219c27354 - - - - -] libvirt.quobyte_mount_point_base = /var/lib/nova/mnt log_opt_values /usr/lib/python3/dist-packages/oslo_config/cfg.py:2609
2025-12-01 00:38:48.119 168195 DEBUG oslo_service.service [req-c1b85dcd-caab-4fe4-ba2e-7c0219c27354 - - - - -] libvirt.rbd_connect_timeout = 5 log_opt_values /usr/lib/python3/dist-packages/oslo_config/cfg.py:2609
2025-12-01 00:38:48.119 168195 DEBUG oslo_service.service [req-c1b85dcd-caab-4fe4-ba2e-7c0219c27354 - - - - -] libvirt.rbd_destroy_volume_retries = 12 log_opt_values /usr/lib/python3/dist-packages/oslo_config/cfg.py:2609
2025-12-01 00:38:48.119 168195 DEBUG oslo_service.service [req-c1b85dcd-caab-4fe4-ba2e-7c0219c27354 - - - - -] libvirt.rbd_destroy_volume_retry_interval = 5 log_opt_values /usr/lib/python3/dist-packages/oslo_config/cfg.py:2609
2025-12-01 00:38:48.119 168195 DEBUG oslo_service.service [req-c1b85dcd-caab-4fe4-ba2e-7c0219c27354 - - - - -] libvirt.rbd_secret_uuid = None log_opt_values /usr/lib/python3/dist-packages/oslo_config/cfg.py:2609
2025-12-01 00:38:48.120 168195 DEBUG oslo_service.service [req-c1b85dcd-caab-4fe4-ba2e-7c0219c27354 - - - - -] libvirt.rbd_user = None log_opt_values /usr/lib/python3/dist-packages/oslo_config/cfg.py:2609
2025-12-01 00:38:48.120 168195 DEBUG oslo_service.service [req-c1b85dcd-caab-4fe4-ba2e-7c0219c27354 - - - - -] libvirt.realtime_scheduler_priority = 1 log_opt_values /usr/lib/python3/dist-packages/oslo_config/cfg.py:2609
2025-12-01 00:38:48.120 168195 DEBUG oslo_service.service [req-c1b85dcd-caab-4fe4-ba2e-7c0219c27354 - - - - -] libvirt.remote_filesystem_transport = ssh log_opt_values /usr/lib/python3/dist-packages/oslo_config/cfg.py:2609
2025-12-01 00:38:48.120 168195 DEBUG oslo_service.service [req-c1b85dcd-caab-4fe4-ba2e-7c0219c27354 - - - - -] libvirt.rescue_image_id = None log_opt_values /usr/lib/python3/dist-packages/oslo_config/cfg.py:2609
2025-12-01 00:38:48.120 168195 DEBUG oslo_service.service [req-c1b85dcd-caab-4fe4-ba2e-7c0219c27354 - - - - -] libvirt.rescue_kernel_id = None log_opt_values /usr/lib/python3/dist-packages/oslo_config/cfg.py:2609
